The Swift Package Index logo.Swift Package Index

Build Information

Failed to build Puredux, reference main (50b4a1), with Swift 6.4 for Wasm on 23 Sep 2026 14:51:26 UTC.

Build Command

bash -c docker run --pull=always --rm -v "checkouts-53886769-0":/host -w "$PWD" -e JAVA_HOME="/root/.sdkman/candidates/java/current" -e SPI_BUILD="1" -e SPI_PROCESSING="1" registry.gitlab.com/saguaro1/spi-images:wasm-6.4-latest swift build --swift-sdk swift-6.4.x-DEVELOPMENT-SNAPSHOT-2026-09-04-a_wasm 2>&1

Build Log

========================================
RunAll
========================================
Builder version: 5.1.0
Interrupt handler set up.
========================================
Checkout
========================================
Clone URL: https://github.com/KazaiMazai/Puredux.git
Reference: main
Initialized empty Git repository in /host/spi-builder-workspace/.git/
hint: Using 'master' as the name for the initial branch. This default branch name
hint: is subject to change. To configure the initial branch name to use in all
hint: of your new repositories, which will suppress this warning, call:
hint:
hint: 	git config --global init.defaultBranch <name>
hint:
hint: Names commonly chosen instead of 'master' are 'main', 'trunk' and
hint: 'development'. The just-created branch can be renamed via this command:
hint:
hint: 	git branch -m <name>
From https://github.com/KazaiMazai/Puredux
 * branch            main       -> FETCH_HEAD
 * [new branch]      main       -> origin/main
HEAD is now at 50b4a17 Chained async actions execution fix (#123)
Cloned https://github.com/KazaiMazai/Puredux.git
Revision (git rev-parse @):
50b4a17a1cce2e163a6c439ab42e0fb041522d56
SPI manifest file found: $PWD/.spi.yml
SUCCESS checkout https://github.com/KazaiMazai/Puredux.git at main
========================================
Build
========================================
Selected platform:         wasm
Swift version:             6.4
Building package at path:  $PWD
https://github.com/KazaiMazai/Puredux.git
Running build ...
bash -c docker run --pull=always --rm -v "checkouts-53886769-0":/host -w "$PWD" -e JAVA_HOME="/root/.sdkman/candidates/java/current" -e SPI_BUILD="1" -e SPI_PROCESSING="1" registry.gitlab.com/saguaro1/spi-images:wasm-6.4-latest swift build --swift-sdk swift-6.4.x-DEVELOPMENT-SNAPSHOT-2026-09-04-a_wasm 2>&1
wasm-6.4-latest: Pulling from saguaro1/spi-images
Digest: sha256:4328fdb43c680d205c1d6761b1e3267aa38277eefdda9ddfb17b6a0f1a77857a
Status: Image is up to date for registry.gitlab.com/saguaro1/spi-images:wasm-6.4-latest
Fetching https://github.com/KazaiMazai/Crocodil.git
[1/376] Fetching crocodil
Fetched https://github.com/KazaiMazai/Crocodil.git (0.37s)
Computing version for https://github.com/KazaiMazai/Crocodil.git
Computed https://github.com/KazaiMazai/Crocodil.git at 0.5.0 (0.53s)
Fetching https://github.com/swiftlang/swift-syntax
[1/80014] Fetching swift-syntax
Fetched https://github.com/swiftlang/swift-syntax (3.73s)
Computing version for https://github.com/swiftlang/swift-syntax
Computed https://github.com/swiftlang/swift-syntax at 600.0.1 (4.88s)
Creating working copy for https://github.com/swiftlang/swift-syntax
Working copy of https://github.com/swiftlang/swift-syntax resolved at 600.0.1
Creating working copy for https://github.com/KazaiMazai/Crocodil.git
Working copy of https://github.com/KazaiMazai/Crocodil.git resolved at 0.5.0
Building for debugging...
[Computing dependencies]
[Constructing description]
[Pre-planning 1 / 563]
[Planning deferred tasks]
[23 / 234] SwiftSyntaxMacros
[132 / 243] SwiftSyntax510
[144 / 253] SwiftSyntax
[148 / 255] SwiftSyntax600
[153 / 256] SwiftSyntax510
[156 / 256] SwiftSyntax509
[156 / 256] SwiftSyntax
[169 / 283] SwiftParser
[170 / 283] SwiftBasicFormat
[173 / 283] SwiftDiagnostics
[180 / 283] SwiftBasicFormat
[189 / 283] SwiftParser
[191 / 283] SwiftParser
[192 / 283] SwiftParser
[194 / 283] SwiftDiagnostics
[195 / 283] SwiftDiagnostics
[196 / 283] SwiftDiagnostics
[197 / 283] SwiftParser
[198 / 283] SwiftOperators
[201 / 283] SwiftParserDiagnostics
[204 / 284] SwiftDiagnostics
[211 / 295] SwiftParserDiagnostics
[212 / 295] SwiftParserDiagnostics
[213 / 296] SwiftParserDiagnostics
[214 / 296] SwiftParserDiagnostics
[220 / 296] SwiftParserDiagnostics
[221 / 296] SwiftSyntaxBuilder
[227 / 306] SwiftOperators
[231 / 306] SwiftOperators
[235 / 306] SwiftOperators
[239 / 306] SwiftOperators
[243 / 316] SwiftSyntaxBuilder
[244 / 317] SwiftSyntaxBuilder
[245 / 318] SwiftParserDiagnostics
[246 / 318] SwiftSyntaxBuilder
[249 / 318] SwiftSyntaxBuilder
[250 / 318] SwiftSyntaxBuilder
[262 / 328] SwiftSyntaxMacros
[263 / 328] SwiftSyntaxMacros
[265 / 328] SwiftSyntaxMacros
[272 / 328] SwiftSyntaxMacros-product
[278 / 339] SwiftSyntaxMacros
[280 / 339] SwiftSyntaxMacros
[284 / 340] SwiftSyntaxMacroExpansion
[289 / 340] SwiftSyntaxMacroExpansion
[291 / 340] SwiftSyntaxBuilder
[297 / 350] SwiftCompilerPluginMessageHandling
[298 / 350] SwiftCompilerPluginMessageHandling
[299 / 350] SwiftCompilerPluginMessageHandling
[301 / 350] SwiftCompilerPluginMessageHandling
[308 / 351] SwiftSyntaxMacroExpansion
[312 / 354] SwiftCompilerPlugin
[317 / 354] SwiftCompilerPlugin
[318 / 355] SwiftCompilerPlugin
[319 / 355] SwiftCompilerPluginMessageHandling
[321 / 356] SwiftSyntax
[324 / 357] SwiftSyntax
[331 / 357] SwiftSyntaxMacros
[339 / 358] CrocodilMacros
[345 / 364] CrocodilMacros
[346 / 364] CrocodilMacros
[350 / 365] CrocodilMacros
error: SwiftCompile normal wasm32 failed with a nonzero exit code. Command line:     cd /host

/host/spi-builder-workspace/.build/checkouts/Crocodil/Sources/Crocodil/Injectable.swift:11:23: error: cannot find type 'DispatchQueue' in scope
 9 | public protocol Injectable {
10 |
11 |     static var queue: DispatchQueue { get }
   |                       `- error: cannot find type 'DispatchQueue' in scope
12 |
13 |     /** A func for updating the dependency via container's `keyPath` */
/host/spi-builder-workspace/.build/checkouts/Crocodil/Sources/Crocodil/Injectable.swift:21:23: error: cannot find type 'DispatchQueue' in scope
19 |
20 | public extension Injectable {
21 |     static var queue: DispatchQueue { DispatchQueue.di }
   |                       `- error: cannot find type 'DispatchQueue' in scope
22 |
23 |     /** A subscript for read/write access to the dependency via `DependencyKey`. */
/host/spi-builder-workspace/.build/checkouts/Crocodil/Sources/Crocodil/Injectable.swift:76:23: error: cannot find type 'DispatchQueue' in scope
74 | }
75 |
76 | fileprivate extension DispatchQueue {
   |                       `- error: cannot find type 'DispatchQueue' in scope
77 |     // swiftlint:disable:next identifier_name
78 |     static let di = DispatchQueue(label: "com.crocodil.queue", attributes: .concurrent)
Failed frontend command:
/usr/bin/swift-frontend -frontend -emit-module -experimental-skip-non-inlinable-function-bodies-without-types /host/spi-builder-workspace/.build/checkouts/Crocodil/Sources/Crocodil/Container.swift /host/spi-builder-workspace/.build/checkouts/Crocodil/Sources/Crocodil/Dependencies.swift /host/spi-builder-workspace/.build/checkouts/Crocodil/Sources/Crocodil/Dependency.swift /host/spi-builder-workspace/.build/checkouts/Crocodil/Sources/Crocodil/DependencyEntry.swift /host/spi-builder-workspace/.build/checkouts/Crocodil/Sources/Crocodil/DependencyKey.swift /host/spi-builder-workspace/.build/checkouts/Crocodil/Sources/Crocodil/Injectable.swift /host/spi-builder-workspace/.build/checkouts/Crocodil/Sources/Crocodil/InjectableKeyPath.swift -target wasm32-unknown-wasip1 -disable-objc-interop -sdk /root/.swiftpm/swift-sdks/swift-6.4.x-DEVELOPMENT-SNAPSHOT-2026-09-04-a_wasm.artifactbundle/swift-6.4.x-DEVELOPMENT-SNAPSHOT-2026-09-04-a_wasm/wasm32-unknown-wasip1/WASI.sdk -sysroot /root/.swiftpm/swift-sdks/swift-6.4.x-DEVELOPMENT-SNAPSHOT-2026-09-04-a_wasm.artifactbundle/swift-6.4.x-DEVELOPMENT-SNAPSHOT-2026-09-04-a_wasm/wasm32-unknown-wasip1/WASI.sdk -I /host/spi-builder-workspace/.build/out/Products/Debug-webassembly-wasm32 -module-cache-path /host/spi-builder-workspace/.build/out/ModuleCache.noindex -color-diagnostics -Xcc -fcolor-diagnostics -enable-testing -g -debug-info-format\=dwarf -dwarf-version\=4 -suppress-warnings -swift-version 5 -Onone -D SWIFT_PACKAGE -D DEBUG -D SWIFT_MODULE_RESOURCE_BUNDLE_UNAVAILABLE -D Xcode -serialize-debugging-options -load-plugin-executable /host/spi-builder-workspace/.build/out/Products/Debug-linux-x86_64/CrocodilMacros\#CrocodilMacros -enable-experimental-feature DebugDescriptionMacro -empty-abi-descriptor -external-plugin-path /usr/lib/swift/host/plugins/testing\#/usr/bin/swift-plugin-server -validate-clang-modules-once -clang-build-session-file /host/spi-builder-workspace/.build/out/ModuleCache.noindex/Session.modulevalidation -Xcc -working-directory -Xcc /host -resource-dir /root/.swiftpm/swift-sdks/swift-6.4.x-DEVELOPMENT-SNAPSHOT-2026-09-04-a_wasm.artifactbundle/swift-6.4.x-DEVELOPMENT-SNAPSHOT-2026-09-04-a_wasm/wasm32-unknown-wasip1/swift.xctoolchain/usr/lib/swift_static -use-static-resource-dir -enable-anonymous-context-mangled-names -file-compilation-dir /host -Xcc -resource-dir -Xcc /root/.swiftpm/swift-sdks/swift-6.4.x-DEVELOPMENT-SNAPSHOT-2026-09-04-a_wasm.artifactbundle/swift-6.4.x-DEVELOPMENT-SNAPSHOT-2026-09-04-a_wasm/wasm32-unknown-wasip1/swift.xctoolchain/usr/lib/swift_static/clang -Xcc -D_LIBCPP_HARDENING_MODE\=_LIBCPP_HARDENING_MODE_DEBUG -Xcc -fmodules-prune-interval\=86400 -Xcc -fmodules-prune-after\=345600 -Xcc -I/host/spi-builder-workspace/.build/out/Products/Debug-webassembly-wasm32/include -Xcc -I/host/spi-builder-workspace/.build/out/Intermediates.noindex/Crocodil.build/Debug-webassembly-wasm32/Crocodil-t.build/DerivedSources-normal/wasm32 -Xcc -I/host/spi-builder-workspace/.build/out/Intermediates.noindex/Crocodil.build/Debug-webassembly-wasm32/Crocodil-t.build/DerivedSources/wasm32 -Xcc -I/host/spi-builder-workspace/.build/out/Intermediates.noindex/Crocodil.build/Debug-webassembly-wasm32/Crocodil-t.build/DerivedSources -Xcc -DSWIFT_PACKAGE -Xcc -DDEBUG\=1 -no-auto-bridging-header-chaining -module-name Crocodil -package-name crocodil -const-gather-protocols-file /host/spi-builder-workspace/.build/out/Intermediates.noindex/Crocodil.build/Debug-webassembly-wasm32/Crocodil-t.build/Objects-normal/wasm32/Crocodil_const_extract_protocols.json -in-process-plugin-server-path /usr/lib/swift/host/libSwiftInProcPluginServer.so -plugin-path /usr/lib/swift/host/plugins -plugin-path /usr/local/lib/swift/host/plugins -emit-module-doc-path /host/spi-builder-workspace/.build/out/Intermediates.noindex/Crocodil.build/Debug-webassembly-wasm32/Crocodil-t.build/Objects-normal/wasm32/Modules/Crocodil.swiftdoc -emit-module-source-info-path /host/spi-builder-workspace/.build/out/Intermediates.noindex/Crocodil.build/Debug-webassembly-wasm32/Crocodil-t.build/Objects-normal/wasm32/Modules/Crocodil.swiftsourceinfo -emit-objc-header-path /host/spi-builder-workspace/.build/out/Intermediates.noindex/Crocodil.build/Debug-webassembly-wasm32/Crocodil-t.build/Objects-normal/wasm32/Crocodil-Swift.h -serialize-diagnostics-path /host/spi-builder-workspace/.build/out/Intermediates.noindex/Crocodil.build/Debug-webassembly-wasm32/Crocodil-t.build/Objects-normal/wasm32/Crocodil-primary-emit-module.dia -emit-dependencies-path /host/spi-builder-workspace/.build/out/Intermediates.noindex/Crocodil.build/Debug-webassembly-wasm32/Crocodil-t.build/Objects-normal/wasm32/Crocodil-primary-emit-module.d -parse-as-library -o /host/spi-builder-workspace/.build/out/Intermediates.noindex/Crocodil.build/Debug-webassembly-wasm32/Crocodil-t.build/Objects-normal/wasm32/Modules/Crocodil.swiftmodule
error: Build failed
BUILD FAILURE 6.4 wasm