Build Information
Failed to build PermissionFlow, reference main (cb96db), with Swift 6.2 for Wasm on 30 Sep 2026 11:49:54 UTC.
Build Command
bash -c docker run --pull=always --rm -v "checkouts-54344845-0":/host -w "$PWD" -e JAVA_HOME="/root/.sdkman/candidates/java/current" -e SPI_BUILD="1" -e SPI_PROCESSING="1" registry.gitlab.com/saguaro1/spi-images:wasm-6.2-latest swift build --swift-sdk swift-6.2-RELEASE_wasm 2>&1Build Log
========================================
RunAll
========================================
Builder version: 5.1.1
Interrupt handler set up.
========================================
Checkout
========================================
Clone URL: https://github.com/jaywcjlove/PermissionFlow.git
Reference: main
Initialized empty Git repository in /host/spi-builder-workspace/.git/
hint: Using 'master' as the name for the initial branch. This default branch name
hint: is subject to change. To configure the initial branch name to use in all
hint: of your new repositories, which will suppress this warning, call:
hint:
hint: git config --global init.defaultBranch <name>
hint:
hint: Names commonly chosen instead of 'master' are 'main', 'trunk' and
hint: 'development'. The just-created branch can be renamed via this command:
hint:
hint: git branch -m <name>
From https://github.com/jaywcjlove/PermissionFlow
* branch main -> FETCH_HEAD
* [new branch] main -> origin/main
HEAD is now at cb96db4 chore: lower swift-tools-version to 6.1 for Xcode 16.3+ compatibility (#12)
Cloned https://github.com/jaywcjlove/PermissionFlow.git
Revision (git rev-parse @):
cb96db4bfd2342e8d8c56f2a7d51ca65b8aed6e2
SUCCESS checkout https://github.com/jaywcjlove/PermissionFlow.git at main
========================================
Build
========================================
Selected platform: wasm
Swift version: 6.2
Building package at path: $PWD
https://github.com/jaywcjlove/PermissionFlow.git
Running build ...
bash -c docker run --pull=always --rm -v "checkouts-54344845-0":/host -w "$PWD" -e JAVA_HOME="/root/.sdkman/candidates/java/current" -e SPI_BUILD="1" -e SPI_PROCESSING="1" registry.gitlab.com/saguaro1/spi-images:wasm-6.2-latest swift build --swift-sdk swift-6.2-RELEASE_wasm 2>&1
wasm-6.2-latest: Pulling from saguaro1/spi-images
Digest: sha256:ff44196b45f83e5a0a99a627b185f548850d9bc1242e3dee2178fb1570812fe8
Status: Image is up to date for registry.gitlab.com/saguaro1/spi-images:wasm-6.2-latest
Building for debugging...
[0/22] Write sources
[0/22] Copying Localizable.strings
[9/22] Write sources
[10/22] Copying Localizable.strings
[10/22] Write sources
[13/22] Copying Localizable.strings
[14/22] Write sources
[15/22] Copying Localizable.strings
[15/22] Write sources
[15/22] Copying Info.plist
[16/22] Copying Localizable.strings
[19/22] Write sources
[21/22] Write swift-version-24593BA9C3E375BF.txt
[23/26] Compiling SystemSettingsKit SystemSettings.swift
[24/26] Compiling SystemSettingsKit SettingsNavigator.swift
[25/26] Emitting module SystemSettingsKit
[26/26] Compiling SystemSettingsKit SystemSettingsDestination.swift
[28/48] Compiling PermissionFlow FullDiskAccessPermissionStatusProvider.swift
[29/48] Compiling PermissionFlow MicrophonePermissionStatusProvider.swift
[30/48] Compiling PermissionFlow RemindersPermissionStatusProvider.swift
[31/50] Compiling PermissionFlow PermissionFlowButtonState.swift
[32/50] Compiling PermissionFlow PermissionFlowConfiguration.swift
[33/50] Compiling PermissionFlow PermissionFlowController.swift
error: emit-module command failed with exit code 1 (use -v to see invocation)
[34/50] Compiling PermissionFlow PermissionAuthorizationState.swift
[35/50] Compiling PermissionFlow PermissionFlow.swift
[36/50] Compiling PermissionFlow PermissionFlowButton.swift
[37/50] Emitting module PermissionFlow
/host/spi-builder-workspace/Sources/PermissionFlow/PermissionFlowResources.swift:57:50: error: cannot find type 'LocalizedStringResource' in scope
55 | /// Text(PermissionFlowResources.accessibilityNameResource)
56 | /// ```
57 | public static var accessibilityNameResource: LocalizedStringResource {
| `- error: cannot find type 'LocalizedStringResource' in scope
58 | accessibilityNameResource(
59 | operatingSystemVersion: ProcessInfo.processInfo.operatingSystemVersion
/host/spi-builder-workspace/Sources/PermissionFlow/PermissionFlowResources.swift:66:10: error: cannot find type 'LocalizedStringResource' in scope
64 | public static func accessibilityNameResource(
65 | operatingSystemVersion: OperatingSystemVersion
66 | ) -> LocalizedStringResource {
| `- error: cannot find type 'LocalizedStringResource' in scope
67 | localizedStringResource(for: accessibilityName(operatingSystemVersion: operatingSystemVersion))
68 | }
/host/spi-builder-workspace/Sources/PermissionFlow/PermissionFlowResources.swift:79:72: error: cannot find type 'LocalizedStringResource' in scope
77 | /// Text(PermissionFlowResources.localizedStringResource(for: PermissionFlowResources.accessibilityNameKey))
78 | /// ```
79 | public static func localizedStringResource(for nameKey: String) -> LocalizedStringResource {
| `- error: cannot find type 'LocalizedStringResource' in scope
80 | LocalizedStringResource(
81 | String.LocalizationValue(nameKey),
[38/50] Compiling PermissionFlow AppDropArea.swift
[39/50] Compiling PermissionFlow FloatingDropPanel.swift
[40/50] Compiling PermissionFlow PermissionStatusCapability.swift
[41/50] Compiling PermissionFlow AccessibilityPermissionStatusProvider.swift
[42/50] Compiling PermissionFlow CalendarPermissionStatusProvider.swift
[43/50] Compiling PermissionFlow UnsupportedPermissionStatusProvider.swift
[44/50] Compiling PermissionFlow PermissionStatusRegistry.swift
[45/50] Compiling PermissionFlow SettingsWindowTracker.swift
[46/50] Compiling PermissionFlow PermissionFlowLocalizer.swift
/host/spi-builder-workspace/Sources/PermissionFlow/PermissionFlowResources.swift:57:50: error: cannot find type 'LocalizedStringResource' in scope
55 | /// Text(PermissionFlowResources.accessibilityNameResource)
56 | /// ```
57 | public static var accessibilityNameResource: LocalizedStringResource {
| `- error: cannot find type 'LocalizedStringResource' in scope
58 | accessibilityNameResource(
59 | operatingSystemVersion: ProcessInfo.processInfo.operatingSystemVersion
/host/spi-builder-workspace/Sources/PermissionFlow/PermissionFlowResources.swift:66:10: error: cannot find type 'LocalizedStringResource' in scope
64 | public static func accessibilityNameResource(
65 | operatingSystemVersion: OperatingSystemVersion
66 | ) -> LocalizedStringResource {
| `- error: cannot find type 'LocalizedStringResource' in scope
67 | localizedStringResource(for: accessibilityName(operatingSystemVersion: operatingSystemVersion))
68 | }
/host/spi-builder-workspace/Sources/PermissionFlow/PermissionFlowResources.swift:79:72: error: cannot find type 'LocalizedStringResource' in scope
77 | /// Text(PermissionFlowResources.localizedStringResource(for: PermissionFlowResources.accessibilityNameKey))
78 | /// ```
79 | public static func localizedStringResource(for nameKey: String) -> LocalizedStringResource {
| `- error: cannot find type 'LocalizedStringResource' in scope
80 | LocalizedStringResource(
81 | String.LocalizationValue(nameKey),
[47/50] Compiling PermissionFlow PermissionFlowPane.swift
/host/spi-builder-workspace/Sources/PermissionFlow/PermissionFlowResources.swift:57:50: error: cannot find type 'LocalizedStringResource' in scope
55 | /// Text(PermissionFlowResources.accessibilityNameResource)
56 | /// ```
57 | public static var accessibilityNameResource: LocalizedStringResource {
| `- error: cannot find type 'LocalizedStringResource' in scope
58 | accessibilityNameResource(
59 | operatingSystemVersion: ProcessInfo.processInfo.operatingSystemVersion
/host/spi-builder-workspace/Sources/PermissionFlow/PermissionFlowResources.swift:66:10: error: cannot find type 'LocalizedStringResource' in scope
64 | public static func accessibilityNameResource(
65 | operatingSystemVersion: OperatingSystemVersion
66 | ) -> LocalizedStringResource {
| `- error: cannot find type 'LocalizedStringResource' in scope
67 | localizedStringResource(for: accessibilityName(operatingSystemVersion: operatingSystemVersion))
68 | }
/host/spi-builder-workspace/Sources/PermissionFlow/PermissionFlowResources.swift:79:72: error: cannot find type 'LocalizedStringResource' in scope
77 | /// Text(PermissionFlowResources.localizedStringResource(for: PermissionFlowResources.accessibilityNameKey))
78 | /// ```
79 | public static func localizedStringResource(for nameKey: String) -> LocalizedStringResource {
| `- error: cannot find type 'LocalizedStringResource' in scope
80 | LocalizedStringResource(
81 | String.LocalizationValue(nameKey),
[48/50] Compiling PermissionFlow PermissionFlowResources.swift
/host/spi-builder-workspace/Sources/PermissionFlow/PermissionFlowResources.swift:57:50: error: cannot find type 'LocalizedStringResource' in scope
55 | /// Text(PermissionFlowResources.accessibilityNameResource)
56 | /// ```
57 | public static var accessibilityNameResource: LocalizedStringResource {
| `- error: cannot find type 'LocalizedStringResource' in scope
58 | accessibilityNameResource(
59 | operatingSystemVersion: ProcessInfo.processInfo.operatingSystemVersion
/host/spi-builder-workspace/Sources/PermissionFlow/PermissionFlowResources.swift:66:10: error: cannot find type 'LocalizedStringResource' in scope
64 | public static func accessibilityNameResource(
65 | operatingSystemVersion: OperatingSystemVersion
66 | ) -> LocalizedStringResource {
| `- error: cannot find type 'LocalizedStringResource' in scope
67 | localizedStringResource(for: accessibilityName(operatingSystemVersion: operatingSystemVersion))
68 | }
/host/spi-builder-workspace/Sources/PermissionFlow/PermissionFlowResources.swift:79:72: error: cannot find type 'LocalizedStringResource' in scope
77 | /// Text(PermissionFlowResources.localizedStringResource(for: PermissionFlowResources.accessibilityNameKey))
78 | /// ```
79 | public static func localizedStringResource(for nameKey: String) -> LocalizedStringResource {
| `- error: cannot find type 'LocalizedStringResource' in scope
80 | LocalizedStringResource(
81 | String.LocalizationValue(nameKey),
[49/50] Compiling PermissionFlow PermissionFlowPanelView.swift
[50/50] Compiling PermissionFlow resource_bundle_accessor.swift
BUILD FAILURE 6.2 wasm