The Swift Package Index logo.Swift Package Index

Build Information

Failed to build HSHelpers, reference master (6f66ae), with Swift 6.4 for watchOS using Xcode 27.0 on 22 Sep 2026 17:22:17 UTC.

Build Command

env DEVELOPER_DIR=/Applications/Xcode-27.0.0-Release.Candidate.app xcrun xcodebuild -IDEClonedSourcePackagesDirPathOverride=$PWD/.dependencies -skipMacroValidation -skipPackagePluginValidation -derivedDataPath $PWD/.derivedData build -scheme HSHelpers-Package -destination generic/platform=watchOS

Build Log

SwiftExplicitDependencyGeneratePcm arm64 /Users/admin/builder/spi-builder-workspace/.derivedData/SDKExplicitPrecompiledModules/UIUtilities-IR7RNW23VAUKYI9MLCS9NL9A.pcm
Copy /Users/admin/builder/spi-builder-workspace/.derivedData/Build/Products/Debug-watchos/HSTime.swiftmodule/arm64_32-apple-watchos.swiftmodule /Users/admin/builder/spi-builder-workspace/.derivedData/Build/Intermediates.noindex/HSHelpers.build/Debug-watchos/HSTime-t.build/Objects-normal/arm64_32/HSTime.swiftmodule (in target 'HSTime' from project 'HSHelpers')
    cd /Users/admin/builder/spi-builder-workspace
    builtin-copy -exclude .DS_Store -exclude CVS -exclude .svn -exclude .git -exclude .hg -resolve-src-symlinks -rename /Users/admin/builder/spi-builder-workspace/.derivedData/Build/Intermediates.noindex/HSHelpers.build/Debug-watchos/HSTime-t.build/Objects-normal/arm64_32/HSTime.swiftmodule /Users/admin/builder/spi-builder-workspace/.derivedData/Build/Products/Debug-watchos/HSTime.swiftmodule/arm64_32-apple-watchos.swiftmodule
Copy /Users/admin/builder/spi-builder-workspace/.derivedData/Build/Products/Debug-watchos/HSTime.swiftmodule/arm64_32-apple-watchos.swiftdoc /Users/admin/builder/spi-builder-workspace/.derivedData/Build/Intermediates.noindex/HSHelpers.build/Debug-watchos/HSTime-t.build/Objects-normal/arm64_32/HSTime.swiftdoc (in target 'HSTime' from project 'HSHelpers')
    cd /Users/admin/builder/spi-builder-workspace
    builtin-copy -exclude .DS_Store -exclude CVS -exclude .svn -exclude .git -exclude .hg -resolve-src-symlinks -rename /Users/admin/builder/spi-builder-workspace/.derivedData/Build/Intermediates.noindex/HSHelpers.build/Debug-watchos/HSTime-t.build/Objects-normal/arm64_32/HSTime.swiftdoc /Users/admin/builder/spi-builder-workspace/.derivedData/Build/Products/Debug-watchos/HSTime.swiftmodule/arm64_32-apple-watchos.swiftdoc
Copy /Users/admin/builder/spi-builder-workspace/.derivedData/Build/Products/Debug-watchos/HSTime.swiftmodule/arm64_32-apple-watchos.abi.json /Users/admin/builder/spi-builder-workspace/.derivedData/Build/Intermediates.noindex/HSHelpers.build/Debug-watchos/HSTime-t.build/Objects-normal/arm64_32/HSTime.abi.json (in target 'HSTime' from project 'HSHelpers')
    cd /Users/admin/builder/spi-builder-workspace
    builtin-copy -exclude .DS_Store -exclude CVS -exclude .svn -exclude .git -exclude .hg -resolve-src-symlinks -rename /Users/admin/builder/spi-builder-workspace/.derivedData/Build/Intermediates.noindex/HSHelpers.build/Debug-watchos/HSTime-t.build/Objects-normal/arm64_32/HSTime.abi.json /Users/admin/builder/spi-builder-workspace/.derivedData/Build/Products/Debug-watchos/HSTime.swiftmodule/arm64_32-apple-watchos.abi.json
Copy /Users/admin/builder/spi-builder-workspace/.derivedData/Build/Products/Debug-watchos/HSTime.swiftmodule/Project/arm64_32-apple-watchos.swiftsourceinfo /Users/admin/builder/spi-builder-workspace/.derivedData/Build/Intermediates.noindex/HSHelpers.build/Debug-watchos/HSTime-t.build/Objects-normal/arm64_32/HSTime.swiftsourceinfo (in target 'HSTime' from project 'HSHelpers')
    cd /Users/admin/builder/spi-builder-workspace
    builtin-copy -exclude .DS_Store -exclude CVS -exclude .svn -exclude .git -exclude .hg -resolve-src-symlinks -rename /Users/admin/builder/spi-builder-workspace/.derivedData/Build/Intermediates.noindex/HSHelpers.build/Debug-watchos/HSTime-t.build/Objects-normal/arm64_32/HSTime.swiftsourceinfo /Users/admin/builder/spi-builder-workspace/.derivedData/Build/Products/Debug-watchos/HSTime.swiftmodule/Project/arm64_32-apple-watchos.swiftsourceinfo
SwiftExplicitDependencyGeneratePcm arm64 /Users/admin/builder/spi-builder-workspace/.derivedData/SDKExplicitPrecompiledModules/UniformTypeIdentifiers-8L08Q8DQJV8C4AW84YVGFGTRN.pcm
SwiftExplicitDependencyGeneratePcm arm64 /Users/admin/builder/spi-builder-workspace/.derivedData/SDKExplicitPrecompiledModules/OSLog-B7VGO357Y3GJG35TST7DKDSI3.pcm
SwiftExplicitDependencyGeneratePcm arm64 /Users/admin/builder/spi-builder-workspace/.derivedData/SDKExplicitPrecompiledModules/LocalAuthentication-E2VERNNN1K2IWY24TR43TU59K.pcm
SwiftExplicitDependencyGeneratePcm arm64_32 /Users/admin/builder/spi-builder-workspace/.derivedData/SDKExplicitPrecompiledModules/QuartzCore-6375NPYACK5NYVHPMC1QQ8MC2.pcm
SwiftExplicitDependencyGeneratePcm arm64_32 /Users/admin/builder/spi-builder-workspace/.derivedData/SDKExplicitPrecompiledModules/UniformTypeIdentifiers-CJZ3NTHPSBH4XWX5EVOG56UZS.pcm
SwiftExplicitDependencyGeneratePcm arm64_32 /Users/admin/builder/spi-builder-workspace/.derivedData/SDKExplicitPrecompiledModules/UIUtilities-9YFVNIMRC5HRVOIARNWHP1E3H.pcm
SwiftDriverJobDiscovery normal arm64 Emitting module for HSTime (in target 'HSTime' from project 'HSHelpers')
SwiftDriver\ Compilation\ Requirements HSTime normal arm64 com.apple.xcode.tools.swift.compiler (in target 'HSTime' from project 'HSHelpers')
    cd /Users/admin/builder/spi-builder-workspace/.swiftpm/xcode
    builtin-Swift-Compilation-Requirements -- /Applications/Xcode-27.0.0-Release.Candidate.app/Contents/Developer/Toolchains/XcodeDefault.xctoolchain/usr/bin/swiftc -parse-as-library -module-name HSTime -Onone @/Users/admin/builder/spi-builder-workspace/.derivedData/Build/Intermediates.noindex/HSHelpers.build/Debug-watchos/HSTime-t.build/Objects-normal/arm64/HSTime.SwiftFileList -DSWIFT_PACKAGE -DDEBUG -DSWIFT_MODULE_RESOURCE_BUNDLE_UNAVAILABLE -DXcode -plugin-path /Applications/Xcode-27.0.0-Release.Candidate.app/Contents/Developer/Toolchains/XcodeDefault.xctoolchain/usr/lib/swift/host/plugins/testing -enable-experimental-feature DebugDescriptionMacro -sdk /Applications/Xcode-27.0.0-Release.Candidate.app/Contents/Developer/Platforms/WatchOS.platform/Developer/SDKs/WatchOS27.0.sdk -target arm64-apple-watchos9.0 -g -module-cache-path /Users/admin/builder/spi-builder-workspace/.derivedData/ModuleCache.noindex -Xfrontend -serialize-debugging-options -profile-coverage-mapping -profile-generate -enable-testing -index-store-path /Users/admin/builder/spi-builder-workspace/.derivedData/Index.noindex/DataStore -Xcc -D_LIBCPP_HARDENING_MODE\=_LIBCPP_HARDENING_MODE_DEBUG -swift-version 5 -I /Users/admin/builder/spi-builder-workspace/.derivedData/Build/Products/Debug-watchos -Isystem /Applications/Xcode-27.0.0-Release.Candidate.app/Contents/Developer/Platforms/WatchOS.platform/Developer/usr/lib -F /Users/admin/builder/spi-builder-workspace/.derivedData/Build/Products/Debug-watchos/PackageFrameworks -F /Users/admin/builder/spi-builder-workspace/.derivedData/Build/Products/Debug-watchos -F /Applications/Xcode-27.0.0-Release.Candidate.app/Contents/Developer/Platforms/WatchOS.platform/Developer/Library/Frameworks -F /Applications/Xcode-27.0.0-Release.Candidate.app/Contents/Developer/Platforms/WatchOS.platform/Developer/SDKs/WatchOS27.0.sdk/Developer/Library/Frameworks -c -j10 -enable-batch-mode -incremental -Xcc -ivfsstatcache -Xcc /Users/admin/builder/spi-builder-workspace/.derivedData/SDKStatCaches.noindex/watchos27.0-24R360-e829b21a6f8c9b70876ba0858053c04477534ef55a1706bf4c1112bbb242f0a2.sdkstatcache -output-file-map /Users/admin/builder/spi-builder-workspace/.derivedData/Build/Intermediates.noindex/HSHelpers.build/Debug-watchos/HSTime-t.build/Objects-normal/arm64/HSTime-OutputFileMap.json -save-temps -no-color-diagnostics -explicit-module-build -module-cache-path /Users/admin/builder/spi-builder-workspace/.derivedData/Build/Intermediates.noindex/SwiftExplicitPrecompiledModules -clang-scanner-module-cache-path /Users/admin/builder/spi-builder-workspace/.derivedData/ModuleCache.noindex -sdk-module-cache-path /Users/admin/builder/spi-builder-workspace/.derivedData/SDKExplicitPrecompiledModules -emit-dependencies -emit-module -emit-module-path /Users/admin/builder/spi-builder-workspace/.derivedData/Build/Intermediates.noindex/HSHelpers.build/Debug-watchos/HSTime-t.build/Objects-normal/arm64/HSTime.swiftmodule -serialize-diagnostics -dependency-scan-serialize-diagnostics-path /Users/admin/builder/spi-builder-workspace/.derivedData/Build/Intermediates.noindex/HSHelpers.build/Debug-watchos/HSTime-t.build/Objects-normal/arm64/HSTime-dependency-scan.dia -validate-clang-modules-once -clang-build-session-file /Users/admin/builder/spi-builder-workspace/.derivedData/ModuleCache.noindex/Session.modulevalidation -Xcc -fmodules-prune-interval\=86400 -Xcc -fmodules-prune-after\=345600 -emit-const-values -const-gather-protocols-list /Users/admin/builder/spi-builder-workspace/.derivedData/Build/Intermediates.noindex/HSHelpers.build/Debug-watchos/HSTime-t.build/Objects-normal/arm64/HSTime_const_extract_protocols.json -Xcc -I/Users/admin/builder/spi-builder-workspace/.derivedData/Build/Products/Debug-watchos/include -Xcc -I/Users/admin/builder/spi-builder-workspace/.derivedData/Build/Intermediates.noindex/HSHelpers.build/Debug-watchos/HSTime-t.build/DerivedSources-normal/arm64 -Xcc -I/Users/admin/builder/spi-builder-workspace/.derivedData/Build/Intermediates.noindex/HSHelpers.build/Debug-watchos/HSTime-t.build/DerivedSources/arm64 -Xcc -I/Users/admin/builder/spi-builder-workspace/.derivedData/Build/Intermediates.noindex/HSHelpers.build/Debug-watchos/HSTime-t.build/DerivedSources -Xcc -DSWIFT_PACKAGE -Xcc -DDEBUG\=1 -emit-objc-header -emit-objc-header-path /Users/admin/builder/spi-builder-workspace/.derivedData/Build/Intermediates.noindex/HSHelpers.build/Debug-watchos/HSTime-t.build/Objects-normal/arm64/HSTime-Swift.h -working-directory /Users/admin/builder/spi-builder-workspace/.swiftpm/xcode -experimental-emit-module-separately -disable-cmo
SwiftExplicitDependencyGeneratePcm arm64 /Users/admin/builder/spi-builder-workspace/.derivedData/SDKExplicitPrecompiledModules/QuartzCore-94KFMWNOU7ZLUZNB4T5DLZC9D.pcm
SwiftMergeGeneratedHeaders /Users/admin/builder/spi-builder-workspace/.derivedData/Build/Intermediates.noindex/GeneratedModuleMaps-watchos/HSTime-Swift.h /Users/admin/builder/spi-builder-workspace/.derivedData/Build/Intermediates.noindex/HSHelpers.build/Debug-watchos/HSTime-t.build/Objects-normal/arm64/HSTime-Swift.h /Users/admin/builder/spi-builder-workspace/.derivedData/Build/Intermediates.noindex/HSHelpers.build/Debug-watchos/HSTime-t.build/Objects-normal/arm64_32/HSTime-Swift.h (in target 'HSTime' from project 'HSHelpers')
    cd /Users/admin/builder/spi-builder-workspace
    builtin-swiftHeaderTool -arch arm64 /Users/admin/builder/spi-builder-workspace/.derivedData/Build/Intermediates.noindex/HSHelpers.build/Debug-watchos/HSTime-t.build/Objects-normal/arm64/HSTime-Swift.h -arch arm64_32 /Users/admin/builder/spi-builder-workspace/.derivedData/Build/Intermediates.noindex/HSHelpers.build/Debug-watchos/HSTime-t.build/Objects-normal/arm64_32/HSTime-Swift.h -o /Users/admin/builder/spi-builder-workspace/.derivedData/Build/Intermediates.noindex/GeneratedModuleMaps-watchos/HSTime-Swift.h
Copy /Users/admin/builder/spi-builder-workspace/.derivedData/Build/Products/Debug-watchos/HSTime.swiftmodule/arm64-apple-watchos.swiftmodule /Users/admin/builder/spi-builder-workspace/.derivedData/Build/Intermediates.noindex/HSHelpers.build/Debug-watchos/HSTime-t.build/Objects-normal/arm64/HSTime.swiftmodule (in target 'HSTime' from project 'HSHelpers')
    cd /Users/admin/builder/spi-builder-workspace
    builtin-copy -exclude .DS_Store -exclude CVS -exclude .svn -exclude .git -exclude .hg -resolve-src-symlinks -rename /Users/admin/builder/spi-builder-workspace/.derivedData/Build/Intermediates.noindex/HSHelpers.build/Debug-watchos/HSTime-t.build/Objects-normal/arm64/HSTime.swiftmodule /Users/admin/builder/spi-builder-workspace/.derivedData/Build/Products/Debug-watchos/HSTime.swiftmodule/arm64-apple-watchos.swiftmodule
Copy /Users/admin/builder/spi-builder-workspace/.derivedData/Build/Products/Debug-watchos/HSTime.swiftmodule/arm64-apple-watchos.swiftdoc /Users/admin/builder/spi-builder-workspace/.derivedData/Build/Intermediates.noindex/HSHelpers.build/Debug-watchos/HSTime-t.build/Objects-normal/arm64/HSTime.swiftdoc (in target 'HSTime' from project 'HSHelpers')
    cd /Users/admin/builder/spi-builder-workspace
    builtin-copy -exclude .DS_Store -exclude CVS -exclude .svn -exclude .git -exclude .hg -resolve-src-symlinks -rename /Users/admin/builder/spi-builder-workspace/.derivedData/Build/Intermediates.noindex/HSHelpers.build/Debug-watchos/HSTime-t.build/Objects-normal/arm64/HSTime.swiftdoc /Users/admin/builder/spi-builder-workspace/.derivedData/Build/Products/Debug-watchos/HSTime.swiftmodule/arm64-apple-watchos.swiftdoc
Copy /Users/admin/builder/spi-builder-workspace/.derivedData/Build/Products/Debug-watchos/HSTime.swiftmodule/arm64-apple-watchos.abi.json /Users/admin/builder/spi-builder-workspace/.derivedData/Build/Intermediates.noindex/HSHelpers.build/Debug-watchos/HSTime-t.build/Objects-normal/arm64/HSTime.abi.json (in target 'HSTime' from project 'HSHelpers')
    cd /Users/admin/builder/spi-builder-workspace
    builtin-copy -exclude .DS_Store -exclude CVS -exclude .svn -exclude .git -exclude .hg -resolve-src-symlinks -rename /Users/admin/builder/spi-builder-workspace/.derivedData/Build/Intermediates.noindex/HSHelpers.build/Debug-watchos/HSTime-t.build/Objects-normal/arm64/HSTime.abi.json /Users/admin/builder/spi-builder-workspace/.derivedData/Build/Products/Debug-watchos/HSTime.swiftmodule/arm64-apple-watchos.abi.json
Copy /Users/admin/builder/spi-builder-workspace/.derivedData/Build/Products/Debug-watchos/HSTime.swiftmodule/Project/arm64-apple-watchos.swiftsourceinfo /Users/admin/builder/spi-builder-workspace/.derivedData/Build/Intermediates.noindex/HSHelpers.build/Debug-watchos/HSTime-t.build/Objects-normal/arm64/HSTime.swiftsourceinfo (in target 'HSTime' from project 'HSHelpers')
    cd /Users/admin/builder/spi-builder-workspace
    builtin-copy -exclude .DS_Store -exclude CVS -exclude .svn -exclude .git -exclude .hg -resolve-src-symlinks -rename /Users/admin/builder/spi-builder-workspace/.derivedData/Build/Intermediates.noindex/HSHelpers.build/Debug-watchos/HSTime-t.build/Objects-normal/arm64/HSTime.swiftsourceinfo /Users/admin/builder/spi-builder-workspace/.derivedData/Build/Products/Debug-watchos/HSTime.swiftmodule/Project/arm64-apple-watchos.swiftsourceinfo
SwiftExplicitDependencyGeneratePcm arm64_32 /Users/admin/builder/spi-builder-workspace/.derivedData/SDKExplicitPrecompiledModules/DataDetection-U9BF7WHFVA6BZGFXXXP272PS.pcm
SwiftExplicitDependencyGeneratePcm arm64_32 /Users/admin/builder/spi-builder-workspace/.derivedData/SDKExplicitPrecompiledModules/OSLog-D9AVFY0KWO7RVBIQ73CBIJVCN.pcm
SwiftExplicitDependencyGeneratePcm arm64_32 /Users/admin/builder/spi-builder-workspace/.derivedData/SDKExplicitPrecompiledModules/CoreLocation-8XU5YMYM4P11RQMYCQAG65ITK.pcm
SwiftExplicitDependencyGeneratePcm arm64 /Users/admin/builder/spi-builder-workspace/.derivedData/SDKExplicitPrecompiledModules/Symbols-3EFABTJ9L5PQDJ7RQCYQWEJMM.pcm
SwiftExplicitDependencyGeneratePcm arm64 /Users/admin/builder/spi-builder-workspace/.derivedData/SDKExplicitPrecompiledModules/Accessibility-27QMG6ZQ1NKYTNBYFPM1XKNFC.pcm
SwiftExplicitDependencyGeneratePcm arm64 /Users/admin/builder/spi-builder-workspace/.derivedData/SDKExplicitPrecompiledModules/SceneKit-5HZKIL7XETTTD8TOHYPN8JKRJ.pcm
SwiftExplicitDependencyGeneratePcm arm64 /Users/admin/builder/spi-builder-workspace/.derivedData/SDKExplicitPrecompiledModules/DataDetection-7BNVI1SZW5ISQL5SX4WL2X7I5.pcm
SwiftExplicitDependencyGeneratePcm arm64 /Users/admin/builder/spi-builder-workspace/.derivedData/SDKExplicitPrecompiledModules/_LocationEssentials-5ZZDGDXB6HLQUC72SJW7YJ7MK.pcm
SwiftCompile normal arm64_32 Compiling\ Time+HS.swift /Users/admin/builder/spi-builder-workspace/Sources/HSTime/Time+HS.swift (in target 'HSTime' from project 'HSHelpers')
SwiftCompile normal arm64_32 /Users/admin/builder/spi-builder-workspace/Sources/HSTime/Time+HS.swift (in target 'HSTime' from project 'HSHelpers')
    cd /Users/admin/builder/spi-builder-workspace/.swiftpm/xcode
    builtin-SwiftPerFileCompile Time+HS.swift
SwiftCompile normal arm64 Compiling\ Time+HS.swift /Users/admin/builder/spi-builder-workspace/Sources/HSTime/Time+HS.swift (in target 'HSTime' from project 'HSHelpers')
SwiftCompile normal arm64 /Users/admin/builder/spi-builder-workspace/Sources/HSTime/Time+HS.swift (in target 'HSTime' from project 'HSHelpers')
    cd /Users/admin/builder/spi-builder-workspace/.swiftpm/xcode
    builtin-SwiftPerFileCompile Time+HS.swift
SwiftExplicitDependencyGeneratePcm arm64_32 /Users/admin/builder/spi-builder-workspace/.derivedData/SDKExplicitPrecompiledModules/SwiftUICore-3Q7WLRD8MR9R3NGIPUBQCP6F6.pcm
SwiftExplicitDependencyGeneratePcm arm64 /Users/admin/builder/spi-builder-workspace/.derivedData/SDKExplicitPrecompiledModules/SwiftUICore-C1DST1IX2Z0PTH5SJJZ1IULRB.pcm
SwiftExplicitDependencyGeneratePcm arm64_32 /Users/admin/builder/spi-builder-workspace/.derivedData/SDKExplicitPrecompiledModules/CoreMotion-1XGTVTE5PP32UHME8AC63TL6.pcm
SwiftExplicitDependencyGeneratePcm arm64 /Users/admin/builder/spi-builder-workspace/.derivedData/SDKExplicitPrecompiledModules/CoreLocation-ACKJ9K7ABI14F97Y46Y6SRR17.pcm
SwiftExplicitDependencyGeneratePcm arm64_32 /Users/admin/builder/spi-builder-workspace/.derivedData/SDKExplicitPrecompiledModules/UIKit-6PPV7YPZ89CZPHYAP072QH8B6.pcm
SwiftExplicitDependencyGeneratePcm arm64 /Users/admin/builder/spi-builder-workspace/.derivedData/SDKExplicitPrecompiledModules/CoreMotion-6RD5K48QT1F4L9CATNFD2O7YB.pcm
SwiftDriverJobDiscovery normal arm64_32 Compiling Time+HS.swift (in target 'HSTime' from project 'HSHelpers')
SwiftDriver\ Compilation HSTime normal arm64_32 com.apple.xcode.tools.swift.compiler (in target 'HSTime' from project 'HSHelpers')
    cd /Users/admin/builder/spi-builder-workspace/.swiftpm/xcode
    builtin-Swift-Compilation -- /Applications/Xcode-27.0.0-Release.Candidate.app/Contents/Developer/Toolchains/XcodeDefault.xctoolchain/usr/bin/swiftc -parse-as-library -module-name HSTime -Onone @/Users/admin/builder/spi-builder-workspace/.derivedData/Build/Intermediates.noindex/HSHelpers.build/Debug-watchos/HSTime-t.build/Objects-normal/arm64_32/HSTime.SwiftFileList -DSWIFT_PACKAGE -DDEBUG -DSWIFT_MODULE_RESOURCE_BUNDLE_UNAVAILABLE -DXcode -plugin-path /Applications/Xcode-27.0.0-Release.Candidate.app/Contents/Developer/Toolchains/XcodeDefault.xctoolchain/usr/lib/swift/host/plugins/testing -enable-experimental-feature DebugDescriptionMacro -sdk /Applications/Xcode-27.0.0-Release.Candidate.app/Contents/Developer/Platforms/WatchOS.platform/Developer/SDKs/WatchOS27.0.sdk -target arm64_32-apple-watchos9.0 -g -module-cache-path /Users/admin/builder/spi-builder-workspace/.derivedData/ModuleCache.noindex -Xfrontend -serialize-debugging-options -profile-coverage-mapping -profile-generate -enable-testing -index-store-path /Users/admin/builder/spi-builder-workspace/.derivedData/Index.noindex/DataStore -Xcc -D_LIBCPP_HARDENING_MODE\=_LIBCPP_HARDENING_MODE_DEBUG -swift-version 5 -I /Users/admin/builder/spi-builder-workspace/.derivedData/Build/Products/Debug-watchos -Isystem /Applications/Xcode-27.0.0-Release.Candidate.app/Contents/Developer/Platforms/WatchOS.platform/Developer/usr/lib -F /Users/admin/builder/spi-builder-workspace/.derivedData/Build/Products/Debug-watchos/PackageFrameworks -F /Users/admin/builder/spi-builder-workspace/.derivedData/Build/Products/Debug-watchos -F /Applications/Xcode-27.0.0-Release.Candidate.app/Contents/Developer/Platforms/WatchOS.platform/Developer/Library/Frameworks -F /Applications/Xcode-27.0.0-Release.Candidate.app/Contents/Developer/Platforms/WatchOS.platform/Developer/SDKs/WatchOS27.0.sdk/Developer/Library/Frameworks -c -j10 -enable-batch-mode -incremental -Xcc -ivfsstatcache -Xcc /Users/admin/builder/spi-builder-workspace/.derivedData/SDKStatCaches.noindex/watchos27.0-24R360-e829b21a6f8c9b70876ba0858053c04477534ef55a1706bf4c1112bbb242f0a2.sdkstatcache -output-file-map /Users/admin/builder/spi-builder-workspace/.derivedData/Build/Intermediates.noindex/HSHelpers.build/Debug-watchos/HSTime-t.build/Objects-normal/arm64_32/HSTime-OutputFileMap.json -save-temps -no-color-diagnostics -explicit-module-build -module-cache-path /Users/admin/builder/spi-builder-workspace/.derivedData/Build/Intermediates.noindex/SwiftExplicitPrecompiledModules -clang-scanner-module-cache-path /Users/admin/builder/spi-builder-workspace/.derivedData/ModuleCache.noindex -sdk-module-cache-path /Users/admin/builder/spi-builder-workspace/.derivedData/SDKExplicitPrecompiledModules -emit-dependencies -emit-module -emit-module-path /Users/admin/builder/spi-builder-workspace/.derivedData/Build/Intermediates.noindex/HSHelpers.build/Debug-watchos/HSTime-t.build/Objects-normal/arm64_32/HSTime.swiftmodule -serialize-diagnostics -dependency-scan-serialize-diagnostics-path /Users/admin/builder/spi-builder-workspace/.derivedData/Build/Intermediates.noindex/HSHelpers.build/Debug-watchos/HSTime-t.build/Objects-normal/arm64_32/HSTime-dependency-scan.dia -validate-clang-modules-once -clang-build-session-file /Users/admin/builder/spi-builder-workspace/.derivedData/ModuleCache.noindex/Session.modulevalidation -Xcc -fmodules-prune-interval\=86400 -Xcc -fmodules-prune-after\=345600 -emit-const-values -const-gather-protocols-list /Users/admin/builder/spi-builder-workspace/.derivedData/Build/Intermediates.noindex/HSHelpers.build/Debug-watchos/HSTime-t.build/Objects-normal/arm64_32/HSTime_const_extract_protocols.json -Xcc -I/Users/admin/builder/spi-builder-workspace/.derivedData/Build/Products/Debug-watchos/include -Xcc -I/Users/admin/builder/spi-builder-workspace/.derivedData/Build/Intermediates.noindex/HSHelpers.build/Debug-watchos/HSTime-t.build/DerivedSources-normal/arm64_32 -Xcc -I/Users/admin/builder/spi-builder-workspace/.derivedData/Build/Intermediates.noindex/HSHelpers.build/Debug-watchos/HSTime-t.build/DerivedSources/arm64_32 -Xcc -I/Users/admin/builder/spi-builder-workspace/.derivedData/Build/Intermediates.noindex/HSHelpers.build/Debug-watchos/HSTime-t.build/DerivedSources -Xcc -DSWIFT_PACKAGE -Xcc -DDEBUG\=1 -emit-objc-header -emit-objc-header-path /Users/admin/builder/spi-builder-workspace/.derivedData/Build/Intermediates.noindex/HSHelpers.build/Debug-watchos/HSTime-t.build/Objects-normal/arm64_32/HSTime-Swift.h -working-directory /Users/admin/builder/spi-builder-workspace/.swiftpm/xcode -experimental-emit-module-separately -disable-cmo
SwiftDriverJobDiscovery normal arm64 Compiling Time+HS.swift (in target 'HSTime' from project 'HSHelpers')
SwiftDriver\ Compilation HSTime normal arm64 com.apple.xcode.tools.swift.compiler (in target 'HSTime' from project 'HSHelpers')
    cd /Users/admin/builder/spi-builder-workspace/.swiftpm/xcode
    builtin-Swift-Compilation -- /Applications/Xcode-27.0.0-Release.Candidate.app/Contents/Developer/Toolchains/XcodeDefault.xctoolchain/usr/bin/swiftc -parse-as-library -module-name HSTime -Onone @/Users/admin/builder/spi-builder-workspace/.derivedData/Build/Intermediates.noindex/HSHelpers.build/Debug-watchos/HSTime-t.build/Objects-normal/arm64/HSTime.SwiftFileList -DSWIFT_PACKAGE -DDEBUG -DSWIFT_MODULE_RESOURCE_BUNDLE_UNAVAILABLE -DXcode -plugin-path /Applications/Xcode-27.0.0-Release.Candidate.app/Contents/Developer/Toolchains/XcodeDefault.xctoolchain/usr/lib/swift/host/plugins/testing -enable-experimental-feature DebugDescriptionMacro -sdk /Applications/Xcode-27.0.0-Release.Candidate.app/Contents/Developer/Platforms/WatchOS.platform/Developer/SDKs/WatchOS27.0.sdk -target arm64-apple-watchos9.0 -g -module-cache-path /Users/admin/builder/spi-builder-workspace/.derivedData/ModuleCache.noindex -Xfrontend -serialize-debugging-options -profile-coverage-mapping -profile-generate -enable-testing -index-store-path /Users/admin/builder/spi-builder-workspace/.derivedData/Index.noindex/DataStore -Xcc -D_LIBCPP_HARDENING_MODE\=_LIBCPP_HARDENING_MODE_DEBUG -swift-version 5 -I /Users/admin/builder/spi-builder-workspace/.derivedData/Build/Products/Debug-watchos -Isystem /Applications/Xcode-27.0.0-Release.Candidate.app/Contents/Developer/Platforms/WatchOS.platform/Developer/usr/lib -F /Users/admin/builder/spi-builder-workspace/.derivedData/Build/Products/Debug-watchos/PackageFrameworks -F /Users/admin/builder/spi-builder-workspace/.derivedData/Build/Products/Debug-watchos -F /Applications/Xcode-27.0.0-Release.Candidate.app/Contents/Developer/Platforms/WatchOS.platform/Developer/Library/Frameworks -F /Applications/Xcode-27.0.0-Release.Candidate.app/Contents/Developer/Platforms/WatchOS.platform/Developer/SDKs/WatchOS27.0.sdk/Developer/Library/Frameworks -c -j10 -enable-batch-mode -incremental -Xcc -ivfsstatcache -Xcc /Users/admin/builder/spi-builder-workspace/.derivedData/SDKStatCaches.noindex/watchos27.0-24R360-e829b21a6f8c9b70876ba0858053c04477534ef55a1706bf4c1112bbb242f0a2.sdkstatcache -output-file-map /Users/admin/builder/spi-builder-workspace/.derivedData/Build/Intermediates.noindex/HSHelpers.build/Debug-watchos/HSTime-t.build/Objects-normal/arm64/HSTime-OutputFileMap.json -save-temps -no-color-diagnostics -explicit-module-build -module-cache-path /Users/admin/builder/spi-builder-workspace/.derivedData/Build/Intermediates.noindex/SwiftExplicitPrecompiledModules -clang-scanner-module-cache-path /Users/admin/builder/spi-builder-workspace/.derivedData/ModuleCache.noindex -sdk-module-cache-path /Users/admin/builder/spi-builder-workspace/.derivedData/SDKExplicitPrecompiledModules -emit-dependencies -emit-module -emit-module-path /Users/admin/builder/spi-builder-workspace/.derivedData/Build/Intermediates.noindex/HSHelpers.build/Debug-watchos/HSTime-t.build/Objects-normal/arm64/HSTime.swiftmodule -serialize-diagnostics -dependency-scan-serialize-diagnostics-path /Users/admin/builder/spi-builder-workspace/.derivedData/Build/Intermediates.noindex/HSHelpers.build/Debug-watchos/HSTime-t.build/Objects-normal/arm64/HSTime-dependency-scan.dia -validate-clang-modules-once -clang-build-session-file /Users/admin/builder/spi-builder-workspace/.derivedData/ModuleCache.noindex/Session.modulevalidation -Xcc -fmodules-prune-interval\=86400 -Xcc -fmodules-prune-after\=345600 -emit-const-values -const-gather-protocols-list /Users/admin/builder/spi-builder-workspace/.derivedData/Build/Intermediates.noindex/HSHelpers.build/Debug-watchos/HSTime-t.build/Objects-normal/arm64/HSTime_const_extract_protocols.json -Xcc -I/Users/admin/builder/spi-builder-workspace/.derivedData/Build/Products/Debug-watchos/include -Xcc -I/Users/admin/builder/spi-builder-workspace/.derivedData/Build/Intermediates.noindex/HSHelpers.build/Debug-watchos/HSTime-t.build/DerivedSources-normal/arm64 -Xcc -I/Users/admin/builder/spi-builder-workspace/.derivedData/Build/Intermediates.noindex/HSHelpers.build/Debug-watchos/HSTime-t.build/DerivedSources/arm64 -Xcc -I/Users/admin/builder/spi-builder-workspace/.derivedData/Build/Intermediates.noindex/HSHelpers.build/Debug-watchos/HSTime-t.build/DerivedSources -Xcc -DSWIFT_PACKAGE -Xcc -DDEBUG\=1 -emit-objc-header -emit-objc-header-path /Users/admin/builder/spi-builder-workspace/.derivedData/Build/Intermediates.noindex/HSHelpers.build/Debug-watchos/HSTime-t.build/Objects-normal/arm64/HSTime-Swift.h -working-directory /Users/admin/builder/spi-builder-workspace/.swiftpm/xcode -experimental-emit-module-separately -disable-cmo
Ld /Users/admin/builder/spi-builder-workspace/.derivedData/Build/Intermediates.noindex/HSHelpers.build/Debug-watchos/HSTime-t.build/Objects-normal/arm64_32/Binary/HSTime.o normal arm64_32 (in target 'HSTime' from project 'HSHelpers')
    cd /Users/admin/builder/spi-builder-workspace
    /Applications/Xcode-27.0.0-Release.Candidate.app/Contents/Developer/Toolchains/XcodeDefault.xctoolchain/usr/bin/clang -Xlinker -reproducible -target arm64_32-apple-watchos9.0 -r -isysroot /Applications/Xcode-27.0.0-Release.Candidate.app/Contents/Developer/Platforms/WatchOS.platform/Developer/SDKs/WatchOS27.0.sdk -O0 -Xlinker -no_warn_duplicate_libraries -F/Users/admin/builder/spi-builder-workspace/.derivedData/Build/Intermediates.noindex/EagerLinkingTBDs/Debug-watchos -F/Users/admin/builder/spi-builder-workspace/.derivedData/Build/Products/Debug-watchos/PackageFrameworks -F/Users/admin/builder/spi-builder-workspace/.derivedData/Build/Products/Debug-watchos -iframework /Applications/Xcode-27.0.0-Release.Candidate.app/Contents/Developer/Platforms/WatchOS.platform/Developer/Library/Frameworks -iframework /Applications/Xcode-27.0.0-Release.Candidate.app/Contents/Developer/Platforms/WatchOS.platform/Developer/SDKs/WatchOS27.0.sdk/Developer/Library/Frameworks -filelist /Users/admin/builder/spi-builder-workspace/.derivedData/Build/Intermediates.noindex/HSHelpers.build/Debug-watchos/HSTime-t.build/Objects-normal/arm64_32/HSTime.LinkFileList -nostdlib -Xlinker -object_path_lto -Xlinker /Users/admin/builder/spi-builder-workspace/.derivedData/Build/Intermediates.noindex/HSHelpers.build/Debug-watchos/HSTime-t.build/Objects-normal/arm64_32/HSTime_lto.o -Xlinker -no_deduplicate -Xlinker -debug_variant -Xlinker -dependency_info -Xlinker /Users/admin/builder/spi-builder-workspace/.derivedData/Build/Intermediates.noindex/HSHelpers.build/Debug-watchos/HSTime-t.build/Objects-normal/arm64_32/HSTime_dependency_info.dat -fobjc-link-runtime -L/Applications/Xcode-27.0.0-Release.Candidate.app/Contents/Developer/Toolchains/XcodeDefault.xctoolchain/usr/lib/swift/watchos -L/usr/lib/swift -Xlinker -add_ast_path -Xlinker /Users/admin/builder/spi-builder-workspace/.derivedData/Build/Intermediates.noindex/HSHelpers.build/Debug-watchos/HSTime-t.build/Objects-normal/arm64_32/HSTime.swiftmodule -o /Users/admin/builder/spi-builder-workspace/.derivedData/Build/Intermediates.noindex/HSHelpers.build/Debug-watchos/HSTime-t.build/Objects-normal/arm64_32/Binary/HSTime.o
Ld /Users/admin/builder/spi-builder-workspace/.derivedData/Build/Intermediates.noindex/HSHelpers.build/Debug-watchos/HSTime-t.build/Objects-normal/arm64/Binary/HSTime.o normal arm64 (in target 'HSTime' from project 'HSHelpers')
    cd /Users/admin/builder/spi-builder-workspace
    /Applications/Xcode-27.0.0-Release.Candidate.app/Contents/Developer/Toolchains/XcodeDefault.xctoolchain/usr/bin/clang -Xlinker -reproducible -target arm64-apple-watchos9.0 -r -isysroot /Applications/Xcode-27.0.0-Release.Candidate.app/Contents/Developer/Platforms/WatchOS.platform/Developer/SDKs/WatchOS27.0.sdk -O0 -Xlinker -no_warn_duplicate_libraries -F/Users/admin/builder/spi-builder-workspace/.derivedData/Build/Intermediates.noindex/EagerLinkingTBDs/Debug-watchos -F/Users/admin/builder/spi-builder-workspace/.derivedData/Build/Products/Debug-watchos/PackageFrameworks -F/Users/admin/builder/spi-builder-workspace/.derivedData/Build/Products/Debug-watchos -iframework /Applications/Xcode-27.0.0-Release.Candidate.app/Contents/Developer/Platforms/WatchOS.platform/Developer/Library/Frameworks -iframework /Applications/Xcode-27.0.0-Release.Candidate.app/Contents/Developer/Platforms/WatchOS.platform/Developer/SDKs/WatchOS27.0.sdk/Developer/Library/Frameworks -filelist /Users/admin/builder/spi-builder-workspace/.derivedData/Build/Intermediates.noindex/HSHelpers.build/Debug-watchos/HSTime-t.build/Objects-normal/arm64/HSTime.LinkFileList -nostdlib -Xlinker -object_path_lto -Xlinker /Users/admin/builder/spi-builder-workspace/.derivedData/Build/Intermediates.noindex/HSHelpers.build/Debug-watchos/HSTime-t.build/Objects-normal/arm64/HSTime_lto.o -Xlinker -no_deduplicate -Xlinker -debug_variant -Xlinker -dependency_info -Xlinker /Users/admin/builder/spi-builder-workspace/.derivedData/Build/Intermediates.noindex/HSHelpers.build/Debug-watchos/HSTime-t.build/Objects-normal/arm64/HSTime_dependency_info.dat -fobjc-link-runtime -L/Applications/Xcode-27.0.0-Release.Candidate.app/Contents/Developer/Toolchains/XcodeDefault.xctoolchain/usr/lib/swift/watchos -L/usr/lib/swift -Xlinker -add_ast_path -Xlinker /Users/admin/builder/spi-builder-workspace/.derivedData/Build/Intermediates.noindex/HSHelpers.build/Debug-watchos/HSTime-t.build/Objects-normal/arm64/HSTime.swiftmodule -o /Users/admin/builder/spi-builder-workspace/.derivedData/Build/Intermediates.noindex/HSHelpers.build/Debug-watchos/HSTime-t.build/Objects-normal/arm64/Binary/HSTime.o
CreateUniversalBinary /Users/admin/builder/spi-builder-workspace/.derivedData/Build/Products/Debug-watchos/HSTime.o normal arm64\ arm64_32 (in target 'HSTime' from project 'HSHelpers')
    cd /Users/admin/builder/spi-builder-workspace
    /Applications/Xcode-27.0.0-Release.Candidate.app/Contents/Developer/Toolchains/XcodeDefault.xctoolchain/usr/bin/lipo -create /Users/admin/builder/spi-builder-workspace/.derivedData/Build/Intermediates.noindex/HSHelpers.build/Debug-watchos/HSTime-t.build/Objects-normal/arm64/Binary/HSTime.o /Users/admin/builder/spi-builder-workspace/.derivedData/Build/Intermediates.noindex/HSHelpers.build/Debug-watchos/HSTime-t.build/Objects-normal/arm64_32/Binary/HSTime.o -output /Users/admin/builder/spi-builder-workspace/.derivedData/Build/Products/Debug-watchos/HSTime.o
ExtractAppIntentsMetadata (in target 'HSTime' from project 'HSHelpers')
    cd /Users/admin/builder/spi-builder-workspace
    /Applications/Xcode-27.0.0-Release.Candidate.app/Contents/Developer/Toolchains/XcodeDefault.xctoolchain/usr/bin/appintentsmetadataprocessor --toolchain-dir /var/run/com.apple.security.cryptexd/mnt/com.apple.MobileAsset.MetalToolchain-v27.1.266.1.nQrnB9/Metal.xctoolchain --module-name HSTime --sdk-root /Applications/Xcode-27.0.0-Release.Candidate.app/Contents/Developer/Platforms/WatchOS.platform/Developer/SDKs/WatchOS27.0.sdk --xcode-version 27A266a --platform-family watchOS --deployment-target 9.0 --bundle-identifier spi-builder-workspace.HSTime --output /Users/admin/builder/spi-builder-workspace/.derivedData/Build/Products/Debug-watchos/HSTime.appintents --target-triple arm64-apple-watchos9.0 --target-triple arm64_32-apple-watchos9.0 --binary-file /Users/admin/builder/spi-builder-workspace/.derivedData/Build/Products/Debug-watchos/HSTime.o --dependency-file /Users/admin/builder/spi-builder-workspace/.derivedData/Build/Intermediates.noindex/HSHelpers.build/Debug-watchos/HSTime-t.build/Objects-normal/arm64/HSTime_dependency_info.dat --dependency-file /Users/admin/builder/spi-builder-workspace/.derivedData/Build/Intermediates.noindex/HSHelpers.build/Debug-watchos/HSTime-t.build/Objects-normal/arm64_32/HSTime_dependency_info.dat --stringsdata-file /Users/admin/builder/spi-builder-workspace/.derivedData/Build/Intermediates.noindex/HSHelpers.build/Debug-watchos/HSTime-t.build/Objects-normal/arm64/ExtractedAppShortcutsMetadata.stringsdata --stringsdata-file /Users/admin/builder/spi-builder-workspace/.derivedData/Build/Intermediates.noindex/HSHelpers.build/Debug-watchos/HSTime-t.build/Objects-normal/arm64_32/ExtractedAppShortcutsMetadata.stringsdata --source-file-list /Users/admin/builder/spi-builder-workspace/.derivedData/Build/Intermediates.noindex/HSHelpers.build/Debug-watchos/HSTime-t.build/Objects-normal/arm64/HSTime.SwiftFileList --source-file-list /Users/admin/builder/spi-builder-workspace/.derivedData/Build/Intermediates.noindex/HSHelpers.build/Debug-watchos/HSTime-t.build/Objects-normal/arm64_32/HSTime.SwiftFileList --metadata-file-list /Users/admin/builder/spi-builder-workspace/.derivedData/Build/Intermediates.noindex/HSHelpers.build/Debug-watchos/HSTime-t.build/HSTime.DependencyMetadataFileList --static-metadata-file-list /Users/admin/builder/spi-builder-workspace/.derivedData/Build/Intermediates.noindex/HSHelpers.build/Debug-watchos/HSTime-t.build/HSTime.DependencyStaticMetadataFileList --swift-const-vals-list /Users/admin/builder/spi-builder-workspace/.derivedData/Build/Intermediates.noindex/HSHelpers.build/Debug-watchos/HSTime-t.build/Objects-normal/arm64/HSTime.SwiftConstValuesFileList --swift-const-vals-list /Users/admin/builder/spi-builder-workspace/.derivedData/Build/Intermediates.noindex/HSHelpers.build/Debug-watchos/HSTime-t.build/Objects-normal/arm64_32/HSTime.SwiftConstValuesFileList --force --compile-time-extraction --deployment-aware-processing --no-app-shortcuts-localization
2026-09-22 13:22:10.824 appintentsmetadataprocessor[849:5181] Starting appintentsmetadataprocessor export
2026-09-22 13:22:10.885 appintentsmetadataprocessor[849:5181] Extracted no relevant App Intents symbols, skipping writing output
SwiftExplicitDependencyGeneratePcm arm64 /Users/admin/builder/spi-builder-workspace/.derivedData/SDKExplicitPrecompiledModules/UIKit-27R3P1YMV4C6JLDT661G3MRIA.pcm
SwiftExplicitDependencyGeneratePcm arm64_32 /Users/admin/builder/spi-builder-workspace/.derivedData/SDKExplicitPrecompiledModules/HomeKit-DUDZOMSN3UK8GNTNBNMPIWJRN.pcm
SwiftExplicitDependencyGeneratePcm arm64_32 /Users/admin/builder/spi-builder-workspace/.derivedData/SDKExplicitPrecompiledModules/MapKit-CWGB4YMP1VX1NYQN5FULFD5DR.pcm
SwiftExplicitDependencyGeneratePcm arm64 /Users/admin/builder/spi-builder-workspace/.derivedData/SDKExplicitPrecompiledModules/MapKit-EJJWC7IL56MPLQMI93GJRE5OG.pcm
SwiftExplicitDependencyGeneratePcm arm64 /Users/admin/builder/spi-builder-workspace/.derivedData/SDKExplicitPrecompiledModules/HomeKit-DTS1N4AWILAL1URZ5IOXV5221.pcm
SwiftExplicitDependencyGeneratePcm arm64_32 /Users/admin/builder/spi-builder-workspace/.derivedData/SDKExplicitPrecompiledModules/WatchKit-FHF6WTKLC2APGK3LA2XJ6516.pcm
SwiftExplicitDependencyGeneratePcm arm64 /Users/admin/builder/spi-builder-workspace/.derivedData/SDKExplicitPrecompiledModules/WatchKit-3VT3K8YON6FJ6OWSUFJMFMP8J.pcm
SwiftExplicitDependencyGeneratePcm arm64_32 /Users/admin/builder/spi-builder-workspace/.derivedData/SDKExplicitPrecompiledModules/SwiftUI-9AYG9OCT5VOJK7V4MX1WYR86T.pcm
SwiftCompile normal arm64_32 Compiling\ WeakTimer.swift,\ URL+HS.swift,\ URLComponents+HS.swift,\ WKWebView+HS.swift /Users/admin/builder/spi-builder-workspace/Sources/HSHelpers/Types/WeakTimer.swift /Users/admin/builder/spi-builder-workspace/Sources/HSHelpers/URL+HS.swift /Users/admin/builder/spi-builder-workspace/Sources/HSHelpers/URLComponents+HS.swift /Users/admin/builder/spi-builder-workspace/Sources/HSHelpers/WKWebView+HS.swift (in target 'HSHelpers' from project 'HSHelpers')
SwiftCompile normal arm64_32 /Users/admin/builder/spi-builder-workspace/Sources/HSHelpers/Types/WeakTimer.swift (in target 'HSHelpers' from project 'HSHelpers')
    cd /Users/admin/builder/spi-builder-workspace/.swiftpm/xcode
    builtin-SwiftPerFileCompile WeakTimer.swift
SwiftCompile normal arm64_32 /Users/admin/builder/spi-builder-workspace/Sources/HSHelpers/URL+HS.swift (in target 'HSHelpers' from project 'HSHelpers')
    cd /Users/admin/builder/spi-builder-workspace/.swiftpm/xcode
    builtin-SwiftPerFileCompile URL+HS.swift
SwiftCompile normal arm64_32 /Users/admin/builder/spi-builder-workspace/Sources/HSHelpers/URLComponents+HS.swift (in target 'HSHelpers' from project 'HSHelpers')
    cd /Users/admin/builder/spi-builder-workspace/.swiftpm/xcode
    builtin-SwiftPerFileCompile URLComponents+HS.swift
SwiftCompile normal arm64_32 /Users/admin/builder/spi-builder-workspace/Sources/HSHelpers/WKWebView+HS.swift (in target 'HSHelpers' from project 'HSHelpers')
    cd /Users/admin/builder/spi-builder-workspace/.swiftpm/xcode
    builtin-SwiftPerFileCompile WKWebView+HS.swift
SwiftCompile normal arm64_32 Compiling\ Filetypes.swift,\ HSColor+SwiftUI.swift,\ HSColour.swift,\ HSImage.swift /Users/admin/builder/spi-builder-workspace/Sources/HSHelpers/Types/Filetypes.swift /Users/admin/builder/spi-builder-workspace/Sources/HSHelpers/Types/HSColor+SwiftUI.swift /Users/admin/builder/spi-builder-workspace/Sources/HSHelpers/Types/HSColour.swift /Users/admin/builder/spi-builder-workspace/Sources/HSHelpers/Types/HSImage.swift (in target 'HSHelpers' from project 'HSHelpers')
/Users/admin/builder/spi-builder-workspace/Sources/HSHelpers/Types/HSColor+SwiftUI.swift:34:40: error: 'label' is unavailable in watchOS
32 | @available(iOS 15.0,macOS 12.0, tvOS 15.0,*)
33 | public extension Color {
34 |     static let label = Color(hsColor: .label)
   |                                        `- error: 'label' is unavailable in watchOS
35 |     static let secondaryLabel = Color(hsColor: .secondaryLabel)
36 |     static let tertiaryLabel = Color(hsColor: .tertiaryLabel)
/Applications/Xcode-27.0.0-Release.Candidate.app/Contents/Developer/Platforms/WatchOS.platform/Developer/SDKs/WatchOS27.0.sdk/System/Library/Frameworks/UIKit.framework/Headers/UIInterface.h:171:49: note: 'label' has been explicitly marked unavailable here
169 | /* Foreground colors for static text and related elements.
170 |  */
171 | @property (class, nonatomic, readonly) UIColor *labelColor              API_AVAILABLE(ios(13.0), tvos(13.0)) API_UNAVAILABLE(watchos);
    |                                                 `- note: 'label' has been explicitly marked unavailable here
172 | @property (class, nonatomic, readonly) UIColor *secondaryLabelColor     API_AVAILABLE(ios(13.0), tvos(13.0)) API_UNAVAILABLE(watchos);
173 | @property (class, nonatomic, readonly) UIColor *tertiaryLabelColor      API_AVAILABLE(ios(13.0), tvos(13.0)) API_UNAVAILABLE(watchos);
/Users/admin/builder/spi-builder-workspace/Sources/HSHelpers/Types/HSColor+SwiftUI.swift:35:49: error: 'secondaryLabel' is unavailable in watchOS
33 | public extension Color {
34 |     static let label = Color(hsColor: .label)
35 |     static let secondaryLabel = Color(hsColor: .secondaryLabel)
   |                                                 `- error: 'secondaryLabel' is unavailable in watchOS
36 |     static let tertiaryLabel = Color(hsColor: .tertiaryLabel)
37 |     static let quaternaryLabel = Color(hsColor: .quaternaryLabel)
/Applications/Xcode-27.0.0-Release.Candidate.app/Contents/Developer/Platforms/WatchOS.platform/Developer/SDKs/WatchOS27.0.sdk/System/Library/Frameworks/UIKit.framework/Headers/UIInterface.h:172:49: note: 'secondaryLabel' has been explicitly marked unavailable here
170 |  */
171 | @property (class, nonatomic, readonly) UIColor *labelColor              API_AVAILABLE(ios(13.0), tvos(13.0)) API_UNAVAILABLE(watchos);
172 | @property (class, nonatomic, readonly) UIColor *secondaryLabelColor     API_AVAILABLE(ios(13.0), tvos(13.0)) API_UNAVAILABLE(watchos);
    |                                                 `- note: 'secondaryLabel' has been explicitly marked unavailable here
173 | @property (class, nonatomic, readonly) UIColor *tertiaryLabelColor      API_AVAILABLE(ios(13.0), tvos(13.0)) API_UNAVAILABLE(watchos);
174 | @property (class, nonatomic, readonly) UIColor *quaternaryLabelColor    API_AVAILABLE(ios(13.0), tvos(13.0)) API_UNAVAILABLE(watchos);
/Users/admin/builder/spi-builder-workspace/Sources/HSHelpers/Types/HSColor+SwiftUI.swift:36:48: error: 'tertiaryLabel' is unavailable in watchOS
34 |     static let label = Color(hsColor: .label)
35 |     static let secondaryLabel = Color(hsColor: .secondaryLabel)
36 |     static let tertiaryLabel = Color(hsColor: .tertiaryLabel)
   |                                                `- error: 'tertiaryLabel' is unavailable in watchOS
37 |     static let quaternaryLabel = Color(hsColor: .quaternaryLabel)
38 |     static let placeholderText = Color(hsColor: .placeholderText)
/Applications/Xcode-27.0.0-Release.Candidate.app/Contents/Developer/Platforms/WatchOS.platform/Developer/SDKs/WatchOS27.0.sdk/System/Library/Frameworks/UIKit.framework/Headers/UIInterface.h:173:49: note: 'tertiaryLabel' has been explicitly marked unavailable here
171 | @property (class, nonatomic, readonly) UIColor *labelColor              API_AVAILABLE(ios(13.0), tvos(13.0)) API_UNAVAILABLE(watchos);
172 | @property (class, nonatomic, readonly) UIColor *secondaryLabelColor     API_AVAILABLE(ios(13.0), tvos(13.0)) API_UNAVAILABLE(watchos);
173 | @property (class, nonatomic, readonly) UIColor *tertiaryLabelColor      API_AVAILABLE(ios(13.0), tvos(13.0)) API_UNAVAILABLE(watchos);
    |                                                 `- note: 'tertiaryLabel' has been explicitly marked unavailable here
174 | @property (class, nonatomic, readonly) UIColor *quaternaryLabelColor    API_AVAILABLE(ios(13.0), tvos(13.0)) API_UNAVAILABLE(watchos);
175 |
/Users/admin/builder/spi-builder-workspace/Sources/HSHelpers/Types/HSColor+SwiftUI.swift:37:50: error: 'quaternaryLabel' is unavailable in watchOS
35 |     static let secondaryLabel = Color(hsColor: .secondaryLabel)
36 |     static let tertiaryLabel = Color(hsColor: .tertiaryLabel)
37 |     static let quaternaryLabel = Color(hsColor: .quaternaryLabel)
   |                                                  `- error: 'quaternaryLabel' is unavailable in watchOS
38 |     static let placeholderText = Color(hsColor: .placeholderText)
39 |     static let separator = Color(hsColor: .separator)
/Applications/Xcode-27.0.0-Release.Candidate.app/Contents/Developer/Platforms/WatchOS.platform/Developer/SDKs/WatchOS27.0.sdk/System/Library/Frameworks/UIKit.framework/Headers/UIInterface.h:174:49: note: 'quaternaryLabel' has been explicitly marked unavailable here
172 | @property (class, nonatomic, readonly) UIColor *secondaryLabelColor     API_AVAILABLE(ios(13.0), tvos(13.0)) API_UNAVAILABLE(watchos);
173 | @property (class, nonatomic, readonly) UIColor *tertiaryLabelColor      API_AVAILABLE(ios(13.0), tvos(13.0)) API_UNAVAILABLE(watchos);
174 | @property (class, nonatomic, readonly) UIColor *quaternaryLabelColor    API_AVAILABLE(ios(13.0), tvos(13.0)) API_UNAVAILABLE(watchos);
    |                                                 `- note: 'quaternaryLabel' has been explicitly marked unavailable here
175 |
176 | /* Foreground color for standard system links.
/Users/admin/builder/spi-builder-workspace/Sources/HSHelpers/Types/HSColor+SwiftUI.swift:38:50: error: 'placeholderText' is unavailable in watchOS
36 |     static let tertiaryLabel = Color(hsColor: .tertiaryLabel)
37 |     static let quaternaryLabel = Color(hsColor: .quaternaryLabel)
38 |     static let placeholderText = Color(hsColor: .placeholderText)
   |                                                  `- error: 'placeholderText' is unavailable in watchOS
39 |     static let separator = Color(hsColor: .separator)
40 |     static let link = Color(hsColor:.link)
/Applications/Xcode-27.0.0-Release.Candidate.app/Contents/Developer/Platforms/WatchOS.platform/Developer/SDKs/WatchOS27.0.sdk/System/Library/Frameworks/UIKit.framework/Headers/UIInterface.h:182:49: note: 'placeholderText' has been explicitly marked unavailable here
180 | /* Foreground color for placeholder text in controls or text fields or text views.
181 |  */
182 | @property (class, nonatomic, readonly) UIColor *placeholderTextColor    API_AVAILABLE(ios(13.0), tvos(13.0)) API_UNAVAILABLE(watchos);
    |                                                 `- note: 'placeholderText' has been explicitly marked unavailable here
183 |
184 | /* Foreground colors for separators (thin border or divider lines).
/Users/admin/builder/spi-builder-workspace/Sources/HSHelpers/Types/HSColor+SwiftUI.swift:39:44: error: 'separator' is unavailable in watchOS
37 |     static let quaternaryLabel = Color(hsColor: .quaternaryLabel)
38 |     static let placeholderText = Color(hsColor: .placeholderText)
39 |     static let separator = Color(hsColor: .separator)
   |                                            `- error: 'separator' is unavailable in watchOS
40 |     static let link = Color(hsColor:.link)
41 |
/Applications/Xcode-27.0.0-Release.Candidate.app/Contents/Developer/Platforms/WatchOS.platform/Developer/SDKs/WatchOS27.0.sdk/System/Library/Frameworks/UIKit.framework/Headers/UIInterface.h:189:49: note: 'separator' has been explicitly marked unavailable here
187 |  * completely cover anything behind it. Depending on the situation, you may need one or the other.
188 |  */
189 | @property (class, nonatomic, readonly) UIColor *separatorColor          API_AVAILABLE(ios(13.0), tvos(13.0)) API_UNAVAILABLE(watchos);
    |                                                 `- note: 'separator' has been explicitly marked unavailable here
190 | @property (class, nonatomic, readonly) UIColor *opaqueSeparatorColor    API_AVAILABLE(ios(13.0), tvos(13.0)) API_UNAVAILABLE(watchos);
191 |
/Users/admin/builder/spi-builder-workspace/Sources/HSHelpers/Types/HSColor+SwiftUI.swift:40:38: error: 'link' is unavailable in watchOS
38 |     static let placeholderText = Color(hsColor: .placeholderText)
39 |     static let separator = Color(hsColor: .separator)
40 |     static let link = Color(hsColor:.link)
   |                                      `- error: 'link' is unavailable in watchOS
41 |
42 |
/Applications/Xcode-27.0.0-Release.Candidate.app/Contents/Developer/Platforms/WatchOS.platform/Developer/SDKs/WatchOS27.0.sdk/System/Library/Frameworks/UIKit.framework/Headers/UIInterface.h:178:49: note: 'link' has been explicitly marked unavailable here
176 | /* Foreground color for standard system links.
177 |  */
178 | @property (class, nonatomic, readonly) UIColor *linkColor               API_AVAILABLE(ios(13.0), tvos(13.0)) API_UNAVAILABLE(watchos);
    |                                                 `- note: 'link' has been explicitly marked unavailable here
179 |
180 | /* Foreground color for placeholder text in controls or text fields or text views.
/Users/admin/builder/spi-builder-workspace/Sources/HSHelpers/Types/HSColor+SwiftUI.swift:44:50: error: 'systemBackground' is unavailable in watchOS
42 |
43 |     #if !os(tvOS)
44 |     static let systemBackground = Color(hsColor:.systemBackground)
   |                                                  `- error: 'systemBackground' is unavailable in watchOS
45 |     static let secondarySystemBackground = Color(hsColor:.secondarySystemBackground)
46 |
/Applications/Xcode-27.0.0-Release.Candidate.app/Contents/Developer/Platforms/WatchOS.platform/Developer/SDKs/WatchOS27.0.sdk/System/Library/Frameworks/UIKit.framework/Headers/UIInterface.h:208:49: note: 'systemBackground' has been explicitly marked unavailable here
206 |  *    primary background in light mode.
207 |  */
208 | @property (class, nonatomic, readonly) UIColor *systemBackgroundColor                   API_AVAILABLE(ios(13.0)) API_UNAVAILABLE(tvos, watchos);
    |                                                 `- note: 'systemBackground' has been explicitly marked unavailable here
209 | @property (class, nonatomic, readonly) UIColor *secondarySystemBackgroundColor          API_AVAILABLE(ios(13.0)) API_UNAVAILABLE(tvos, watchos);
210 | @property (class, nonatomic, readonly) UIColor *tertiarySystemBackgroundColor           API_AVAILABLE(ios(13.0)) API_UNAVAILABLE(tvos, watchos);
/Users/admin/builder/spi-builder-workspace/Sources/HSHelpers/Types/HSColor+SwiftUI.swift:45:59: error: 'secondarySystemBackground' is unavailable in watchOS
43 |     #if !os(tvOS)
44 |     static let systemBackground = Color(hsColor:.systemBackground)
45 |     static let secondarySystemBackground = Color(hsColor:.secondarySystemBackground)
   |                                                           `- error: 'secondarySystemBackground' is unavailable in watchOS
46 |
47 |     static let systemGray = Color(hsColor:.systemGray)
/Applications/Xcode-27.0.0-Release.Candidate.app/Contents/Developer/Platforms/WatchOS.platform/Developer/SDKs/WatchOS27.0.sdk/System/Library/Frameworks/UIKit.framework/Headers/UIInterface.h:209:49: note: 'secondarySystemBackground' has been explicitly marked unavailable here
207 |  */
208 | @property (class, nonatomic, readonly) UIColor *systemBackgroundColor                   API_AVAILABLE(ios(13.0)) API_UNAVAILABLE(tvos, watchos);
209 | @property (class, nonatomic, readonly) UIColor *secondarySystemBackgroundColor          API_AVAILABLE(ios(13.0)) API_UNAVAILABLE(tvos, watchos);
    |                                                 `- note: 'secondarySystemBackground' has been explicitly marked unavailable here
210 | @property (class, nonatomic, readonly) UIColor *tertiarySystemBackgroundColor           API_AVAILABLE(ios(13.0)) API_UNAVAILABLE(tvos, watchos);
211 |
/Users/admin/builder/spi-builder-workspace/Sources/HSHelpers/Types/HSColor+SwiftUI.swift:47:44: error: 'systemGray' is unavailable in watchOS
45 |     static let secondarySystemBackground = Color(hsColor:.secondarySystemBackground)
46 |
47 |     static let systemGray = Color(hsColor:.systemGray)
   |                                            `- error: 'systemGray' is unavailable in watchOS
48 |     static let systemGray2  = Color(hsColor:.systemGray2)
49 |     static let systemGray3 = Color(hsColor:.systemGray3)
/Applications/Xcode-27.0.0-Release.Candidate.app/Contents/Developer/Platforms/WatchOS.platform/Developer/SDKs/WatchOS27.0.sdk/System/Library/Frameworks/UIKit.framework/Headers/UIInterface.h:136:49: note: 'systemGray' has been explicitly marked unavailable here
134 | /* Shades of gray. systemGray is the base gray color.
135 |  */
136 | @property (class, nonatomic, readonly) UIColor *systemGrayColor         API_AVAILABLE(ios(7.0), tvos(9.0)) API_UNAVAILABLE(watchos);
    |                                                 `- note: 'systemGray' has been explicitly marked unavailable here
137 |
138 | /* The numbered variations, systemGray2 through systemGray6, are grays which increasingly
/Users/admin/builder/spi-builder-workspace/Sources/HSHelpers/Types/HSColor+SwiftUI.swift:48:46: error: 'systemGray2' is unavailable in watchOS
46 |
47 |     static let systemGray = Color(hsColor:.systemGray)
48 |     static let systemGray2  = Color(hsColor:.systemGray2)
   |                                              `- error: 'systemGray2' is unavailable in watchOS
49 |     static let systemGray3 = Color(hsColor:.systemGray3)
50 |     static let systemGray4  = Color(hsColor:.systemGray4)
/Applications/Xcode-27.0.0-Release.Candidate.app/Contents/Developer/Platforms/WatchOS.platform/Developer/SDKs/WatchOS27.0.sdk/System/Library/Frameworks/UIKit.framework/Headers/UIInterface.h:146:49: note: 'systemGray2' has been explicitly marked unavailable here
144 |  *                               systemGray3 is darker than that, and so on.
145 |  */
146 | @property (class, nonatomic, readonly) UIColor *systemGray2Color        API_AVAILABLE(ios(13.0)) API_UNAVAILABLE(tvos, watchos);
    |                                                 `- note: 'systemGray2' has been explicitly marked unavailable here
147 | @property (class, nonatomic, readonly) UIColor *systemGray3Color        API_AVAILABLE(ios(13.0)) API_UNAVAILABLE(tvos, watchos);
148 | @property (class, nonatomic, readonly) UIColor *systemGray4Color        API_AVAILABLE(ios(13.0)) API_UNAVAILABLE(tvos, watchos);
/Users/admin/builder/spi-builder-workspace/Sources/HSHelpers/Types/HSColor+SwiftUI.swift:49:45: error: 'systemGray3' is unavailable in watchOS
47 |     static let systemGray = Color(hsColor:.systemGray)
48 |     static let systemGray2  = Color(hsColor:.systemGray2)
49 |     static let systemGray3 = Color(hsColor:.systemGray3)
   |                                             `- error: 'systemGray3' is unavailable in watchOS
50 |     static let systemGray4  = Color(hsColor:.systemGray4)
51 |     static let systemGray5  = Color(hsColor:.systemGray5)
/Applications/Xcode-27.0.0-Release.Candidate.app/Contents/Developer/Platforms/WatchOS.platform/Developer/SDKs/WatchOS27.0.sdk/System/Library/Frameworks/UIKit.framework/Headers/UIInterface.h:147:49: note: 'systemGray3' has been explicitly marked unavailable here
145 |  */
146 | @property (class, nonatomic, readonly) UIColor *systemGray2Color        API_AVAILABLE(ios(13.0)) API_UNAVAILABLE(tvos, watchos);
147 | @property (class, nonatomic, readonly) UIColor *systemGray3Color        API_AVAILABLE(ios(13.0)) API_UNAVAILABLE(tvos, watchos);
    |                                                 `- note: 'systemGray3' has been explicitly marked unavailable here
148 | @property (class, nonatomic, readonly) UIColor *systemGray4Color        API_AVAILABLE(ios(13.0)) API_UNAVAILABLE(tvos, watchos);
149 | @property (class, nonatomic, readonly) UIColor *systemGray5Color        API_AVAILABLE(ios(13.0)) API_UNAVAILABLE(tvos, watchos);
/Users/admin/builder/spi-builder-workspace/Sources/HSHelpers/Types/HSColor+SwiftUI.swift:50:46: error: 'systemGray4' is unavailable in watchOS
48 |     static let systemGray2  = Color(hsColor:.systemGray2)
49 |     static let systemGray3 = Color(hsColor:.systemGray3)
50 |     static let systemGray4  = Color(hsColor:.systemGray4)
   |                                              `- error: 'systemGray4' is unavailable in watchOS
51 |     static let systemGray5  = Color(hsColor:.systemGray5)
52 |     static let systemGray6  = Color(hsColor:.systemGray6)
/Applications/Xcode-27.0.0-Release.Candidate.app/Contents/Developer/Platforms/WatchOS.platform/Developer/SDKs/WatchOS27.0.sdk/System/Library/Frameworks/UIKit.framework/Headers/UIInterface.h:148:49: note: 'systemGray4' has been explicitly marked unavailable here
146 | @property (class, nonatomic, readonly) UIColor *systemGray2Color        API_AVAILABLE(ios(13.0)) API_UNAVAILABLE(tvos, watchos);
147 | @property (class, nonatomic, readonly) UIColor *systemGray3Color        API_AVAILABLE(ios(13.0)) API_UNAVAILABLE(tvos, watchos);
148 | @property (class, nonatomic, readonly) UIColor *systemGray4Color        API_AVAILABLE(ios(13.0)) API_UNAVAILABLE(tvos, watchos);
    |                                                 `- note: 'systemGray4' has been explicitly marked unavailable here
149 | @property (class, nonatomic, readonly) UIColor *systemGray5Color        API_AVAILABLE(ios(13.0)) API_UNAVAILABLE(tvos, watchos);
150 | @property (class, nonatomic, readonly) UIColor *systemGray6Color        API_AVAILABLE(ios(13.0)) API_UNAVAILABLE(tvos, watchos);
/Users/admin/builder/spi-builder-workspace/Sources/HSHelpers/Types/HSColor+SwiftUI.swift:51:46: error: 'systemGray5' is unavailable in watchOS
49 |     static let systemGray3 = Color(hsColor:.systemGray3)
50 |     static let systemGray4  = Color(hsColor:.systemGray4)
51 |     static let systemGray5  = Color(hsColor:.systemGray5)
   |                                              `- error: 'systemGray5' is unavailable in watchOS
52 |     static let systemGray6  = Color(hsColor:.systemGray6)
53 |     #endif
/Applications/Xcode-27.0.0-Release.Candidate.app/Contents/Developer/Platforms/WatchOS.platform/Developer/SDKs/WatchOS27.0.sdk/System/Library/Frameworks/UIKit.framework/Headers/UIInterface.h:149:49: note: 'systemGray5' has been explicitly marked unavailable here
147 | @property (class, nonatomic, readonly) UIColor *systemGray3Color        API_AVAILABLE(ios(13.0)) API_UNAVAILABLE(tvos, watchos);
148 | @property (class, nonatomic, readonly) UIColor *systemGray4Color        API_AVAILABLE(ios(13.0)) API_UNAVAILABLE(tvos, watchos);
149 | @property (class, nonatomic, readonly) UIColor *systemGray5Color        API_AVAILABLE(ios(13.0)) API_UNAVAILABLE(tvos, watchos);
    |                                                 `- note: 'systemGray5' has been explicitly marked unavailable here
150 | @property (class, nonatomic, readonly) UIColor *systemGray6Color        API_AVAILABLE(ios(13.0)) API_UNAVAILABLE(tvos, watchos);
151 |
SwiftCompile normal arm64_32 /Users/admin/builder/spi-builder-workspace/Sources/HSHelpers/Types/Filetypes.swift (in target 'HSHelpers' from project 'HSHelpers')
    cd /Users/admin/builder/spi-builder-workspace/.swiftpm/xcode
    builtin-SwiftPerFileCompile Filetypes.swift
SwiftCompile normal arm64_32 /Users/admin/builder/spi-builder-workspace/Sources/HSHelpers/Types/HSColor+SwiftUI.swift (in target 'HSHelpers' from project 'HSHelpers')
    cd /Users/admin/builder/spi-builder-workspace/.swiftpm/xcode
    builtin-SwiftPerFileCompile HSColor+SwiftUI.swift
SwiftCompile normal arm64_32 /Users/admin/builder/spi-builder-workspace/Sources/HSHelpers/Types/HSColour.swift (in target 'HSHelpers' from project 'HSHelpers')
    cd /Users/admin/builder/spi-builder-workspace/.swiftpm/xcode
    builtin-SwiftPerFileCompile HSColour.swift
SwiftCompile normal arm64_32 /Users/admin/builder/spi-builder-workspace/Sources/HSHelpers/Types/HSImage.swift (in target 'HSHelpers' from project 'HSHelpers')
    cd /Users/admin/builder/spi-builder-workspace/.swiftpm/xcode
    builtin-SwiftPerFileCompile HSImage.swift
SwiftCompile normal arm64_32 Compiling\ String+HS.swift,\ String+MD5.swift,\ Aliases.swift,\ Build.swift /Users/admin/builder/spi-builder-workspace/Sources/HSHelpers/String+HS.swift /Users/admin/builder/spi-builder-workspace/Sources/HSHelpers/String+MD5.swift /Users/admin/builder/spi-builder-workspace/Sources/HSHelpers/Types/Aliases.swift /Users/admin/builder/spi-builder-workspace/Sources/HSHelpers/Types/Build.swift (in target 'HSHelpers' from project 'HSHelpers')
SwiftCompile normal arm64_32 /Users/admin/builder/spi-builder-workspace/Sources/HSHelpers/String+HS.swift (in target 'HSHelpers' from project 'HSHelpers')
    cd /Users/admin/builder/spi-builder-workspace/.swiftpm/xcode
    builtin-SwiftPerFileCompile String+HS.swift
SwiftCompile normal arm64_32 /Users/admin/builder/spi-builder-workspace/Sources/HSHelpers/String+MD5.swift (in target 'HSHelpers' from project 'HSHelpers')
    cd /Users/admin/builder/spi-builder-workspace/.swiftpm/xcode
    builtin-SwiftPerFileCompile String+MD5.swift
SwiftCompile normal arm64_32 /Users/admin/builder/spi-builder-workspace/Sources/HSHelpers/Types/Aliases.swift (in target 'HSHelpers' from project 'HSHelpers')
    cd /Users/admin/builder/spi-builder-workspace/.swiftpm/xcode
    builtin-SwiftPerFileCompile Aliases.swift
SwiftCompile normal arm64_32 /Users/admin/builder/spi-builder-workspace/Sources/HSHelpers/Types/Build.swift (in target 'HSHelpers' from project 'HSHelpers')
    cd /Users/admin/builder/spi-builder-workspace/.swiftpm/xcode
    builtin-SwiftPerFileCompile Build.swift
SwiftEmitModule normal arm64_32 Emitting\ module\ for\ HSHelpers (in target 'HSHelpers' from project 'HSHelpers')
/Users/admin/builder/spi-builder-workspace/Sources/HSHelpers/Published+Codable.swift:14:1: warning: extension declares a conformance of imported type 'Published' to imported protocol 'Decodable'; this will not behave correctly if the owners of 'Combine' introduce this conformance in the future
12 |
13 | @available(macOS 10.15,iOS 13.0,tvOS 13.0, *)
14 | extension Published: Decodable where Value: Decodable {
   | |- warning: extension declares a conformance of imported type 'Published' to imported protocol 'Decodable'; this will not behave correctly if the owners of 'Combine' introduce this conformance in the future
   | `- note: add '@retroactive' to silence this warning
15 |     public init(from decoder: Decoder) throws {
16 |         let decoded = try Value(from: decoder)
/Users/admin/builder/spi-builder-workspace/Sources/HSHelpers/Published+Codable.swift:22:1: warning: extension declares a conformance of imported type 'Published' to imported protocol 'Encodable'; this will not behave correctly if the owners of 'Combine' introduce this conformance in the future
20 |
21 | @available(macOS 10.15,iOS 13.0,tvOS 13.0, *)
22 | extension Published: Encodable where Value: Encodable {
   | |- warning: extension declares a conformance of imported type 'Published' to imported protocol 'Encodable'; this will not behave correctly if the owners of 'Combine' introduce this conformance in the future
   | `- note: add '@retroactive' to silence this warning
23 |     public func encode(to encoder: Encoder) throws {
24 |         try unofficialValue.encode(to: encoder)
/Users/admin/builder/spi-builder-workspace/Sources/HSHelpers/Types/HSColor+SwiftUI.swift:34:40: error: 'label' is unavailable in watchOS
32 | @available(iOS 15.0,macOS 12.0, tvOS 15.0,*)
33 | public extension Color {
34 |     static let label = Color(hsColor: .label)
   |                                        `- error: 'label' is unavailable in watchOS
35 |     static let secondaryLabel = Color(hsColor: .secondaryLabel)
36 |     static let tertiaryLabel = Color(hsColor: .tertiaryLabel)
/Applications/Xcode-27.0.0-Release.Candidate.app/Contents/Developer/Platforms/WatchOS.platform/Developer/SDKs/WatchOS27.0.sdk/System/Library/Frameworks/UIKit.framework/Headers/UIInterface.h:171:49: note: 'label' has been explicitly marked unavailable here
169 | /* Foreground colors for static text and related elements.
170 |  */
171 | @property (class, nonatomic, readonly) UIColor *labelColor              API_AVAILABLE(ios(13.0), tvos(13.0)) API_UNAVAILABLE(watchos);
    |                                                 `- note: 'label' has been explicitly marked unavailable here
172 | @property (class, nonatomic, readonly) UIColor *secondaryLabelColor     API_AVAILABLE(ios(13.0), tvos(13.0)) API_UNAVAILABLE(watchos);
173 | @property (class, nonatomic, readonly) UIColor *tertiaryLabelColor      API_AVAILABLE(ios(13.0), tvos(13.0)) API_UNAVAILABLE(watchos);
/Users/admin/builder/spi-builder-workspace/Sources/HSHelpers/Types/HSColor+SwiftUI.swift:35:49: error: 'secondaryLabel' is unavailable in watchOS
33 | public extension Color {
34 |     static let label = Color(hsColor: .label)
35 |     static let secondaryLabel = Color(hsColor: .secondaryLabel)
   |                                                 `- error: 'secondaryLabel' is unavailable in watchOS
36 |     static let tertiaryLabel = Color(hsColor: .tertiaryLabel)
37 |     static let quaternaryLabel = Color(hsColor: .quaternaryLabel)
/Applications/Xcode-27.0.0-Release.Candidate.app/Contents/Developer/Platforms/WatchOS.platform/Developer/SDKs/WatchOS27.0.sdk/System/Library/Frameworks/UIKit.framework/Headers/UIInterface.h:172:49: note: 'secondaryLabel' has been explicitly marked unavailable here
170 |  */
171 | @property (class, nonatomic, readonly) UIColor *labelColor              API_AVAILABLE(ios(13.0), tvos(13.0)) API_UNAVAILABLE(watchos);
172 | @property (class, nonatomic, readonly) UIColor *secondaryLabelColor     API_AVAILABLE(ios(13.0), tvos(13.0)) API_UNAVAILABLE(watchos);
    |                                                 `- note: 'secondaryLabel' has been explicitly marked unavailable here
173 | @property (class, nonatomic, readonly) UIColor *tertiaryLabelColor      API_AVAILABLE(ios(13.0), tvos(13.0)) API_UNAVAILABLE(watchos);
174 | @property (class, nonatomic, readonly) UIColor *quaternaryLabelColor    API_AVAILABLE(ios(13.0), tvos(13.0)) API_UNAVAILABLE(watchos);
/Users/admin/builder/spi-builder-workspace/Sources/HSHelpers/Types/HSColor+SwiftUI.swift:36:48: error: 'tertiaryLabel' is unavailable in watchOS
34 |     static let label = Color(hsColor: .label)
35 |     static let secondaryLabel = Color(hsColor: .secondaryLabel)
36 |     static let tertiaryLabel = Color(hsColor: .tertiaryLabel)
   |                                                `- error: 'tertiaryLabel' is unavailable in watchOS
37 |     static let quaternaryLabel = Color(hsColor: .quaternaryLabel)
38 |     static let placeholderText = Color(hsColor: .placeholderText)
/Applications/Xcode-27.0.0-Release.Candidate.app/Contents/Developer/Platforms/WatchOS.platform/Developer/SDKs/WatchOS27.0.sdk/System/Library/Frameworks/UIKit.framework/Headers/UIInterface.h:173:49: note: 'tertiaryLabel' has been explicitly marked unavailable here
171 | @property (class, nonatomic, readonly) UIColor *labelColor              API_AVAILABLE(ios(13.0), tvos(13.0)) API_UNAVAILABLE(watchos);
172 | @property (class, nonatomic, readonly) UIColor *secondaryLabelColor     API_AVAILABLE(ios(13.0), tvos(13.0)) API_UNAVAILABLE(watchos);
173 | @property (class, nonatomic, readonly) UIColor *tertiaryLabelColor      API_AVAILABLE(ios(13.0), tvos(13.0)) API_UNAVAILABLE(watchos);
    |                                                 `- note: 'tertiaryLabel' has been explicitly marked unavailable here
174 | @property (class, nonatomic, readonly) UIColor *quaternaryLabelColor    API_AVAILABLE(ios(13.0), tvos(13.0)) API_UNAVAILABLE(watchos);
175 |
/Users/admin/builder/spi-builder-workspace/Sources/HSHelpers/Types/HSColor+SwiftUI.swift:37:50: error: 'quaternaryLabel' is unavailable in watchOS
35 |     static let secondaryLabel = Color(hsColor: .secondaryLabel)
36 |     static let tertiaryLabel = Color(hsColor: .tertiaryLabel)
37 |     static let quaternaryLabel = Color(hsColor: .quaternaryLabel)
   |                                                  `- error: 'quaternaryLabel' is unavailable in watchOS
38 |     static let placeholderText = Color(hsColor: .placeholderText)
39 |     static let separator = Color(hsColor: .separator)
/Applications/Xcode-27.0.0-Release.Candidate.app/Contents/Developer/Platforms/WatchOS.platform/Developer/SDKs/WatchOS27.0.sdk/System/Library/Frameworks/UIKit.framework/Headers/UIInterface.h:174:49: note: 'quaternaryLabel' has been explicitly marked unavailable here
172 | @property (class, nonatomic, readonly) UIColor *secondaryLabelColor     API_AVAILABLE(ios(13.0), tvos(13.0)) API_UNAVAILABLE(watchos);
173 | @property (class, nonatomic, readonly) UIColor *tertiaryLabelColor      API_AVAILABLE(ios(13.0), tvos(13.0)) API_UNAVAILABLE(watchos);
174 | @property (class, nonatomic, readonly) UIColor *quaternaryLabelColor    API_AVAILABLE(ios(13.0), tvos(13.0)) API_UNAVAILABLE(watchos);
    |                                                 `- note: 'quaternaryLabel' has been explicitly marked unavailable here
175 |
176 | /* Foreground color for standard system links.
/Users/admin/builder/spi-builder-workspace/Sources/HSHelpers/Types/HSColor+SwiftUI.swift:38:50: error: 'placeholderText' is unavailable in watchOS
36 |     static let tertiaryLabel = Color(hsColor: .tertiaryLabel)
37 |     static let quaternaryLabel = Color(hsColor: .quaternaryLabel)
38 |     static let placeholderText = Color(hsColor: .placeholderText)
   |                                                  `- error: 'placeholderText' is unavailable in watchOS
39 |     static let separator = Color(hsColor: .separator)
40 |     static let link = Color(hsColor:.link)
/Applications/Xcode-27.0.0-Release.Candidate.app/Contents/Developer/Platforms/WatchOS.platform/Developer/SDKs/WatchOS27.0.sdk/System/Library/Frameworks/UIKit.framework/Headers/UIInterface.h:182:49: note: 'placeholderText' has been explicitly marked unavailable here
180 | /* Foreground color for placeholder text in controls or text fields or text views.
181 |  */
182 | @property (class, nonatomic, readonly) UIColor *placeholderTextColor    API_AVAILABLE(ios(13.0), tvos(13.0)) API_UNAVAILABLE(watchos);
    |                                                 `- note: 'placeholderText' has been explicitly marked unavailable here
183 |
184 | /* Foreground colors for separators (thin border or divider lines).
/Users/admin/builder/spi-builder-workspace/Sources/HSHelpers/Types/HSColor+SwiftUI.swift:39:44: error: 'separator' is unavailable in watchOS
37 |     static let quaternaryLabel = Color(hsColor: .quaternaryLabel)
38 |     static let placeholderText = Color(hsColor: .placeholderText)
39 |     static let separator = Color(hsColor: .separator)
   |                                            `- error: 'separator' is unavailable in watchOS
40 |     static let link = Color(hsColor:.link)
41 |
/Applications/Xcode-27.0.0-Release.Candidate.app/Contents/Developer/Platforms/WatchOS.platform/Developer/SDKs/WatchOS27.0.sdk/System/Library/Frameworks/UIKit.framework/Headers/UIInterface.h:189:49: note: 'separator' has been explicitly marked unavailable here
187 |  * completely cover anything behind it. Depending on the situation, you may need one or the other.
188 |  */
189 | @property (class, nonatomic, readonly) UIColor *separatorColor          API_AVAILABLE(ios(13.0), tvos(13.0)) API_UNAVAILABLE(watchos);
    |                                                 `- note: 'separator' has been explicitly marked unavailable here
190 | @property (class, nonatomic, readonly) UIColor *opaqueSeparatorColor    API_AVAILABLE(ios(13.0), tvos(13.0)) API_UNAVAILABLE(watchos);
191 |
/Users/admin/builder/spi-builder-workspace/Sources/HSHelpers/Types/HSColor+SwiftUI.swift:40:38: error: 'link' is unavailable in watchOS
38 |     static let placeholderText = Color(hsColor: .placeholderText)
39 |     static let separator = Color(hsColor: .separator)
40 |     static let link = Color(hsColor:.link)
   |                                      `- error: 'link' is unavailable in watchOS
41 |
42 |
/Applications/Xcode-27.0.0-Release.Candidate.app/Contents/Developer/Platforms/WatchOS.platform/Developer/SDKs/WatchOS27.0.sdk/System/Library/Frameworks/UIKit.framework/Headers/UIInterface.h:178:49: note: 'link' has been explicitly marked unavailable here
176 | /* Foreground color for standard system links.
177 |  */
178 | @property (class, nonatomic, readonly) UIColor *linkColor               API_AVAILABLE(ios(13.0), tvos(13.0)) API_UNAVAILABLE(watchos);
    |                                                 `- note: 'link' has been explicitly marked unavailable here
179 |
180 | /* Foreground color for placeholder text in controls or text fields or text views.
/Users/admin/builder/spi-builder-workspace/Sources/HSHelpers/Types/HSColor+SwiftUI.swift:44:50: error: 'systemBackground' is unavailable in watchOS
42 |
43 |     #if !os(tvOS)
44 |     static let systemBackground = Color(hsColor:.systemBackground)
   |                                                  `- error: 'systemBackground' is unavailable in watchOS
45 |     static let secondarySystemBackground = Color(hsColor:.secondarySystemBackground)
46 |
/Applications/Xcode-27.0.0-Release.Candidate.app/Contents/Developer/Platforms/WatchOS.platform/Developer/SDKs/WatchOS27.0.sdk/System/Library/Frameworks/UIKit.framework/Headers/UIInterface.h:208:49: note: 'systemBackground' has been explicitly marked unavailable here
206 |  *    primary background in light mode.
207 |  */
208 | @property (class, nonatomic, readonly) UIColor *systemBackgroundColor                   API_AVAILABLE(ios(13.0)) API_UNAVAILABLE(tvos, watchos);
    |                                                 `- note: 'systemBackground' has been explicitly marked unavailable here
209 | @property (class, nonatomic, readonly) UIColor *secondarySystemBackgroundColor          API_AVAILABLE(ios(13.0)) API_UNAVAILABLE(tvos, watchos);
210 | @property (class, nonatomic, readonly) UIColor *tertiarySystemBackgroundColor           API_AVAILABLE(ios(13.0)) API_UNAVAILABLE(tvos, watchos);
/Users/admin/builder/spi-builder-workspace/Sources/HSHelpers/Types/HSColor+SwiftUI.swift:45:59: error: 'secondarySystemBackground' is unavailable in watchOS
43 |     #if !os(tvOS)
44 |     static let systemBackground = Color(hsColor:.systemBackground)
45 |     static let secondarySystemBackground = Color(hsColor:.secondarySystemBackground)
   |                                                           `- error: 'secondarySystemBackground' is unavailable in watchOS
46 |
47 |     static let systemGray = Color(hsColor:.systemGray)
/Applications/Xcode-27.0.0-Release.Candidate.app/Contents/Developer/Platforms/WatchOS.platform/Developer/SDKs/WatchOS27.0.sdk/System/Library/Frameworks/UIKit.framework/Headers/UIInterface.h:209:49: note: 'secondarySystemBackground' has been explicitly marked unavailable here
207 |  */
208 | @property (class, nonatomic, readonly) UIColor *systemBackgroundColor                   API_AVAILABLE(ios(13.0)) API_UNAVAILABLE(tvos, watchos);
209 | @property (class, nonatomic, readonly) UIColor *secondarySystemBackgroundColor          API_AVAILABLE(ios(13.0)) API_UNAVAILABLE(tvos, watchos);
    |                                                 `- note: 'secondarySystemBackground' has been explicitly marked unavailable here
210 | @property (class, nonatomic, readonly) UIColor *tertiarySystemBackgroundColor           API_AVAILABLE(ios(13.0)) API_UNAVAILABLE(tvos, watchos);
211 |
/Users/admin/builder/spi-builder-workspace/Sources/HSHelpers/Types/HSColor+SwiftUI.swift:47:44: error: 'systemGray' is unavailable in watchOS
45 |     static let secondarySystemBackground = Color(hsColor:.secondarySystemBackground)
46 |
47 |     static let systemGray = Color(hsColor:.systemGray)
   |                                            `- error: 'systemGray' is unavailable in watchOS
48 |     static let systemGray2  = Color(hsColor:.systemGray2)
49 |     static let systemGray3 = Color(hsColor:.systemGray3)
/Applications/Xcode-27.0.0-Release.Candidate.app/Contents/Developer/Platforms/WatchOS.platform/Developer/SDKs/WatchOS27.0.sdk/System/Library/Frameworks/UIKit.framework/Headers/UIInterface.h:136:49: note: 'systemGray' has been explicitly marked unavailable here
134 | /* Shades of gray. systemGray is the base gray color.
135 |  */
136 | @property (class, nonatomic, readonly) UIColor *systemGrayColor         API_AVAILABLE(ios(7.0), tvos(9.0)) API_UNAVAILABLE(watchos);
    |                                                 `- note: 'systemGray' has been explicitly marked unavailable here
137 |
138 | /* The numbered variations, systemGray2 through systemGray6, are grays which increasingly
/Users/admin/builder/spi-builder-workspace/Sources/HSHelpers/Types/HSColor+SwiftUI.swift:48:46: error: 'systemGray2' is unavailable in watchOS
46 |
47 |     static let systemGray = Color(hsColor:.systemGray)
48 |     static let systemGray2  = Color(hsColor:.systemGray2)
   |                                              `- error: 'systemGray2' is unavailable in watchOS
49 |     static let systemGray3 = Color(hsColor:.systemGray3)
50 |     static let systemGray4  = Color(hsColor:.systemGray4)
/Applications/Xcode-27.0.0-Release.Candidate.app/Contents/Developer/Platforms/WatchOS.platform/Developer/SDKs/WatchOS27.0.sdk/System/Library/Frameworks/UIKit.framework/Headers/UIInterface.h:146:49: note: 'systemGray2' has been explicitly marked unavailable here
144 |  *                               systemGray3 is darker than that, and so on.
145 |  */
146 | @property (class, nonatomic, readonly) UIColor *systemGray2Color        API_AVAILABLE(ios(13.0)) API_UNAVAILABLE(tvos, watchos);
    |                                                 `- note: 'systemGray2' has been explicitly marked unavailable here
147 | @property (class, nonatomic, readonly) UIColor *systemGray3Color        API_AVAILABLE(ios(13.0)) API_UNAVAILABLE(tvos, watchos);
148 | @property (class, nonatomic, readonly) UIColor *systemGray4Color        API_AVAILABLE(ios(13.0)) API_UNAVAILABLE(tvos, watchos);
/Users/admin/builder/spi-builder-workspace/Sources/HSHelpers/Types/HSColor+SwiftUI.swift:49:45: error: 'systemGray3' is unavailable in watchOS
47 |     static let systemGray = Color(hsColor:.systemGray)
48 |     static let systemGray2  = Color(hsColor:.systemGray2)
49 |     static let systemGray3 = Color(hsColor:.systemGray3)
   |                                             `- error: 'systemGray3' is unavailable in watchOS
50 |     static let systemGray4  = Color(hsColor:.systemGray4)
51 |     static let systemGray5  = Color(hsColor:.systemGray5)
/Applications/Xcode-27.0.0-Release.Candidate.app/Contents/Developer/Platforms/WatchOS.platform/Developer/SDKs/WatchOS27.0.sdk/System/Library/Frameworks/UIKit.framework/Headers/UIInterface.h:147:49: note: 'systemGray3' has been explicitly marked unavailable here
145 |  */
146 | @property (class, nonatomic, readonly) UIColor *systemGray2Color        API_AVAILABLE(ios(13.0)) API_UNAVAILABLE(tvos, watchos);
147 | @property (class, nonatomic, readonly) UIColor *systemGray3Color        API_AVAILABLE(ios(13.0)) API_UNAVAILABLE(tvos, watchos);
    |                                                 `- note: 'systemGray3' has been explicitly marked unavailable here
148 | @property (class, nonatomic, readonly) UIColor *systemGray4Color        API_AVAILABLE(ios(13.0)) API_UNAVAILABLE(tvos, watchos);
149 | @property (class, nonatomic, readonly) UIColor *systemGray5Color        API_AVAILABLE(ios(13.0)) API_UNAVAILABLE(tvos, watchos);
/Users/admin/builder/spi-builder-workspace/Sources/HSHelpers/Types/HSColor+SwiftUI.swift:50:46: error: 'systemGray4' is unavailable in watchOS
48 |     static let systemGray2  = Color(hsColor:.systemGray2)
49 |     static let systemGray3 = Color(hsColor:.systemGray3)
50 |     static let systemGray4  = Color(hsColor:.systemGray4)
   |                                              `- error: 'systemGray4' is unavailable in watchOS
51 |     static let systemGray5  = Color(hsColor:.systemGray5)
52 |     static let systemGray6  = Color(hsColor:.systemGray6)
/Applications/Xcode-27.0.0-Release.Candidate.app/Contents/Developer/Platforms/WatchOS.platform/Developer/SDKs/WatchOS27.0.sdk/System/Library/Frameworks/UIKit.framework/Headers/UIInterface.h:148:49: note: 'systemGray4' has been explicitly marked unavailable here
146 | @property (class, nonatomic, readonly) UIColor *systemGray2Color        API_AVAILABLE(ios(13.0)) API_UNAVAILABLE(tvos, watchos);
147 | @property (class, nonatomic, readonly) UIColor *systemGray3Color        API_AVAILABLE(ios(13.0)) API_UNAVAILABLE(tvos, watchos);
148 | @property (class, nonatomic, readonly) UIColor *systemGray4Color        API_AVAILABLE(ios(13.0)) API_UNAVAILABLE(tvos, watchos);
    |                                                 `- note: 'systemGray4' has been explicitly marked unavailable here
149 | @property (class, nonatomic, readonly) UIColor *systemGray5Color        API_AVAILABLE(ios(13.0)) API_UNAVAILABLE(tvos, watchos);
150 | @property (class, nonatomic, readonly) UIColor *systemGray6Color        API_AVAILABLE(ios(13.0)) API_UNAVAILABLE(tvos, watchos);
/Users/admin/builder/spi-builder-workspace/Sources/HSHelpers/Types/HSColor+SwiftUI.swift:51:46: error: 'systemGray5' is unavailable in watchOS
49 |     static let systemGray3 = Color(hsColor:.systemGray3)
50 |     static let systemGray4  = Color(hsColor:.systemGray4)
51 |     static let systemGray5  = Color(hsColor:.systemGray5)
   |                                              `- error: 'systemGray5' is unavailable in watchOS
52 |     static let systemGray6  = Color(hsColor:.systemGray6)
53 |     #endif
/Applications/Xcode-27.0.0-Release.Candidate.app/Contents/Developer/Platforms/WatchOS.platform/Developer/SDKs/WatchOS27.0.sdk/System/Library/Frameworks/UIKit.framework/Headers/UIInterface.h:149:49: note: 'systemGray5' has been explicitly marked unavailable here
147 | @property (class, nonatomic, readonly) UIColor *systemGray3Color        API_AVAILABLE(ios(13.0)) API_UNAVAILABLE(tvos, watchos);
148 | @property (class, nonatomic, readonly) UIColor *systemGray4Color        API_AVAILABLE(ios(13.0)) API_UNAVAILABLE(tvos, watchos);
149 | @property (class, nonatomic, readonly) UIColor *systemGray5Color        API_AVAILABLE(ios(13.0)) API_UNAVAILABLE(tvos, watchos);
    |                                                 `- note: 'systemGray5' has been explicitly marked unavailable here
150 | @property (class, nonatomic, readonly) UIColor *systemGray6Color        API_AVAILABLE(ios(13.0)) API_UNAVAILABLE(tvos, watchos);
151 |
/Users/admin/builder/spi-builder-workspace/Sources/HSHelpers/Types/HSColor+SwiftUI.swift:52:46: error: 'systemGray6' is unavailable in watchOS
50 |     static let systemGray4  = Color(hsColor:.systemGray4)
51 |     static let systemGray5  = Color(hsColor:.systemGray5)
52 |     static let systemGray6  = Color(hsColor:.systemGray6)
   |                                              `- error: 'systemGray6' is unavailable in watchOS
53 |     #endif
54 | }
/Applications/Xcode-27.0.0-Release.Candidate.app/Contents/Developer/Platforms/WatchOS.platform/Developer/SDKs/WatchOS27.0.sdk/System/Library/Frameworks/UIKit.framework/Headers/UIInterface.h:150:49: note: 'systemGray6' has been explicitly marked unavailable here
148 | @property (class, nonatomic, readonly) UIColor *systemGray4Color        API_AVAILABLE(ios(13.0)) API_UNAVAILABLE(tvos, watchos);
149 | @property (class, nonatomic, readonly) UIColor *systemGray5Color        API_AVAILABLE(ios(13.0)) API_UNAVAILABLE(tvos, watchos);
150 | @property (class, nonatomic, readonly) UIColor *systemGray6Color        API_AVAILABLE(ios(13.0)) API_UNAVAILABLE(tvos, watchos);
    |                                                 `- note: 'systemGray6' has been explicitly marked unavailable here
151 |
152 | #pragma mark Tint color
Failed frontend command:
/Applications/Xcode-27.0.0-Release.Candidate.app/Contents/Developer/Toolchains/XcodeDefault.xctoolchain/usr/bin/swift-frontend -frontend -emit-module -experimental-skip-non-inlinable-function-bodies-without-types /Users/admin/builder/spi-builder-workspace/Sources/HSHelpers/AnyHashable+HS.swift /Users/admin/builder/spi-builder-workspace/Sources/HSHelpers/Array+HS.swift /Users/admin/builder/spi-builder-workspace/Sources/HSHelpers/Bundle+HS.swift /Users/admin/builder/spi-builder-workspace/Sources/HSHelpers/CGColor+HS.swift /Users/admin/builder/spi-builder-workspace/Sources/HSHelpers/CGImage+HS.swift /Users/admin/builder/spi-builder-workspace/Sources/HSHelpers/CGImageSource+HS.swift /Users/admin/builder/spi-builder-workspace/Sources/HSHelpers/CGRect+HS.swift /Users/admin/builder/spi-builder-workspace/Sources/HSHelpers/ClosedRange+HS.swift /Users/admin/builder/spi-builder-workspace/Sources/HSHelpers/Comparable+clamp.swift /Users/admin/builder/spi-builder-workspace/Sources/HSHelpers/Data+HS.swift /Users/admin/builder/spi-builder-workspace/Sources/HSHelpers/Data+MD5.swift /Users/admin/builder/spi-builder-workspace/Sources/HSHelpers/Date+HS.swift /Users/admin/builder/spi-builder-workspace/Sources/HSHelpers/DispatchQueue+HS.swift /Users/admin/builder/spi-builder-workspace/Sources/HSHelpers/Equatable.swift /Users/admin/builder/spi-builder-workspace/Sources/HSHelpers/FileManager+HS.swift /Users/admin/builder/spi-builder-workspace/Sources/HSHelpers/FloatConvertible.swift /Users/admin/builder/spi-builder-workspace/Sources/HSHelpers/Int.swift /Users/admin/builder/spi-builder-workspace/Sources/HSHelpers/JSONEncoder+HS.swift /Users/admin/builder/spi-builder-workspace/Sources/HSHelpers/NSMutableAttributedString+HS.swift /Users/admin/builder/spi-builder-workspace/Sources/HSHelpers/NSRegularExpression+HS.swift /Users/admin/builder/spi-builder-workspace/Sources/HSHelpers/NSTextCheckingResult+HS.swift /Users/admin/builder/spi-builder-workspace/Sources/HSHelpers/Number+PositiveModulus.swift /Users/admin/builder/spi-builder-workspace/Sources/HSHelpers/Optional+HS.swift /Users/admin/builder/spi-builder-workspace/Sources/HSHelpers/PlatformValues.swift /Users/admin/builder/spi-builder-workspace/Sources/HSHelpers/Published+Codable.swift /Users/admin/builder/spi-builder-workspace/Sources/HSHelpers/Result+HS.swift /Users/admin/builder/spi-builder-workspace/Sources/HSHelpers/SKError+HS.swift /Users/admin/builder/spi-builder-workspace/Sources/HSHelpers/SKProduct+HS.swift /Users/admin/builder/spi-builder-workspace/Sources/HSHelpers/String+HS.swift /Users/admin/builder/spi-builder-workspace/Sources/HSHelpers/String+MD5.swift /Users/admin/builder/spi-builder-workspace/Sources/HSHelpers/Types/Aliases.swift /Users/admin/builder/spi-builder-workspace/Sources/HSHelpers/Types/Build.swift /Users/admin/builder/spi-builder-workspace/Sources/HSHelpers/Types/Filetypes.swift /Users/admin/builder/spi-builder-workspace/Sources/HSHelpers/Types/HSColor+SwiftUI.swift /Users/admin/builder/spi-builder-workspace/Sources/HSHelpers/Types/HSColour.swift /Users/admin/builder/spi-builder-workspace/Sources/HSHelpers/Types/HSImage.swift /Users/admin/builder/spi-builder-workspace/Sources/HSHelpers/Types/RuntimeWarning.swift /Users/admin/builder/spi-builder-workspace/Sources/HSHelpers/Types/ThreadsafeArray.swift /Users/admin/builder/spi-builder-workspace/Sources/HSHelpers/Types/ThreadsafeDict.swift /Users/admin/builder/spi-builder-workspace/Sources/HSHelpers/Types/Vectors.swift /Users/admin/builder/spi-builder-workspace/Sources/HSHelpers/Types/WeakTimer.swift /Users/admin/builder/spi-builder-workspace/Sources/HSHelpers/URL+HS.swift /Users/admin/builder/spi-builder-workspace/Sources/HSHelpers/URLComponents+HS.swift /Users/admin/builder/spi-builder-workspace/Sources/HSHelpers/WKWebView+HS.swift -target arm64_32-apple-watchos9.0 -module-can-import-version CryptoKit 383.4.1 0 -module-can-import-version MobileCoreServices 1226.0.0 1226.0.0 -module-can-import-version SwiftUI 8.0.84.1 8.0.84 -module-can-import-version UIKit 9127.0.84.1 9127.0.84 -disable-cross-import-overlay-search -swift-module-cross-import StoreKit /Applications/Xcode-27.0.0-Release.Candidate.app/Contents/Developer/Platforms/WatchOS.platform/Developer/SDKs/WatchOS.sdk/System/Library/Frameworks/StoreKit.framework/Modules/StoreKit.swiftcrossimport/SwiftUI.swiftoverlay -swift-module-cross-import StoreKit /Applications/Xcode-27.0.0-Release.Candidate.app/Contents/Developer/Platforms/WatchOS.platform/Developer/SDKs/WatchOS27.0.sdk/System/Library/Frameworks/StoreKit.framework/Modules/StoreKit.swiftcrossimport/SwiftUI.swiftoverlay -load-resolved-plugin /Applications/Xcode-27.0.0-Release.Candidate.app/Contents/Developer/Platforms/WatchOS.platform/Developer/usr/lib/swift/host/plugins/libFoundationMacros.dylib\#/Applications/Xcode-27.0.0-Release.Candidate.app/Contents/Developer/Platforms/WatchOS.platform/Developer/usr/bin/swift-plugin-server\#FoundationMacros -load-resolved-plugin /Applications/Xcode-27.0.0-Release.Candidate.app/Contents/Developer/Platforms/WatchOS.platform/Developer/usr/lib/swift/host/plugins/libObservationMacros.dylib\#/Applications/Xcode-27.0.0-Release.Candidate.app/Contents/Developer/Platforms/WatchOS.platform/Developer/usr/bin/swift-plugin-server\#ObservationMacros -load-resolved-plugin /Applications/Xcode-27.0.0-Release.Candidate.app/Contents/Developer/Platforms/WatchOS.platform/Developer/usr/lib/swift/host/plugins/libPreviewsMacros.dylib\#/Applications/Xcode-27.0.0-Release.Candidate.app/Contents/Developer/Platforms/WatchOS.platform/Developer/usr/bin/swift-plugin-server\#PreviewsMacros -load-resolved-plugin /Applications/Xcode-27.0.0-Release.Candidate.app/Contents/Developer/Platforms/WatchOS.platform/Developer/usr/lib/swift/host/plugins/libSwiftMacros.dylib\#/Applications/Xcode-27.0.0-Release.Candidate.app/Contents/Developer/Platforms/WatchOS.platform/Developer/usr/bin/swift-plugin-server\#SwiftMacros -load-resolved-plugin /Applications/Xcode-27.0.0-Release.Candidate.app/Contents/Developer/Platforms/WatchOS.platform/Developer/usr/lib/swift/host/plugins/libSwiftUIMacros.dylib\#/Applications/Xcode-27.0.0-Release.Candidate.app/Contents/Developer/Platforms/WatchOS.platform/Developer/usr/bin/swift-plugin-server\#SwiftUIMacros -disable-implicit-swift-modules -Xcc -fno-implicit-modules -Xcc -fno-implicit-module-maps -explicit-swift-module-map-file /Users/admin/builder/spi-builder-workspace/.derivedData/Build/Intermediates.noindex/HSHelpers.build/Debug-watchos/HSHelpers-t.build/Objects-normal/arm64_32/HSHelpers-dependencies-2.json -enable-objc-interop -sdk /Applications/Xcode-27.0.0-Release.Candidate.app/Contents/Developer/Platforms/WatchOS.platform/Developer/SDKs/WatchOS27.0.sdk -I /Users/admin/builder/spi-builder-workspace/.derivedData/Build/Products/Debug-watchos -Isystem /Applications/Xcode-27.0.0-Release.Candidate.app/Contents/Developer/Platforms/WatchOS.platform/Developer/usr/lib -F /Users/admin/builder/spi-builder-workspace/.derivedData/Build/Products/Debug-watchos -F /Applications/Xcode-27.0.0-Release.Candidate.app/Contents/Developer/Platforms/WatchOS.platform/Developer/Library/Frameworks -F /Applications/Xcode-27.0.0-Release.Candidate.app/Contents/Developer/Platforms/WatchOS.platform/Developer/SDKs/WatchOS27.0.sdk/Developer/Library/Frameworks -module-cache-path /Users/admin/builder/spi-builder-workspace/.derivedData/Build/Intermediates.noindex/SwiftExplicitPrecompiledModules -no-color-diagnostics -Xcc -fno-color-diagnostics -enable-testing -g -debug-info-format\=dwarf -dwarf-version\=4 -profile-generate -profile-coverage-mapping -swift-version 5 -Onone -D SWIFT_PACKAGE -D DEBUG -D SWIFT_MODULE_RESOURCE_BUNDLE_UNAVAILABLE -D Xcode -serialize-debugging-options -enable-experimental-feature DebugDescriptionMacro -empty-abi-descriptor -validate-clang-modules-once -clang-build-session-file /Users/admin/builder/spi-builder-workspace/.derivedData/ModuleCache.noindex/Session.modulevalidation -Xcc -working-directory -Xcc /Users/admin/builder/spi-builder-workspace/.swiftpm/xcode -enable-anonymous-context-mangled-names -file-compilation-dir /Users/admin/builder/spi-builder-workspace/.swiftpm/xcode -Xcc -D_LIBCPP_HARDENING_MODE\=_LIBCPP_HARDENING_MODE_DEBUG -Xcc -ivfsstatcache -Xcc /Users/admin/builder/spi-builder-workspace/.derivedData/SDKStatCaches.noindex/watchos27.0-24R360-e829b21a6f8c9b70876ba0858053c04477534ef55a1706bf4c1112bbb242f0a2.sdkstatcache -Xcc -fmodules-prune-interval\=86400 -Xcc -fmodules-prune-after\=345600 -Xcc -I/Users/admin/builder/spi-builder-workspace/.derivedData/Build/Products/Debug-watchos/include -Xcc -I/Users/admin/builder/spi-builder-workspace/.derivedData/Build/Intermediates.noindex/HSHelpers.build/Debug-watchos/HSHelpers-t.build/DerivedSources-normal/arm64_32 -Xcc -I/Users/admin/builder/spi-builder-workspace/.derivedData/Build/Intermediates.noindex/HSHelpers.build/Debug-watchos/HSHelpers-t.build/DerivedSources/arm64_32 -Xcc -I/Users/admin/builder/spi-builder-workspace/.derivedData/Build/Intermediates.noindex/HSHelpers.build/Debug-watchos/HSHelpers-t.build/DerivedSources -Xcc -DSWIFT_PACKAGE -Xcc -DDEBUG\=1 -no-auto-bridging-header-chaining -module-name HSHelpers -const-gather-protocols-file /Users/admin/builder/spi-builder-workspace/.derivedData/Build/Intermediates.noindex/HSHelpers.build/Debug-watchos/HSHelpers-t.build/Objects-normal/arm64_32/HSHelpers_const_extract_protocols.json -disable-clang-spi -clang-target arm64_32-apple-watchos27.0 -target-sdk-version 27.0 -target-sdk-name watchos27.0 -in-process-plugin-server-path /Applications/Xcode-27.0.0-Release.Candidate.app/Contents/Developer/Toolchains/XcodeDefault.xctoolchain/usr/lib/swift/host/libSwiftInProcPluginServer.dylib -emit-module-doc-path /Users/admin/builder/spi-builder-workspace/.derivedData/Build/Intermediates.noindex/HSHelpers.build/Debug-watchos/HSHelpers-t.build/Objects-normal/arm64_32/HSHelpers.swiftdoc -emit-module-source-info-path /Users/admin/builder/spi-builder-workspace/.derivedData/Build/Intermediates.noindex/HSHelpers.build/Debug-watchos/HSHelpers-t.build/Objects-normal/arm64_32/HSHelpers.swiftsourceinfo -emit-objc-header-path /Users/admin/builder/spi-builder-workspace/.derivedData/Build/Intermediates.noindex/HSHelpers.build/Debug-watchos/HSHelpers-t.build/Objects-normal/arm64_32/HSHelpers-Swift.h -serialize-diagnostics-path /Users/admin/builder/spi-builder-workspace/.derivedData/Build/Intermediates.noindex/HSHelpers.build/Debug-watchos/HSHelpers-t.build/Objects-normal/arm64_32/HSHelpers-primary-emit-module.dia -emit-dependencies-path /Users/admin/builder/spi-builder-workspace/.derivedData/Build/Intermediates.noindex/HSHelpers.build/Debug-watchos/HSHelpers-t.build/Objects-normal/arm64_32/HSHelpers-primary-emit-module.d -parse-as-library -o /Users/admin/builder/spi-builder-workspace/.derivedData/Build/Intermediates.noindex/HSHelpers.build/Debug-watchos/HSHelpers-t.build/Objects-normal/arm64_32/HSHelpers.swiftmodule -emit-abi-descriptor-path /Users/admin/builder/spi-builder-workspace/.derivedData/Build/Intermediates.noindex/HSHelpers.build/Debug-watchos/HSHelpers-t.build/Objects-normal/arm64_32/HSHelpers.abi.json
SwiftCompile normal arm64_32 (in target 'HSHelpers' from project 'HSHelpers')
    cd /Users/admin/builder/spi-builder-workspace/.swiftpm/xcode

SwiftCompile normal arm64_32 Compiling\ FloatConvertible.swift,\ Int.swift,\ JSONEncoder+HS.swift,\ NSMutableAttributedString+HS.swift,\ NSRegularExpression+HS.swift /Users/admin/builder/spi-builder-workspace/Sources/HSHelpers/FloatConvertible.swift /Users/admin/builder/spi-builder-workspace/Sources/HSHelpers/Int.swift /Users/admin/builder/spi-builder-workspace/Sources/HSHelpers/JSONEncoder+HS.swift /Users/admin/builder/spi-builder-workspace/Sources/HSHelpers/NSMutableAttributedString+HS.swift /Users/admin/builder/spi-builder-workspace/Sources/HSHelpers/NSRegularExpression+HS.swift (in target 'HSHelpers' from project 'HSHelpers')
SwiftCompile normal arm64_32 /Users/admin/builder/spi-builder-workspace/Sources/HSHelpers/FloatConvertible.swift (in target 'HSHelpers' from project 'HSHelpers')
    cd /Users/admin/builder/spi-builder-workspace/.swiftpm/xcode
    builtin-SwiftPerFileCompile FloatConvertible.swift
SwiftCompile normal arm64_32 /Users/admin/builder/spi-builder-workspace/Sources/HSHelpers/Int.swift (in target 'HSHelpers' from project 'HSHelpers')
    cd /Users/admin/builder/spi-builder-workspace/.swiftpm/xcode
    builtin-SwiftPerFileCompile Int.swift
SwiftCompile normal arm64_32 /Users/admin/builder/spi-builder-workspace/Sources/HSHelpers/JSONEncoder+HS.swift (in target 'HSHelpers' from project 'HSHelpers')
    cd /Users/admin/builder/spi-builder-workspace/.swiftpm/xcode
    builtin-SwiftPerFileCompile JSONEncoder+HS.swift
SwiftCompile normal arm64_32 /Users/admin/builder/spi-builder-workspace/Sources/HSHelpers/NSMutableAttributedString+HS.swift (in target 'HSHelpers' from project 'HSHelpers')
    cd /Users/admin/builder/spi-builder-workspace/.swiftpm/xcode
    builtin-SwiftPerFileCompile NSMutableAttributedString+HS.swift
SwiftCompile normal arm64_32 /Users/admin/builder/spi-builder-workspace/Sources/HSHelpers/NSRegularExpression+HS.swift (in target 'HSHelpers' from project 'HSHelpers')
    cd /Users/admin/builder/spi-builder-workspace/.swiftpm/xcode
    builtin-SwiftPerFileCompile NSRegularExpression+HS.swift
SwiftCompile normal arm64_32 Compiling\ CGImageSource+HS.swift,\ CGRect+HS.swift,\ ClosedRange+HS.swift,\ Comparable+clamp.swift,\ Data+HS.swift /Users/admin/builder/spi-builder-workspace/Sources/HSHelpers/CGImageSource+HS.swift /Users/admin/builder/spi-builder-workspace/Sources/HSHelpers/CGRect+HS.swift /Users/admin/builder/spi-builder-workspace/Sources/HSHelpers/ClosedRange+HS.swift /Users/admin/builder/spi-builder-workspace/Sources/HSHelpers/Comparable+clamp.swift /Users/admin/builder/spi-builder-workspace/Sources/HSHelpers/Data+HS.swift (in target 'HSHelpers' from project 'HSHelpers')
SwiftCompile normal arm64_32 /Users/admin/builder/spi-builder-workspace/Sources/HSHelpers/CGImageSource+HS.swift (in target 'HSHelpers' from project 'HSHelpers')
    cd /Users/admin/builder/spi-builder-workspace/.swiftpm/xcode
    builtin-SwiftPerFileCompile CGImageSource+HS.swift
SwiftCompile normal arm64_32 /Users/admin/builder/spi-builder-workspace/Sources/HSHelpers/CGRect+HS.swift (in target 'HSHelpers' from project 'HSHelpers')
    cd /Users/admin/builder/spi-builder-workspace/.swiftpm/xcode
    builtin-SwiftPerFileCompile CGRect+HS.swift
SwiftCompile normal arm64_32 /Users/admin/builder/spi-builder-workspace/Sources/HSHelpers/ClosedRange+HS.swift (in target 'HSHelpers' from project 'HSHelpers')
    cd /Users/admin/builder/spi-builder-workspace/.swiftpm/xcode
    builtin-SwiftPerFileCompile ClosedRange+HS.swift
SwiftCompile normal arm64_32 /Users/admin/builder/spi-builder-workspace/Sources/HSHelpers/Comparable+clamp.swift (in target 'HSHelpers' from project 'HSHelpers')
    cd /Users/admin/builder/spi-builder-workspace/.swiftpm/xcode
    builtin-SwiftPerFileCompile Comparable+clamp.swift
SwiftCompile normal arm64_32 /Users/admin/builder/spi-builder-workspace/Sources/HSHelpers/Data+HS.swift (in target 'HSHelpers' from project 'HSHelpers')
    cd /Users/admin/builder/spi-builder-workspace/.swiftpm/xcode
    builtin-SwiftPerFileCompile Data+HS.swift
SwiftCompile normal arm64_32 Compiling\ Published+Codable.swift,\ Result+HS.swift,\ SKError+HS.swift,\ SKProduct+HS.swift /Users/admin/builder/spi-builder-workspace/Sources/HSHelpers/Published+Codable.swift /Users/admin/builder/spi-builder-workspace/Sources/HSHelpers/Result+HS.swift /Users/admin/builder/spi-builder-workspace/Sources/HSHelpers/SKError+HS.swift /Users/admin/builder/spi-builder-workspace/Sources/HSHelpers/SKProduct+HS.swift (in target 'HSHelpers' from project 'HSHelpers')
/Users/admin/builder/spi-builder-workspace/Sources/HSHelpers/Published+Codable.swift:14:1: warning: extension declares a conformance of imported type 'Published' to imported protocol 'Decodable'; this will not behave correctly if the owners of 'Combine' introduce this conformance in the future
12 |
13 | @available(macOS 10.15,iOS 13.0,tvOS 13.0, *)
14 | extension Published: Decodable where Value: Decodable {
   | |- warning: extension declares a conformance of imported type 'Published' to imported protocol 'Decodable'; this will not behave correctly if the owners of 'Combine' introduce this conformance in the future
   | `- note: add '@retroactive' to silence this warning
15 |     public init(from decoder: Decoder) throws {
16 |         let decoded = try Value(from: decoder)
SwiftCompile normal arm64_32 /Users/admin/builder/spi-builder-workspace/Sources/HSHelpers/Published+Codable.swift (in target 'HSHelpers' from project 'HSHelpers')
    cd /Users/admin/builder/spi-builder-workspace/.swiftpm/xcode
    builtin-SwiftPerFileCompile Published+Codable.swift
SwiftCompile normal arm64_32 /Users/admin/builder/spi-builder-workspace/Sources/HSHelpers/Result+HS.swift (in target 'HSHelpers' from project 'HSHelpers')
    cd /Users/admin/builder/spi-builder-workspace/.swiftpm/xcode
    builtin-SwiftPerFileCompile Result+HS.swift
SwiftCompile normal arm64_32 /Users/admin/builder/spi-builder-workspace/Sources/HSHelpers/SKError+HS.swift (in target 'HSHelpers' from project 'HSHelpers')
    cd /Users/admin/builder/spi-builder-workspace/.swiftpm/xcode
    builtin-SwiftPerFileCompile SKError+HS.swift
SwiftCompile normal arm64_32 /Users/admin/builder/spi-builder-workspace/Sources/HSHelpers/SKProduct+HS.swift (in target 'HSHelpers' from project 'HSHelpers')
    cd /Users/admin/builder/spi-builder-workspace/.swiftpm/xcode
    builtin-SwiftPerFileCompile SKProduct+HS.swift
SwiftCompile normal arm64_32 Compiling\ NSTextCheckingResult+HS.swift,\ Number+PositiveModulus.swift,\ Optional+HS.swift,\ PlatformValues.swift /Users/admin/builder/spi-builder-workspace/Sources/HSHelpers/NSTextCheckingResult+HS.swift /Users/admin/builder/spi-builder-workspace/Sources/HSHelpers/Number+PositiveModulus.swift /Users/admin/builder/spi-builder-workspace/Sources/HSHelpers/Optional+HS.swift /Users/admin/builder/spi-builder-workspace/Sources/HSHelpers/PlatformValues.swift (in target 'HSHelpers' from project 'HSHelpers')
SwiftCompile normal arm64_32 /Users/admin/builder/spi-builder-workspace/Sources/HSHelpers/NSTextCheckingResult+HS.swift (in target 'HSHelpers' from project 'HSHelpers')
    cd /Users/admin/builder/spi-builder-workspace/.swiftpm/xcode
    builtin-SwiftPerFileCompile NSTextCheckingResult+HS.swift
SwiftCompile normal arm64_32 /Users/admin/builder/spi-builder-workspace/Sources/HSHelpers/Number+PositiveModulus.swift (in target 'HSHelpers' from project 'HSHelpers')
    cd /Users/admin/builder/spi-builder-workspace/.swiftpm/xcode
    builtin-SwiftPerFileCompile Number+PositiveModulus.swift
SwiftCompile normal arm64_32 /Users/admin/builder/spi-builder-workspace/Sources/HSHelpers/Optional+HS.swift (in target 'HSHelpers' from project 'HSHelpers')
    cd /Users/admin/builder/spi-builder-workspace/.swiftpm/xcode
    builtin-SwiftPerFileCompile Optional+HS.swift
SwiftCompile normal arm64_32 /Users/admin/builder/spi-builder-workspace/Sources/HSHelpers/PlatformValues.swift (in target 'HSHelpers' from project 'HSHelpers')
    cd /Users/admin/builder/spi-builder-workspace/.swiftpm/xcode
    builtin-SwiftPerFileCompile PlatformValues.swift
SwiftCompile normal arm64_32 Compiling\ RuntimeWarning.swift,\ ThreadsafeArray.swift,\ ThreadsafeDict.swift,\ Vectors.swift /Users/admin/builder/spi-builder-workspace/Sources/HSHelpers/Types/RuntimeWarning.swift /Users/admin/builder/spi-builder-workspace/Sources/HSHelpers/Types/ThreadsafeArray.swift /Users/admin/builder/spi-builder-workspace/Sources/HSHelpers/Types/ThreadsafeDict.swift /Users/admin/builder/spi-builder-workspace/Sources/HSHelpers/Types/Vectors.swift (in target 'HSHelpers' from project 'HSHelpers')
SwiftCompile normal arm64_32 /Users/admin/builder/spi-builder-workspace/Sources/HSHelpers/Types/RuntimeWarning.swift (in target 'HSHelpers' from project 'HSHelpers')
    cd /Users/admin/builder/spi-builder-workspace/.swiftpm/xcode
    builtin-SwiftPerFileCompile RuntimeWarning.swift
SwiftCompile normal arm64_32 /Users/admin/builder/spi-builder-workspace/Sources/HSHelpers/Types/ThreadsafeArray.swift (in target 'HSHelpers' from project 'HSHelpers')
    cd /Users/admin/builder/spi-builder-workspace/.swiftpm/xcode
    builtin-SwiftPerFileCompile ThreadsafeArray.swift
SwiftCompile normal arm64_32 /Users/admin/builder/spi-builder-workspace/Sources/HSHelpers/Types/ThreadsafeDict.swift (in target 'HSHelpers' from project 'HSHelpers')
    cd /Users/admin/builder/spi-builder-workspace/.swiftpm/xcode
    builtin-SwiftPerFileCompile ThreadsafeDict.swift
SwiftCompile normal arm64_32 /Users/admin/builder/spi-builder-workspace/Sources/HSHelpers/Types/Vectors.swift (in target 'HSHelpers' from project 'HSHelpers')
    cd /Users/admin/builder/spi-builder-workspace/.swiftpm/xcode
    builtin-SwiftPerFileCompile Vectors.swift
SwiftCompile normal arm64_32 Compiling\ AnyHashable+HS.swift,\ Array+HS.swift,\ Bundle+HS.swift,\ CGColor+HS.swift,\ CGImage+HS.swift /Users/admin/builder/spi-builder-workspace/Sources/HSHelpers/AnyHashable+HS.swift /Users/admin/builder/spi-builder-workspace/Sources/HSHelpers/Array+HS.swift /Users/admin/builder/spi-builder-workspace/Sources/HSHelpers/Bundle+HS.swift /Users/admin/builder/spi-builder-workspace/Sources/HSHelpers/CGColor+HS.swift /Users/admin/builder/spi-builder-workspace/Sources/HSHelpers/CGImage+HS.swift (in target 'HSHelpers' from project 'HSHelpers')
/Users/admin/builder/spi-builder-workspace/Sources/HSHelpers/CGImage+HS.swift:61:75: warning: 'kUTTypePNG' was deprecated in watchOS 8.0: Use UTTypePNG or UTType.png (swift) instead. [#DeprecatedDeclaration]
 59 |     func writePNG(to: URL) -> Bool {
 60 |         autoreleasepool {
 61 |             guard let dest = CGImageDestinationCreateWithURL(to as CFURL, kUTTypePNG, 1, nil) else {
    |                                                                           `- warning: 'kUTTypePNG' was deprecated in watchOS 8.0: Use UTTypePNG or UTType.png (swift) instead. [#DeprecatedDeclaration]
 62 |                 return false
 63 |             }
SwiftCompile normal arm64_32 /Users/admin/builder/spi-builder-workspace/Sources/HSHelpers/AnyHashable+HS.swift (in target 'HSHelpers' from project 'HSHelpers')
    cd /Users/admin/builder/spi-builder-workspace/.swiftpm/xcode
    builtin-SwiftPerFileCompile AnyHashable+HS.swift
SwiftCompile normal arm64_32 /Users/admin/builder/spi-builder-workspace/Sources/HSHelpers/Array+HS.swift (in target 'HSHelpers' from project 'HSHelpers')
    cd /Users/admin/builder/spi-builder-workspace/.swiftpm/xcode
    builtin-SwiftPerFileCompile Array+HS.swift
SwiftCompile normal arm64_32 /Users/admin/builder/spi-builder-workspace/Sources/HSHelpers/Bundle+HS.swift (in target 'HSHelpers' from project 'HSHelpers')
    cd /Users/admin/builder/spi-builder-workspace/.swiftpm/xcode
    builtin-SwiftPerFileCompile Bundle+HS.swift
SwiftCompile normal arm64_32 /Users/admin/builder/spi-builder-workspace/Sources/HSHelpers/CGColor+HS.swift (in target 'HSHelpers' from project 'HSHelpers')
    cd /Users/admin/builder/spi-builder-workspace/.swiftpm/xcode
    builtin-SwiftPerFileCompile CGColor+HS.swift
SwiftCompile normal arm64_32 /Users/admin/builder/spi-builder-workspace/Sources/HSHelpers/CGImage+HS.swift (in target 'HSHelpers' from project 'HSHelpers')
    cd /Users/admin/builder/spi-builder-workspace/.swiftpm/xcode
    builtin-SwiftPerFileCompile CGImage+HS.swift
SwiftExplicitDependencyGeneratePcm arm64 /Users/admin/builder/spi-builder-workspace/.derivedData/SDKExplicitPrecompiledModules/SwiftUI-APXDH8ULYLM6FD17YRA73TULO.pcm
PruneExplicitPrecompiledModules /Users/admin/builder/spi-builder-workspace/.derivedData/Build/Intermediates.noindex/ExplicitPrecompiledModules
PruneExplicitPrecompiledModules /Users/admin/builder/spi-builder-workspace/.derivedData/SDKExplicitPrecompiledModules
PruneExplicitPrecompiledModules /Users/admin/builder/spi-builder-workspace/.derivedData/Build/Intermediates.noindex/SwiftExplicitPrecompiledModules
2026-09-22 13:22:03.989 xcodebuild[684:4436] [MT] IDERunDestination: Supported platforms for the buildables in the current scheme is empty.
2026-09-22 13:22:04.106 xcodebuild[684:4436] [MT] IDERunDestination: Supported platforms for the buildables in the current scheme is empty.
** BUILD FAILED **
The following build commands failed:
	SwiftEmitModule normal arm64_32 Emitting\ module\ for\ HSHelpers (in target 'HSHelpers' from project 'HSHelpers')
	SwiftCompile normal arm64_32 (in target 'HSHelpers' from project 'HSHelpers')
	Building workspace HSHelpers with scheme HSHelpers-Package
(3 failures)
Command line invocation:
    /Applications/Xcode-27.0.0-Release.Candidate.app/Contents/Developer/usr/bin/xcodebuild -IDEClonedSourcePackagesDirPathOverride=/Users/admin/builder/spi-builder-workspace/.dependencies -resolvePackageDependencies
Resolve Package Graph
Resolved source packages:
  Time: https://github.com/dreymonde/Time.git @ 1.1.0
  HSHelpers: /Users/admin/builder/spi-builder-workspace
resolved source packages: Time, HSHelpers
2026-09-22 13:22:12.783 xcodebuild[868:5272] [MT] IDERunDestination: Supported platforms for the buildables in the current scheme is empty.
2026-09-22 13:22:12.888 xcodebuild[868:5272] [MT] IDERunDestination: Supported platforms for the buildables in the current scheme is empty.
{
  "dependencies" : [
    {
      "identity" : "time",
      "requirement" : {
        "range" : [
          {
            "lower_bound" : "1.0.0",
            "upper_bound" : "2.0.0"
          }
        ]
      },
      "type" : "sourceControl",
      "url" : "https://github.com/dreymonde/Time.git"
    }
  ],
  "manifest_display_name" : "HSHelpers",
  "name" : "HSHelpers",
  "path" : "/Users/admin/builder/spi-builder-workspace",
  "platforms" : [
    {
      "name" : "macos",
      "version" : "10.13"
    },
    {
      "name" : "ios",
      "version" : "12.0"
    },
    {
      "name" : "tvos",
      "version" : "12.0"
    }
  ],
  "products" : [
    {
      "name" : "HSHelpers",
      "targets" : [
        "HSHelpers"
      ],
      "type" : {
        "library" : [
          "automatic"
        ]
      }
    },
    {
      "name" : "HSAppKit",
      "targets" : [
        "HSAppKit"
      ],
      "type" : {
        "library" : [
          "automatic"
        ]
      }
    },
    {
      "name" : "HSUIKit",
      "targets" : [
        "HSUIKit"
      ],
      "type" : {
        "library" : [
          "automatic"
        ]
      }
    },
    {
      "name" : "HSTime",
      "targets" : [
        "HSTime"
      ],
      "type" : {
        "library" : [
          "automatic"
        ]
      }
    }
  ],
  "targets" : [
    {
      "c99name" : "HSUIKit",
      "module_type" : "SwiftTarget",
      "name" : "HSUIKit",
      "path" : "Sources/HSUIKit",
      "product_memberships" : [
        "HSUIKit"
      ],
      "sources" : [
        "Types/ColorCompatibility.swift",
        "UIAlertController+HS.swift",
        "UIBarButtonItem+HS.swift",
        "UIButton+HS.swift",
        "UIColor+HS.swift",
        "UIDevice+HS.swift",
        "UIEdgeInsets+HS.swift",
        "UIFont+HS.swift",
        "UIImageView+HS.swift",
        "UILabel+HS.swift",
        "UIStackView+HS.swift",
        "UITextView+HS.swift",
        "UIUserInterfaceIdiom+HS.swift",
        "UIView+HS.swift",
        "UIViewController+Alert.swift",
        "UIViewController+Email.swift",
        "UIViewController+HS.swift",
        "UIViewController+Preview.swift",
        "UIViewController+Safari.swift",
        "UIViewController+Share.swift"
      ],
      "target_dependencies" : [
        "HSHelpers"
      ],
      "type" : "library"
    },
    {
      "c99name" : "HSTime",
      "module_type" : "SwiftTarget",
      "name" : "HSTime",
      "path" : "Sources/HSTime",
      "product_dependencies" : [
        "Time"
      ],
      "product_memberships" : [
        "HSTime"
      ],
      "sources" : [
        "Time+HS.swift"
      ],
      "type" : "library"
    },
    {
      "c99name" : "HSHelpersTests",
      "module_type" : "SwiftTarget",
      "name" : "HSHelpersTests",
      "path" : "Tests/HSHelpersTests",
      "sources" : [
        "FloatConvertibleTests.swift",
        "PublishedCodeableTests.swift",
        "StringTests.swift",
        "URLComponentsTests.swift"
      ],
      "target_dependencies" : [
        "HSHelpers"
      ],
      "type" : "test"
    },
    {
      "c99name" : "HSHelpers",
      "module_type" : "SwiftTarget",
      "name" : "HSHelpers",
      "path" : "Sources/HSHelpers",
      "product_memberships" : [
        "HSHelpers",
        "HSAppKit",
        "HSUIKit"
      ],
      "sources" : [
        "AnyHashable+HS.swift",
        "Array+HS.swift",
        "Bundle+HS.swift",
        "CGColor+HS.swift",
        "CGImage+HS.swift",
        "CGImageSource+HS.swift",
        "CGRect+HS.swift",
        "ClosedRange+HS.swift",
        "Comparable+clamp.swift",
        "Data+HS.swift",
        "Data+MD5.swift",
        "Date+HS.swift",
        "DispatchQueue+HS.swift",
        "Equatable.swift",
        "FileManager+HS.swift",
        "FloatConvertible.swift",
        "Int.swift",
        "JSONEncoder+HS.swift",
        "NSMutableAttributedString+HS.swift",
        "NSRegularExpression+HS.swift",
        "NSTextCheckingResult+HS.swift",
        "Number+PositiveModulus.swift",
        "Optional+HS.swift",
        "PlatformValues.swift",
        "Published+Codable.swift",
        "Result+HS.swift",
        "SKError+HS.swift",
        "SKProduct+HS.swift",
        "String+HS.swift",
        "String+MD5.swift",
        "Types/Aliases.swift",
        "Types/Build.swift",
        "Types/Filetypes.swift",
        "Types/HSColor+SwiftUI.swift",
        "Types/HSColour.swift",
        "Types/HSImage.swift",
        "Types/RuntimeWarning.swift",
        "Types/ThreadsafeArray.swift",
        "Types/ThreadsafeDict.swift",
        "Types/Vectors.swift",
        "Types/WeakTimer.swift",
        "URL+HS.swift",
        "URLComponents+HS.swift",
        "WKWebView+HS.swift"
      ],
      "type" : "library"
    },
    {
      "c99name" : "HSAppKit",
      "module_type" : "SwiftTarget",
      "name" : "HSAppKit",
      "path" : "Sources/HSAppKit",
      "product_memberships" : [
        "HSAppKit"
      ],
      "sources" : [
        "CGDirectDisplayID+HS.swift",
        "HoverView.swift",
        "NSAlert+HS.swift",
        "NSButton+HS.swift",
        "NSDocument+SaveCompletion.swift",
        "NSGraphicsContext+HS.swift",
        "NSImage+HS.swift",
        "NSScreen+HS.swift",
        "NSView+HS.swift",
        "NSView+NibLoadable.swift",
        "NSViewController+HS.swift",
        "NSWindow+HS.swift",
        "PresentedNSViewController.swift"
      ],
      "target_dependencies" : [
        "HSHelpers"
      ],
      "type" : "library"
    }
  ],
  "tools_version" : "5.2"
}
{
  "workspace" : {
    "name" : "HSHelpers",
    "schemes" : [
      "HSAppKit",
      "HSHelpers",
      "HSHelpers-Package",
      "HSTime",
      "HSUIKit"
    ]
  }
}
2026-09-22 13:22:14.146 xcodebuild[876:5342] [MT] IDERunDestination: Supported platforms for the buildables in the current scheme is empty.
2026-09-22 13:22:14.246 xcodebuild[876:5342] [MT] IDERunDestination: Supported platforms for the buildables in the current scheme is empty.
Running build ...
env DEVELOPER_DIR=/Applications/Xcode-27.0.0-Release.Candidate.app xcrun xcodebuild -IDEClonedSourcePackagesDirPathOverride=$PWD/.dependencies -skipMacroValidation -skipPackagePluginValidation -derivedDataPath $PWD/.derivedData build -scheme HSHelpers-Package -destination generic/platform=watchOS
Command line invocation:
    /Applications/Xcode-27.0.0-Release.Candidate.app/Contents/Developer/usr/bin/xcodebuild -IDEClonedSourcePackagesDirPathOverride=/Users/admin/builder/spi-builder-workspace/.dependencies -skipMacroValidation -skipPackagePluginValidation -derivedDataPath /Users/admin/builder/spi-builder-workspace/.derivedData build -scheme HSHelpers-Package -destination generic/platform=watchOS
Resolve Package Graph
Resolved source packages:
  HSHelpers: /Users/admin/builder/spi-builder-workspace
  Time: https://github.com/dreymonde/Time.git @ 1.1.0
ComputePackagePrebuildTargetDependencyGraph
Prepare packages
CreateBuildRequest
SendProjectDescription
CreateBuildOperation
ComputeTargetDependencyGraph
note: Building targets in dependency order
note: Target dependency graph (10 targets)
    Target 'HSTime-product' in project 'HSHelpers'
        ➜ Explicit dependency on target 'HSTime' in project 'HSHelpers'
        ➜ Explicit dependency on target 'Time-product' in project 'Time'
    Target 'HSTime' in project 'HSHelpers'
        ➜ Explicit dependency on target 'Time-product' in project 'Time'
    Target 'Time-product' in project 'Time'
        ➜ Explicit dependency on target 'Time' in project 'Time'
    Target 'Time' in project 'Time' (no dependencies)
    Target 'HSUIKit-product' in project 'HSHelpers'
        ➜ Explicit dependency on target 'HSUIKit' in project 'HSHelpers'
        ➜ Explicit dependency on target 'HSHelpers' in project 'HSHelpers'
    Target 'HSUIKit' in project 'HSHelpers'
        ➜ Explicit dependency on target 'HSHelpers' in project 'HSHelpers'
    Target 'HSAppKit-product' in project 'HSHelpers'
        ➜ Explicit dependency on target 'HSAppKit' in project 'HSHelpers'
        ➜ Explicit dependency on target 'HSHelpers' in project 'HSHelpers'
    Target 'HSAppKit' in project 'HSHelpers'
        ➜ Explicit dependency on target 'HSHelpers' in project 'HSHelpers'
    Target 'HSHelpers-product' in project 'HSHelpers'
        ➜ Explicit dependency on target 'HSHelpers' in project 'HSHelpers'
    Target 'HSHelpers' in project 'HSHelpers' (no dependencies)
GatherProvisioningInputs
CreateBuildDescription
ClangStatCache /Applications/Xcode-27.0.0-Release.Candidate.app/Contents/Developer/Toolchains/XcodeDefault.xctoolchain/usr/bin/clang-stat-cache /Applications/Xcode-27.0.0-Release.Candidate.app/Contents/Developer/Platforms/WatchOS.platform/Developer/SDKs/WatchOS27.0.sdk /Users/admin/builder/spi-builder-workspace/.derivedData/SDKStatCaches.noindex/watchos27.0-24R360-e829b21a6f8c9b70876ba0858053c04477534ef55a1706bf4c1112bbb242f0a2.sdkstatcache
    cd /Users/admin/builder/spi-builder-workspace/.swiftpm/xcode
    /Applications/Xcode-27.0.0-Release.Candidate.app/Contents/Developer/Toolchains/XcodeDefault.xctoolchain/usr/bin/clang-stat-cache /Applications/Xcode-27.0.0-Release.Candidate.app/Contents/Developer/Platforms/WatchOS.platform/Developer/SDKs/WatchOS27.0.sdk -o /Users/admin/builder/spi-builder-workspace/.derivedData/SDKStatCaches.noindex/watchos27.0-24R360-e829b21a6f8c9b70876ba0858053c04477534ef55a1706bf4c1112bbb242f0a2.sdkstatcache
SwiftDriver HSHelpers normal arm64_32 com.apple.xcode.tools.swift.compiler (in target 'HSHelpers' from project 'HSHelpers')
    cd /Users/admin/builder/spi-builder-workspace/.swiftpm/xcode
    builtin-SwiftDriver -- /Applications/Xcode-27.0.0-Release.Candidate.app/Contents/Developer/Toolchains/XcodeDefault.xctoolchain/usr/bin/swiftc -parse-as-library -module-name HSHelpers -Onone @/Users/admin/builder/spi-builder-workspace/.derivedData/Build/Intermediates.noindex/HSHelpers.build/Debug-watchos/HSHelpers-t.build/Objects-normal/arm64_32/HSHelpers.SwiftFileList -DSWIFT_PACKAGE -DDEBUG -DSWIFT_MODULE_RESOURCE_BUNDLE_UNAVAILABLE -DXcode -plugin-path /Applications/Xcode-27.0.0-Release.Candidate.app/Contents/Developer/Toolchains/XcodeDefault.xctoolchain/usr/lib/swift/host/plugins/testing -enable-experimental-feature DebugDescriptionMacro -sdk /Applications/Xcode-27.0.0-Release.Candidate.app/Contents/Developer/Platforms/WatchOS.platform/Developer/SDKs/WatchOS27.0.sdk -target arm64_32-apple-watchos9.0 -g -module-cache-path /Users/admin/builder/spi-builder-workspace/.derivedData/ModuleCache.noindex -Xfrontend -serialize-debugging-options -profile-coverage-mapping -profile-generate -enable-testing -index-store-path /Users/admin/builder/spi-builder-workspace/.derivedData/Index.noindex/DataStore -Xcc -D_LIBCPP_HARDENING_MODE\=_LIBCPP_HARDENING_MODE_DEBUG -swift-version 5 -I /Users/admin/builder/spi-builder-workspace/.derivedData/Build/Products/Debug-watchos -Isystem /Applications/Xcode-27.0.0-Release.Candidate.app/Contents/Developer/Platforms/WatchOS.platform/Developer/usr/lib -F /Users/admin/builder/spi-builder-workspace/.derivedData/Build/Products/Debug-watchos -F /Applications/Xcode-27.0.0-Release.Candidate.app/Contents/Developer/Platforms/WatchOS.platform/Developer/Library/Frameworks -F /Applications/Xcode-27.0.0-Release.Candidate.app/Contents/Developer/Platforms/WatchOS.platform/Developer/SDKs/WatchOS27.0.sdk/Developer/Library/Frameworks -c -j10 -enable-batch-mode -incremental -Xcc -ivfsstatcache -Xcc /Users/admin/builder/spi-builder-workspace/.derivedData/SDKStatCaches.noindex/watchos27.0-24R360-e829b21a6f8c9b70876ba0858053c04477534ef55a1706bf4c1112bbb242f0a2.sdkstatcache -output-file-map /Users/admin/builder/spi-builder-workspace/.derivedData/Build/Intermediates.noindex/HSHelpers.build/Debug-watchos/HSHelpers-t.build/Objects-normal/arm64_32/HSHelpers-OutputFileMap.json -save-temps -no-color-diagnostics -explicit-module-build -module-cache-path /Users/admin/builder/spi-builder-workspace/.derivedData/Build/Intermediates.noindex/SwiftExplicitPrecompiledModules -clang-scanner-module-cache-path /Users/admin/builder/spi-builder-workspace/.derivedData/ModuleCache.noindex -sdk-module-cache-path /Users/admin/builder/spi-builder-workspace/.derivedData/SDKExplicitPrecompiledModules -emit-dependencies -emit-module -emit-module-path /Users/admin/builder/spi-builder-workspace/.derivedData/Build/Intermediates.noindex/HSHelpers.build/Debug-watchos/HSHelpers-t.build/Objects-normal/arm64_32/HSHelpers.swiftmodule -serialize-diagnostics -dependency-scan-serialize-diagnostics-path /Users/admin/builder/spi-builder-workspace/.derivedData/Build/Intermediates.noindex/HSHelpers.build/Debug-watchos/HSHelpers-t.build/Objects-normal/arm64_32/HSHelpers-dependency-scan.dia -validate-clang-modules-once -clang-build-session-file /Users/admin/builder/spi-builder-workspace/.derivedData/ModuleCache.noindex/Session.modulevalidation -Xcc -fmodules-prune-interval\=86400 -Xcc -fmodules-prune-after\=345600 -emit-const-values -const-gather-protocols-list /Users/admin/builder/spi-builder-workspace/.derivedData/Build/Intermediates.noindex/HSHelpers.build/Debug-watchos/HSHelpers-t.build/Objects-normal/arm64_32/HSHelpers_const_extract_protocols.json -Xcc -I/Users/admin/builder/spi-builder-workspace/.derivedData/Build/Products/Debug-watchos/include -Xcc -I/Users/admin/builder/spi-builder-workspace/.derivedData/Build/Intermediates.noindex/HSHelpers.build/Debug-watchos/HSHelpers-t.build/DerivedSources-normal/arm64_32 -Xcc -I/Users/admin/builder/spi-builder-workspace/.derivedData/Build/Intermediates.noindex/HSHelpers.build/Debug-watchos/HSHelpers-t.build/DerivedSources/arm64_32 -Xcc -I/Users/admin/builder/spi-builder-workspace/.derivedData/Build/Intermediates.noindex/HSHelpers.build/Debug-watchos/HSHelpers-t.build/DerivedSources -Xcc -DSWIFT_PACKAGE -Xcc -DDEBUG\=1 -emit-objc-header -emit-objc-header-path /Users/admin/builder/spi-builder-workspace/.derivedData/Build/Intermediates.noindex/HSHelpers.build/Debug-watchos/HSHelpers-t.build/Objects-normal/arm64_32/HSHelpers-Swift.h -working-directory /Users/admin/builder/spi-builder-workspace/.swiftpm/xcode -experimental-emit-module-separately -disable-cmo
SwiftDriver HSHelpers normal arm64 com.apple.xcode.tools.swift.compiler (in target 'HSHelpers' from project 'HSHelpers')
    cd /Users/admin/builder/spi-builder-workspace/.swiftpm/xcode
    builtin-SwiftDriver -- /Applications/Xcode-27.0.0-Release.Candidate.app/Contents/Developer/Toolchains/XcodeDefault.xctoolchain/usr/bin/swiftc -parse-as-library -module-name HSHelpers -Onone @/Users/admin/builder/spi-builder-workspace/.derivedData/Build/Intermediates.noindex/HSHelpers.build/Debug-watchos/HSHelpers-t.build/Objects-normal/arm64/HSHelpers.SwiftFileList -DSWIFT_PACKAGE -DDEBUG -DSWIFT_MODULE_RESOURCE_BUNDLE_UNAVAILABLE -DXcode -plugin-path /Applications/Xcode-27.0.0-Release.Candidate.app/Contents/Developer/Toolchains/XcodeDefault.xctoolchain/usr/lib/swift/host/plugins/testing -enable-experimental-feature DebugDescriptionMacro -sdk /Applications/Xcode-27.0.0-Release.Candidate.app/Contents/Developer/Platforms/WatchOS.platform/Developer/SDKs/WatchOS27.0.sdk -target arm64-apple-watchos9.0 -g -module-cache-path /Users/admin/builder/spi-builder-workspace/.derivedData/ModuleCache.noindex -Xfrontend -serialize-debugging-options -profile-coverage-mapping -profile-generate -enable-testing -index-store-path /Users/admin/builder/spi-builder-workspace/.derivedData/Index.noindex/DataStore -Xcc -D_LIBCPP_HARDENING_MODE\=_LIBCPP_HARDENING_MODE_DEBUG -swift-version 5 -I /Users/admin/builder/spi-builder-workspace/.derivedData/Build/Products/Debug-watchos -Isystem /Applications/Xcode-27.0.0-Release.Candidate.app/Contents/Developer/Platforms/WatchOS.platform/Developer/usr/lib -F /Users/admin/builder/spi-builder-workspace/.derivedData/Build/Products/Debug-watchos -F /Applications/Xcode-27.0.0-Release.Candidate.app/Contents/Developer/Platforms/WatchOS.platform/Developer/Library/Frameworks -F /Applications/Xcode-27.0.0-Release.Candidate.app/Contents/Developer/Platforms/WatchOS.platform/Developer/SDKs/WatchOS27.0.sdk/Developer/Library/Frameworks -c -j10 -enable-batch-mode -incremental -Xcc -ivfsstatcache -Xcc /Users/admin/builder/spi-builder-workspace/.derivedData/SDKStatCaches.noindex/watchos27.0-24R360-e829b21a6f8c9b70876ba0858053c04477534ef55a1706bf4c1112bbb242f0a2.sdkstatcache -output-file-map /Users/admin/builder/spi-builder-workspace/.derivedData/Build/Intermediates.noindex/HSHelpers.build/Debug-watchos/HSHelpers-t.build/Objects-normal/arm64/HSHelpers-OutputFileMap.json -save-temps -no-color-diagnostics -explicit-module-build -module-cache-path /Users/admin/builder/spi-builder-workspace/.derivedData/Build/Intermediates.noindex/SwiftExplicitPrecompiledModules -clang-scanner-module-cache-path /Users/admin/builder/spi-builder-workspace/.derivedData/ModuleCache.noindex -sdk-module-cache-path /Users/admin/builder/spi-builder-workspace/.derivedData/SDKExplicitPrecompiledModules -emit-dependencies -emit-module -emit-module-path /Users/admin/builder/spi-builder-workspace/.derivedData/Build/Intermediates.noindex/HSHelpers.build/Debug-watchos/HSHelpers-t.build/Objects-normal/arm64/HSHelpers.swiftmodule -serialize-diagnostics -dependency-scan-serialize-diagnostics-path /Users/admin/builder/spi-builder-workspace/.derivedData/Build/Intermediates.noindex/HSHelpers.build/Debug-watchos/HSHelpers-t.build/Objects-normal/arm64/HSHelpers-dependency-scan.dia -validate-clang-modules-once -clang-build-session-file /Users/admin/builder/spi-builder-workspace/.derivedData/ModuleCache.noindex/Session.modulevalidation -Xcc -fmodules-prune-interval\=86400 -Xcc -fmodules-prune-after\=345600 -emit-const-values -const-gather-protocols-list /Users/admin/builder/spi-builder-workspace/.derivedData/Build/Intermediates.noindex/HSHelpers.build/Debug-watchos/HSHelpers-t.build/Objects-normal/arm64/HSHelpers_const_extract_protocols.json -Xcc -I/Users/admin/builder/spi-builder-workspace/.derivedData/Build/Products/Debug-watchos/include -Xcc -I/Users/admin/builder/spi-builder-workspace/.derivedData/Build/Intermediates.noindex/HSHelpers.build/Debug-watchos/HSHelpers-t.build/DerivedSources-normal/arm64 -Xcc -I/Users/admin/builder/spi-builder-workspace/.derivedData/Build/Intermediates.noindex/HSHelpers.build/Debug-watchos/HSHelpers-t.build/DerivedSources/arm64 -Xcc -I/Users/admin/builder/spi-builder-workspace/.derivedData/Build/Intermediates.noindex/HSHelpers.build/Debug-watchos/HSHelpers-t.build/DerivedSources -Xcc -DSWIFT_PACKAGE -Xcc -DDEBUG\=1 -emit-objc-header -emit-objc-header-path /Users/admin/builder/spi-builder-workspace/.derivedData/Build/Intermediates.noindex/HSHelpers.build/Debug-watchos/HSHelpers-t.build/Objects-normal/arm64/HSHelpers-Swift.h -working-directory /Users/admin/builder/spi-builder-workspace/.swiftpm/xcode -experimental-emit-module-separately -disable-cmo
SwiftEmitModule normal arm64_32 Emitting\ module\ for\ HSHelpers (in target 'HSHelpers' from project 'HSHelpers')
/Users/admin/builder/spi-builder-workspace/Sources/HSHelpers/Published+Codable.swift:14:1: warning: extension declares a conformance of imported type 'Published' to imported protocol 'Decodable'; this will not behave correctly if the owners of 'Combine' introduce this conformance in the future
12 |
13 | @available(macOS 10.15,iOS 13.0,tvOS 13.0, *)
14 | extension Published: Decodable where Value: Decodable {
   | |- warning: extension declares a conformance of imported type 'Published' to imported protocol 'Decodable'; this will not behave correctly if the owners of 'Combine' introduce this conformance in the future
   | `- note: add '@retroactive' to silence this warning
15 |     public init(from decoder: Decoder) throws {
16 |         let decoded = try Value(from: decoder)
/Users/admin/builder/spi-builder-workspace/Sources/HSHelpers/Published+Codable.swift:22:1: warning: extension declares a conformance of imported type 'Published' to imported protocol 'Encodable'; this will not behave correctly if the owners of 'Combine' introduce this conformance in the future
20 |
21 | @available(macOS 10.15,iOS 13.0,tvOS 13.0, *)
22 | extension Published: Encodable where Value: Encodable {
   | |- warning: extension declares a conformance of imported type 'Published' to imported protocol 'Encodable'; this will not behave correctly if the owners of 'Combine' introduce this conformance in the future
   | `- note: add '@retroactive' to silence this warning
23 |     public func encode(to encoder: Encoder) throws {
24 |         try unofficialValue.encode(to: encoder)
/Users/admin/builder/spi-builder-workspace/Sources/HSHelpers/Types/HSColor+SwiftUI.swift:34:40: error: 'label' is unavailable in watchOS
32 | @available(iOS 15.0,macOS 12.0, tvOS 15.0,*)
33 | public extension Color {
34 |     static let label = Color(hsColor: .label)
   |                                        `- error: 'label' is unavailable in watchOS
35 |     static let secondaryLabel = Color(hsColor: .secondaryLabel)
36 |     static let tertiaryLabel = Color(hsColor: .tertiaryLabel)
/Applications/Xcode-27.0.0-Release.Candidate.app/Contents/Developer/Platforms/WatchOS.platform/Developer/SDKs/WatchOS27.0.sdk/System/Library/Frameworks/UIKit.framework/Headers/UIInterface.h:171:49: note: 'label' has been explicitly marked unavailable here
169 | /* Foreground colors for static text and related elements.
170 |  */
171 | @property (class, nonatomic, readonly) UIColor *labelColor              API_AVAILABLE(ios(13.0), tvos(13.0)) API_UNAVAILABLE(watchos);
    |                                                 `- note: 'label' has been explicitly marked unavailable here
172 | @property (class, nonatomic, readonly) UIColor *secondaryLabelColor     API_AVAILABLE(ios(13.0), tvos(13.0)) API_UNAVAILABLE(watchos);
173 | @property (class, nonatomic, readonly) UIColor *tertiaryLabelColor      API_AVAILABLE(ios(13.0), tvos(13.0)) API_UNAVAILABLE(watchos);
/Users/admin/builder/spi-builder-workspace/Sources/HSHelpers/Types/HSColor+SwiftUI.swift:35:49: error: 'secondaryLabel' is unavailable in watchOS
33 | public extension Color {
34 |     static let label = Color(hsColor: .label)
35 |     static let secondaryLabel = Color(hsColor: .secondaryLabel)
   |                                                 `- error: 'secondaryLabel' is unavailable in watchOS
36 |     static let tertiaryLabel = Color(hsColor: .tertiaryLabel)
37 |     static let quaternaryLabel = Color(hsColor: .quaternaryLabel)
/Applications/Xcode-27.0.0-Release.Candidate.app/Contents/Developer/Platforms/WatchOS.platform/Developer/SDKs/WatchOS27.0.sdk/System/Library/Frameworks/UIKit.framework/Headers/UIInterface.h:172:49: note: 'secondaryLabel' has been explicitly marked unavailable here
170 |  */
171 | @property (class, nonatomic, readonly) UIColor *labelColor              API_AVAILABLE(ios(13.0), tvos(13.0)) API_UNAVAILABLE(watchos);
172 | @property (class, nonatomic, readonly) UIColor *secondaryLabelColor     API_AVAILABLE(ios(13.0), tvos(13.0)) API_UNAVAILABLE(watchos);
    |                                                 `- note: 'secondaryLabel' has been explicitly marked unavailable here
173 | @property (class, nonatomic, readonly) UIColor *tertiaryLabelColor      API_AVAILABLE(ios(13.0), tvos(13.0)) API_UNAVAILABLE(watchos);
174 | @property (class, nonatomic, readonly) UIColor *quaternaryLabelColor    API_AVAILABLE(ios(13.0), tvos(13.0)) API_UNAVAILABLE(watchos);
/Users/admin/builder/spi-builder-workspace/Sources/HSHelpers/Types/HSColor+SwiftUI.swift:36:48: error: 'tertiaryLabel' is unavailable in watchOS
34 |     static let label = Color(hsColor: .label)
35 |     static let secondaryLabel = Color(hsColor: .secondaryLabel)
36 |     static let tertiaryLabel = Color(hsColor: .tertiaryLabel)
   |                                                `- error: 'tertiaryLabel' is unavailable in watchOS
37 |     static let quaternaryLabel = Color(hsColor: .quaternaryLabel)
38 |     static let placeholderText = Color(hsColor: .placeholderText)
/Applications/Xcode-27.0.0-Release.Candidate.app/Contents/Developer/Platforms/WatchOS.platform/Developer/SDKs/WatchOS27.0.sdk/System/Library/Frameworks/UIKit.framework/Headers/UIInterface.h:173:49: note: 'tertiaryLabel' has been explicitly marked unavailable here
171 | @property (class, nonatomic, readonly) UIColor *labelColor              API_AVAILABLE(ios(13.0), tvos(13.0)) API_UNAVAILABLE(watchos);
172 | @property (class, nonatomic, readonly) UIColor *secondaryLabelColor     API_AVAILABLE(ios(13.0), tvos(13.0)) API_UNAVAILABLE(watchos);
173 | @property (class, nonatomic, readonly) UIColor *tertiaryLabelColor      API_AVAILABLE(ios(13.0), tvos(13.0)) API_UNAVAILABLE(watchos);
    |                                                 `- note: 'tertiaryLabel' has been explicitly marked unavailable here
174 | @property (class, nonatomic, readonly) UIColor *quaternaryLabelColor    API_AVAILABLE(ios(13.0), tvos(13.0)) API_UNAVAILABLE(watchos);
175 |
/Users/admin/builder/spi-builder-workspace/Sources/HSHelpers/Types/HSColor+SwiftUI.swift:37:50: error: 'quaternaryLabel' is unavailable in watchOS
35 |     static let secondaryLabel = Color(hsColor: .secondaryLabel)
36 |     static let tertiaryLabel = Color(hsColor: .tertiaryLabel)
37 |     static let quaternaryLabel = Color(hsColor: .quaternaryLabel)
   |                                                  `- error: 'quaternaryLabel' is unavailable in watchOS
38 |     static let placeholderText = Color(hsColor: .placeholderText)
39 |     static let separator = Color(hsColor: .separator)
/Applications/Xcode-27.0.0-Release.Candidate.app/Contents/Developer/Platforms/WatchOS.platform/Developer/SDKs/WatchOS27.0.sdk/System/Library/Frameworks/UIKit.framework/Headers/UIInterface.h:174:49: note: 'quaternaryLabel' has been explicitly marked unavailable here
172 | @property (class, nonatomic, readonly) UIColor *secondaryLabelColor     API_AVAILABLE(ios(13.0), tvos(13.0)) API_UNAVAILABLE(watchos);
173 | @property (class, nonatomic, readonly) UIColor *tertiaryLabelColor      API_AVAILABLE(ios(13.0), tvos(13.0)) API_UNAVAILABLE(watchos);
174 | @property (class, nonatomic, readonly) UIColor *quaternaryLabelColor    API_AVAILABLE(ios(13.0), tvos(13.0)) API_UNAVAILABLE(watchos);
    |                                                 `- note: 'quaternaryLabel' has been explicitly marked unavailable here
175 |
176 | /* Foreground color for standard system links.
/Users/admin/builder/spi-builder-workspace/Sources/HSHelpers/Types/HSColor+SwiftUI.swift:38:50: error: 'placeholderText' is unavailable in watchOS
36 |     static let tertiaryLabel = Color(hsColor: .tertiaryLabel)
37 |     static let quaternaryLabel = Color(hsColor: .quaternaryLabel)
38 |     static let placeholderText = Color(hsColor: .placeholderText)
   |                                                  `- error: 'placeholderText' is unavailable in watchOS
39 |     static let separator = Color(hsColor: .separator)
40 |     static let link = Color(hsColor:.link)
/Applications/Xcode-27.0.0-Release.Candidate.app/Contents/Developer/Platforms/WatchOS.platform/Developer/SDKs/WatchOS27.0.sdk/System/Library/Frameworks/UIKit.framework/Headers/UIInterface.h:182:49: note: 'placeholderText' has been explicitly marked unavailable here
180 | /* Foreground color for placeholder text in controls or text fields or text views.
181 |  */
182 | @property (class, nonatomic, readonly) UIColor *placeholderTextColor    API_AVAILABLE(ios(13.0), tvos(13.0)) API_UNAVAILABLE(watchos);
    |                                                 `- note: 'placeholderText' has been explicitly marked unavailable here
183 |
184 | /* Foreground colors for separators (thin border or divider lines).
/Users/admin/builder/spi-builder-workspace/Sources/HSHelpers/Types/HSColor+SwiftUI.swift:39:44: error: 'separator' is unavailable in watchOS
37 |     static let quaternaryLabel = Color(hsColor: .quaternaryLabel)
38 |     static let placeholderText = Color(hsColor: .placeholderText)
39 |     static let separator = Color(hsColor: .separator)
   |                                            `- error: 'separator' is unavailable in watchOS
40 |     static let link = Color(hsColor:.link)
41 |
/Applications/Xcode-27.0.0-Release.Candidate.app/Contents/Developer/Platforms/WatchOS.platform/Developer/SDKs/WatchOS27.0.sdk/System/Library/Frameworks/UIKit.framework/Headers/UIInterface.h:189:49: note: 'separator' has been explicitly marked unavailable here
187 |  * completely cover anything behind it. Depending on the situation, you may need one or the other.
188 |  */
189 | @property (class, nonatomic, readonly) UIColor *separatorColor          API_AVAILABLE(ios(13.0), tvos(13.0)) API_UNAVAILABLE(watchos);
    |                                                 `- note: 'separator' has been explicitly marked unavailable here
190 | @property (class, nonatomic, readonly) UIColor *opaqueSeparatorColor    API_AVAILABLE(ios(13.0), tvos(13.0)) API_UNAVAILABLE(watchos);
191 |
/Users/admin/builder/spi-builder-workspace/Sources/HSHelpers/Types/HSColor+SwiftUI.swift:40:38: error: 'link' is unavailable in watchOS
38 |     static let placeholderText = Color(hsColor: .placeholderText)
39 |     static let separator = Color(hsColor: .separator)
40 |     static let link = Color(hsColor:.link)
   |                                      `- error: 'link' is unavailable in watchOS
41 |
42 |
/Applications/Xcode-27.0.0-Release.Candidate.app/Contents/Developer/Platforms/WatchOS.platform/Developer/SDKs/WatchOS27.0.sdk/System/Library/Frameworks/UIKit.framework/Headers/UIInterface.h:178:49: note: 'link' has been explicitly marked unavailable here
176 | /* Foreground color for standard system links.
177 |  */
178 | @property (class, nonatomic, readonly) UIColor *linkColor               API_AVAILABLE(ios(13.0), tvos(13.0)) API_UNAVAILABLE(watchos);
    |                                                 `- note: 'link' has been explicitly marked unavailable here
179 |
180 | /* Foreground color for placeholder text in controls or text fields or text views.
/Users/admin/builder/spi-builder-workspace/Sources/HSHelpers/Types/HSColor+SwiftUI.swift:44:50: error: 'systemBackground' is unavailable in watchOS
42 |
43 |     #if !os(tvOS)
44 |     static let systemBackground = Color(hsColor:.systemBackground)
   |                                                  `- error: 'systemBackground' is unavailable in watchOS
45 |     static let secondarySystemBackground = Color(hsColor:.secondarySystemBackground)
46 |
/Applications/Xcode-27.0.0-Release.Candidate.app/Contents/Developer/Platforms/WatchOS.platform/Developer/SDKs/WatchOS27.0.sdk/System/Library/Frameworks/UIKit.framework/Headers/UIInterface.h:208:49: note: 'systemBackground' has been explicitly marked unavailable here
206 |  *    primary background in light mode.
207 |  */
208 | @property (class, nonatomic, readonly) UIColor *systemBackgroundColor                   API_AVAILABLE(ios(13.0)) API_UNAVAILABLE(tvos, watchos);
    |                                                 `- note: 'systemBackground' has been explicitly marked unavailable here
209 | @property (class, nonatomic, readonly) UIColor *secondarySystemBackgroundColor          API_AVAILABLE(ios(13.0)) API_UNAVAILABLE(tvos, watchos);
210 | @property (class, nonatomic, readonly) UIColor *tertiarySystemBackgroundColor           API_AVAILABLE(ios(13.0)) API_UNAVAILABLE(tvos, watchos);
/Users/admin/builder/spi-builder-workspace/Sources/HSHelpers/Types/HSColor+SwiftUI.swift:45:59: error: 'secondarySystemBackground' is unavailable in watchOS
43 |     #if !os(tvOS)
44 |     static let systemBackground = Color(hsColor:.systemBackground)
45 |     static let secondarySystemBackground = Color(hsColor:.secondarySystemBackground)
   |                                                           `- error: 'secondarySystemBackground' is unavailable in watchOS
46 |
47 |     static let systemGray = Color(hsColor:.systemGray)
/Applications/Xcode-27.0.0-Release.Candidate.app/Contents/Developer/Platforms/WatchOS.platform/Developer/SDKs/WatchOS27.0.sdk/System/Library/Frameworks/UIKit.framework/Headers/UIInterface.h:209:49: note: 'secondarySystemBackground' has been explicitly marked unavailable here
207 |  */
208 | @property (class, nonatomic, readonly) UIColor *systemBackgroundColor                   API_AVAILABLE(ios(13.0)) API_UNAVAILABLE(tvos, watchos);
209 | @property (class, nonatomic, readonly) UIColor *secondarySystemBackgroundColor          API_AVAILABLE(ios(13.0)) API_UNAVAILABLE(tvos, watchos);
    |                                                 `- note: 'secondarySystemBackground' has been explicitly marked unavailable here
210 | @property (class, nonatomic, readonly) UIColor *tertiarySystemBackgroundColor           API_AVAILABLE(ios(13.0)) API_UNAVAILABLE(tvos, watchos);
211 |
/Users/admin/builder/spi-builder-workspace/Sources/HSHelpers/Types/HSColor+SwiftUI.swift:47:44: error: 'systemGray' is unavailable in watchOS
45 |     static let secondarySystemBackground = Color(hsColor:.secondarySystemBackground)
46 |
47 |     static let systemGray = Color(hsColor:.systemGray)
   |                                            `- error: 'systemGray' is unavailable in watchOS
48 |     static let systemGray2  = Color(hsColor:.systemGray2)
49 |     static let systemGray3 = Color(hsColor:.systemGray3)
/Applications/Xcode-27.0.0-Release.Candidate.app/Contents/Developer/Platforms/WatchOS.platform/Developer/SDKs/WatchOS27.0.sdk/System/Library/Frameworks/UIKit.framework/Headers/UIInterface.h:136:49: note: 'systemGray' has been explicitly marked unavailable here
134 | /* Shades of gray. systemGray is the base gray color.
135 |  */
136 | @property (class, nonatomic, readonly) UIColor *systemGrayColor         API_AVAILABLE(ios(7.0), tvos(9.0)) API_UNAVAILABLE(watchos);
    |                                                 `- note: 'systemGray' has been explicitly marked unavailable here
137 |
138 | /* The numbered variations, systemGray2 through systemGray6, are grays which increasingly
/Users/admin/builder/spi-builder-workspace/Sources/HSHelpers/Types/HSColor+SwiftUI.swift:48:46: error: 'systemGray2' is unavailable in watchOS
46 |
47 |     static let systemGray = Color(hsColor:.systemGray)
48 |     static let systemGray2  = Color(hsColor:.systemGray2)
   |                                              `- error: 'systemGray2' is unavailable in watchOS
49 |     static let systemGray3 = Color(hsColor:.systemGray3)
50 |     static let systemGray4  = Color(hsColor:.systemGray4)
/Applications/Xcode-27.0.0-Release.Candidate.app/Contents/Developer/Platforms/WatchOS.platform/Developer/SDKs/WatchOS27.0.sdk/System/Library/Frameworks/UIKit.framework/Headers/UIInterface.h:146:49: note: 'systemGray2' has been explicitly marked unavailable here
144 |  *                               systemGray3 is darker than that, and so on.
145 |  */
146 | @property (class, nonatomic, readonly) UIColor *systemGray2Color        API_AVAILABLE(ios(13.0)) API_UNAVAILABLE(tvos, watchos);
    |                                                 `- note: 'systemGray2' has been explicitly marked unavailable here
147 | @property (class, nonatomic, readonly) UIColor *systemGray3Color        API_AVAILABLE(ios(13.0)) API_UNAVAILABLE(tvos, watchos);
148 | @property (class, nonatomic, readonly) UIColor *systemGray4Color        API_AVAILABLE(ios(13.0)) API_UNAVAILABLE(tvos, watchos);
/Users/admin/builder/spi-builder-workspace/Sources/HSHelpers/Types/HSColor+SwiftUI.swift:49:45: error: 'systemGray3' is unavailable in watchOS
47 |     static let systemGray = Color(hsColor:.systemGray)
48 |     static let systemGray2  = Color(hsColor:.systemGray2)
49 |     static let systemGray3 = Color(hsColor:.systemGray3)
   |                                             `- error: 'systemGray3' is unavailable in watchOS
50 |     static let systemGray4  = Color(hsColor:.systemGray4)
51 |     static let systemGray5  = Color(hsColor:.systemGray5)
/Applications/Xcode-27.0.0-Release.Candidate.app/Contents/Developer/Platforms/WatchOS.platform/Developer/SDKs/WatchOS27.0.sdk/System/Library/Frameworks/UIKit.framework/Headers/UIInterface.h:147:49: note: 'systemGray3' has been explicitly marked unavailable here
145 |  */
146 | @property (class, nonatomic, readonly) UIColor *systemGray2Color        API_AVAILABLE(ios(13.0)) API_UNAVAILABLE(tvos, watchos);
147 | @property (class, nonatomic, readonly) UIColor *systemGray3Color        API_AVAILABLE(ios(13.0)) API_UNAVAILABLE(tvos, watchos);
    |                                                 `- note: 'systemGray3' has been explicitly marked unavailable here
148 | @property (class, nonatomic, readonly) UIColor *systemGray4Color        API_AVAILABLE(ios(13.0)) API_UNAVAILABLE(tvos, watchos);
149 | @property (class, nonatomic, readonly) UIColor *systemGray5Color        API_AVAILABLE(ios(13.0)) API_UNAVAILABLE(tvos, watchos);
/Users/admin/builder/spi-builder-workspace/Sources/HSHelpers/Types/HSColor+SwiftUI.swift:50:46: error: 'systemGray4' is unavailable in watchOS
48 |     static let systemGray2  = Color(hsColor:.systemGray2)
49 |     static let systemGray3 = Color(hsColor:.systemGray3)
50 |     static let systemGray4  = Color(hsColor:.systemGray4)
   |                                              `- error: 'systemGray4' is unavailable in watchOS
51 |     static let systemGray5  = Color(hsColor:.systemGray5)
52 |     static let systemGray6  = Color(hsColor:.systemGray6)
/Applications/Xcode-27.0.0-Release.Candidate.app/Contents/Developer/Platforms/WatchOS.platform/Developer/SDKs/WatchOS27.0.sdk/System/Library/Frameworks/UIKit.framework/Headers/UIInterface.h:148:49: note: 'systemGray4' has been explicitly marked unavailable here
146 | @property (class, nonatomic, readonly) UIColor *systemGray2Color        API_AVAILABLE(ios(13.0)) API_UNAVAILABLE(tvos, watchos);
147 | @property (class, nonatomic, readonly) UIColor *systemGray3Color        API_AVAILABLE(ios(13.0)) API_UNAVAILABLE(tvos, watchos);
148 | @property (class, nonatomic, readonly) UIColor *systemGray4Color        API_AVAILABLE(ios(13.0)) API_UNAVAILABLE(tvos, watchos);
    |                                                 `- note: 'systemGray4' has been explicitly marked unavailable here
149 | @property (class, nonatomic, readonly) UIColor *systemGray5Color        API_AVAILABLE(ios(13.0)) API_UNAVAILABLE(tvos, watchos);
150 | @property (class, nonatomic, readonly) UIColor *systemGray6Color        API_AVAILABLE(ios(13.0)) API_UNAVAILABLE(tvos, watchos);
/Users/admin/builder/spi-builder-workspace/Sources/HSHelpers/Types/HSColor+SwiftUI.swift:51:46: error: 'systemGray5' is unavailable in watchOS
49 |     static let systemGray3 = Color(hsColor:.systemGray3)
50 |     static let systemGray4  = Color(hsColor:.systemGray4)
51 |     static let systemGray5  = Color(hsColor:.systemGray5)
   |                                              `- error: 'systemGray5' is unavailable in watchOS
52 |     static let systemGray6  = Color(hsColor:.systemGray6)
53 |     #endif
/Applications/Xcode-27.0.0-Release.Candidate.app/Contents/Developer/Platforms/WatchOS.platform/Developer/SDKs/WatchOS27.0.sdk/System/Library/Frameworks/UIKit.framework/Headers/UIInterface.h:149:49: note: 'systemGray5' has been explicitly marked unavailable here
147 | @property (class, nonatomic, readonly) UIColor *systemGray3Color        API_AVAILABLE(ios(13.0)) API_UNAVAILABLE(tvos, watchos);
148 | @property (class, nonatomic, readonly) UIColor *systemGray4Color        API_AVAILABLE(ios(13.0)) API_UNAVAILABLE(tvos, watchos);
149 | @property (class, nonatomic, readonly) UIColor *systemGray5Color        API_AVAILABLE(ios(13.0)) API_UNAVAILABLE(tvos, watchos);
    |                                                 `- note: 'systemGray5' has been explicitly marked unavailable here
150 | @property (class, nonatomic, readonly) UIColor *systemGray6Color        API_AVAILABLE(ios(13.0)) API_UNAVAILABLE(tvos, watchos);
151 |
/Users/admin/builder/spi-builder-workspace/Sources/HSHelpers/Types/HSColor+SwiftUI.swift:52:46: error: 'systemGray6' is unavailable in watchOS
50 |     static let systemGray4  = Color(hsColor:.systemGray4)
51 |     static let systemGray5  = Color(hsColor:.systemGray5)
52 |     static let systemGray6  = Color(hsColor:.systemGray6)
   |                                              `- error: 'systemGray6' is unavailable in watchOS
53 |     #endif
54 | }
/Applications/Xcode-27.0.0-Release.Candidate.app/Contents/Developer/Platforms/WatchOS.platform/Developer/SDKs/WatchOS27.0.sdk/System/Library/Frameworks/UIKit.framework/Headers/UIInterface.h:150:49: note: 'systemGray6' has been explicitly marked unavailable here
148 | @property (class, nonatomic, readonly) UIColor *systemGray4Color        API_AVAILABLE(ios(13.0)) API_UNAVAILABLE(tvos, watchos);
149 | @property (class, nonatomic, readonly) UIColor *systemGray5Color        API_AVAILABLE(ios(13.0)) API_UNAVAILABLE(tvos, watchos);
150 | @property (class, nonatomic, readonly) UIColor *systemGray6Color        API_AVAILABLE(ios(13.0)) API_UNAVAILABLE(tvos, watchos);
    |                                                 `- note: 'systemGray6' has been explicitly marked unavailable here
151 |
152 | #pragma mark Tint color
Failed frontend command:
SwiftCompile normal arm64_32 (in target 'HSHelpers' from project 'HSHelpers')
    cd /Users/admin/builder/spi-builder-workspace/.swiftpm/xcode

/Applications/Xcode-27.0.0-Release.Candidate.app/Contents/Developer/Toolchains/XcodeDefault.xctoolchain/usr/bin/swift-frontend -frontend -emit-module -experimental-skip-non-inlinable-function-bodies-without-types /Users/admin/builder/spi-builder-workspace/Sources/HSHelpers/AnyHashable+HS.swift /Users/admin/builder/spi-builder-workspace/Sources/HSHelpers/Array+HS.swift /Users/admin/builder/spi-builder-workspace/Sources/HSHelpers/Bundle+HS.swift /Users/admin/builder/spi-builder-workspace/Sources/HSHelpers/CGColor+HS.swift /Users/admin/builder/spi-builder-workspace/Sources/HSHelpers/CGImage+HS.swift /Users/admin/builder/spi-builder-workspace/Sources/HSHelpers/CGImageSource+HS.swift /Users/admin/builder/spi-builder-workspace/Sources/HSHelpers/CGRect+HS.swift /Users/admin/builder/spi-builder-workspace/Sources/HSHelpers/ClosedRange+HS.swift /Users/admin/builder/spi-builder-workspace/Sources/HSHelpers/Comparable+clamp.swift /Users/admin/builder/spi-builder-workspace/Sources/HSHelpers/Data+HS.swift /Users/admin/builder/spi-builder-workspace/Sources/HSHelpers/Data+MD5.swift /Users/admin/builder/spi-builder-workspace/Sources/HSHelpers/Date+HS.swift /Users/admin/builder/spi-builder-workspace/Sources/HSHelpers/DispatchQueue+HS.swift /Users/admin/builder/spi-builder-workspace/Sources/HSHelpers/Equatable.swift /Users/admin/builder/spi-builder-workspace/Sources/HSHelpers/FileManager+HS.swift /Users/admin/builder/spi-builder-workspace/Sources/HSHelpers/FloatConvertible.swift /Users/admin/builder/spi-builder-workspace/Sources/HSHelpers/Int.swift /Users/admin/builder/spi-builder-workspace/Sources/HSHelpers/JSONEncoder+HS.swift /Users/admin/builder/spi-builder-workspace/Sources/HSHelpers/NSMutableAttributedString+HS.swift /Users/admin/builder/spi-builder-workspace/Sources/HSHelpers/NSRegularExpression+HS.swift /Users/admin/builder/spi-builder-workspace/Sources/HSHelpers/NSTextCheckingResult+HS.swift /Users/admin/builder/spi-builder-workspace/Sources/HSHelpers/Number+PositiveModulus.swift /Users/admin/builder/spi-builder-workspace/Sources/HSHelpers/Optional+HS.swift /Users/admin/builder/spi-builder-workspace/Sources/HSHelpers/PlatformValues.swift /Users/admin/builder/spi-builder-workspace/Sources/HSHelpers/Published+Codable.swift /Users/admin/builder/spi-builder-workspace/Sources/HSHelpers/Result+HS.swift /Users/admin/builder/spi-builder-workspace/Sources/HSHelpers/SKError+HS.swift /Users/admin/builder/spi-builder-workspace/Sources/HSHelpers/SKProduct+HS.swift /Users/admin/builder/spi-builder-workspace/Sources/HSHelpers/String+HS.swift /Users/admin/builder/spi-builder-workspace/Sources/HSHelpers/String+MD5.swift /Users/admin/builder/spi-builder-workspace/Sources/HSHelpers/Types/Aliases.swift /Users/admin/builder/spi-builder-workspace/Sources/HSHelpers/Types/Build.swift /Users/admin/builder/spi-builder-workspace/Sources/HSHelpers/Types/Filetypes.swift /Users/admin/builder/spi-builder-workspace/Sources/HSHelpers/Types/HSColor+SwiftUI.swift /Users/admin/builder/spi-builder-workspace/Sources/HSHelpers/Types/HSColour.swift /Users/admin/builder/spi-builder-workspace/Sources/HSHelpers/Types/HSImage.swift /Users/admin/builder/spi-builder-workspace/Sources/HSHelpers/Types/RuntimeWarning.swift /Users/admin/builder/spi-builder-workspace/Sources/HSHelpers/Types/ThreadsafeArray.swift /Users/admin/builder/spi-builder-workspace/Sources/HSHelpers/Types/ThreadsafeDict.swift /Users/admin/builder/spi-builder-workspace/Sources/HSHelpers/Types/Vectors.swift /Users/admin/builder/spi-builder-workspace/Sources/HSHelpers/Types/WeakTimer.swift /Users/admin/builder/spi-builder-workspace/Sources/HSHelpers/URL+HS.swift /Users/admin/builder/spi-builder-workspace/Sources/HSHelpers/URLComponents+HS.swift /Users/admin/builder/spi-builder-workspace/Sources/HSHelpers/WKWebView+HS.swift -target arm64_32-apple-watchos9.0 -module-can-import-version CryptoKit 383.4.1 0 -module-can-import-version MobileCoreServices 1226.0.0 1226.0.0 -module-can-import-version SwiftUI 8.0.84.1 8.0.84 -module-can-import-version UIKit 9127.0.84.1 9127.0.84 -disable-cross-import-overlay-search -swift-module-cross-import StoreKit /Applications/Xcode-27.0.0-Release.Candidate.app/Contents/Developer/Platforms/WatchOS.platform/Developer/SDKs/WatchOS.sdk/System/Library/Frameworks/StoreKit.framework/Modules/StoreKit.swiftcrossimport/SwiftUI.swiftoverlay -swift-module-cross-import StoreKit /Applications/Xcode-27.0.0-Release.Candidate.app/Contents/Developer/Platforms/WatchOS.platform/Developer/SDKs/WatchOS27.0.sdk/System/Library/Frameworks/StoreKit.framework/Modules/StoreKit.swiftcrossimport/SwiftUI.swiftoverlay -load-resolved-plugin /Applications/Xcode-27.0.0-Release.Candidate.app/Contents/Developer/Platforms/WatchOS.platform/Developer/usr/lib/swift/host/plugins/libFoundationMacros.dylib\#/Applications/Xcode-27.0.0-Release.Candidate.app/Contents/Developer/Platforms/WatchOS.platform/Developer/usr/bin/swift-plugin-server\#FoundationMacros -load-resolved-plugin /Applications/Xcode-27.0.0-Release.Candidate.app/Contents/Developer/Platforms/WatchOS.platform/Developer/usr/lib/swift/host/plugins/libObservationMacros.dylib\#/Applications/Xcode-27.0.0-Release.Candidate.app/Contents/Developer/Platforms/WatchOS.platform/Developer/usr/bin/swift-plugin-server\#ObservationMacros -load-resolved-plugin /Applications/Xcode-27.0.0-Release.Candidate.app/Contents/Developer/Platforms/WatchOS.platform/Developer/usr/lib/swift/host/plugins/libPreviewsMacros.dylib\#/Applications/Xcode-27.0.0-Release.Candidate.app/Contents/Developer/Platforms/WatchOS.platform/Developer/usr/bin/swift-plugin-server\#PreviewsMacros -load-resolved-plugin /Applications/Xcode-27.0.0-Release.Candidate.app/Contents/Developer/Platforms/WatchOS.platform/Developer/usr/lib/swift/host/plugins/libSwiftMacros.dylib\#/Applications/Xcode-27.0.0-Release.Candidate.app/Contents/Developer/Platforms/WatchOS.platform/Developer/usr/bin/swift-plugin-server\#SwiftMacros -load-resolved-plugin /Applications/Xcode-27.0.0-Release.Candidate.app/Contents/Developer/Platforms/WatchOS.platform/Developer/usr/lib/swift/host/plugins/libSwiftUIMacros.dylib\#/Applications/Xcode-27.0.0-Release.Candidate.app/Contents/Developer/Platforms/WatchOS.platform/Developer/usr/bin/swift-plugin-server\#SwiftUIMacros -disable-implicit-swift-modules -Xcc -fno-implicit-modules -Xcc -fno-implicit-module-maps -explicit-swift-module-map-file /Users/admin/builder/spi-builder-workspace/.derivedData/Build/Intermediates.noindex/HSHelpers.build/Debug-watchos/HSHelpers-t.build/Objects-normal/arm64_32/HSHelpers-dependencies-1.json -enable-objc-interop -sdk /Applications/Xcode-27.0.0-Release.Candidate.app/Contents/Developer/Platforms/WatchOS.platform/Developer/SDKs/WatchOS27.0.sdk -I /Users/admin/builder/spi-builder-workspace/.derivedData/Build/Products/Debug-watchos -Isystem /Applications/Xcode-27.0.0-Release.Candidate.app/Contents/Developer/Platforms/WatchOS.platform/Developer/usr/lib -F /Users/admin/builder/spi-builder-workspace/.derivedData/Build/Products/Debug-watchos -F /Applications/Xcode-27.0.0-Release.Candidate.app/Contents/Developer/Platforms/WatchOS.platform/Developer/Library/Frameworks -F /Applications/Xcode-27.0.0-Release.Candidate.app/Contents/Developer/Platforms/WatchOS.platform/Developer/SDKs/WatchOS27.0.sdk/Developer/Library/Frameworks -module-cache-path /Users/admin/builder/spi-builder-workspace/.derivedData/Build/Intermediates.noindex/SwiftExplicitPrecompiledModules -no-color-diagnostics -Xcc -fno-color-diagnostics -enable-testing -g -debug-info-format\=dwarf -dwarf-version\=4 -profile-generate -profile-coverage-mapping -swift-version 5 -Onone -D SWIFT_PACKAGE -D DEBUG -D SWIFT_MODULE_RESOURCE_BUNDLE_UNAVAILABLE -D Xcode -serialize-debugging-options -enable-experimental-feature DebugDescriptionMacro -empty-abi-descriptor -validate-clang-modules-once -clang-build-session-file /Users/admin/builder/spi-builder-workspace/.derivedData/ModuleCache.noindex/Session.modulevalidation -Xcc -working-directory -Xcc /Users/admin/builder/spi-builder-workspace/.swiftpm/xcode -enable-anonymous-context-mangled-names -file-compilation-dir /Users/admin/builder/spi-builder-workspace/.swiftpm/xcode -Xcc -D_LIBCPP_HARDENING_MODE\=_LIBCPP_HARDENING_MODE_DEBUG -Xcc -ivfsstatcache -Xcc /Users/admin/builder/spi-builder-workspace/.derivedData/SDKStatCaches.noindex/watchos27.0-24R360-e829b21a6f8c9b70876ba0858053c04477534ef55a1706bf4c1112bbb242f0a2.sdkstatcache -Xcc -fmodules-prune-interval\=86400 -Xcc -fmodules-prune-after\=345600 -Xcc -I/Users/admin/builder/spi-builder-workspace/.derivedData/Build/Products/Debug-watchos/include -Xcc -I/Users/admin/builder/spi-builder-workspace/.derivedData/Build/Intermediates.noindex/HSHelpers.build/Debug-watchos/HSHelpers-t.build/DerivedSources-normal/arm64_32 -Xcc -I/Users/admin/builder/spi-builder-workspace/.derivedData/Build/Intermediates.noindex/HSHelpers.build/Debug-watchos/HSHelpers-t.build/DerivedSources/arm64_32 -Xcc -I/Users/admin/builder/spi-builder-workspace/.derivedData/Build/Intermediates.noindex/HSHelpers.build/Debug-watchos/HSHelpers-t.build/DerivedSources -Xcc -DSWIFT_PACKAGE -Xcc -DDEBUG\=1 -no-auto-bridging-header-chaining -module-name HSHelpers -const-gather-protocols-file /Users/admin/builder/spi-builder-workspace/.derivedData/Build/Intermediates.noindex/HSHelpers.build/Debug-watchos/HSHelpers-t.build/Objects-normal/arm64_32/HSHelpers_const_extract_protocols.json -disable-clang-spi -clang-target arm64_32-apple-watchos27.0 -target-sdk-version 27.0 -target-sdk-name watchos27.0 -in-process-plugin-server-path /Applications/Xcode-27.0.0-Release.Candidate.app/Contents/Developer/Toolchains/XcodeDefault.xctoolchain/usr/lib/swift/host/libSwiftInProcPluginServer.dylib -emit-module-doc-path /Users/admin/builder/spi-builder-workspace/.derivedData/Build/Intermediates.noindex/HSHelpers.build/Debug-watchos/HSHelpers-t.build/Objects-normal/arm64_32/HSHelpers.swiftdoc -emit-module-source-info-path /Users/admin/builder/spi-builder-workspace/.derivedData/Build/Intermediates.noindex/HSHelpers.build/Debug-watchos/HSHelpers-t.build/Objects-normal/arm64_32/HSHelpers.swiftsourceinfo -emit-objc-header-path /Users/admin/builder/spi-builder-workspace/.derivedData/Build/Intermediates.noindex/HSHelpers.build/Debug-watchos/HSHelpers-t.build/Objects-normal/arm64_32/HSHelpers-Swift.h -serialize-diagnostics-path /Users/admin/builder/spi-builder-workspace/.derivedData/Build/Intermediates.noindex/HSHelpers.build/Debug-watchos/HSHelpers-t.build/Objects-normal/arm64_32/HSHelpers-primary-emit-module.dia -emit-dependencies-path /Users/admin/builder/spi-builder-workspace/.derivedData/Build/Intermediates.noindex/HSHelpers.build/Debug-watchos/HSHelpers-t.build/Objects-normal/arm64_32/HSHelpers-primary-emit-module.d -parse-as-library -o /Users/admin/builder/spi-builder-workspace/.derivedData/Build/Intermediates.noindex/HSHelpers.build/Debug-watchos/HSHelpers-t.build/Objects-normal/arm64_32/HSHelpers.swiftmodule -emit-abi-descriptor-path /Users/admin/builder/spi-builder-workspace/.derivedData/Build/Intermediates.noindex/HSHelpers.build/Debug-watchos/HSHelpers-t.build/Objects-normal/arm64_32/HSHelpers.abi.json
SwiftCompile normal arm64_32 Compiling\ CGImageSource+HS.swift,\ CGRect+HS.swift,\ ClosedRange+HS.swift,\ Comparable+clamp.swift,\ Data+HS.swift /Users/admin/builder/spi-builder-workspace/Sources/HSHelpers/CGImageSource+HS.swift /Users/admin/builder/spi-builder-workspace/Sources/HSHelpers/CGRect+HS.swift /Users/admin/builder/spi-builder-workspace/Sources/HSHelpers/ClosedRange+HS.swift /Users/admin/builder/spi-builder-workspace/Sources/HSHelpers/Comparable+clamp.swift /Users/admin/builder/spi-builder-workspace/Sources/HSHelpers/Data+HS.swift (in target 'HSHelpers' from project 'HSHelpers')
SwiftCompile normal arm64_32 /Users/admin/builder/spi-builder-workspace/Sources/HSHelpers/CGImageSource+HS.swift (in target 'HSHelpers' from project 'HSHelpers')
    cd /Users/admin/builder/spi-builder-workspace/.swiftpm/xcode
    builtin-SwiftPerFileCompile CGImageSource+HS.swift
SwiftCompile normal arm64_32 /Users/admin/builder/spi-builder-workspace/Sources/HSHelpers/CGRect+HS.swift (in target 'HSHelpers' from project 'HSHelpers')
    cd /Users/admin/builder/spi-builder-workspace/.swiftpm/xcode
    builtin-SwiftPerFileCompile CGRect+HS.swift
SwiftCompile normal arm64_32 /Users/admin/builder/spi-builder-workspace/Sources/HSHelpers/ClosedRange+HS.swift (in target 'HSHelpers' from project 'HSHelpers')
    cd /Users/admin/builder/spi-builder-workspace/.swiftpm/xcode
    builtin-SwiftPerFileCompile ClosedRange+HS.swift
SwiftCompile normal arm64_32 /Users/admin/builder/spi-builder-workspace/Sources/HSHelpers/Comparable+clamp.swift (in target 'HSHelpers' from project 'HSHelpers')
    cd /Users/admin/builder/spi-builder-workspace/.swiftpm/xcode
    builtin-SwiftPerFileCompile Comparable+clamp.swift
SwiftCompile normal arm64_32 /Users/admin/builder/spi-builder-workspace/Sources/HSHelpers/Data+HS.swift (in target 'HSHelpers' from project 'HSHelpers')
    cd /Users/admin/builder/spi-builder-workspace/.swiftpm/xcode
    builtin-SwiftPerFileCompile Data+HS.swift
SwiftCompile normal arm64_32 Compiling\ FloatConvertible.swift,\ Int.swift,\ JSONEncoder+HS.swift,\ NSMutableAttributedString+HS.swift,\ NSRegularExpression+HS.swift /Users/admin/builder/spi-builder-workspace/Sources/HSHelpers/FloatConvertible.swift /Users/admin/builder/spi-builder-workspace/Sources/HSHelpers/Int.swift /Users/admin/builder/spi-builder-workspace/Sources/HSHelpers/JSONEncoder+HS.swift /Users/admin/builder/spi-builder-workspace/Sources/HSHelpers/NSMutableAttributedString+HS.swift /Users/admin/builder/spi-builder-workspace/Sources/HSHelpers/NSRegularExpression+HS.swift (in target 'HSHelpers' from project 'HSHelpers')
SwiftCompile normal arm64_32 /Users/admin/builder/spi-builder-workspace/Sources/HSHelpers/FloatConvertible.swift (in target 'HSHelpers' from project 'HSHelpers')
    cd /Users/admin/builder/spi-builder-workspace/.swiftpm/xcode
    builtin-SwiftPerFileCompile FloatConvertible.swift
SwiftCompile normal arm64_32 /Users/admin/builder/spi-builder-workspace/Sources/HSHelpers/Int.swift (in target 'HSHelpers' from project 'HSHelpers')
    cd /Users/admin/builder/spi-builder-workspace/.swiftpm/xcode
    builtin-SwiftPerFileCompile Int.swift
SwiftCompile normal arm64_32 /Users/admin/builder/spi-builder-workspace/Sources/HSHelpers/JSONEncoder+HS.swift (in target 'HSHelpers' from project 'HSHelpers')
    cd /Users/admin/builder/spi-builder-workspace/.swiftpm/xcode
    builtin-SwiftPerFileCompile JSONEncoder+HS.swift
SwiftCompile normal arm64_32 /Users/admin/builder/spi-builder-workspace/Sources/HSHelpers/NSMutableAttributedString+HS.swift (in target 'HSHelpers' from project 'HSHelpers')
    cd /Users/admin/builder/spi-builder-workspace/.swiftpm/xcode
    builtin-SwiftPerFileCompile NSMutableAttributedString+HS.swift
SwiftCompile normal arm64_32 /Users/admin/builder/spi-builder-workspace/Sources/HSHelpers/NSRegularExpression+HS.swift (in target 'HSHelpers' from project 'HSHelpers')
    cd /Users/admin/builder/spi-builder-workspace/.swiftpm/xcode
    builtin-SwiftPerFileCompile NSRegularExpression+HS.swift
SwiftCompile normal arm64_32 Compiling\ RuntimeWarning.swift,\ ThreadsafeArray.swift,\ ThreadsafeDict.swift,\ Vectors.swift /Users/admin/builder/spi-builder-workspace/Sources/HSHelpers/Types/RuntimeWarning.swift /Users/admin/builder/spi-builder-workspace/Sources/HSHelpers/Types/ThreadsafeArray.swift /Users/admin/builder/spi-builder-workspace/Sources/HSHelpers/Types/ThreadsafeDict.swift /Users/admin/builder/spi-builder-workspace/Sources/HSHelpers/Types/Vectors.swift (in target 'HSHelpers' from project 'HSHelpers')
SwiftCompile normal arm64_32 /Users/admin/builder/spi-builder-workspace/Sources/HSHelpers/Types/RuntimeWarning.swift (in target 'HSHelpers' from project 'HSHelpers')
    cd /Users/admin/builder/spi-builder-workspace/.swiftpm/xcode
    builtin-SwiftPerFileCompile RuntimeWarning.swift
SwiftCompile normal arm64_32 /Users/admin/builder/spi-builder-workspace/Sources/HSHelpers/Types/ThreadsafeArray.swift (in target 'HSHelpers' from project 'HSHelpers')
    cd /Users/admin/builder/spi-builder-workspace/.swiftpm/xcode
    builtin-SwiftPerFileCompile ThreadsafeArray.swift
SwiftCompile normal arm64_32 /Users/admin/builder/spi-builder-workspace/Sources/HSHelpers/Types/ThreadsafeDict.swift (in target 'HSHelpers' from project 'HSHelpers')
    cd /Users/admin/builder/spi-builder-workspace/.swiftpm/xcode
    builtin-SwiftPerFileCompile ThreadsafeDict.swift
SwiftCompile normal arm64_32 /Users/admin/builder/spi-builder-workspace/Sources/HSHelpers/Types/Vectors.swift (in target 'HSHelpers' from project 'HSHelpers')
    cd /Users/admin/builder/spi-builder-workspace/.swiftpm/xcode
    builtin-SwiftPerFileCompile Vectors.swift
SwiftCompile normal arm64_32 Compiling\ Data+MD5.swift,\ Date+HS.swift,\ DispatchQueue+HS.swift,\ Equatable.swift,\ FileManager+HS.swift /Users/admin/builder/spi-builder-workspace/Sources/HSHelpers/Data+MD5.swift /Users/admin/builder/spi-builder-workspace/Sources/HSHelpers/Date+HS.swift /Users/admin/builder/spi-builder-workspace/Sources/HSHelpers/DispatchQueue+HS.swift /Users/admin/builder/spi-builder-workspace/Sources/HSHelpers/Equatable.swift /Users/admin/builder/spi-builder-workspace/Sources/HSHelpers/FileManager+HS.swift (in target 'HSHelpers' from project 'HSHelpers')
SwiftCompile normal arm64_32 /Users/admin/builder/spi-builder-workspace/Sources/HSHelpers/Data+MD5.swift (in target 'HSHelpers' from project 'HSHelpers')
    cd /Users/admin/builder/spi-builder-workspace/.swiftpm/xcode
    builtin-SwiftPerFileCompile Data+MD5.swift
SwiftCompile normal arm64_32 /Users/admin/builder/spi-builder-workspace/Sources/HSHelpers/Date+HS.swift (in target 'HSHelpers' from project 'HSHelpers')
    cd /Users/admin/builder/spi-builder-workspace/.swiftpm/xcode
    builtin-SwiftPerFileCompile Date+HS.swift
SwiftCompile normal arm64_32 /Users/admin/builder/spi-builder-workspace/Sources/HSHelpers/DispatchQueue+HS.swift (in target 'HSHelpers' from project 'HSHelpers')
    cd /Users/admin/builder/spi-builder-workspace/.swiftpm/xcode
    builtin-SwiftPerFileCompile DispatchQueue+HS.swift
SwiftCompile normal arm64_32 /Users/admin/builder/spi-builder-workspace/Sources/HSHelpers/Equatable.swift (in target 'HSHelpers' from project 'HSHelpers')
    cd /Users/admin/builder/spi-builder-workspace/.swiftpm/xcode
    builtin-SwiftPerFileCompile Equatable.swift
SwiftCompile normal arm64_32 /Users/admin/builder/spi-builder-workspace/Sources/HSHelpers/FileManager+HS.swift (in target 'HSHelpers' from project 'HSHelpers')
    cd /Users/admin/builder/spi-builder-workspace/.swiftpm/xcode
    builtin-SwiftPerFileCompile FileManager+HS.swift
SwiftCompile normal arm64_32 Compiling\ Published+Codable.swift,\ Result+HS.swift,\ SKError+HS.swift,\ SKProduct+HS.swift /Users/admin/builder/spi-builder-workspace/Sources/HSHelpers/Published+Codable.swift /Users/admin/builder/spi-builder-workspace/Sources/HSHelpers/Result+HS.swift /Users/admin/builder/spi-builder-workspace/Sources/HSHelpers/SKError+HS.swift /Users/admin/builder/spi-builder-workspace/Sources/HSHelpers/SKProduct+HS.swift (in target 'HSHelpers' from project 'HSHelpers')
/Users/admin/builder/spi-builder-workspace/Sources/HSHelpers/Published+Codable.swift:14:1: warning: extension declares a conformance of imported type 'Published' to imported protocol 'Decodable'; this will not behave correctly if the owners of 'Combine' introduce this conformance in the future
12 |
13 | @available(macOS 10.15,iOS 13.0,tvOS 13.0, *)
14 | extension Published: Decodable where Value: Decodable {
   | |- warning: extension declares a conformance of imported type 'Published' to imported protocol 'Decodable'; this will not behave correctly if the owners of 'Combine' introduce this conformance in the future
   | `- note: add '@retroactive' to silence this warning
15 |     public init(from decoder: Decoder) throws {
16 |         let decoded = try Value(from: decoder)
SwiftCompile normal arm64_32 /Users/admin/builder/spi-builder-workspace/Sources/HSHelpers/Published+Codable.swift (in target 'HSHelpers' from project 'HSHelpers')
    cd /Users/admin/builder/spi-builder-workspace/.swiftpm/xcode
    builtin-SwiftPerFileCompile Published+Codable.swift
SwiftCompile normal arm64_32 /Users/admin/builder/spi-builder-workspace/Sources/HSHelpers/Result+HS.swift (in target 'HSHelpers' from project 'HSHelpers')
    cd /Users/admin/builder/spi-builder-workspace/.swiftpm/xcode
    builtin-SwiftPerFileCompile Result+HS.swift
SwiftCompile normal arm64_32 /Users/admin/builder/spi-builder-workspace/Sources/HSHelpers/SKError+HS.swift (in target 'HSHelpers' from project 'HSHelpers')
    cd /Users/admin/builder/spi-builder-workspace/.swiftpm/xcode
    builtin-SwiftPerFileCompile SKError+HS.swift
SwiftCompile normal arm64_32 /Users/admin/builder/spi-builder-workspace/Sources/HSHelpers/SKProduct+HS.swift (in target 'HSHelpers' from project 'HSHelpers')
    cd /Users/admin/builder/spi-builder-workspace/.swiftpm/xcode
    builtin-SwiftPerFileCompile SKProduct+HS.swift
SwiftCompile normal arm64_32 Compiling\ Filetypes.swift,\ HSColor+SwiftUI.swift,\ HSColour.swift,\ HSImage.swift /Users/admin/builder/spi-builder-workspace/Sources/HSHelpers/Types/Filetypes.swift /Users/admin/builder/spi-builder-workspace/Sources/HSHelpers/Types/HSColor+SwiftUI.swift /Users/admin/builder/spi-builder-workspace/Sources/HSHelpers/Types/HSColour.swift /Users/admin/builder/spi-builder-workspace/Sources/HSHelpers/Types/HSImage.swift (in target 'HSHelpers' from project 'HSHelpers')
/Users/admin/builder/spi-builder-workspace/Sources/HSHelpers/Types/HSColor+SwiftUI.swift:34:40: error: 'label' is unavailable in watchOS
32 | @available(iOS 15.0,macOS 12.0, tvOS 15.0,*)
33 | public extension Color {
34 |     static let label = Color(hsColor: .label)
   |                                        `- error: 'label' is unavailable in watchOS
35 |     static let secondaryLabel = Color(hsColor: .secondaryLabel)
36 |     static let tertiaryLabel = Color(hsColor: .tertiaryLabel)
/Applications/Xcode-27.0.0-Release.Candidate.app/Contents/Developer/Platforms/WatchOS.platform/Developer/SDKs/WatchOS27.0.sdk/System/Library/Frameworks/UIKit.framework/Headers/UIInterface.h:171:49: note: 'label' has been explicitly marked unavailable here
169 | /* Foreground colors for static text and related elements.
170 |  */
171 | @property (class, nonatomic, readonly) UIColor *labelColor              API_AVAILABLE(ios(13.0), tvos(13.0)) API_UNAVAILABLE(watchos);
    |                                                 `- note: 'label' has been explicitly marked unavailable here
172 | @property (class, nonatomic, readonly) UIColor *secondaryLabelColor     API_AVAILABLE(ios(13.0), tvos(13.0)) API_UNAVAILABLE(watchos);
173 | @property (class, nonatomic, readonly) UIColor *tertiaryLabelColor      API_AVAILABLE(ios(13.0), tvos(13.0)) API_UNAVAILABLE(watchos);
/Users/admin/builder/spi-builder-workspace/Sources/HSHelpers/Types/HSColor+SwiftUI.swift:35:49: error: 'secondaryLabel' is unavailable in watchOS
33 | public extension Color {
34 |     static let label = Color(hsColor: .label)
35 |     static let secondaryLabel = Color(hsColor: .secondaryLabel)
   |                                                 `- error: 'secondaryLabel' is unavailable in watchOS
36 |     static let tertiaryLabel = Color(hsColor: .tertiaryLabel)
37 |     static let quaternaryLabel = Color(hsColor: .quaternaryLabel)
/Applications/Xcode-27.0.0-Release.Candidate.app/Contents/Developer/Platforms/WatchOS.platform/Developer/SDKs/WatchOS27.0.sdk/System/Library/Frameworks/UIKit.framework/Headers/UIInterface.h:172:49: note: 'secondaryLabel' has been explicitly marked unavailable here
170 |  */
171 | @property (class, nonatomic, readonly) UIColor *labelColor              API_AVAILABLE(ios(13.0), tvos(13.0)) API_UNAVAILABLE(watchos);
172 | @property (class, nonatomic, readonly) UIColor *secondaryLabelColor     API_AVAILABLE(ios(13.0), tvos(13.0)) API_UNAVAILABLE(watchos);
    |                                                 `- note: 'secondaryLabel' has been explicitly marked unavailable here
173 | @property (class, nonatomic, readonly) UIColor *tertiaryLabelColor      API_AVAILABLE(ios(13.0), tvos(13.0)) API_UNAVAILABLE(watchos);
174 | @property (class, nonatomic, readonly) UIColor *quaternaryLabelColor    API_AVAILABLE(ios(13.0), tvos(13.0)) API_UNAVAILABLE(watchos);
/Users/admin/builder/spi-builder-workspace/Sources/HSHelpers/Types/HSColor+SwiftUI.swift:36:48: error: 'tertiaryLabel' is unavailable in watchOS
34 |     static let label = Color(hsColor: .label)
35 |     static let secondaryLabel = Color(hsColor: .secondaryLabel)
36 |     static let tertiaryLabel = Color(hsColor: .tertiaryLabel)
   |                                                `- error: 'tertiaryLabel' is unavailable in watchOS
37 |     static let quaternaryLabel = Color(hsColor: .quaternaryLabel)
38 |     static let placeholderText = Color(hsColor: .placeholderText)
/Applications/Xcode-27.0.0-Release.Candidate.app/Contents/Developer/Platforms/WatchOS.platform/Developer/SDKs/WatchOS27.0.sdk/System/Library/Frameworks/UIKit.framework/Headers/UIInterface.h:173:49: note: 'tertiaryLabel' has been explicitly marked unavailable here
171 | @property (class, nonatomic, readonly) UIColor *labelColor              API_AVAILABLE(ios(13.0), tvos(13.0)) API_UNAVAILABLE(watchos);
172 | @property (class, nonatomic, readonly) UIColor *secondaryLabelColor     API_AVAILABLE(ios(13.0), tvos(13.0)) API_UNAVAILABLE(watchos);
173 | @property (class, nonatomic, readonly) UIColor *tertiaryLabelColor      API_AVAILABLE(ios(13.0), tvos(13.0)) API_UNAVAILABLE(watchos);
    |                                                 `- note: 'tertiaryLabel' has been explicitly marked unavailable here
174 | @property (class, nonatomic, readonly) UIColor *quaternaryLabelColor    API_AVAILABLE(ios(13.0), tvos(13.0)) API_UNAVAILABLE(watchos);
175 |
/Users/admin/builder/spi-builder-workspace/Sources/HSHelpers/Types/HSColor+SwiftUI.swift:37:50: error: 'quaternaryLabel' is unavailable in watchOS
35 |     static let secondaryLabel = Color(hsColor: .secondaryLabel)
36 |     static let tertiaryLabel = Color(hsColor: .tertiaryLabel)
37 |     static let quaternaryLabel = Color(hsColor: .quaternaryLabel)
   |                                                  `- error: 'quaternaryLabel' is unavailable in watchOS
38 |     static let placeholderText = Color(hsColor: .placeholderText)
39 |     static let separator = Color(hsColor: .separator)
/Applications/Xcode-27.0.0-Release.Candidate.app/Contents/Developer/Platforms/WatchOS.platform/Developer/SDKs/WatchOS27.0.sdk/System/Library/Frameworks/UIKit.framework/Headers/UIInterface.h:174:49: note: 'quaternaryLabel' has been explicitly marked unavailable here
172 | @property (class, nonatomic, readonly) UIColor *secondaryLabelColor     API_AVAILABLE(ios(13.0), tvos(13.0)) API_UNAVAILABLE(watchos);
173 | @property (class, nonatomic, readonly) UIColor *tertiaryLabelColor      API_AVAILABLE(ios(13.0), tvos(13.0)) API_UNAVAILABLE(watchos);
174 | @property (class, nonatomic, readonly) UIColor *quaternaryLabelColor    API_AVAILABLE(ios(13.0), tvos(13.0)) API_UNAVAILABLE(watchos);
    |                                                 `- note: 'quaternaryLabel' has been explicitly marked unavailable here
175 |
176 | /* Foreground color for standard system links.
/Users/admin/builder/spi-builder-workspace/Sources/HSHelpers/Types/HSColor+SwiftUI.swift:38:50: error: 'placeholderText' is unavailable in watchOS
36 |     static let tertiaryLabel = Color(hsColor: .tertiaryLabel)
37 |     static let quaternaryLabel = Color(hsColor: .quaternaryLabel)
38 |     static let placeholderText = Color(hsColor: .placeholderText)
   |                                                  `- error: 'placeholderText' is unavailable in watchOS
39 |     static let separator = Color(hsColor: .separator)
40 |     static let link = Color(hsColor:.link)
/Applications/Xcode-27.0.0-Release.Candidate.app/Contents/Developer/Platforms/WatchOS.platform/Developer/SDKs/WatchOS27.0.sdk/System/Library/Frameworks/UIKit.framework/Headers/UIInterface.h:182:49: note: 'placeholderText' has been explicitly marked unavailable here
180 | /* Foreground color for placeholder text in controls or text fields or text views.
181 |  */
182 | @property (class, nonatomic, readonly) UIColor *placeholderTextColor    API_AVAILABLE(ios(13.0), tvos(13.0)) API_UNAVAILABLE(watchos);
    |                                                 `- note: 'placeholderText' has been explicitly marked unavailable here
183 |
184 | /* Foreground colors for separators (thin border or divider lines).
/Users/admin/builder/spi-builder-workspace/Sources/HSHelpers/Types/HSColor+SwiftUI.swift:39:44: error: 'separator' is unavailable in watchOS
37 |     static let quaternaryLabel = Color(hsColor: .quaternaryLabel)
38 |     static let placeholderText = Color(hsColor: .placeholderText)
39 |     static let separator = Color(hsColor: .separator)
   |                                            `- error: 'separator' is unavailable in watchOS
40 |     static let link = Color(hsColor:.link)
41 |
/Applications/Xcode-27.0.0-Release.Candidate.app/Contents/Developer/Platforms/WatchOS.platform/Developer/SDKs/WatchOS27.0.sdk/System/Library/Frameworks/UIKit.framework/Headers/UIInterface.h:189:49: note: 'separator' has been explicitly marked unavailable here
187 |  * completely cover anything behind it. Depending on the situation, you may need one or the other.
188 |  */
189 | @property (class, nonatomic, readonly) UIColor *separatorColor          API_AVAILABLE(ios(13.0), tvos(13.0)) API_UNAVAILABLE(watchos);
    |                                                 `- note: 'separator' has been explicitly marked unavailable here
190 | @property (class, nonatomic, readonly) UIColor *opaqueSeparatorColor    API_AVAILABLE(ios(13.0), tvos(13.0)) API_UNAVAILABLE(watchos);
191 |
/Users/admin/builder/spi-builder-workspace/Sources/HSHelpers/Types/HSColor+SwiftUI.swift:40:38: error: 'link' is unavailable in watchOS
38 |     static let placeholderText = Color(hsColor: .placeholderText)
39 |     static let separator = Color(hsColor: .separator)
40 |     static let link = Color(hsColor:.link)
   |                                      `- error: 'link' is unavailable in watchOS
41 |
42 |
/Applications/Xcode-27.0.0-Release.Candidate.app/Contents/Developer/Platforms/WatchOS.platform/Developer/SDKs/WatchOS27.0.sdk/System/Library/Frameworks/UIKit.framework/Headers/UIInterface.h:178:49: note: 'link' has been explicitly marked unavailable here
176 | /* Foreground color for standard system links.
177 |  */
178 | @property (class, nonatomic, readonly) UIColor *linkColor               API_AVAILABLE(ios(13.0), tvos(13.0)) API_UNAVAILABLE(watchos);
    |                                                 `- note: 'link' has been explicitly marked unavailable here
179 |
180 | /* Foreground color for placeholder text in controls or text fields or text views.
/Users/admin/builder/spi-builder-workspace/Sources/HSHelpers/Types/HSColor+SwiftUI.swift:44:50: error: 'systemBackground' is unavailable in watchOS
42 |
43 |     #if !os(tvOS)
44 |     static let systemBackground = Color(hsColor:.systemBackground)
   |                                                  `- error: 'systemBackground' is unavailable in watchOS
45 |     static let secondarySystemBackground = Color(hsColor:.secondarySystemBackground)
46 |
/Applications/Xcode-27.0.0-Release.Candidate.app/Contents/Developer/Platforms/WatchOS.platform/Developer/SDKs/WatchOS27.0.sdk/System/Library/Frameworks/UIKit.framework/Headers/UIInterface.h:208:49: note: 'systemBackground' has been explicitly marked unavailable here
206 |  *    primary background in light mode.
207 |  */
208 | @property (class, nonatomic, readonly) UIColor *systemBackgroundColor                   API_AVAILABLE(ios(13.0)) API_UNAVAILABLE(tvos, watchos);
    |                                                 `- note: 'systemBackground' has been explicitly marked unavailable here
209 | @property (class, nonatomic, readonly) UIColor *secondarySystemBackgroundColor          API_AVAILABLE(ios(13.0)) API_UNAVAILABLE(tvos, watchos);
210 | @property (class, nonatomic, readonly) UIColor *tertiarySystemBackgroundColor           API_AVAILABLE(ios(13.0)) API_UNAVAILABLE(tvos, watchos);
/Users/admin/builder/spi-builder-workspace/Sources/HSHelpers/Types/HSColor+SwiftUI.swift:45:59: error: 'secondarySystemBackground' is unavailable in watchOS
43 |     #if !os(tvOS)
44 |     static let systemBackground = Color(hsColor:.systemBackground)
45 |     static let secondarySystemBackground = Color(hsColor:.secondarySystemBackground)
   |                                                           `- error: 'secondarySystemBackground' is unavailable in watchOS
46 |
47 |     static let systemGray = Color(hsColor:.systemGray)
/Applications/Xcode-27.0.0-Release.Candidate.app/Contents/Developer/Platforms/WatchOS.platform/Developer/SDKs/WatchOS27.0.sdk/System/Library/Frameworks/UIKit.framework/Headers/UIInterface.h:209:49: note: 'secondarySystemBackground' has been explicitly marked unavailable here
207 |  */
208 | @property (class, nonatomic, readonly) UIColor *systemBackgroundColor                   API_AVAILABLE(ios(13.0)) API_UNAVAILABLE(tvos, watchos);
209 | @property (class, nonatomic, readonly) UIColor *secondarySystemBackgroundColor          API_AVAILABLE(ios(13.0)) API_UNAVAILABLE(tvos, watchos);
    |                                                 `- note: 'secondarySystemBackground' has been explicitly marked unavailable here
210 | @property (class, nonatomic, readonly) UIColor *tertiarySystemBackgroundColor           API_AVAILABLE(ios(13.0)) API_UNAVAILABLE(tvos, watchos);
211 |
/Users/admin/builder/spi-builder-workspace/Sources/HSHelpers/Types/HSColor+SwiftUI.swift:47:44: error: 'systemGray' is unavailable in watchOS
45 |     static let secondarySystemBackground = Color(hsColor:.secondarySystemBackground)
46 |
47 |     static let systemGray = Color(hsColor:.systemGray)
   |                                            `- error: 'systemGray' is unavailable in watchOS
48 |     static let systemGray2  = Color(hsColor:.systemGray2)
49 |     static let systemGray3 = Color(hsColor:.systemGray3)
/Applications/Xcode-27.0.0-Release.Candidate.app/Contents/Developer/Platforms/WatchOS.platform/Developer/SDKs/WatchOS27.0.sdk/System/Library/Frameworks/UIKit.framework/Headers/UIInterface.h:136:49: note: 'systemGray' has been explicitly marked unavailable here
134 | /* Shades of gray. systemGray is the base gray color.
135 |  */
136 | @property (class, nonatomic, readonly) UIColor *systemGrayColor         API_AVAILABLE(ios(7.0), tvos(9.0)) API_UNAVAILABLE(watchos);
    |                                                 `- note: 'systemGray' has been explicitly marked unavailable here
137 |
138 | /* The numbered variations, systemGray2 through systemGray6, are grays which increasingly
/Users/admin/builder/spi-builder-workspace/Sources/HSHelpers/Types/HSColor+SwiftUI.swift:48:46: error: 'systemGray2' is unavailable in watchOS
46 |
47 |     static let systemGray = Color(hsColor:.systemGray)
48 |     static let systemGray2  = Color(hsColor:.systemGray2)
   |                                              `- error: 'systemGray2' is unavailable in watchOS
49 |     static let systemGray3 = Color(hsColor:.systemGray3)
50 |     static let systemGray4  = Color(hsColor:.systemGray4)
/Applications/Xcode-27.0.0-Release.Candidate.app/Contents/Developer/Platforms/WatchOS.platform/Developer/SDKs/WatchOS27.0.sdk/System/Library/Frameworks/UIKit.framework/Headers/UIInterface.h:146:49: note: 'systemGray2' has been explicitly marked unavailable here
144 |  *                               systemGray3 is darker than that, and so on.
145 |  */
146 | @property (class, nonatomic, readonly) UIColor *systemGray2Color        API_AVAILABLE(ios(13.0)) API_UNAVAILABLE(tvos, watchos);
    |                                                 `- note: 'systemGray2' has been explicitly marked unavailable here
147 | @property (class, nonatomic, readonly) UIColor *systemGray3Color        API_AVAILABLE(ios(13.0)) API_UNAVAILABLE(tvos, watchos);
148 | @property (class, nonatomic, readonly) UIColor *systemGray4Color        API_AVAILABLE(ios(13.0)) API_UNAVAILABLE(tvos, watchos);
/Users/admin/builder/spi-builder-workspace/Sources/HSHelpers/Types/HSColor+SwiftUI.swift:49:45: error: 'systemGray3' is unavailable in watchOS
47 |     static let systemGray = Color(hsColor:.systemGray)
48 |     static let systemGray2  = Color(hsColor:.systemGray2)
49 |     static let systemGray3 = Color(hsColor:.systemGray3)
   |                                             `- error: 'systemGray3' is unavailable in watchOS
50 |     static let systemGray4  = Color(hsColor:.systemGray4)
51 |     static let systemGray5  = Color(hsColor:.systemGray5)
/Applications/Xcode-27.0.0-Release.Candidate.app/Contents/Developer/Platforms/WatchOS.platform/Developer/SDKs/WatchOS27.0.sdk/System/Library/Frameworks/UIKit.framework/Headers/UIInterface.h:147:49: note: 'systemGray3' has been explicitly marked unavailable here
145 |  */
146 | @property (class, nonatomic, readonly) UIColor *systemGray2Color        API_AVAILABLE(ios(13.0)) API_UNAVAILABLE(tvos, watchos);
147 | @property (class, nonatomic, readonly) UIColor *systemGray3Color        API_AVAILABLE(ios(13.0)) API_UNAVAILABLE(tvos, watchos);
    |                                                 `- note: 'systemGray3' has been explicitly marked unavailable here
148 | @property (class, nonatomic, readonly) UIColor *systemGray4Color        API_AVAILABLE(ios(13.0)) API_UNAVAILABLE(tvos, watchos);
149 | @property (class, nonatomic, readonly) UIColor *systemGray5Color        API_AVAILABLE(ios(13.0)) API_UNAVAILABLE(tvos, watchos);
/Users/admin/builder/spi-builder-workspace/Sources/HSHelpers/Types/HSColor+SwiftUI.swift:50:46: error: 'systemGray4' is unavailable in watchOS
48 |     static let systemGray2  = Color(hsColor:.systemGray2)
49 |     static let systemGray3 = Color(hsColor:.systemGray3)
50 |     static let systemGray4  = Color(hsColor:.systemGray4)
   |                                              `- error: 'systemGray4' is unavailable in watchOS
51 |     static let systemGray5  = Color(hsColor:.systemGray5)
52 |     static let systemGray6  = Color(hsColor:.systemGray6)
/Applications/Xcode-27.0.0-Release.Candidate.app/Contents/Developer/Platforms/WatchOS.platform/Developer/SDKs/WatchOS27.0.sdk/System/Library/Frameworks/UIKit.framework/Headers/UIInterface.h:148:49: note: 'systemGray4' has been explicitly marked unavailable here
146 | @property (class, nonatomic, readonly) UIColor *systemGray2Color        API_AVAILABLE(ios(13.0)) API_UNAVAILABLE(tvos, watchos);
147 | @property (class, nonatomic, readonly) UIColor *systemGray3Color        API_AVAILABLE(ios(13.0)) API_UNAVAILABLE(tvos, watchos);
148 | @property (class, nonatomic, readonly) UIColor *systemGray4Color        API_AVAILABLE(ios(13.0)) API_UNAVAILABLE(tvos, watchos);
    |                                                 `- note: 'systemGray4' has been explicitly marked unavailable here
149 | @property (class, nonatomic, readonly) UIColor *systemGray5Color        API_AVAILABLE(ios(13.0)) API_UNAVAILABLE(tvos, watchos);
150 | @property (class, nonatomic, readonly) UIColor *systemGray6Color        API_AVAILABLE(ios(13.0)) API_UNAVAILABLE(tvos, watchos);
/Users/admin/builder/spi-builder-workspace/Sources/HSHelpers/Types/HSColor+SwiftUI.swift:51:46: error: 'systemGray5' is unavailable in watchOS
49 |     static let systemGray3 = Color(hsColor:.systemGray3)
50 |     static let systemGray4  = Color(hsColor:.systemGray4)
51 |     static let systemGray5  = Color(hsColor:.systemGray5)
   |                                              `- error: 'systemGray5' is unavailable in watchOS
52 |     static let systemGray6  = Color(hsColor:.systemGray6)
53 |     #endif
/Applications/Xcode-27.0.0-Release.Candidate.app/Contents/Developer/Platforms/WatchOS.platform/Developer/SDKs/WatchOS27.0.sdk/System/Library/Frameworks/UIKit.framework/Headers/UIInterface.h:149:49: note: 'systemGray5' has been explicitly marked unavailable here
147 | @property (class, nonatomic, readonly) UIColor *systemGray3Color        API_AVAILABLE(ios(13.0)) API_UNAVAILABLE(tvos, watchos);
148 | @property (class, nonatomic, readonly) UIColor *systemGray4Color        API_AVAILABLE(ios(13.0)) API_UNAVAILABLE(tvos, watchos);
149 | @property (class, nonatomic, readonly) UIColor *systemGray5Color        API_AVAILABLE(ios(13.0)) API_UNAVAILABLE(tvos, watchos);
    |                                                 `- note: 'systemGray5' has been explicitly marked unavailable here
150 | @property (class, nonatomic, readonly) UIColor *systemGray6Color        API_AVAILABLE(ios(13.0)) API_UNAVAILABLE(tvos, watchos);
151 |
SwiftCompile normal arm64_32 /Users/admin/builder/spi-builder-workspace/Sources/HSHelpers/Types/Filetypes.swift (in target 'HSHelpers' from project 'HSHelpers')
    cd /Users/admin/builder/spi-builder-workspace/.swiftpm/xcode
    builtin-SwiftPerFileCompile Filetypes.swift
SwiftCompile normal arm64_32 /Users/admin/builder/spi-builder-workspace/Sources/HSHelpers/Types/HSColor+SwiftUI.swift (in target 'HSHelpers' from project 'HSHelpers')
    cd /Users/admin/builder/spi-builder-workspace/.swiftpm/xcode
    builtin-SwiftPerFileCompile HSColor+SwiftUI.swift
SwiftCompile normal arm64_32 /Users/admin/builder/spi-builder-workspace/Sources/HSHelpers/Types/HSColour.swift (in target 'HSHelpers' from project 'HSHelpers')
    cd /Users/admin/builder/spi-builder-workspace/.swiftpm/xcode
    builtin-SwiftPerFileCompile HSColour.swift
SwiftCompile normal arm64_32 /Users/admin/builder/spi-builder-workspace/Sources/HSHelpers/Types/HSImage.swift (in target 'HSHelpers' from project 'HSHelpers')
    cd /Users/admin/builder/spi-builder-workspace/.swiftpm/xcode
    builtin-SwiftPerFileCompile HSImage.swift
SwiftCompile normal arm64_32 Compiling\ NSTextCheckingResult+HS.swift,\ Number+PositiveModulus.swift,\ Optional+HS.swift,\ PlatformValues.swift /Users/admin/builder/spi-builder-workspace/Sources/HSHelpers/NSTextCheckingResult+HS.swift /Users/admin/builder/spi-builder-workspace/Sources/HSHelpers/Number+PositiveModulus.swift /Users/admin/builder/spi-builder-workspace/Sources/HSHelpers/Optional+HS.swift /Users/admin/builder/spi-builder-workspace/Sources/HSHelpers/PlatformValues.swift (in target 'HSHelpers' from project 'HSHelpers')
SwiftCompile normal arm64_32 /Users/admin/builder/spi-builder-workspace/Sources/HSHelpers/NSTextCheckingResult+HS.swift (in target 'HSHelpers' from project 'HSHelpers')
    cd /Users/admin/builder/spi-builder-workspace/.swiftpm/xcode
    builtin-SwiftPerFileCompile NSTextCheckingResult+HS.swift
SwiftCompile normal arm64_32 /Users/admin/builder/spi-builder-workspace/Sources/HSHelpers/Number+PositiveModulus.swift (in target 'HSHelpers' from project 'HSHelpers')
    cd /Users/admin/builder/spi-builder-workspace/.swiftpm/xcode
    builtin-SwiftPerFileCompile Number+PositiveModulus.swift
SwiftCompile normal arm64_32 /Users/admin/builder/spi-builder-workspace/Sources/HSHelpers/Optional+HS.swift (in target 'HSHelpers' from project 'HSHelpers')
    cd /Users/admin/builder/spi-builder-workspace/.swiftpm/xcode
    builtin-SwiftPerFileCompile Optional+HS.swift
SwiftCompile normal arm64_32 /Users/admin/builder/spi-builder-workspace/Sources/HSHelpers/PlatformValues.swift (in target 'HSHelpers' from project 'HSHelpers')
    cd /Users/admin/builder/spi-builder-workspace/.swiftpm/xcode
    builtin-SwiftPerFileCompile PlatformValues.swift
SwiftCompile normal arm64_32 Compiling\ AnyHashable+HS.swift,\ Array+HS.swift,\ Bundle+HS.swift,\ CGColor+HS.swift,\ CGImage+HS.swift /Users/admin/builder/spi-builder-workspace/Sources/HSHelpers/AnyHashable+HS.swift /Users/admin/builder/spi-builder-workspace/Sources/HSHelpers/Array+HS.swift /Users/admin/builder/spi-builder-workspace/Sources/HSHelpers/Bundle+HS.swift /Users/admin/builder/spi-builder-workspace/Sources/HSHelpers/CGColor+HS.swift /Users/admin/builder/spi-builder-workspace/Sources/HSHelpers/CGImage+HS.swift (in target 'HSHelpers' from project 'HSHelpers')
/Users/admin/builder/spi-builder-workspace/Sources/HSHelpers/CGImage+HS.swift:61:75: warning: 'kUTTypePNG' was deprecated in watchOS 8.0: Use UTTypePNG or UTType.png (swift) instead. [#DeprecatedDeclaration]
 59 |     func writePNG(to: URL) -> Bool {
 60 |         autoreleasepool {
 61 |             guard let dest = CGImageDestinationCreateWithURL(to as CFURL, kUTTypePNG, 1, nil) else {
    |                                                                           `- warning: 'kUTTypePNG' was deprecated in watchOS 8.0: Use UTTypePNG or UTType.png (swift) instead. [#DeprecatedDeclaration]
 62 |                 return false
 63 |             }
SwiftCompile normal arm64_32 /Users/admin/builder/spi-builder-workspace/Sources/HSHelpers/AnyHashable+HS.swift (in target 'HSHelpers' from project 'HSHelpers')
    cd /Users/admin/builder/spi-builder-workspace/.swiftpm/xcode
    builtin-SwiftPerFileCompile AnyHashable+HS.swift
SwiftCompile normal arm64_32 /Users/admin/builder/spi-builder-workspace/Sources/HSHelpers/Array+HS.swift (in target 'HSHelpers' from project 'HSHelpers')
    cd /Users/admin/builder/spi-builder-workspace/.swiftpm/xcode
    builtin-SwiftPerFileCompile Array+HS.swift
SwiftCompile normal arm64_32 /Users/admin/builder/spi-builder-workspace/Sources/HSHelpers/Bundle+HS.swift (in target 'HSHelpers' from project 'HSHelpers')
    cd /Users/admin/builder/spi-builder-workspace/.swiftpm/xcode
    builtin-SwiftPerFileCompile Bundle+HS.swift
SwiftCompile normal arm64_32 /Users/admin/builder/spi-builder-workspace/Sources/HSHelpers/CGColor+HS.swift (in target 'HSHelpers' from project 'HSHelpers')
    cd /Users/admin/builder/spi-builder-workspace/.swiftpm/xcode
    builtin-SwiftPerFileCompile CGColor+HS.swift
SwiftCompile normal arm64_32 /Users/admin/builder/spi-builder-workspace/Sources/HSHelpers/CGImage+HS.swift (in target 'HSHelpers' from project 'HSHelpers')
    cd /Users/admin/builder/spi-builder-workspace/.swiftpm/xcode
    builtin-SwiftPerFileCompile CGImage+HS.swift
SwiftCompile normal arm64_32 Compiling\ String+HS.swift,\ String+MD5.swift,\ Aliases.swift,\ Build.swift /Users/admin/builder/spi-builder-workspace/Sources/HSHelpers/String+HS.swift /Users/admin/builder/spi-builder-workspace/Sources/HSHelpers/String+MD5.swift /Users/admin/builder/spi-builder-workspace/Sources/HSHelpers/Types/Aliases.swift /Users/admin/builder/spi-builder-workspace/Sources/HSHelpers/Types/Build.swift (in target 'HSHelpers' from project 'HSHelpers')
SwiftCompile normal arm64_32 /Users/admin/builder/spi-builder-workspace/Sources/HSHelpers/String+HS.swift (in target 'HSHelpers' from project 'HSHelpers')
    cd /Users/admin/builder/spi-builder-workspace/.swiftpm/xcode
    builtin-SwiftPerFileCompile String+HS.swift
SwiftCompile normal arm64_32 /Users/admin/builder/spi-builder-workspace/Sources/HSHelpers/String+MD5.swift (in target 'HSHelpers' from project 'HSHelpers')
    cd /Users/admin/builder/spi-builder-workspace/.swiftpm/xcode
    builtin-SwiftPerFileCompile String+MD5.swift
SwiftCompile normal arm64_32 /Users/admin/builder/spi-builder-workspace/Sources/HSHelpers/Types/Aliases.swift (in target 'HSHelpers' from project 'HSHelpers')
    cd /Users/admin/builder/spi-builder-workspace/.swiftpm/xcode
    builtin-SwiftPerFileCompile Aliases.swift
SwiftCompile normal arm64_32 /Users/admin/builder/spi-builder-workspace/Sources/HSHelpers/Types/Build.swift (in target 'HSHelpers' from project 'HSHelpers')
    cd /Users/admin/builder/spi-builder-workspace/.swiftpm/xcode
    builtin-SwiftPerFileCompile Build.swift
SwiftExplicitDependencyGeneratePcm arm64 /Users/admin/builder/spi-builder-workspace/.derivedData/SDKExplicitPrecompiledModules/SwiftUI-APXDH8ULYLM6FD17YRA73TULO.pcm
PruneExplicitPrecompiledModules /Users/admin/builder/spi-builder-workspace/.derivedData/SDKExplicitPrecompiledModules
PruneExplicitPrecompiledModules /Users/admin/builder/spi-builder-workspace/.derivedData/Build/Intermediates.noindex/ExplicitPrecompiledModules
PruneExplicitPrecompiledModules /Users/admin/builder/spi-builder-workspace/.derivedData/Build/Intermediates.noindex/SwiftExplicitPrecompiledModules
2026-09-22 13:22:15.232 xcodebuild[877:5366] [MT] IDERunDestination: Supported platforms for the buildables in the current scheme is empty.
2026-09-22 13:22:15.338 xcodebuild[877:5366] [MT] IDERunDestination: Supported platforms for the buildables in the current scheme is empty.
** BUILD FAILED **
The following build commands failed:
	SwiftCompile normal arm64_32 (in target 'HSHelpers' from project 'HSHelpers')
	SwiftEmitModule normal arm64_32 Emitting\ module\ for\ HSHelpers (in target 'HSHelpers' from project 'HSHelpers')
	Building workspace HSHelpers with scheme HSHelpers-Package
(3 failures)
BUILD FAILURE 6.4 watchOS