The Swift Package Index logo.Swift Package Index

Build Information

Failed to build proofofhuman, reference main (094208), with Swift 6.4 for macOS (SPM) on 13 Oct 2026 10:22:08 UTC.

Build Command

env DEVELOPER_DIR=/Applications/Xcode-27.0.0.app xcrun swift build --arch arm64

Build Log

========================================
RunAll
========================================
Builder version: 5.1.2
Interrupt handler set up.
========================================
Checkout
========================================
Clone URL: https://github.com/iamaihub/sdk-ios.git
Reference: main
Initialized empty Git repository in /Users/admin/builder/spi-builder-workspace/.git/
From https://github.com/iamaihub/sdk-ios
 * branch            main       -> FETCH_HEAD
 * [new branch]      main       -> origin/main
HEAD is now at 094208d docs: package URL follows the iamaihub org rename
Cloned https://github.com/iamaihub/sdk-ios.git
Revision (git rev-parse @):
094208d535ae2e277b4b5618e55a9283ce96df4f
SUCCESS checkout https://github.com/iamaihub/sdk-ios.git at main
========================================
ResolveProductDependencies
========================================
Resolving dependencies ...
{
  "identity": ".resolve-product-dependencies",
  "name": "resolve-dependencies",
  "url": "/Users/admin/builder/spi-builder-workspace/.resolve-product-dependencies",
  "version": "unspecified",
  "path": "/Users/admin/builder/spi-builder-workspace/.resolve-product-dependencies",
  "traits": [
    "default"
  ],
  "dependencies": [
    {
      "identity": "sdk-ios",
      "name": "proofofhuman",
      "url": "https://github.com/iamaihub/sdk-ios.git",
      "version": "unspecified",
      "path": "/Users/admin/builder/spi-builder-workspace/.resolve-product-dependencies/.build/checkouts/sdk-ios",
      "traits": [
        "default"
      ],
      "dependencies": [
      ]
    }
  ]
}
Fetching https://github.com/iamaihub/sdk-ios.git
[1/125] Fetching sdk-ios
Fetched https://github.com/iamaihub/sdk-ios.git (0.79s)
Creating working copy for https://github.com/iamaihub/sdk-ios.git
Working copy of https://github.com/iamaihub/sdk-ios.git resolved at main (094208d)
warning: '.resolve-product-dependencies': dependency 'sdk-ios' is not used by any target
Found 0 product dependencies
========================================
Build
========================================
Selected platform:         macosSpm
Swift version:             6.4
Building package at path:  $PWD
https://github.com/iamaihub/sdk-ios.git
Running build ...
env DEVELOPER_DIR=/Applications/Xcode-27.0.0.app xcrun swift build --arch arm64
Building for debugging...
[Pre-planning 1 / 66]
[Planning deferred tasks]
[19 / 28]
[20 / 29] POHKit
[30 / 73]
[35 / 73]
[39 / 73]
[40 / 73]
[44 / 73]
[46 / 73]
[49 / 73]
[53 / 73]
[55 / 73]
[56 / 73]
[64 / 73] POHKit
error: SwiftCompile normal arm64 /Users/admin/builder/spi-builder-workspace/Sources/POHKit/Models.swift failed with a nonzero exit code. Command line:     cd /Users/admin/builder
    builtin-SwiftPerFileCompile Models.swift
/Users/admin/builder/spi-builder-workspace/Sources/POHKit/Models.swift:440:13: error: operator can throw but expression is not marked with 'try'
438 |         type = try c.decodeIfPresent(String.self, forKey: .type)
439 |         message = (try c.decodeIfPresent(String.self, forKey: .message))
440 |             ?? (try c.decodeIfPresent(String.self, forKey: .reply))
    |             |  `- note: call is to 'rethrows' function, but argument function can throw
    |             `- error: operator can throw but expression is not marked with 'try'
441 |             ?? ""
442 |         skill = try c.decodeIfPresent(String.self, forKey: .skill)
Failed frontend command:
/Applications/Xcode-27.0.0.app/Contents/Developer/Toolchains/XcodeDefault.xctoolchain/usr/bin/swift-frontend -frontend -c /Users/admin/builder/spi-builder-workspace/Sources/POHKit/DAIChatCrypto.swift /Users/admin/builder/spi-builder-workspace/Sources/POHKit/DAIClient.swift /Users/admin/builder/spi-builder-workspace/Sources/POHKit/DAIError.swift /Users/admin/builder/spi-builder-workspace/Sources/POHKit/DAISigning.swift /Users/admin/builder/spi-builder-workspace/Sources/POHKit/Internal.swift -primary-file /Users/admin/builder/spi-builder-workspace/Sources/POHKit/Models.swift -emit-dependencies-path /Users/admin/builder/spi-builder-workspace/.build/out/Intermediates.noindex/proofofhuman.build/Debug/POHKit-t.build/Objects-normal/arm64/Models.d -emit-const-values-path /Users/admin/builder/spi-builder-workspace/.build/out/Intermediates.noindex/proofofhuman.build/Debug/POHKit-t.build/Objects-normal/arm64/Models.swiftconstvalues -emit-reference-dependencies-path /Users/admin/builder/spi-builder-workspace/.build/out/Intermediates.noindex/proofofhuman.build/Debug/POHKit-t.build/Objects-normal/arm64/Models.swiftdeps -serialize-diagnostics-path /Users/admin/builder/spi-builder-workspace/.build/out/Intermediates.noindex/proofofhuman.build/Debug/POHKit-t.build/Objects-normal/arm64/Models.dia -target arm64-apple-macos12.0 -disable-cross-import-overlay-search -load-resolved-plugin /Applications/Xcode-27.0.0.app/Contents/Developer/Platforms/MacOSX.platform/Developer/usr/lib/swift/host/plugins/libFoundationMacros.dylib\#/Applications/Xcode-27.0.0.app/Contents/Developer/Platforms/MacOSX.platform/Developer/usr/bin/swift-plugin-server\#FoundationMacros -load-resolved-plugin /Applications/Xcode-27.0.0.app/Contents/Developer/Platforms/MacOSX.platform/Developer/usr/lib/swift/host/plugins/libObservationMacros.dylib\#/Applications/Xcode-27.0.0.app/Contents/Developer/Platforms/MacOSX.platform/Developer/usr/bin/swift-plugin-server\#ObservationMacros -load-resolved-plugin /Applications/Xcode-27.0.0.app/Contents/Developer/Platforms/MacOSX.platform/Developer/usr/lib/swift/host/plugins/libSwiftMacros.dylib\#/Applications/Xcode-27.0.0.app/Contents/Developer/Platforms/MacOSX.platform/Developer/usr/bin/swift-plugin-server\#SwiftMacros -disable-implicit-swift-modules -Xcc -fno-implicit-modules -Xcc -fno-implicit-module-maps -explicit-swift-module-map-file /Users/admin/builder/spi-builder-workspace/.build/out/Intermediates.noindex/proofofhuman.build/Debug/POHKit-t.build/Objects-normal/arm64/POHKit-dependencies-1.json -Xllvm -aarch64-use-tbi -enable-objc-interop -stack-check -sdk /Applications/Xcode-27.0.0.app/Contents/Developer/Platforms/MacOSX.platform/Developer/SDKs/MacOSX27.0.sdk -I /Users/admin/builder/spi-builder-workspace/.build/out/Products/Debug -Isystem /Applications/Xcode-27.0.0.app/Contents/Developer/Platforms/MacOSX.platform/Developer/usr/lib -F /Users/admin/builder/spi-builder-workspace/.build/out/Products/Debug -F /Applications/Xcode-27.0.0.app/Contents/Developer/Platforms/MacOSX.platform/Developer/Library/Frameworks -module-cache-path /Users/admin/builder/spi-builder-workspace/.build/out/Intermediates.noindex/SwiftExplicitPrecompiledModules -color-diagnostics -Xcc -fcolor-diagnostics -enable-testing -g -debug-info-format\=dwarf -dwarf-version\=4 -swift-version 5 -Onone -D SWIFT_PACKAGE -D DEBUG -D SWIFT_MODULE_RESOURCE_BUNDLE_UNAVAILABLE -D Xcode -serialize-debugging-options -enable-experimental-feature DebugDescriptionMacro -empty-abi-descriptor -validate-clang-modules-once -clang-build-session-file /Users/admin/builder/spi-builder-workspace/.build/out/ModuleCache.noindex/Session.modulevalidation -Xcc -working-directory -Xcc /Users/admin/builder -enable-anonymous-context-mangled-names -file-compilation-dir /Users/admin/builder -Xcc -D_LIBCPP_HARDENING_MODE\=_LIBCPP_HARDENING_MODE_DEBUG -Xcc -ivfsstatcache -Xcc /Users/admin/builder/spi-builder-workspace/.build/out/SDKStatCaches.noindex/macosx27.0-26A425-80c5bbf1d171475443272936d42f90a389db99fe7804849a4777d653a8cfc1be.sdkstatcache -Xcc -fmodules-prune-interval\=86400 -Xcc -fmodules-prune-after\=345600 -Xcc -I/Users/admin/builder/spi-builder-workspace/.build/out/Products/Debug/include -Xcc -I/Users/admin/builder/spi-builder-workspace/.build/out/Intermediates.noindex/proofofhuman.build/Debug/POHKit-t.build/DerivedSources-normal/arm64 -Xcc -I/Users/admin/builder/spi-builder-workspace/.build/out/Intermediates.noindex/proofofhuman.build/Debug/POHKit-t.build/DerivedSources/arm64 -Xcc -I/Users/admin/builder/spi-builder-workspace/.build/out/Intermediates.noindex/proofofhuman.build/Debug/POHKit-t.build/DerivedSources -Xcc -DSWIFT_PACKAGE -Xcc -DDEBUG\=1 -no-auto-bridging-header-chaining -module-name POHKit -package-name spi_builder_workspace -const-gather-protocols-file /Users/admin/builder/spi-builder-workspace/.build/out/Intermediates.noindex/proofofhuman.build/Debug/POHKit-t.build/Objects-normal/arm64/POHKit_const_extract_protocols.json -disable-clang-spi -clang-target arm64-apple-macos27.0 -target-sdk-version 27.0 -target-sdk-name macosx27.0 -in-process-plugin-server-path /Applications/Xcode-27.0.0.app/Contents/Developer/Toolchains/XcodeDefault.xctoolchain/usr/lib/swift/host/libSwiftInProcPluginServer.dylib -parse-as-library -o /Users/admin/builder/spi-builder-workspace/.build/out/Intermediates.noindex/proofofhuman.build/Debug/POHKit-t.build/Objects-normal/arm64/Models.o -debug-module-path /Users/admin/builder/spi-builder-workspace/.build/out/Intermediates.noindex/proofofhuman.build/Debug/POHKit-t.build/Objects-normal/arm64/POHKit.swiftmodule -index-unit-output-path /proofofhuman.build/Debug/POHKit-t.build/Objects-normal/arm64/Models.o -index-store-path /Users/admin/builder/spi-builder-workspace/.build/out -index-system-modules
error: SwiftCompile normal arm64 /Users/admin/builder/spi-builder-workspace/Sources/POHKit/DAIClient.swift failed with a nonzero exit code. Command line:     cd /Users/admin/builder
    builtin-SwiftPerFileCompile DAIClient.swift
/Users/admin/builder/spi-builder-workspace/Sources/POHKit/DAIClient.swift:401:12: error: initializer for conditional binding must have Optional type, not 'String'
399 |         let route: ChatRouteResponse = try await requestAny("POST", path: "/chat/route", anyBody: routeBody)
400 |         let freeTypes: Set<String> = ["cascade", "tasks", "dataset", "hf-model", "sequence"]
401 |         if let t = route.type, freeTypes.contains(t) {
    |            `- error: initializer for conditional binding must have Optional type, not 'String'
402 |             throw DAIError.httpError(
403 |                 statusCode: 422,
Failed frontend command:
/Applications/Xcode-27.0.0.app/Contents/Developer/Toolchains/XcodeDefault.xctoolchain/usr/bin/swift-frontend -frontend -c /Users/admin/builder/spi-builder-workspace/Sources/POHKit/DAIChatCrypto.swift -primary-file /Users/admin/builder/spi-builder-workspace/Sources/POHKit/DAIClient.swift /Users/admin/builder/spi-builder-workspace/Sources/POHKit/DAIError.swift /Users/admin/builder/spi-builder-workspace/Sources/POHKit/DAISigning.swift /Users/admin/builder/spi-builder-workspace/Sources/POHKit/Internal.swift /Users/admin/builder/spi-builder-workspace/Sources/POHKit/Models.swift -emit-dependencies-path /Users/admin/builder/spi-builder-workspace/.build/out/Intermediates.noindex/proofofhuman.build/Debug/POHKit-t.build/Objects-normal/arm64/DAIClient.d -emit-const-values-path /Users/admin/builder/spi-builder-workspace/.build/out/Intermediates.noindex/proofofhuman.build/Debug/POHKit-t.build/Objects-normal/arm64/DAIClient.swiftconstvalues -emit-reference-dependencies-path /Users/admin/builder/spi-builder-workspace/.build/out/Intermediates.noindex/proofofhuman.build/Debug/POHKit-t.build/Objects-normal/arm64/DAIClient.swiftdeps -serialize-diagnostics-path /Users/admin/builder/spi-builder-workspace/.build/out/Intermediates.noindex/proofofhuman.build/Debug/POHKit-t.build/Objects-normal/arm64/DAIClient.dia -target arm64-apple-macos12.0 -disable-cross-import-overlay-search -load-resolved-plugin /Applications/Xcode-27.0.0.app/Contents/Developer/Platforms/MacOSX.platform/Developer/usr/lib/swift/host/plugins/libFoundationMacros.dylib\#/Applications/Xcode-27.0.0.app/Contents/Developer/Platforms/MacOSX.platform/Developer/usr/bin/swift-plugin-server\#FoundationMacros -load-resolved-plugin /Applications/Xcode-27.0.0.app/Contents/Developer/Platforms/MacOSX.platform/Developer/usr/lib/swift/host/plugins/libObservationMacros.dylib\#/Applications/Xcode-27.0.0.app/Contents/Developer/Platforms/MacOSX.platform/Developer/usr/bin/swift-plugin-server\#ObservationMacros -load-resolved-plugin /Applications/Xcode-27.0.0.app/Contents/Developer/Platforms/MacOSX.platform/Developer/usr/lib/swift/host/plugins/libSwiftMacros.dylib\#/Applications/Xcode-27.0.0.app/Contents/Developer/Platforms/MacOSX.platform/Developer/usr/bin/swift-plugin-server\#SwiftMacros -disable-implicit-swift-modules -Xcc -fno-implicit-modules -Xcc -fno-implicit-module-maps -explicit-swift-module-map-file /Users/admin/builder/spi-builder-workspace/.build/out/Intermediates.noindex/proofofhuman.build/Debug/POHKit-t.build/Objects-normal/arm64/POHKit-dependencies-1.json -Xllvm -aarch64-use-tbi -enable-objc-interop -stack-check -sdk /Applications/Xcode-27.0.0.app/Contents/Developer/Platforms/MacOSX.platform/Developer/SDKs/MacOSX27.0.sdk -I /Users/admin/builder/spi-builder-workspace/.build/out/Products/Debug -Isystem /Applications/Xcode-27.0.0.app/Contents/Developer/Platforms/MacOSX.platform/Developer/usr/lib -F /Users/admin/builder/spi-builder-workspace/.build/out/Products/Debug -F /Applications/Xcode-27.0.0.app/Contents/Developer/Platforms/MacOSX.platform/Developer/Library/Frameworks -module-cache-path /Users/admin/builder/spi-builder-workspace/.build/out/Intermediates.noindex/SwiftExplicitPrecompiledModules -color-diagnostics -Xcc -fcolor-diagnostics -enable-testing -g -debug-info-format\=dwarf -dwarf-version\=4 -swift-version 5 -Onone -D SWIFT_PACKAGE -D DEBUG -D SWIFT_MODULE_RESOURCE_BUNDLE_UNAVAILABLE -D Xcode -serialize-debugging-options -enable-experimental-feature DebugDescriptionMacro -empty-abi-descriptor -validate-clang-modules-once -clang-build-session-file /Users/admin/builder/spi-builder-workspace/.build/out/ModuleCache.noindex/Session.modulevalidation -Xcc -working-directory -Xcc /Users/admin/builder -enable-anonymous-context-mangled-names -file-compilation-dir /Users/admin/builder -Xcc -D_LIBCPP_HARDENING_MODE\=_LIBCPP_HARDENING_MODE_DEBUG -Xcc -ivfsstatcache -Xcc /Users/admin/builder/spi-builder-workspace/.build/out/SDKStatCaches.noindex/macosx27.0-26A425-80c5bbf1d171475443272936d42f90a389db99fe7804849a4777d653a8cfc1be.sdkstatcache -Xcc -fmodules-prune-interval\=86400 -Xcc -fmodules-prune-after\=345600 -Xcc -I/Users/admin/builder/spi-builder-workspace/.build/out/Products/Debug/include -Xcc -I/Users/admin/builder/spi-builder-workspace/.build/out/Intermediates.noindex/proofofhuman.build/Debug/POHKit-t.build/DerivedSources-normal/arm64 -Xcc -I/Users/admin/builder/spi-builder-workspace/.build/out/Intermediates.noindex/proofofhuman.build/Debug/POHKit-t.build/DerivedSources/arm64 -Xcc -I/Users/admin/builder/spi-builder-workspace/.build/out/Intermediates.noindex/proofofhuman.build/Debug/POHKit-t.build/DerivedSources -Xcc -DSWIFT_PACKAGE -Xcc -DDEBUG\=1 -no-auto-bridging-header-chaining -module-name POHKit -package-name spi_builder_workspace -const-gather-protocols-file /Users/admin/builder/spi-builder-workspace/.build/out/Intermediates.noindex/proofofhuman.build/Debug/POHKit-t.build/Objects-normal/arm64/POHKit_const_extract_protocols.json -disable-clang-spi -clang-target arm64-apple-macos27.0 -target-sdk-version 27.0 -target-sdk-name macosx27.0 -in-process-plugin-server-path /Applications/Xcode-27.0.0.app/Contents/Developer/Toolchains/XcodeDefault.xctoolchain/usr/lib/swift/host/libSwiftInProcPluginServer.dylib -parse-as-library -o /Users/admin/builder/spi-builder-workspace/.build/out/Intermediates.noindex/proofofhuman.build/Debug/POHKit-t.build/Objects-normal/arm64/DAIClient.o -debug-module-path /Users/admin/builder/spi-builder-workspace/.build/out/Intermediates.noindex/proofofhuman.build/Debug/POHKit-t.build/Objects-normal/arm64/POHKit.swiftmodule -index-unit-output-path /proofofhuman.build/Debug/POHKit-t.build/Objects-normal/arm64/DAIClient.o -index-store-path /Users/admin/builder/spi-builder-workspace/.build/out -index-system-modules
error: Build failed
BUILD FAILURE 6.4 macosSpm