Build Information
Failed to build swift-kafka-client, reference 1.0.0-beta.1 (fd996f), with Swift 6.4 for visionOS using Xcode 27.0 on 9 Oct 2026 12:37:04 UTC.
Build Command
env DEVELOPER_DIR=/Applications/Xcode-27.0.0-Release.Candidate.app xcrun xcodebuild -IDEClonedSourcePackagesDirPathOverride=$PWD/.dependencies -skipMacroValidation -skipPackagePluginValidation -derivedDataPath $PWD/.derivedData build -scheme swift-kafka-client-Package -destination generic/platform=xrOSBuild Log
PrecompileModule /Users/admin/builder/spi-builder-workspace/.derivedData/Build/Intermediates.noindex/ExplicitPrecompiledModules/_Builtin_stdint-2SA4EHTC14M513W0PA9UAK180.scan
cd /
builtin-precompileModule /Users/admin/builder/spi-builder-workspace/.derivedData/Build/Intermediates.noindex/ExplicitPrecompiledModules/_Builtin_stdint-2SA4EHTC14M513W0PA9UAK180.scan
ScanDependencies /Users/admin/builder/spi-builder-workspace/.derivedData/Build/Intermediates.noindex/swift-kafka-client.build/Debug-xros/Crdkafka-t.build/Objects-normal/arm64/rdkafka_pattern.o /Users/admin/builder/spi-builder-workspace/Sources/Crdkafka/librdkafka/src/rdkafka_pattern.c normal arm64 c com.apple.compilers.llvm.clang.1_0.compiler (in target 'Crdkafka' from project 'swift-kafka-client')
cd /Users/admin/builder/spi-builder-workspace/.swiftpm/xcode
Using response file: /Users/admin/builder/spi-builder-workspace/.derivedData/Build/Intermediates.noindex/swift-kafka-client.build/Debug-xros/Crdkafka-t.build/Objects-normal/arm64/7187679823f38a2a940e0043cdf9d637-common-args.resp
builtin-ScanDependencies -o /Users/admin/builder/spi-builder-workspace/.derivedData/Build/Intermediates.noindex/swift-kafka-client.build/Debug-xros/Crdkafka-t.build/Objects-normal/arm64/rdkafka_pattern.o.scan -- /Applications/Xcode-27.0.0.app/Contents/Developer/Toolchains/XcodeDefault.xctoolchain/usr/bin/clang -x c -ivfsstatcache /Users/admin/builder/spi-builder-workspace/.derivedData/SDKStatCaches.noindex/xros27.0-24M361-e829b21a6f8c9b70876ba0858053c04489c3c372b822c72ca60ec5271cbc7f3c.sdkstatcache -target arm64-apple-xros2.0 -fmessage-length\=0 -fdiagnostics-show-note-include-stack -fmacro-backtrace-limit\=0 -fno-color-diagnostics -fmodules-prune-interval\=86400 -fmodules-prune-after\=345600 -fbuild-session-file\=/Users/admin/builder/spi-builder-workspace/.derivedData/ModuleCache.noindex/Session.modulevalidation -fmodules-validate-once-per-build-session -Wnon-modular-include-in-framework-module -Werror\=non-modular-include-in-framework-module -Wno-trigraphs -Wno-missing-field-initializers -Wno-missing-prototypes -Wno-return-type -Wno-missing-braces -Wparentheses -Wswitch -Wno-unused-function -Wno-unused-label -Wno-unused-parameter -Wno-unused-variable -Wunused-value -Wno-empty-body -Wno-uninitialized -Wno-unknown-pragmas -Wno-shadow -Wno-four-char-constants -Wno-conversion -Wno-constant-conversion -Wno-int-conversion -Wno-bool-conversion -Wno-enum-conversion -Wno-float-conversion -Wno-non-literal-null-conversion -Wno-objc-literal-conversion -Wshorten-64-to-32 -Wpointer-sign -Wno-newline-eof -Wno-implicit-fallthrough -isysroot /Applications/Xcode-27.0.0.app/Contents/Developer/Platforms/XROS.platform/Developer/SDKs/XROS27.0.sdk -fstrict-aliasing -Wdeprecated-declarations -Wno-sign-conversion -Wno-infinite-recursion -Wno-comma -Wno-block-capture-autoreleasing -Wno-strict-prototypes -Wno-semicolon-before-method-body -index-store-path /Users/admin/builder/spi-builder-workspace/.derivedData/Index.noindex/DataStore @/Users/admin/builder/spi-builder-workspace/.derivedData/Build/Intermediates.noindex/swift-kafka-client.build/Debug-xros/Crdkafka-t.build/Objects-normal/arm64/7187679823f38a2a940e0043cdf9d637-common-args.resp -MMD -MT dependencies -MF /Users/admin/builder/spi-builder-workspace/.derivedData/Build/Intermediates.noindex/swift-kafka-client.build/Debug-xros/Crdkafka-t.build/Objects-normal/arm64/rdkafka_pattern.d --serialize-diagnostics /Users/admin/builder/spi-builder-workspace/.derivedData/Build/Intermediates.noindex/swift-kafka-client.build/Debug-xros/Crdkafka-t.build/Objects-normal/arm64/rdkafka_pattern.dia -c /Users/admin/builder/spi-builder-workspace/Sources/Crdkafka/librdkafka/src/rdkafka_pattern.c -o /Users/admin/builder/spi-builder-workspace/.derivedData/Build/Intermediates.noindex/swift-kafka-client.build/Debug-xros/Crdkafka-t.build/Objects-normal/arm64/rdkafka_pattern.o -index-unit-output-path /swift-kafka-client.build/Debug-xros/Crdkafka-t.build/Objects-normal/arm64/rdkafka_pattern.o
ScanDependencies /Users/admin/builder/spi-builder-workspace/.derivedData/Build/Intermediates.noindex/swift-kafka-client.build/Debug-xros/Crdkafka-t.build/Objects-normal/arm64/rdkafka_partition.o /Users/admin/builder/spi-builder-workspace/Sources/Crdkafka/librdkafka/src/rdkafka_partition.c normal arm64 c com.apple.compilers.llvm.clang.1_0.compiler (in target 'Crdkafka' from project 'swift-kafka-client')
cd /Users/admin/builder/spi-builder-workspace/.swiftpm/xcode
Using response file: /Users/admin/builder/spi-builder-workspace/.derivedData/Build/Intermediates.noindex/swift-kafka-client.build/Debug-xros/Crdkafka-t.build/Objects-normal/arm64/7187679823f38a2a940e0043cdf9d637-common-args.resp
builtin-ScanDependencies -o /Users/admin/builder/spi-builder-workspace/.derivedData/Build/Intermediates.noindex/swift-kafka-client.build/Debug-xros/Crdkafka-t.build/Objects-normal/arm64/rdkafka_partition.o.scan -- /Applications/Xcode-27.0.0.app/Contents/Developer/Toolchains/XcodeDefault.xctoolchain/usr/bin/clang -x c -ivfsstatcache /Users/admin/builder/spi-builder-workspace/.derivedData/SDKStatCaches.noindex/xros27.0-24M361-e829b21a6f8c9b70876ba0858053c04489c3c372b822c72ca60ec5271cbc7f3c.sdkstatcache -target arm64-apple-xros2.0 -fmessage-length\=0 -fdiagnostics-show-note-include-stack -fmacro-backtrace-limit\=0 -fno-color-diagnostics -fmodules-prune-interval\=86400 -fmodules-prune-after\=345600 -fbuild-session-file\=/Users/admin/builder/spi-builder-workspace/.derivedData/ModuleCache.noindex/Session.modulevalidation -fmodules-validate-once-per-build-session -Wnon-modular-include-in-framework-module -Werror\=non-modular-include-in-framework-module -Wno-trigraphs -Wno-missing-field-initializers -Wno-missing-prototypes -Wno-return-type -Wno-missing-braces -Wparentheses -Wswitch -Wno-unused-function -Wno-unused-label -Wno-unused-parameter -Wno-unused-variable -Wunused-value -Wno-empty-body -Wno-uninitialized -Wno-unknown-pragmas -Wno-shadow -Wno-four-char-constants -Wno-conversion -Wno-constant-conversion -Wno-int-conversion -Wno-bool-conversion -Wno-enum-conversion -Wno-float-conversion -Wno-non-literal-null-conversion -Wno-objc-literal-conversion -Wshorten-64-to-32 -Wpointer-sign -Wno-newline-eof -Wno-implicit-fallthrough -isysroot /Applications/Xcode-27.0.0.app/Contents/Developer/Platforms/XROS.platform/Developer/SDKs/XROS27.0.sdk -fstrict-aliasing -Wdeprecated-declarations -Wno-sign-conversion -Wno-infinite-recursion -Wno-comma -Wno-block-capture-autoreleasing -Wno-strict-prototypes -Wno-semicolon-before-method-body -index-store-path /Users/admin/builder/spi-builder-workspace/.derivedData/Index.noindex/DataStore @/Users/admin/builder/spi-builder-workspace/.derivedData/Build/Intermediates.noindex/swift-kafka-client.build/Debug-xros/Crdkafka-t.build/Objects-normal/arm64/7187679823f38a2a940e0043cdf9d637-common-args.resp -MMD -MT dependencies -MF /Users/admin/builder/spi-builder-workspace/.derivedData/Build/Intermediates.noindex/swift-kafka-client.build/Debug-xros/Crdkafka-t.build/Objects-normal/arm64/rdkafka_partition.d --serialize-diagnostics /Users/admin/builder/spi-builder-workspace/.derivedData/Build/Intermediates.noindex/swift-kafka-client.build/Debug-xros/Crdkafka-t.build/Objects-normal/arm64/rdkafka_partition.dia -c /Users/admin/builder/spi-builder-workspace/Sources/Crdkafka/librdkafka/src/rdkafka_partition.c -o /Users/admin/builder/spi-builder-workspace/.derivedData/Build/Intermediates.noindex/swift-kafka-client.build/Debug-xros/Crdkafka-t.build/Objects-normal/arm64/rdkafka_partition.o -index-unit-output-path /swift-kafka-client.build/Debug-xros/Crdkafka-t.build/Objects-normal/arm64/rdkafka_partition.o
ScanDependencies /Users/admin/builder/spi-builder-workspace/.derivedData/Build/Intermediates.noindex/swift-kafka-client.build/Debug-xros/Crdkafka-t.build/Objects-normal/arm64/rdkafka_op.o /Users/admin/builder/spi-builder-workspace/Sources/Crdkafka/librdkafka/src/rdkafka_op.c normal arm64 c com.apple.compilers.llvm.clang.1_0.compiler (in target 'Crdkafka' from project 'swift-kafka-client')
cd /Users/admin/builder/spi-builder-workspace/.swiftpm/xcode
Using response file: /Users/admin/builder/spi-builder-workspace/.derivedData/Build/Intermediates.noindex/swift-kafka-client.build/Debug-xros/Crdkafka-t.build/Objects-normal/arm64/7187679823f38a2a940e0043cdf9d637-common-args.resp
builtin-ScanDependencies -o /Users/admin/builder/spi-builder-workspace/.derivedData/Build/Intermediates.noindex/swift-kafka-client.build/Debug-xros/Crdkafka-t.build/Objects-normal/arm64/rdkafka_op.o.scan -- /Applications/Xcode-27.0.0.app/Contents/Developer/Toolchains/XcodeDefault.xctoolchain/usr/bin/clang -x c -ivfsstatcache /Users/admin/builder/spi-builder-workspace/.derivedData/SDKStatCaches.noindex/xros27.0-24M361-e829b21a6f8c9b70876ba0858053c04489c3c372b822c72ca60ec5271cbc7f3c.sdkstatcache -target arm64-apple-xros2.0 -fmessage-length\=0 -fdiagnostics-show-note-include-stack -fmacro-backtrace-limit\=0 -fno-color-diagnostics -fmodules-prune-interval\=86400 -fmodules-prune-after\=345600 -fbuild-session-file\=/Users/admin/builder/spi-builder-workspace/.derivedData/ModuleCache.noindex/Session.modulevalidation -fmodules-validate-once-per-build-session -Wnon-modular-include-in-framework-module -Werror\=non-modular-include-in-framework-module -Wno-trigraphs -Wno-missing-field-initializers -Wno-missing-prototypes -Wno-return-type -Wno-missing-braces -Wparentheses -Wswitch -Wno-unused-function -Wno-unused-label -Wno-unused-parameter -Wno-unused-variable -Wunused-value -Wno-empty-body -Wno-uninitialized -Wno-unknown-pragmas -Wno-shadow -Wno-four-char-constants -Wno-conversion -Wno-constant-conversion -Wno-int-conversion -Wno-bool-conversion -Wno-enum-conversion -Wno-float-conversion -Wno-non-literal-null-conversion -Wno-objc-literal-conversion -Wshorten-64-to-32 -Wpointer-sign -Wno-newline-eof -Wno-implicit-fallthrough -isysroot /Applications/Xcode-27.0.0.app/Contents/Developer/Platforms/XROS.platform/Developer/SDKs/XROS27.0.sdk -fstrict-aliasing -Wdeprecated-declarations -Wno-sign-conversion -Wno-infinite-recursion -Wno-comma -Wno-block-capture-autoreleasing -Wno-strict-prototypes -Wno-semicolon-before-method-body -index-store-path /Users/admin/builder/spi-builder-workspace/.derivedData/Index.noindex/DataStore @/Users/admin/builder/spi-builder-workspace/.derivedData/Build/Intermediates.noindex/swift-kafka-client.build/Debug-xros/Crdkafka-t.build/Objects-normal/arm64/7187679823f38a2a940e0043cdf9d637-common-args.resp -MMD -MT dependencies -MF /Users/admin/builder/spi-builder-workspace/.derivedData/Build/Intermediates.noindex/swift-kafka-client.build/Debug-xros/Crdkafka-t.build/Objects-normal/arm64/rdkafka_op.d --serialize-diagnostics /Users/admin/builder/spi-builder-workspace/.derivedData/Build/Intermediates.noindex/swift-kafka-client.build/Debug-xros/Crdkafka-t.build/Objects-normal/arm64/rdkafka_op.dia -c /Users/admin/builder/spi-builder-workspace/Sources/Crdkafka/librdkafka/src/rdkafka_op.c -o /Users/admin/builder/spi-builder-workspace/.derivedData/Build/Intermediates.noindex/swift-kafka-client.build/Debug-xros/Crdkafka-t.build/Objects-normal/arm64/rdkafka_op.o -index-unit-output-path /swift-kafka-client.build/Debug-xros/Crdkafka-t.build/Objects-normal/arm64/rdkafka_op.o
ScanDependencies /Users/admin/builder/spi-builder-workspace/.derivedData/Build/Intermediates.noindex/swift-kafka-client.build/Debug-xros/Crdkafka-t.build/Objects-normal/arm64/rdkafka_offset.o /Users/admin/builder/spi-builder-workspace/Sources/Crdkafka/librdkafka/src/rdkafka_offset.c normal arm64 c com.apple.compilers.llvm.clang.1_0.compiler (in target 'Crdkafka' from project 'swift-kafka-client')
cd /Users/admin/builder/spi-builder-workspace/.swiftpm/xcode
Using response file: /Users/admin/builder/spi-builder-workspace/.derivedData/Build/Intermediates.noindex/swift-kafka-client.build/Debug-xros/Crdkafka-t.build/Objects-normal/arm64/7187679823f38a2a940e0043cdf9d637-common-args.resp
builtin-ScanDependencies -o /Users/admin/builder/spi-builder-workspace/.derivedData/Build/Intermediates.noindex/swift-kafka-client.build/Debug-xros/Crdkafka-t.build/Objects-normal/arm64/rdkafka_offset.o.scan -- /Applications/Xcode-27.0.0.app/Contents/Developer/Toolchains/XcodeDefault.xctoolchain/usr/bin/clang -x c -ivfsstatcache /Users/admin/builder/spi-builder-workspace/.derivedData/SDKStatCaches.noindex/xros27.0-24M361-e829b21a6f8c9b70876ba0858053c04489c3c372b822c72ca60ec5271cbc7f3c.sdkstatcache -target arm64-apple-xros2.0 -fmessage-length\=0 -fdiagnostics-show-note-include-stack -fmacro-backtrace-limit\=0 -fno-color-diagnostics -fmodules-prune-interval\=86400 -fmodules-prune-after\=345600 -fbuild-session-file\=/Users/admin/builder/spi-builder-workspace/.derivedData/ModuleCache.noindex/Session.modulevalidation -fmodules-validate-once-per-build-session -Wnon-modular-include-in-framework-module -Werror\=non-modular-include-in-framework-module -Wno-trigraphs -Wno-missing-field-initializers -Wno-missing-prototypes -Wno-return-type -Wno-missing-braces -Wparentheses -Wswitch -Wno-unused-function -Wno-unused-label -Wno-unused-parameter -Wno-unused-variable -Wunused-value -Wno-empty-body -Wno-uninitialized -Wno-unknown-pragmas -Wno-shadow -Wno-four-char-constants -Wno-conversion -Wno-constant-conversion -Wno-int-conversion -Wno-bool-conversion -Wno-enum-conversion -Wno-float-conversion -Wno-non-literal-null-conversion -Wno-objc-literal-conversion -Wshorten-64-to-32 -Wpointer-sign -Wno-newline-eof -Wno-implicit-fallthrough -isysroot /Applications/Xcode-27.0.0.app/Contents/Developer/Platforms/XROS.platform/Developer/SDKs/XROS27.0.sdk -fstrict-aliasing -Wdeprecated-declarations -Wno-sign-conversion -Wno-infinite-recursion -Wno-comma -Wno-block-capture-autoreleasing -Wno-strict-prototypes -Wno-semicolon-before-method-body -index-store-path /Users/admin/builder/spi-builder-workspace/.derivedData/Index.noindex/DataStore @/Users/admin/builder/spi-builder-workspace/.derivedData/Build/Intermediates.noindex/swift-kafka-client.build/Debug-xros/Crdkafka-t.build/Objects-normal/arm64/7187679823f38a2a940e0043cdf9d637-common-args.resp -MMD -MT dependencies -MF /Users/admin/builder/spi-builder-workspace/.derivedData/Build/Intermediates.noindex/swift-kafka-client.build/Debug-xros/Crdkafka-t.build/Objects-normal/arm64/rdkafka_offset.d --serialize-diagnostics /Users/admin/builder/spi-builder-workspace/.derivedData/Build/Intermediates.noindex/swift-kafka-client.build/Debug-xros/Crdkafka-t.build/Objects-normal/arm64/rdkafka_offset.dia -c /Users/admin/builder/spi-builder-workspace/Sources/Crdkafka/librdkafka/src/rdkafka_offset.c -o /Users/admin/builder/spi-builder-workspace/.derivedData/Build/Intermediates.noindex/swift-kafka-client.build/Debug-xros/Crdkafka-t.build/Objects-normal/arm64/rdkafka_offset.o -index-unit-output-path /swift-kafka-client.build/Debug-xros/Crdkafka-t.build/Objects-normal/arm64/rdkafka_offset.o
ScanDependencies /Users/admin/builder/spi-builder-workspace/.derivedData/Build/Intermediates.noindex/swift-kafka-client.build/Debug-xros/Crdkafka-t.build/Objects-normal/arm64/rdkafka_msgset_writer.o /Users/admin/builder/spi-builder-workspace/Sources/Crdkafka/librdkafka/src/rdkafka_msgset_writer.c normal arm64 c com.apple.compilers.llvm.clang.1_0.compiler (in target 'Crdkafka' from project 'swift-kafka-client')
cd /Users/admin/builder/spi-builder-workspace/.swiftpm/xcode
Using response file: /Users/admin/builder/spi-builder-workspace/.derivedData/Build/Intermediates.noindex/swift-kafka-client.build/Debug-xros/Crdkafka-t.build/Objects-normal/arm64/7187679823f38a2a940e0043cdf9d637-common-args.resp
builtin-ScanDependencies -o /Users/admin/builder/spi-builder-workspace/.derivedData/Build/Intermediates.noindex/swift-kafka-client.build/Debug-xros/Crdkafka-t.build/Objects-normal/arm64/rdkafka_msgset_writer.o.scan -- /Applications/Xcode-27.0.0.app/Contents/Developer/Toolchains/XcodeDefault.xctoolchain/usr/bin/clang -x c -ivfsstatcache /Users/admin/builder/spi-builder-workspace/.derivedData/SDKStatCaches.noindex/xros27.0-24M361-e829b21a6f8c9b70876ba0858053c04489c3c372b822c72ca60ec5271cbc7f3c.sdkstatcache -target arm64-apple-xros2.0 -fmessage-length\=0 -fdiagnostics-show-note-include-stack -fmacro-backtrace-limit\=0 -fno-color-diagnostics -fmodules-prune-interval\=86400 -fmodules-prune-after\=345600 -fbuild-session-file\=/Users/admin/builder/spi-builder-workspace/.derivedData/ModuleCache.noindex/Session.modulevalidation -fmodules-validate-once-per-build-session -Wnon-modular-include-in-framework-module -Werror\=non-modular-include-in-framework-module -Wno-trigraphs -Wno-missing-field-initializers -Wno-missing-prototypes -Wno-return-type -Wno-missing-braces -Wparentheses -Wswitch -Wno-unused-function -Wno-unused-label -Wno-unused-parameter -Wno-unused-variable -Wunused-value -Wno-empty-body -Wno-uninitialized -Wno-unknown-pragmas -Wno-shadow -Wno-four-char-constants -Wno-conversion -Wno-constant-conversion -Wno-int-conversion -Wno-bool-conversion -Wno-enum-conversion -Wno-float-conversion -Wno-non-literal-null-conversion -Wno-objc-literal-conversion -Wshorten-64-to-32 -Wpointer-sign -Wno-newline-eof -Wno-implicit-fallthrough -isysroot /Applications/Xcode-27.0.0.app/Contents/Developer/Platforms/XROS.platform/Developer/SDKs/XROS27.0.sdk -fstrict-aliasing -Wdeprecated-declarations -Wno-sign-conversion -Wno-infinite-recursion -Wno-comma -Wno-block-capture-autoreleasing -Wno-strict-prototypes -Wno-semicolon-before-method-body -index-store-path /Users/admin/builder/spi-builder-workspace/.derivedData/Index.noindex/DataStore @/Users/admin/builder/spi-builder-workspace/.derivedData/Build/Intermediates.noindex/swift-kafka-client.build/Debug-xros/Crdkafka-t.build/Objects-normal/arm64/7187679823f38a2a940e0043cdf9d637-common-args.resp -MMD -MT dependencies -MF /Users/admin/builder/spi-builder-workspace/.derivedData/Build/Intermediates.noindex/swift-kafka-client.build/Debug-xros/Crdkafka-t.build/Objects-normal/arm64/rdkafka_msgset_writer.d --serialize-diagnostics /Users/admin/builder/spi-builder-workspace/.derivedData/Build/Intermediates.noindex/swift-kafka-client.build/Debug-xros/Crdkafka-t.build/Objects-normal/arm64/rdkafka_msgset_writer.dia -c /Users/admin/builder/spi-builder-workspace/Sources/Crdkafka/librdkafka/src/rdkafka_msgset_writer.c -o /Users/admin/builder/spi-builder-workspace/.derivedData/Build/Intermediates.noindex/swift-kafka-client.build/Debug-xros/Crdkafka-t.build/Objects-normal/arm64/rdkafka_msgset_writer.o -index-unit-output-path /swift-kafka-client.build/Debug-xros/Crdkafka-t.build/Objects-normal/arm64/rdkafka_msgset_writer.o
ScanDependencies /Users/admin/builder/spi-builder-workspace/.derivedData/Build/Intermediates.noindex/swift-kafka-client.build/Debug-xros/Crdkafka-t.build/Objects-normal/arm64/rdkafka_msgset_reader.o /Users/admin/builder/spi-builder-workspace/Sources/Crdkafka/librdkafka/src/rdkafka_msgset_reader.c normal arm64 c com.apple.compilers.llvm.clang.1_0.compiler (in target 'Crdkafka' from project 'swift-kafka-client')
cd /Users/admin/builder/spi-builder-workspace/.swiftpm/xcode
Using response file: /Users/admin/builder/spi-builder-workspace/.derivedData/Build/Intermediates.noindex/swift-kafka-client.build/Debug-xros/Crdkafka-t.build/Objects-normal/arm64/7187679823f38a2a940e0043cdf9d637-common-args.resp
builtin-ScanDependencies -o /Users/admin/builder/spi-builder-workspace/.derivedData/Build/Intermediates.noindex/swift-kafka-client.build/Debug-xros/Crdkafka-t.build/Objects-normal/arm64/rdkafka_msgset_reader.o.scan -- /Applications/Xcode-27.0.0.app/Contents/Developer/Toolchains/XcodeDefault.xctoolchain/usr/bin/clang -x c -ivfsstatcache /Users/admin/builder/spi-builder-workspace/.derivedData/SDKStatCaches.noindex/xros27.0-24M361-e829b21a6f8c9b70876ba0858053c04489c3c372b822c72ca60ec5271cbc7f3c.sdkstatcache -target arm64-apple-xros2.0 -fmessage-length\=0 -fdiagnostics-show-note-include-stack -fmacro-backtrace-limit\=0 -fno-color-diagnostics -fmodules-prune-interval\=86400 -fmodules-prune-after\=345600 -fbuild-session-file\=/Users/admin/builder/spi-builder-workspace/.derivedData/ModuleCache.noindex/Session.modulevalidation -fmodules-validate-once-per-build-session -Wnon-modular-include-in-framework-module -Werror\=non-modular-include-in-framework-module -Wno-trigraphs -Wno-missing-field-initializers -Wno-missing-prototypes -Wno-return-type -Wno-missing-braces -Wparentheses -Wswitch -Wno-unused-function -Wno-unused-label -Wno-unused-parameter -Wno-unused-variable -Wunused-value -Wno-empty-body -Wno-uninitialized -Wno-unknown-pragmas -Wno-shadow -Wno-four-char-constants -Wno-conversion -Wno-constant-conversion -Wno-int-conversion -Wno-bool-conversion -Wno-enum-conversion -Wno-float-conversion -Wno-non-literal-null-conversion -Wno-objc-literal-conversion -Wshorten-64-to-32 -Wpointer-sign -Wno-newline-eof -Wno-implicit-fallthrough -isysroot /Applications/Xcode-27.0.0.app/Contents/Developer/Platforms/XROS.platform/Developer/SDKs/XROS27.0.sdk -fstrict-aliasing -Wdeprecated-declarations -Wno-sign-conversion -Wno-infinite-recursion -Wno-comma -Wno-block-capture-autoreleasing -Wno-strict-prototypes -Wno-semicolon-before-method-body -index-store-path /Users/admin/builder/spi-builder-workspace/.derivedData/Index.noindex/DataStore @/Users/admin/builder/spi-builder-workspace/.derivedData/Build/Intermediates.noindex/swift-kafka-client.build/Debug-xros/Crdkafka-t.build/Objects-normal/arm64/7187679823f38a2a940e0043cdf9d637-common-args.resp -MMD -MT dependencies -MF /Users/admin/builder/spi-builder-workspace/.derivedData/Build/Intermediates.noindex/swift-kafka-client.build/Debug-xros/Crdkafka-t.build/Objects-normal/arm64/rdkafka_msgset_reader.d --serialize-diagnostics /Users/admin/builder/spi-builder-workspace/.derivedData/Build/Intermediates.noindex/swift-kafka-client.build/Debug-xros/Crdkafka-t.build/Objects-normal/arm64/rdkafka_msgset_reader.dia -c /Users/admin/builder/spi-builder-workspace/Sources/Crdkafka/librdkafka/src/rdkafka_msgset_reader.c -o /Users/admin/builder/spi-builder-workspace/.derivedData/Build/Intermediates.noindex/swift-kafka-client.build/Debug-xros/Crdkafka-t.build/Objects-normal/arm64/rdkafka_msgset_reader.o -index-unit-output-path /swift-kafka-client.build/Debug-xros/Crdkafka-t.build/Objects-normal/arm64/rdkafka_msgset_reader.o
ScanDependencies /Users/admin/builder/spi-builder-workspace/.derivedData/Build/Intermediates.noindex/swift-kafka-client.build/Debug-xros/Crdkafka-t.build/Objects-normal/arm64/rdkafka_msg.o /Users/admin/builder/spi-builder-workspace/Sources/Crdkafka/librdkafka/src/rdkafka_msg.c normal arm64 c com.apple.compilers.llvm.clang.1_0.compiler (in target 'Crdkafka' from project 'swift-kafka-client')
cd /Users/admin/builder/spi-builder-workspace/.swiftpm/xcode
Using response file: /Users/admin/builder/spi-builder-workspace/.derivedData/Build/Intermediates.noindex/swift-kafka-client.build/Debug-xros/Crdkafka-t.build/Objects-normal/arm64/7187679823f38a2a940e0043cdf9d637-common-args.resp
builtin-ScanDependencies -o /Users/admin/builder/spi-builder-workspace/.derivedData/Build/Intermediates.noindex/swift-kafka-client.build/Debug-xros/Crdkafka-t.build/Objects-normal/arm64/rdkafka_msg.o.scan -- /Applications/Xcode-27.0.0.app/Contents/Developer/Toolchains/XcodeDefault.xctoolchain/usr/bin/clang -x c -ivfsstatcache /Users/admin/builder/spi-builder-workspace/.derivedData/SDKStatCaches.noindex/xros27.0-24M361-e829b21a6f8c9b70876ba0858053c04489c3c372b822c72ca60ec5271cbc7f3c.sdkstatcache -target arm64-apple-xros2.0 -fmessage-length\=0 -fdiagnostics-show-note-include-stack -fmacro-backtrace-limit\=0 -fno-color-diagnostics -fmodules-prune-interval\=86400 -fmodules-prune-after\=345600 -fbuild-session-file\=/Users/admin/builder/spi-builder-workspace/.derivedData/ModuleCache.noindex/Session.modulevalidation -fmodules-validate-once-per-build-session -Wnon-modular-include-in-framework-module -Werror\=non-modular-include-in-framework-module -Wno-trigraphs -Wno-missing-field-initializers -Wno-missing-prototypes -Wno-return-type -Wno-missing-braces -Wparentheses -Wswitch -Wno-unused-function -Wno-unused-label -Wno-unused-parameter -Wno-unused-variable -Wunused-value -Wno-empty-body -Wno-uninitialized -Wno-unknown-pragmas -Wno-shadow -Wno-four-char-constants -Wno-conversion -Wno-constant-conversion -Wno-int-conversion -Wno-bool-conversion -Wno-enum-conversion -Wno-float-conversion -Wno-non-literal-null-conversion -Wno-objc-literal-conversion -Wshorten-64-to-32 -Wpointer-sign -Wno-newline-eof -Wno-implicit-fallthrough -isysroot /Applications/Xcode-27.0.0.app/Contents/Developer/Platforms/XROS.platform/Developer/SDKs/XROS27.0.sdk -fstrict-aliasing -Wdeprecated-declarations -Wno-sign-conversion -Wno-infinite-recursion -Wno-comma -Wno-block-capture-autoreleasing -Wno-strict-prototypes -Wno-semicolon-before-method-body -index-store-path /Users/admin/builder/spi-builder-workspace/.derivedData/Index.noindex/DataStore @/Users/admin/builder/spi-builder-workspace/.derivedData/Build/Intermediates.noindex/swift-kafka-client.build/Debug-xros/Crdkafka-t.build/Objects-normal/arm64/7187679823f38a2a940e0043cdf9d637-common-args.resp -MMD -MT dependencies -MF /Users/admin/builder/spi-builder-workspace/.derivedData/Build/Intermediates.noindex/swift-kafka-client.build/Debug-xros/Crdkafka-t.build/Objects-normal/arm64/rdkafka_msg.d --serialize-diagnostics /Users/admin/builder/spi-builder-workspace/.derivedData/Build/Intermediates.noindex/swift-kafka-client.build/Debug-xros/Crdkafka-t.build/Objects-normal/arm64/rdkafka_msg.dia -c /Users/admin/builder/spi-builder-workspace/Sources/Crdkafka/librdkafka/src/rdkafka_msg.c -o /Users/admin/builder/spi-builder-workspace/.derivedData/Build/Intermediates.noindex/swift-kafka-client.build/Debug-xros/Crdkafka-t.build/Objects-normal/arm64/rdkafka_msg.o -index-unit-output-path /swift-kafka-client.build/Debug-xros/Crdkafka-t.build/Objects-normal/arm64/rdkafka_msg.o
CompileC /Users/admin/builder/spi-builder-workspace/.derivedData/Build/Intermediates.noindex/swift-kafka-client.build/Debug-xros/Crdkafka-t.build/Objects-normal/arm64/resource.pb.o /Users/admin/builder/spi-builder-workspace/Sources/Crdkafka/librdkafka/src/opentelemetry/resource.pb.c normal arm64 c com.apple.compilers.llvm.clang.1_0.compiler (in target 'Crdkafka' from project 'swift-kafka-client')
cd /Users/admin/builder/spi-builder-workspace/.swiftpm/xcode
Using response file: /Users/admin/builder/spi-builder-workspace/.derivedData/Build/Intermediates.noindex/swift-kafka-client.build/Debug-xros/Crdkafka-t.build/Objects-normal/arm64/7187679823f38a2a940e0043cdf9d637-common-args.resp
/Applications/Xcode-27.0.0.app/Contents/Developer/Toolchains/XcodeDefault.xctoolchain/usr/bin/clang -x c -ivfsstatcache /Users/admin/builder/spi-builder-workspace/.derivedData/SDKStatCaches.noindex/xros27.0-24M361-e829b21a6f8c9b70876ba0858053c04489c3c372b822c72ca60ec5271cbc7f3c.sdkstatcache -target arm64-apple-xros2.0 -fmessage-length\=0 -fdiagnostics-show-note-include-stack -fmacro-backtrace-limit\=0 -fno-color-diagnostics -fmodules-prune-interval\=86400 -fmodules-prune-after\=345600 -fbuild-session-file\=/Users/admin/builder/spi-builder-workspace/.derivedData/ModuleCache.noindex/Session.modulevalidation -fmodules-validate-once-per-build-session -Wnon-modular-include-in-framework-module -Werror\=non-modular-include-in-framework-module -Wno-trigraphs -Wno-missing-field-initializers -Wno-missing-prototypes -Wno-return-type -Wno-missing-braces -Wparentheses -Wswitch -Wno-unused-function -Wno-unused-label -Wno-unused-parameter -Wno-unused-variable -Wunused-value -Wno-empty-body -Wno-uninitialized -Wno-unknown-pragmas -Wno-shadow -Wno-four-char-constants -Wno-conversion -Wno-constant-conversion -Wno-int-conversion -Wno-bool-conversion -Wno-enum-conversion -Wno-float-conversion -Wno-non-literal-null-conversion -Wno-objc-literal-conversion -Wshorten-64-to-32 -Wpointer-sign -Wno-newline-eof -Wno-implicit-fallthrough -isysroot /Applications/Xcode-27.0.0.app/Contents/Developer/Platforms/XROS.platform/Developer/SDKs/XROS27.0.sdk -fstrict-aliasing -Wdeprecated-declarations -Wno-sign-conversion -Wno-infinite-recursion -Wno-comma -Wno-block-capture-autoreleasing -Wno-strict-prototypes -Wno-semicolon-before-method-body -index-store-path /Users/admin/builder/spi-builder-workspace/.derivedData/Index.noindex/DataStore @/Users/admin/builder/spi-builder-workspace/.derivedData/Build/Intermediates.noindex/swift-kafka-client.build/Debug-xros/Crdkafka-t.build/Objects-normal/arm64/7187679823f38a2a940e0043cdf9d637-common-args.resp -MMD -MT dependencies -MF /Users/admin/builder/spi-builder-workspace/.derivedData/Build/Intermediates.noindex/swift-kafka-client.build/Debug-xros/Crdkafka-t.build/Objects-normal/arm64/resource.pb.d --serialize-diagnostics /Users/admin/builder/spi-builder-workspace/.derivedData/Build/Intermediates.noindex/swift-kafka-client.build/Debug-xros/Crdkafka-t.build/Objects-normal/arm64/resource.pb.dia -c /Users/admin/builder/spi-builder-workspace/Sources/Crdkafka/librdkafka/src/opentelemetry/resource.pb.c -o /Users/admin/builder/spi-builder-workspace/.derivedData/Build/Intermediates.noindex/swift-kafka-client.build/Debug-xros/Crdkafka-t.build/Objects-normal/arm64/resource.pb.o -index-unit-output-path /swift-kafka-client.build/Debug-xros/Crdkafka-t.build/Objects-normal/arm64/resource.pb.o
PrecompileModule /Users/admin/builder/spi-builder-workspace/.derivedData/Build/Intermediates.noindex/ExplicitPrecompiledModules/_DarwinFoundation3-9FORYT2ZLYID3I2NXHL1TP4OM.scan
cd /
builtin-precompileModule /Users/admin/builder/spi-builder-workspace/.derivedData/Build/Intermediates.noindex/ExplicitPrecompiledModules/_DarwinFoundation3-9FORYT2ZLYID3I2NXHL1TP4OM.scan
ScanDependencies /Users/admin/builder/spi-builder-workspace/.derivedData/Build/Intermediates.noindex/swift-kafka-client.build/Debug-xros/Crdkafka-t.build/Objects-normal/arm64/rdkafka_mock_handlers.o /Users/admin/builder/spi-builder-workspace/Sources/Crdkafka/librdkafka/src/rdkafka_mock_handlers.c normal arm64 c com.apple.compilers.llvm.clang.1_0.compiler (in target 'Crdkafka' from project 'swift-kafka-client')
cd /Users/admin/builder/spi-builder-workspace/.swiftpm/xcode
Using response file: /Users/admin/builder/spi-builder-workspace/.derivedData/Build/Intermediates.noindex/swift-kafka-client.build/Debug-xros/Crdkafka-t.build/Objects-normal/arm64/7187679823f38a2a940e0043cdf9d637-common-args.resp
builtin-ScanDependencies -o /Users/admin/builder/spi-builder-workspace/.derivedData/Build/Intermediates.noindex/swift-kafka-client.build/Debug-xros/Crdkafka-t.build/Objects-normal/arm64/rdkafka_mock_handlers.o.scan -- /Applications/Xcode-27.0.0.app/Contents/Developer/Toolchains/XcodeDefault.xctoolchain/usr/bin/clang -x c -ivfsstatcache /Users/admin/builder/spi-builder-workspace/.derivedData/SDKStatCaches.noindex/xros27.0-24M361-e829b21a6f8c9b70876ba0858053c04489c3c372b822c72ca60ec5271cbc7f3c.sdkstatcache -target arm64-apple-xros2.0 -fmessage-length\=0 -fdiagnostics-show-note-include-stack -fmacro-backtrace-limit\=0 -fno-color-diagnostics -fmodules-prune-interval\=86400 -fmodules-prune-after\=345600 -fbuild-session-file\=/Users/admin/builder/spi-builder-workspace/.derivedData/ModuleCache.noindex/Session.modulevalidation -fmodules-validate-once-per-build-session -Wnon-modular-include-in-framework-module -Werror\=non-modular-include-in-framework-module -Wno-trigraphs -Wno-missing-field-initializers -Wno-missing-prototypes -Wno-return-type -Wno-missing-braces -Wparentheses -Wswitch -Wno-unused-function -Wno-unused-label -Wno-unused-parameter -Wno-unused-variable -Wunused-value -Wno-empty-body -Wno-uninitialized -Wno-unknown-pragmas -Wno-shadow -Wno-four-char-constants -Wno-conversion -Wno-constant-conversion -Wno-int-conversion -Wno-bool-conversion -Wno-enum-conversion -Wno-float-conversion -Wno-non-literal-null-conversion -Wno-objc-literal-conversion -Wshorten-64-to-32 -Wpointer-sign -Wno-newline-eof -Wno-implicit-fallthrough -isysroot /Applications/Xcode-27.0.0.app/Contents/Developer/Platforms/XROS.platform/Developer/SDKs/XROS27.0.sdk -fstrict-aliasing -Wdeprecated-declarations -Wno-sign-conversion -Wno-infinite-recursion -Wno-comma -Wno-block-capture-autoreleasing -Wno-strict-prototypes -Wno-semicolon-before-method-body -index-store-path /Users/admin/builder/spi-builder-workspace/.derivedData/Index.noindex/DataStore @/Users/admin/builder/spi-builder-workspace/.derivedData/Build/Intermediates.noindex/swift-kafka-client.build/Debug-xros/Crdkafka-t.build/Objects-normal/arm64/7187679823f38a2a940e0043cdf9d637-common-args.resp -MMD -MT dependencies -MF /Users/admin/builder/spi-builder-workspace/.derivedData/Build/Intermediates.noindex/swift-kafka-client.build/Debug-xros/Crdkafka-t.build/Objects-normal/arm64/rdkafka_mock_handlers.d --serialize-diagnostics /Users/admin/builder/spi-builder-workspace/.derivedData/Build/Intermediates.noindex/swift-kafka-client.build/Debug-xros/Crdkafka-t.build/Objects-normal/arm64/rdkafka_mock_handlers.dia -c /Users/admin/builder/spi-builder-workspace/Sources/Crdkafka/librdkafka/src/rdkafka_mock_handlers.c -o /Users/admin/builder/spi-builder-workspace/.derivedData/Build/Intermediates.noindex/swift-kafka-client.build/Debug-xros/Crdkafka-t.build/Objects-normal/arm64/rdkafka_mock_handlers.o -index-unit-output-path /swift-kafka-client.build/Debug-xros/Crdkafka-t.build/Objects-normal/arm64/rdkafka_mock_handlers.o
ScanDependencies /Users/admin/builder/spi-builder-workspace/.derivedData/Build/Intermediates.noindex/swift-kafka-client.build/Debug-xros/Crdkafka-t.build/Objects-normal/arm64/rdkafka_mock_cgrp.o /Users/admin/builder/spi-builder-workspace/Sources/Crdkafka/librdkafka/src/rdkafka_mock_cgrp.c normal arm64 c com.apple.compilers.llvm.clang.1_0.compiler (in target 'Crdkafka' from project 'swift-kafka-client')
cd /Users/admin/builder/spi-builder-workspace/.swiftpm/xcode
Using response file: /Users/admin/builder/spi-builder-workspace/.derivedData/Build/Intermediates.noindex/swift-kafka-client.build/Debug-xros/Crdkafka-t.build/Objects-normal/arm64/7187679823f38a2a940e0043cdf9d637-common-args.resp
builtin-ScanDependencies -o /Users/admin/builder/spi-builder-workspace/.derivedData/Build/Intermediates.noindex/swift-kafka-client.build/Debug-xros/Crdkafka-t.build/Objects-normal/arm64/rdkafka_mock_cgrp.o.scan -- /Applications/Xcode-27.0.0.app/Contents/Developer/Toolchains/XcodeDefault.xctoolchain/usr/bin/clang -x c -ivfsstatcache /Users/admin/builder/spi-builder-workspace/.derivedData/SDKStatCaches.noindex/xros27.0-24M361-e829b21a6f8c9b70876ba0858053c04489c3c372b822c72ca60ec5271cbc7f3c.sdkstatcache -target arm64-apple-xros2.0 -fmessage-length\=0 -fdiagnostics-show-note-include-stack -fmacro-backtrace-limit\=0 -fno-color-diagnostics -fmodules-prune-interval\=86400 -fmodules-prune-after\=345600 -fbuild-session-file\=/Users/admin/builder/spi-builder-workspace/.derivedData/ModuleCache.noindex/Session.modulevalidation -fmodules-validate-once-per-build-session -Wnon-modular-include-in-framework-module -Werror\=non-modular-include-in-framework-module -Wno-trigraphs -Wno-missing-field-initializers -Wno-missing-prototypes -Wno-return-type -Wno-missing-braces -Wparentheses -Wswitch -Wno-unused-function -Wno-unused-label -Wno-unused-parameter -Wno-unused-variable -Wunused-value -Wno-empty-body -Wno-uninitialized -Wno-unknown-pragmas -Wno-shadow -Wno-four-char-constants -Wno-conversion -Wno-constant-conversion -Wno-int-conversion -Wno-bool-conversion -Wno-enum-conversion -Wno-float-conversion -Wno-non-literal-null-conversion -Wno-objc-literal-conversion -Wshorten-64-to-32 -Wpointer-sign -Wno-newline-eof -Wno-implicit-fallthrough -isysroot /Applications/Xcode-27.0.0.app/Contents/Developer/Platforms/XROS.platform/Developer/SDKs/XROS27.0.sdk -fstrict-aliasing -Wdeprecated-declarations -Wno-sign-conversion -Wno-infinite-recursion -Wno-comma -Wno-block-capture-autoreleasing -Wno-strict-prototypes -Wno-semicolon-before-method-body -index-store-path /Users/admin/builder/spi-builder-workspace/.derivedData/Index.noindex/DataStore @/Users/admin/builder/spi-builder-workspace/.derivedData/Build/Intermediates.noindex/swift-kafka-client.build/Debug-xros/Crdkafka-t.build/Objects-normal/arm64/7187679823f38a2a940e0043cdf9d637-common-args.resp -MMD -MT dependencies -MF /Users/admin/builder/spi-builder-workspace/.derivedData/Build/Intermediates.noindex/swift-kafka-client.build/Debug-xros/Crdkafka-t.build/Objects-normal/arm64/rdkafka_mock_cgrp.d --serialize-diagnostics /Users/admin/builder/spi-builder-workspace/.derivedData/Build/Intermediates.noindex/swift-kafka-client.build/Debug-xros/Crdkafka-t.build/Objects-normal/arm64/rdkafka_mock_cgrp.dia -c /Users/admin/builder/spi-builder-workspace/Sources/Crdkafka/librdkafka/src/rdkafka_mock_cgrp.c -o /Users/admin/builder/spi-builder-workspace/.derivedData/Build/Intermediates.noindex/swift-kafka-client.build/Debug-xros/Crdkafka-t.build/Objects-normal/arm64/rdkafka_mock_cgrp.o -index-unit-output-path /swift-kafka-client.build/Debug-xros/Crdkafka-t.build/Objects-normal/arm64/rdkafka_mock_cgrp.o
ScanDependencies /Users/admin/builder/spi-builder-workspace/.derivedData/Build/Intermediates.noindex/swift-kafka-client.build/Debug-xros/Crdkafka-t.build/Objects-normal/arm64/rdkafka_mock.o /Users/admin/builder/spi-builder-workspace/Sources/Crdkafka/librdkafka/src/rdkafka_mock.c normal arm64 c com.apple.compilers.llvm.clang.1_0.compiler (in target 'Crdkafka' from project 'swift-kafka-client')
cd /Users/admin/builder/spi-builder-workspace/.swiftpm/xcode
Using response file: /Users/admin/builder/spi-builder-workspace/.derivedData/Build/Intermediates.noindex/swift-kafka-client.build/Debug-xros/Crdkafka-t.build/Objects-normal/arm64/7187679823f38a2a940e0043cdf9d637-common-args.resp
builtin-ScanDependencies -o /Users/admin/builder/spi-builder-workspace/.derivedData/Build/Intermediates.noindex/swift-kafka-client.build/Debug-xros/Crdkafka-t.build/Objects-normal/arm64/rdkafka_mock.o.scan -- /Applications/Xcode-27.0.0.app/Contents/Developer/Toolchains/XcodeDefault.xctoolchain/usr/bin/clang -x c -ivfsstatcache /Users/admin/builder/spi-builder-workspace/.derivedData/SDKStatCaches.noindex/xros27.0-24M361-e829b21a6f8c9b70876ba0858053c04489c3c372b822c72ca60ec5271cbc7f3c.sdkstatcache -target arm64-apple-xros2.0 -fmessage-length\=0 -fdiagnostics-show-note-include-stack -fmacro-backtrace-limit\=0 -fno-color-diagnostics -fmodules-prune-interval\=86400 -fmodules-prune-after\=345600 -fbuild-session-file\=/Users/admin/builder/spi-builder-workspace/.derivedData/ModuleCache.noindex/Session.modulevalidation -fmodules-validate-once-per-build-session -Wnon-modular-include-in-framework-module -Werror\=non-modular-include-in-framework-module -Wno-trigraphs -Wno-missing-field-initializers -Wno-missing-prototypes -Wno-return-type -Wno-missing-braces -Wparentheses -Wswitch -Wno-unused-function -Wno-unused-label -Wno-unused-parameter -Wno-unused-variable -Wunused-value -Wno-empty-body -Wno-uninitialized -Wno-unknown-pragmas -Wno-shadow -Wno-four-char-constants -Wno-conversion -Wno-constant-conversion -Wno-int-conversion -Wno-bool-conversion -Wno-enum-conversion -Wno-float-conversion -Wno-non-literal-null-conversion -Wno-objc-literal-conversion -Wshorten-64-to-32 -Wpointer-sign -Wno-newline-eof -Wno-implicit-fallthrough -isysroot /Applications/Xcode-27.0.0.app/Contents/Developer/Platforms/XROS.platform/Developer/SDKs/XROS27.0.sdk -fstrict-aliasing -Wdeprecated-declarations -Wno-sign-conversion -Wno-infinite-recursion -Wno-comma -Wno-block-capture-autoreleasing -Wno-strict-prototypes -Wno-semicolon-before-method-body -index-store-path /Users/admin/builder/spi-builder-workspace/.derivedData/Index.noindex/DataStore @/Users/admin/builder/spi-builder-workspace/.derivedData/Build/Intermediates.noindex/swift-kafka-client.build/Debug-xros/Crdkafka-t.build/Objects-normal/arm64/7187679823f38a2a940e0043cdf9d637-common-args.resp -MMD -MT dependencies -MF /Users/admin/builder/spi-builder-workspace/.derivedData/Build/Intermediates.noindex/swift-kafka-client.build/Debug-xros/Crdkafka-t.build/Objects-normal/arm64/rdkafka_mock.d --serialize-diagnostics /Users/admin/builder/spi-builder-workspace/.derivedData/Build/Intermediates.noindex/swift-kafka-client.build/Debug-xros/Crdkafka-t.build/Objects-normal/arm64/rdkafka_mock.dia -c /Users/admin/builder/spi-builder-workspace/Sources/Crdkafka/librdkafka/src/rdkafka_mock.c -o /Users/admin/builder/spi-builder-workspace/.derivedData/Build/Intermediates.noindex/swift-kafka-client.build/Debug-xros/Crdkafka-t.build/Objects-normal/arm64/rdkafka_mock.o -index-unit-output-path /swift-kafka-client.build/Debug-xros/Crdkafka-t.build/Objects-normal/arm64/rdkafka_mock.o
ScanDependencies /Users/admin/builder/spi-builder-workspace/.derivedData/Build/Intermediates.noindex/swift-kafka-client.build/Debug-xros/Crdkafka-t.build/Objects-normal/arm64/rdkafka_metadata_cache.o /Users/admin/builder/spi-builder-workspace/Sources/Crdkafka/librdkafka/src/rdkafka_metadata_cache.c normal arm64 c com.apple.compilers.llvm.clang.1_0.compiler (in target 'Crdkafka' from project 'swift-kafka-client')
cd /Users/admin/builder/spi-builder-workspace/.swiftpm/xcode
Using response file: /Users/admin/builder/spi-builder-workspace/.derivedData/Build/Intermediates.noindex/swift-kafka-client.build/Debug-xros/Crdkafka-t.build/Objects-normal/arm64/7187679823f38a2a940e0043cdf9d637-common-args.resp
builtin-ScanDependencies -o /Users/admin/builder/spi-builder-workspace/.derivedData/Build/Intermediates.noindex/swift-kafka-client.build/Debug-xros/Crdkafka-t.build/Objects-normal/arm64/rdkafka_metadata_cache.o.scan -- /Applications/Xcode-27.0.0.app/Contents/Developer/Toolchains/XcodeDefault.xctoolchain/usr/bin/clang -x c -ivfsstatcache /Users/admin/builder/spi-builder-workspace/.derivedData/SDKStatCaches.noindex/xros27.0-24M361-e829b21a6f8c9b70876ba0858053c04489c3c372b822c72ca60ec5271cbc7f3c.sdkstatcache -target arm64-apple-xros2.0 -fmessage-length\=0 -fdiagnostics-show-note-include-stack -fmacro-backtrace-limit\=0 -fno-color-diagnostics -fmodules-prune-interval\=86400 -fmodules-prune-after\=345600 -fbuild-session-file\=/Users/admin/builder/spi-builder-workspace/.derivedData/ModuleCache.noindex/Session.modulevalidation -fmodules-validate-once-per-build-session -Wnon-modular-include-in-framework-module -Werror\=non-modular-include-in-framework-module -Wno-trigraphs -Wno-missing-field-initializers -Wno-missing-prototypes -Wno-return-type -Wno-missing-braces -Wparentheses -Wswitch -Wno-unused-function -Wno-unused-label -Wno-unused-parameter -Wno-unused-variable -Wunused-value -Wno-empty-body -Wno-uninitialized -Wno-unknown-pragmas -Wno-shadow -Wno-four-char-constants -Wno-conversion -Wno-constant-conversion -Wno-int-conversion -Wno-bool-conversion -Wno-enum-conversion -Wno-float-conversion -Wno-non-literal-null-conversion -Wno-objc-literal-conversion -Wshorten-64-to-32 -Wpointer-sign -Wno-newline-eof -Wno-implicit-fallthrough -isysroot /Applications/Xcode-27.0.0.app/Contents/Developer/Platforms/XROS.platform/Developer/SDKs/XROS27.0.sdk -fstrict-aliasing -Wdeprecated-declarations -Wno-sign-conversion -Wno-infinite-recursion -Wno-comma -Wno-block-capture-autoreleasing -Wno-strict-prototypes -Wno-semicolon-before-method-body -index-store-path /Users/admin/builder/spi-builder-workspace/.derivedData/Index.noindex/DataStore @/Users/admin/builder/spi-builder-workspace/.derivedData/Build/Intermediates.noindex/swift-kafka-client.build/Debug-xros/Crdkafka-t.build/Objects-normal/arm64/7187679823f38a2a940e0043cdf9d637-common-args.resp -MMD -MT dependencies -MF /Users/admin/builder/spi-builder-workspace/.derivedData/Build/Intermediates.noindex/swift-kafka-client.build/Debug-xros/Crdkafka-t.build/Objects-normal/arm64/rdkafka_metadata_cache.d --serialize-diagnostics /Users/admin/builder/spi-builder-workspace/.derivedData/Build/Intermediates.noindex/swift-kafka-client.build/Debug-xros/Crdkafka-t.build/Objects-normal/arm64/rdkafka_metadata_cache.dia -c /Users/admin/builder/spi-builder-workspace/Sources/Crdkafka/librdkafka/src/rdkafka_metadata_cache.c -o /Users/admin/builder/spi-builder-workspace/.derivedData/Build/Intermediates.noindex/swift-kafka-client.build/Debug-xros/Crdkafka-t.build/Objects-normal/arm64/rdkafka_metadata_cache.o -index-unit-output-path /swift-kafka-client.build/Debug-xros/Crdkafka-t.build/Objects-normal/arm64/rdkafka_metadata_cache.o
ScanDependencies /Users/admin/builder/spi-builder-workspace/.derivedData/Build/Intermediates.noindex/swift-kafka-client.build/Debug-xros/Crdkafka-t.build/Objects-normal/arm64/rdkafka_metadata.o /Users/admin/builder/spi-builder-workspace/Sources/Crdkafka/librdkafka/src/rdkafka_metadata.c normal arm64 c com.apple.compilers.llvm.clang.1_0.compiler (in target 'Crdkafka' from project 'swift-kafka-client')
cd /Users/admin/builder/spi-builder-workspace/.swiftpm/xcode
Using response file: /Users/admin/builder/spi-builder-workspace/.derivedData/Build/Intermediates.noindex/swift-kafka-client.build/Debug-xros/Crdkafka-t.build/Objects-normal/arm64/7187679823f38a2a940e0043cdf9d637-common-args.resp
builtin-ScanDependencies -o /Users/admin/builder/spi-builder-workspace/.derivedData/Build/Intermediates.noindex/swift-kafka-client.build/Debug-xros/Crdkafka-t.build/Objects-normal/arm64/rdkafka_metadata.o.scan -- /Applications/Xcode-27.0.0.app/Contents/Developer/Toolchains/XcodeDefault.xctoolchain/usr/bin/clang -x c -ivfsstatcache /Users/admin/builder/spi-builder-workspace/.derivedData/SDKStatCaches.noindex/xros27.0-24M361-e829b21a6f8c9b70876ba0858053c04489c3c372b822c72ca60ec5271cbc7f3c.sdkstatcache -target arm64-apple-xros2.0 -fmessage-length\=0 -fdiagnostics-show-note-include-stack -fmacro-backtrace-limit\=0 -fno-color-diagnostics -fmodules-prune-interval\=86400 -fmodules-prune-after\=345600 -fbuild-session-file\=/Users/admin/builder/spi-builder-workspace/.derivedData/ModuleCache.noindex/Session.modulevalidation -fmodules-validate-once-per-build-session -Wnon-modular-include-in-framework-module -Werror\=non-modular-include-in-framework-module -Wno-trigraphs -Wno-missing-field-initializers -Wno-missing-prototypes -Wno-return-type -Wno-missing-braces -Wparentheses -Wswitch -Wno-unused-function -Wno-unused-label -Wno-unused-parameter -Wno-unused-variable -Wunused-value -Wno-empty-body -Wno-uninitialized -Wno-unknown-pragmas -Wno-shadow -Wno-four-char-constants -Wno-conversion -Wno-constant-conversion -Wno-int-conversion -Wno-bool-conversion -Wno-enum-conversion -Wno-float-conversion -Wno-non-literal-null-conversion -Wno-objc-literal-conversion -Wshorten-64-to-32 -Wpointer-sign -Wno-newline-eof -Wno-implicit-fallthrough -isysroot /Applications/Xcode-27.0.0.app/Contents/Developer/Platforms/XROS.platform/Developer/SDKs/XROS27.0.sdk -fstrict-aliasing -Wdeprecated-declarations -Wno-sign-conversion -Wno-infinite-recursion -Wno-comma -Wno-block-capture-autoreleasing -Wno-strict-prototypes -Wno-semicolon-before-method-body -index-store-path /Users/admin/builder/spi-builder-workspace/.derivedData/Index.noindex/DataStore @/Users/admin/builder/spi-builder-workspace/.derivedData/Build/Intermediates.noindex/swift-kafka-client.build/Debug-xros/Crdkafka-t.build/Objects-normal/arm64/7187679823f38a2a940e0043cdf9d637-common-args.resp -MMD -MT dependencies -MF /Users/admin/builder/spi-builder-workspace/.derivedData/Build/Intermediates.noindex/swift-kafka-client.build/Debug-xros/Crdkafka-t.build/Objects-normal/arm64/rdkafka_metadata.d --serialize-diagnostics /Users/admin/builder/spi-builder-workspace/.derivedData/Build/Intermediates.noindex/swift-kafka-client.build/Debug-xros/Crdkafka-t.build/Objects-normal/arm64/rdkafka_metadata.dia -c /Users/admin/builder/spi-builder-workspace/Sources/Crdkafka/librdkafka/src/rdkafka_metadata.c -o /Users/admin/builder/spi-builder-workspace/.derivedData/Build/Intermediates.noindex/swift-kafka-client.build/Debug-xros/Crdkafka-t.build/Objects-normal/arm64/rdkafka_metadata.o -index-unit-output-path /swift-kafka-client.build/Debug-xros/Crdkafka-t.build/Objects-normal/arm64/rdkafka_metadata.o
ScanDependencies /Users/admin/builder/spi-builder-workspace/.derivedData/Build/Intermediates.noindex/swift-kafka-client.build/Debug-xros/Crdkafka-t.build/Objects-normal/arm64/rdkafka_lz4.o /Users/admin/builder/spi-builder-workspace/Sources/Crdkafka/librdkafka/src/rdkafka_lz4.c normal arm64 c com.apple.compilers.llvm.clang.1_0.compiler (in target 'Crdkafka' from project 'swift-kafka-client')
cd /Users/admin/builder/spi-builder-workspace/.swiftpm/xcode
Using response file: /Users/admin/builder/spi-builder-workspace/.derivedData/Build/Intermediates.noindex/swift-kafka-client.build/Debug-xros/Crdkafka-t.build/Objects-normal/arm64/7187679823f38a2a940e0043cdf9d637-common-args.resp
builtin-ScanDependencies -o /Users/admin/builder/spi-builder-workspace/.derivedData/Build/Intermediates.noindex/swift-kafka-client.build/Debug-xros/Crdkafka-t.build/Objects-normal/arm64/rdkafka_lz4.o.scan -- /Applications/Xcode-27.0.0.app/Contents/Developer/Toolchains/XcodeDefault.xctoolchain/usr/bin/clang -x c -ivfsstatcache /Users/admin/builder/spi-builder-workspace/.derivedData/SDKStatCaches.noindex/xros27.0-24M361-e829b21a6f8c9b70876ba0858053c04489c3c372b822c72ca60ec5271cbc7f3c.sdkstatcache -target arm64-apple-xros2.0 -fmessage-length\=0 -fdiagnostics-show-note-include-stack -fmacro-backtrace-limit\=0 -fno-color-diagnostics -fmodules-prune-interval\=86400 -fmodules-prune-after\=345600 -fbuild-session-file\=/Users/admin/builder/spi-builder-workspace/.derivedData/ModuleCache.noindex/Session.modulevalidation -fmodules-validate-once-per-build-session -Wnon-modular-include-in-framework-module -Werror\=non-modular-include-in-framework-module -Wno-trigraphs -Wno-missing-field-initializers -Wno-missing-prototypes -Wno-return-type -Wno-missing-braces -Wparentheses -Wswitch -Wno-unused-function -Wno-unused-label -Wno-unused-parameter -Wno-unused-variable -Wunused-value -Wno-empty-body -Wno-uninitialized -Wno-unknown-pragmas -Wno-shadow -Wno-four-char-constants -Wno-conversion -Wno-constant-conversion -Wno-int-conversion -Wno-bool-conversion -Wno-enum-conversion -Wno-float-conversion -Wno-non-literal-null-conversion -Wno-objc-literal-conversion -Wshorten-64-to-32 -Wpointer-sign -Wno-newline-eof -Wno-implicit-fallthrough -isysroot /Applications/Xcode-27.0.0.app/Contents/Developer/Platforms/XROS.platform/Developer/SDKs/XROS27.0.sdk -fstrict-aliasing -Wdeprecated-declarations -Wno-sign-conversion -Wno-infinite-recursion -Wno-comma -Wno-block-capture-autoreleasing -Wno-strict-prototypes -Wno-semicolon-before-method-body -index-store-path /Users/admin/builder/spi-builder-workspace/.derivedData/Index.noindex/DataStore @/Users/admin/builder/spi-builder-workspace/.derivedData/Build/Intermediates.noindex/swift-kafka-client.build/Debug-xros/Crdkafka-t.build/Objects-normal/arm64/7187679823f38a2a940e0043cdf9d637-common-args.resp -MMD -MT dependencies -MF /Users/admin/builder/spi-builder-workspace/.derivedData/Build/Intermediates.noindex/swift-kafka-client.build/Debug-xros/Crdkafka-t.build/Objects-normal/arm64/rdkafka_lz4.d --serialize-diagnostics /Users/admin/builder/spi-builder-workspace/.derivedData/Build/Intermediates.noindex/swift-kafka-client.build/Debug-xros/Crdkafka-t.build/Objects-normal/arm64/rdkafka_lz4.dia -c /Users/admin/builder/spi-builder-workspace/Sources/Crdkafka/librdkafka/src/rdkafka_lz4.c -o /Users/admin/builder/spi-builder-workspace/.derivedData/Build/Intermediates.noindex/swift-kafka-client.build/Debug-xros/Crdkafka-t.build/Objects-normal/arm64/rdkafka_lz4.o -index-unit-output-path /swift-kafka-client.build/Debug-xros/Crdkafka-t.build/Objects-normal/arm64/rdkafka_lz4.o
ScanDependencies /Users/admin/builder/spi-builder-workspace/.derivedData/Build/Intermediates.noindex/swift-kafka-client.build/Debug-xros/Crdkafka-t.build/Objects-normal/arm64/rdkafka_interceptor.o /Users/admin/builder/spi-builder-workspace/Sources/Crdkafka/librdkafka/src/rdkafka_interceptor.c normal arm64 c com.apple.compilers.llvm.clang.1_0.compiler (in target 'Crdkafka' from project 'swift-kafka-client')
cd /Users/admin/builder/spi-builder-workspace/.swiftpm/xcode
Using response file: /Users/admin/builder/spi-builder-workspace/.derivedData/Build/Intermediates.noindex/swift-kafka-client.build/Debug-xros/Crdkafka-t.build/Objects-normal/arm64/7187679823f38a2a940e0043cdf9d637-common-args.resp
builtin-ScanDependencies -o /Users/admin/builder/spi-builder-workspace/.derivedData/Build/Intermediates.noindex/swift-kafka-client.build/Debug-xros/Crdkafka-t.build/Objects-normal/arm64/rdkafka_interceptor.o.scan -- /Applications/Xcode-27.0.0.app/Contents/Developer/Toolchains/XcodeDefault.xctoolchain/usr/bin/clang -x c -ivfsstatcache /Users/admin/builder/spi-builder-workspace/.derivedData/SDKStatCaches.noindex/xros27.0-24M361-e829b21a6f8c9b70876ba0858053c04489c3c372b822c72ca60ec5271cbc7f3c.sdkstatcache -target arm64-apple-xros2.0 -fmessage-length\=0 -fdiagnostics-show-note-include-stack -fmacro-backtrace-limit\=0 -fno-color-diagnostics -fmodules-prune-interval\=86400 -fmodules-prune-after\=345600 -fbuild-session-file\=/Users/admin/builder/spi-builder-workspace/.derivedData/ModuleCache.noindex/Session.modulevalidation -fmodules-validate-once-per-build-session -Wnon-modular-include-in-framework-module -Werror\=non-modular-include-in-framework-module -Wno-trigraphs -Wno-missing-field-initializers -Wno-missing-prototypes -Wno-return-type -Wno-missing-braces -Wparentheses -Wswitch -Wno-unused-function -Wno-unused-label -Wno-unused-parameter -Wno-unused-variable -Wunused-value -Wno-empty-body -Wno-uninitialized -Wno-unknown-pragmas -Wno-shadow -Wno-four-char-constants -Wno-conversion -Wno-constant-conversion -Wno-int-conversion -Wno-bool-conversion -Wno-enum-conversion -Wno-float-conversion -Wno-non-literal-null-conversion -Wno-objc-literal-conversion -Wshorten-64-to-32 -Wpointer-sign -Wno-newline-eof -Wno-implicit-fallthrough -isysroot /Applications/Xcode-27.0.0.app/Contents/Developer/Platforms/XROS.platform/Developer/SDKs/XROS27.0.sdk -fstrict-aliasing -Wdeprecated-declarations -Wno-sign-conversion -Wno-infinite-recursion -Wno-comma -Wno-block-capture-autoreleasing -Wno-strict-prototypes -Wno-semicolon-before-method-body -index-store-path /Users/admin/builder/spi-builder-workspace/.derivedData/Index.noindex/DataStore @/Users/admin/builder/spi-builder-workspace/.derivedData/Build/Intermediates.noindex/swift-kafka-client.build/Debug-xros/Crdkafka-t.build/Objects-normal/arm64/7187679823f38a2a940e0043cdf9d637-common-args.resp -MMD -MT dependencies -MF /Users/admin/builder/spi-builder-workspace/.derivedData/Build/Intermediates.noindex/swift-kafka-client.build/Debug-xros/Crdkafka-t.build/Objects-normal/arm64/rdkafka_interceptor.d --serialize-diagnostics /Users/admin/builder/spi-builder-workspace/.derivedData/Build/Intermediates.noindex/swift-kafka-client.build/Debug-xros/Crdkafka-t.build/Objects-normal/arm64/rdkafka_interceptor.dia -c /Users/admin/builder/spi-builder-workspace/Sources/Crdkafka/librdkafka/src/rdkafka_interceptor.c -o /Users/admin/builder/spi-builder-workspace/.derivedData/Build/Intermediates.noindex/swift-kafka-client.build/Debug-xros/Crdkafka-t.build/Objects-normal/arm64/rdkafka_interceptor.o -index-unit-output-path /swift-kafka-client.build/Debug-xros/Crdkafka-t.build/Objects-normal/arm64/rdkafka_interceptor.o
ScanDependencies /Users/admin/builder/spi-builder-workspace/.derivedData/Build/Intermediates.noindex/swift-kafka-client.build/Debug-xros/Crdkafka-t.build/Objects-normal/arm64/rdkafka_idempotence.o /Users/admin/builder/spi-builder-workspace/Sources/Crdkafka/librdkafka/src/rdkafka_idempotence.c normal arm64 c com.apple.compilers.llvm.clang.1_0.compiler (in target 'Crdkafka' from project 'swift-kafka-client')
cd /Users/admin/builder/spi-builder-workspace/.swiftpm/xcode
Using response file: /Users/admin/builder/spi-builder-workspace/.derivedData/Build/Intermediates.noindex/swift-kafka-client.build/Debug-xros/Crdkafka-t.build/Objects-normal/arm64/7187679823f38a2a940e0043cdf9d637-common-args.resp
builtin-ScanDependencies -o /Users/admin/builder/spi-builder-workspace/.derivedData/Build/Intermediates.noindex/swift-kafka-client.build/Debug-xros/Crdkafka-t.build/Objects-normal/arm64/rdkafka_idempotence.o.scan -- /Applications/Xcode-27.0.0.app/Contents/Developer/Toolchains/XcodeDefault.xctoolchain/usr/bin/clang -x c -ivfsstatcache /Users/admin/builder/spi-builder-workspace/.derivedData/SDKStatCaches.noindex/xros27.0-24M361-e829b21a6f8c9b70876ba0858053c04489c3c372b822c72ca60ec5271cbc7f3c.sdkstatcache -target arm64-apple-xros2.0 -fmessage-length\=0 -fdiagnostics-show-note-include-stack -fmacro-backtrace-limit\=0 -fno-color-diagnostics -fmodules-prune-interval\=86400 -fmodules-prune-after\=345600 -fbuild-session-file\=/Users/admin/builder/spi-builder-workspace/.derivedData/ModuleCache.noindex/Session.modulevalidation -fmodules-validate-once-per-build-session -Wnon-modular-include-in-framework-module -Werror\=non-modular-include-in-framework-module -Wno-trigraphs -Wno-missing-field-initializers -Wno-missing-prototypes -Wno-return-type -Wno-missing-braces -Wparentheses -Wswitch -Wno-unused-function -Wno-unused-label -Wno-unused-parameter -Wno-unused-variable -Wunused-value -Wno-empty-body -Wno-uninitialized -Wno-unknown-pragmas -Wno-shadow -Wno-four-char-constants -Wno-conversion -Wno-constant-conversion -Wno-int-conversion -Wno-bool-conversion -Wno-enum-conversion -Wno-float-conversion -Wno-non-literal-null-conversion -Wno-objc-literal-conversion -Wshorten-64-to-32 -Wpointer-sign -Wno-newline-eof -Wno-implicit-fallthrough -isysroot /Applications/Xcode-27.0.0.app/Contents/Developer/Platforms/XROS.platform/Developer/SDKs/XROS27.0.sdk -fstrict-aliasing -Wdeprecated-declarations -Wno-sign-conversion -Wno-infinite-recursion -Wno-comma -Wno-block-capture-autoreleasing -Wno-strict-prototypes -Wno-semicolon-before-method-body -index-store-path /Users/admin/builder/spi-builder-workspace/.derivedData/Index.noindex/DataStore @/Users/admin/builder/spi-builder-workspace/.derivedData/Build/Intermediates.noindex/swift-kafka-client.build/Debug-xros/Crdkafka-t.build/Objects-normal/arm64/7187679823f38a2a940e0043cdf9d637-common-args.resp -MMD -MT dependencies -MF /Users/admin/builder/spi-builder-workspace/.derivedData/Build/Intermediates.noindex/swift-kafka-client.build/Debug-xros/Crdkafka-t.build/Objects-normal/arm64/rdkafka_idempotence.d --serialize-diagnostics /Users/admin/builder/spi-builder-workspace/.derivedData/Build/Intermediates.noindex/swift-kafka-client.build/Debug-xros/Crdkafka-t.build/Objects-normal/arm64/rdkafka_idempotence.dia -c /Users/admin/builder/spi-builder-workspace/Sources/Crdkafka/librdkafka/src/rdkafka_idempotence.c -o /Users/admin/builder/spi-builder-workspace/.derivedData/Build/Intermediates.noindex/swift-kafka-client.build/Debug-xros/Crdkafka-t.build/Objects-normal/arm64/rdkafka_idempotence.o -index-unit-output-path /swift-kafka-client.build/Debug-xros/Crdkafka-t.build/Objects-normal/arm64/rdkafka_idempotence.o
ScanDependencies /Users/admin/builder/spi-builder-workspace/.derivedData/Build/Intermediates.noindex/swift-kafka-client.build/Debug-xros/Crdkafka-t.build/Objects-normal/arm64/rdkafka_header.o /Users/admin/builder/spi-builder-workspace/Sources/Crdkafka/librdkafka/src/rdkafka_header.c normal arm64 c com.apple.compilers.llvm.clang.1_0.compiler (in target 'Crdkafka' from project 'swift-kafka-client')
cd /Users/admin/builder/spi-builder-workspace/.swiftpm/xcode
Using response file: /Users/admin/builder/spi-builder-workspace/.derivedData/Build/Intermediates.noindex/swift-kafka-client.build/Debug-xros/Crdkafka-t.build/Objects-normal/arm64/7187679823f38a2a940e0043cdf9d637-common-args.resp
builtin-ScanDependencies -o /Users/admin/builder/spi-builder-workspace/.derivedData/Build/Intermediates.noindex/swift-kafka-client.build/Debug-xros/Crdkafka-t.build/Objects-normal/arm64/rdkafka_header.o.scan -- /Applications/Xcode-27.0.0.app/Contents/Developer/Toolchains/XcodeDefault.xctoolchain/usr/bin/clang -x c -ivfsstatcache /Users/admin/builder/spi-builder-workspace/.derivedData/SDKStatCaches.noindex/xros27.0-24M361-e829b21a6f8c9b70876ba0858053c04489c3c372b822c72ca60ec5271cbc7f3c.sdkstatcache -target arm64-apple-xros2.0 -fmessage-length\=0 -fdiagnostics-show-note-include-stack -fmacro-backtrace-limit\=0 -fno-color-diagnostics -fmodules-prune-interval\=86400 -fmodules-prune-after\=345600 -fbuild-session-file\=/Users/admin/builder/spi-builder-workspace/.derivedData/ModuleCache.noindex/Session.modulevalidation -fmodules-validate-once-per-build-session -Wnon-modular-include-in-framework-module -Werror\=non-modular-include-in-framework-module -Wno-trigraphs -Wno-missing-field-initializers -Wno-missing-prototypes -Wno-return-type -Wno-missing-braces -Wparentheses -Wswitch -Wno-unused-function -Wno-unused-label -Wno-unused-parameter -Wno-unused-variable -Wunused-value -Wno-empty-body -Wno-uninitialized -Wno-unknown-pragmas -Wno-shadow -Wno-four-char-constants -Wno-conversion -Wno-constant-conversion -Wno-int-conversion -Wno-bool-conversion -Wno-enum-conversion -Wno-float-conversion -Wno-non-literal-null-conversion -Wno-objc-literal-conversion -Wshorten-64-to-32 -Wpointer-sign -Wno-newline-eof -Wno-implicit-fallthrough -isysroot /Applications/Xcode-27.0.0.app/Contents/Developer/Platforms/XROS.platform/Developer/SDKs/XROS27.0.sdk -fstrict-aliasing -Wdeprecated-declarations -Wno-sign-conversion -Wno-infinite-recursion -Wno-comma -Wno-block-capture-autoreleasing -Wno-strict-prototypes -Wno-semicolon-before-method-body -index-store-path /Users/admin/builder/spi-builder-workspace/.derivedData/Index.noindex/DataStore @/Users/admin/builder/spi-builder-workspace/.derivedData/Build/Intermediates.noindex/swift-kafka-client.build/Debug-xros/Crdkafka-t.build/Objects-normal/arm64/7187679823f38a2a940e0043cdf9d637-common-args.resp -MMD -MT dependencies -MF /Users/admin/builder/spi-builder-workspace/.derivedData/Build/Intermediates.noindex/swift-kafka-client.build/Debug-xros/Crdkafka-t.build/Objects-normal/arm64/rdkafka_header.d --serialize-diagnostics /Users/admin/builder/spi-builder-workspace/.derivedData/Build/Intermediates.noindex/swift-kafka-client.build/Debug-xros/Crdkafka-t.build/Objects-normal/arm64/rdkafka_header.dia -c /Users/admin/builder/spi-builder-workspace/Sources/Crdkafka/librdkafka/src/rdkafka_header.c -o /Users/admin/builder/spi-builder-workspace/.derivedData/Build/Intermediates.noindex/swift-kafka-client.build/Debug-xros/Crdkafka-t.build/Objects-normal/arm64/rdkafka_header.o -index-unit-output-path /swift-kafka-client.build/Debug-xros/Crdkafka-t.build/Objects-normal/arm64/rdkafka_header.o
ScanDependencies /Users/admin/builder/spi-builder-workspace/.derivedData/Build/Intermediates.noindex/swift-kafka-client.build/Debug-xros/Crdkafka-t.build/Objects-normal/arm64/rdkafka_fetcher.o /Users/admin/builder/spi-builder-workspace/Sources/Crdkafka/librdkafka/src/rdkafka_fetcher.c normal arm64 c com.apple.compilers.llvm.clang.1_0.compiler (in target 'Crdkafka' from project 'swift-kafka-client')
cd /Users/admin/builder/spi-builder-workspace/.swiftpm/xcode
Using response file: /Users/admin/builder/spi-builder-workspace/.derivedData/Build/Intermediates.noindex/swift-kafka-client.build/Debug-xros/Crdkafka-t.build/Objects-normal/arm64/7187679823f38a2a940e0043cdf9d637-common-args.resp
builtin-ScanDependencies -o /Users/admin/builder/spi-builder-workspace/.derivedData/Build/Intermediates.noindex/swift-kafka-client.build/Debug-xros/Crdkafka-t.build/Objects-normal/arm64/rdkafka_fetcher.o.scan -- /Applications/Xcode-27.0.0.app/Contents/Developer/Toolchains/XcodeDefault.xctoolchain/usr/bin/clang -x c -ivfsstatcache /Users/admin/builder/spi-builder-workspace/.derivedData/SDKStatCaches.noindex/xros27.0-24M361-e829b21a6f8c9b70876ba0858053c04489c3c372b822c72ca60ec5271cbc7f3c.sdkstatcache -target arm64-apple-xros2.0 -fmessage-length\=0 -fdiagnostics-show-note-include-stack -fmacro-backtrace-limit\=0 -fno-color-diagnostics -fmodules-prune-interval\=86400 -fmodules-prune-after\=345600 -fbuild-session-file\=/Users/admin/builder/spi-builder-workspace/.derivedData/ModuleCache.noindex/Session.modulevalidation -fmodules-validate-once-per-build-session -Wnon-modular-include-in-framework-module -Werror\=non-modular-include-in-framework-module -Wno-trigraphs -Wno-missing-field-initializers -Wno-missing-prototypes -Wno-return-type -Wno-missing-braces -Wparentheses -Wswitch -Wno-unused-function -Wno-unused-label -Wno-unused-parameter -Wno-unused-variable -Wunused-value -Wno-empty-body -Wno-uninitialized -Wno-unknown-pragmas -Wno-shadow -Wno-four-char-constants -Wno-conversion -Wno-constant-conversion -Wno-int-conversion -Wno-bool-conversion -Wno-enum-conversion -Wno-float-conversion -Wno-non-literal-null-conversion -Wno-objc-literal-conversion -Wshorten-64-to-32 -Wpointer-sign -Wno-newline-eof -Wno-implicit-fallthrough -isysroot /Applications/Xcode-27.0.0.app/Contents/Developer/Platforms/XROS.platform/Developer/SDKs/XROS27.0.sdk -fstrict-aliasing -Wdeprecated-declarations -Wno-sign-conversion -Wno-infinite-recursion -Wno-comma -Wno-block-capture-autoreleasing -Wno-strict-prototypes -Wno-semicolon-before-method-body -index-store-path /Users/admin/builder/spi-builder-workspace/.derivedData/Index.noindex/DataStore @/Users/admin/builder/spi-builder-workspace/.derivedData/Build/Intermediates.noindex/swift-kafka-client.build/Debug-xros/Crdkafka-t.build/Objects-normal/arm64/7187679823f38a2a940e0043cdf9d637-common-args.resp -MMD -MT dependencies -MF /Users/admin/builder/spi-builder-workspace/.derivedData/Build/Intermediates.noindex/swift-kafka-client.build/Debug-xros/Crdkafka-t.build/Objects-normal/arm64/rdkafka_fetcher.d --serialize-diagnostics /Users/admin/builder/spi-builder-workspace/.derivedData/Build/Intermediates.noindex/swift-kafka-client.build/Debug-xros/Crdkafka-t.build/Objects-normal/arm64/rdkafka_fetcher.dia -c /Users/admin/builder/spi-builder-workspace/Sources/Crdkafka/librdkafka/src/rdkafka_fetcher.c -o /Users/admin/builder/spi-builder-workspace/.derivedData/Build/Intermediates.noindex/swift-kafka-client.build/Debug-xros/Crdkafka-t.build/Objects-normal/arm64/rdkafka_fetcher.o -index-unit-output-path /swift-kafka-client.build/Debug-xros/Crdkafka-t.build/Objects-normal/arm64/rdkafka_fetcher.o
ScanDependencies /Users/admin/builder/spi-builder-workspace/.derivedData/Build/Intermediates.noindex/swift-kafka-client.build/Debug-xros/Crdkafka-t.build/Objects-normal/arm64/rdkafka_feature.o /Users/admin/builder/spi-builder-workspace/Sources/Crdkafka/librdkafka/src/rdkafka_feature.c normal arm64 c com.apple.compilers.llvm.clang.1_0.compiler (in target 'Crdkafka' from project 'swift-kafka-client')
cd /Users/admin/builder/spi-builder-workspace/.swiftpm/xcode
Using response file: /Users/admin/builder/spi-builder-workspace/.derivedData/Build/Intermediates.noindex/swift-kafka-client.build/Debug-xros/Crdkafka-t.build/Objects-normal/arm64/7187679823f38a2a940e0043cdf9d637-common-args.resp
builtin-ScanDependencies -o /Users/admin/builder/spi-builder-workspace/.derivedData/Build/Intermediates.noindex/swift-kafka-client.build/Debug-xros/Crdkafka-t.build/Objects-normal/arm64/rdkafka_feature.o.scan -- /Applications/Xcode-27.0.0.app/Contents/Developer/Toolchains/XcodeDefault.xctoolchain/usr/bin/clang -x c -ivfsstatcache /Users/admin/builder/spi-builder-workspace/.derivedData/SDKStatCaches.noindex/xros27.0-24M361-e829b21a6f8c9b70876ba0858053c04489c3c372b822c72ca60ec5271cbc7f3c.sdkstatcache -target arm64-apple-xros2.0 -fmessage-length\=0 -fdiagnostics-show-note-include-stack -fmacro-backtrace-limit\=0 -fno-color-diagnostics -fmodules-prune-interval\=86400 -fmodules-prune-after\=345600 -fbuild-session-file\=/Users/admin/builder/spi-builder-workspace/.derivedData/ModuleCache.noindex/Session.modulevalidation -fmodules-validate-once-per-build-session -Wnon-modular-include-in-framework-module -Werror\=non-modular-include-in-framework-module -Wno-trigraphs -Wno-missing-field-initializers -Wno-missing-prototypes -Wno-return-type -Wno-missing-braces -Wparentheses -Wswitch -Wno-unused-function -Wno-unused-label -Wno-unused-parameter -Wno-unused-variable -Wunused-value -Wno-empty-body -Wno-uninitialized -Wno-unknown-pragmas -Wno-shadow -Wno-four-char-constants -Wno-conversion -Wno-constant-conversion -Wno-int-conversion -Wno-bool-conversion -Wno-enum-conversion -Wno-float-conversion -Wno-non-literal-null-conversion -Wno-objc-literal-conversion -Wshorten-64-to-32 -Wpointer-sign -Wno-newline-eof -Wno-implicit-fallthrough -isysroot /Applications/Xcode-27.0.0.app/Contents/Developer/Platforms/XROS.platform/Developer/SDKs/XROS27.0.sdk -fstrict-aliasing -Wdeprecated-declarations -Wno-sign-conversion -Wno-infinite-recursion -Wno-comma -Wno-block-capture-autoreleasing -Wno-strict-prototypes -Wno-semicolon-before-method-body -index-store-path /Users/admin/builder/spi-builder-workspace/.derivedData/Index.noindex/DataStore @/Users/admin/builder/spi-builder-workspace/.derivedData/Build/Intermediates.noindex/swift-kafka-client.build/Debug-xros/Crdkafka-t.build/Objects-normal/arm64/7187679823f38a2a940e0043cdf9d637-common-args.resp -MMD -MT dependencies -MF /Users/admin/builder/spi-builder-workspace/.derivedData/Build/Intermediates.noindex/swift-kafka-client.build/Debug-xros/Crdkafka-t.build/Objects-normal/arm64/rdkafka_feature.d --serialize-diagnostics /Users/admin/builder/spi-builder-workspace/.derivedData/Build/Intermediates.noindex/swift-kafka-client.build/Debug-xros/Crdkafka-t.build/Objects-normal/arm64/rdkafka_feature.dia -c /Users/admin/builder/spi-builder-workspace/Sources/Crdkafka/librdkafka/src/rdkafka_feature.c -o /Users/admin/builder/spi-builder-workspace/.derivedData/Build/Intermediates.noindex/swift-kafka-client.build/Debug-xros/Crdkafka-t.build/Objects-normal/arm64/rdkafka_feature.o -index-unit-output-path /swift-kafka-client.build/Debug-xros/Crdkafka-t.build/Objects-normal/arm64/rdkafka_feature.o
ScanDependencies /Users/admin/builder/spi-builder-workspace/.derivedData/Build/Intermediates.noindex/swift-kafka-client.build/Debug-xros/Crdkafka-t.build/Objects-normal/arm64/rdkafka_event.o /Users/admin/builder/spi-builder-workspace/Sources/Crdkafka/librdkafka/src/rdkafka_event.c normal arm64 c com.apple.compilers.llvm.clang.1_0.compiler (in target 'Crdkafka' from project 'swift-kafka-client')
cd /Users/admin/builder/spi-builder-workspace/.swiftpm/xcode
Using response file: /Users/admin/builder/spi-builder-workspace/.derivedData/Build/Intermediates.noindex/swift-kafka-client.build/Debug-xros/Crdkafka-t.build/Objects-normal/arm64/7187679823f38a2a940e0043cdf9d637-common-args.resp
builtin-ScanDependencies -o /Users/admin/builder/spi-builder-workspace/.derivedData/Build/Intermediates.noindex/swift-kafka-client.build/Debug-xros/Crdkafka-t.build/Objects-normal/arm64/rdkafka_event.o.scan -- /Applications/Xcode-27.0.0.app/Contents/Developer/Toolchains/XcodeDefault.xctoolchain/usr/bin/clang -x c -ivfsstatcache /Users/admin/builder/spi-builder-workspace/.derivedData/SDKStatCaches.noindex/xros27.0-24M361-e829b21a6f8c9b70876ba0858053c04489c3c372b822c72ca60ec5271cbc7f3c.sdkstatcache -target arm64-apple-xros2.0 -fmessage-length\=0 -fdiagnostics-show-note-include-stack -fmacro-backtrace-limit\=0 -fno-color-diagnostics -fmodules-prune-interval\=86400 -fmodules-prune-after\=345600 -fbuild-session-file\=/Users/admin/builder/spi-builder-workspace/.derivedData/ModuleCache.noindex/Session.modulevalidation -fmodules-validate-once-per-build-session -Wnon-modular-include-in-framework-module -Werror\=non-modular-include-in-framework-module -Wno-trigraphs -Wno-missing-field-initializers -Wno-missing-prototypes -Wno-return-type -Wno-missing-braces -Wparentheses -Wswitch -Wno-unused-function -Wno-unused-label -Wno-unused-parameter -Wno-unused-variable -Wunused-value -Wno-empty-body -Wno-uninitialized -Wno-unknown-pragmas -Wno-shadow -Wno-four-char-constants -Wno-conversion -Wno-constant-conversion -Wno-int-conversion -Wno-bool-conversion -Wno-enum-conversion -Wno-float-conversion -Wno-non-literal-null-conversion -Wno-objc-literal-conversion -Wshorten-64-to-32 -Wpointer-sign -Wno-newline-eof -Wno-implicit-fallthrough -isysroot /Applications/Xcode-27.0.0.app/Contents/Developer/Platforms/XROS.platform/Developer/SDKs/XROS27.0.sdk -fstrict-aliasing -Wdeprecated-declarations -Wno-sign-conversion -Wno-infinite-recursion -Wno-comma -Wno-block-capture-autoreleasing -Wno-strict-prototypes -Wno-semicolon-before-method-body -index-store-path /Users/admin/builder/spi-builder-workspace/.derivedData/Index.noindex/DataStore @/Users/admin/builder/spi-builder-workspace/.derivedData/Build/Intermediates.noindex/swift-kafka-client.build/Debug-xros/Crdkafka-t.build/Objects-normal/arm64/7187679823f38a2a940e0043cdf9d637-common-args.resp -MMD -MT dependencies -MF /Users/admin/builder/spi-builder-workspace/.derivedData/Build/Intermediates.noindex/swift-kafka-client.build/Debug-xros/Crdkafka-t.build/Objects-normal/arm64/rdkafka_event.d --serialize-diagnostics /Users/admin/builder/spi-builder-workspace/.derivedData/Build/Intermediates.noindex/swift-kafka-client.build/Debug-xros/Crdkafka-t.build/Objects-normal/arm64/rdkafka_event.dia -c /Users/admin/builder/spi-builder-workspace/Sources/Crdkafka/librdkafka/src/rdkafka_event.c -o /Users/admin/builder/spi-builder-workspace/.derivedData/Build/Intermediates.noindex/swift-kafka-client.build/Debug-xros/Crdkafka-t.build/Objects-normal/arm64/rdkafka_event.o -index-unit-output-path /swift-kafka-client.build/Debug-xros/Crdkafka-t.build/Objects-normal/arm64/rdkafka_event.o
ScanDependencies /Users/admin/builder/spi-builder-workspace/.derivedData/Build/Intermediates.noindex/swift-kafka-client.build/Debug-xros/Crdkafka-t.build/Objects-normal/arm64/rdkafka_error.o /Users/admin/builder/spi-builder-workspace/Sources/Crdkafka/librdkafka/src/rdkafka_error.c normal arm64 c com.apple.compilers.llvm.clang.1_0.compiler (in target 'Crdkafka' from project 'swift-kafka-client')
cd /Users/admin/builder/spi-builder-workspace/.swiftpm/xcode
Using response file: /Users/admin/builder/spi-builder-workspace/.derivedData/Build/Intermediates.noindex/swift-kafka-client.build/Debug-xros/Crdkafka-t.build/Objects-normal/arm64/7187679823f38a2a940e0043cdf9d637-common-args.resp
builtin-ScanDependencies -o /Users/admin/builder/spi-builder-workspace/.derivedData/Build/Intermediates.noindex/swift-kafka-client.build/Debug-xros/Crdkafka-t.build/Objects-normal/arm64/rdkafka_error.o.scan -- /Applications/Xcode-27.0.0.app/Contents/Developer/Toolchains/XcodeDefault.xctoolchain/usr/bin/clang -x c -ivfsstatcache /Users/admin/builder/spi-builder-workspace/.derivedData/SDKStatCaches.noindex/xros27.0-24M361-e829b21a6f8c9b70876ba0858053c04489c3c372b822c72ca60ec5271cbc7f3c.sdkstatcache -target arm64-apple-xros2.0 -fmessage-length\=0 -fdiagnostics-show-note-include-stack -fmacro-backtrace-limit\=0 -fno-color-diagnostics -fmodules-prune-interval\=86400 -fmodules-prune-after\=345600 -fbuild-session-file\=/Users/admin/builder/spi-builder-workspace/.derivedData/ModuleCache.noindex/Session.modulevalidation -fmodules-validate-once-per-build-session -Wnon-modular-include-in-framework-module -Werror\=non-modular-include-in-framework-module -Wno-trigraphs -Wno-missing-field-initializers -Wno-missing-prototypes -Wno-return-type -Wno-missing-braces -Wparentheses -Wswitch -Wno-unused-function -Wno-unused-label -Wno-unused-parameter -Wno-unused-variable -Wunused-value -Wno-empty-body -Wno-uninitialized -Wno-unknown-pragmas -Wno-shadow -Wno-four-char-constants -Wno-conversion -Wno-constant-conversion -Wno-int-conversion -Wno-bool-conversion -Wno-enum-conversion -Wno-float-conversion -Wno-non-literal-null-conversion -Wno-objc-literal-conversion -Wshorten-64-to-32 -Wpointer-sign -Wno-newline-eof -Wno-implicit-fallthrough -isysroot /Applications/Xcode-27.0.0.app/Contents/Developer/Platforms/XROS.platform/Developer/SDKs/XROS27.0.sdk -fstrict-aliasing -Wdeprecated-declarations -Wno-sign-conversion -Wno-infinite-recursion -Wno-comma -Wno-block-capture-autoreleasing -Wno-strict-prototypes -Wno-semicolon-before-method-body -index-store-path /Users/admin/builder/spi-builder-workspace/.derivedData/Index.noindex/DataStore @/Users/admin/builder/spi-builder-workspace/.derivedData/Build/Intermediates.noindex/swift-kafka-client.build/Debug-xros/Crdkafka-t.build/Objects-normal/arm64/7187679823f38a2a940e0043cdf9d637-common-args.resp -MMD -MT dependencies -MF /Users/admin/builder/spi-builder-workspace/.derivedData/Build/Intermediates.noindex/swift-kafka-client.build/Debug-xros/Crdkafka-t.build/Objects-normal/arm64/rdkafka_error.d --serialize-diagnostics /Users/admin/builder/spi-builder-workspace/.derivedData/Build/Intermediates.noindex/swift-kafka-client.build/Debug-xros/Crdkafka-t.build/Objects-normal/arm64/rdkafka_error.dia -c /Users/admin/builder/spi-builder-workspace/Sources/Crdkafka/librdkafka/src/rdkafka_error.c -o /Users/admin/builder/spi-builder-workspace/.derivedData/Build/Intermediates.noindex/swift-kafka-client.build/Debug-xros/Crdkafka-t.build/Objects-normal/arm64/rdkafka_error.o -index-unit-output-path /swift-kafka-client.build/Debug-xros/Crdkafka-t.build/Objects-normal/arm64/rdkafka_error.o
ScanDependencies /Users/admin/builder/spi-builder-workspace/.derivedData/Build/Intermediates.noindex/swift-kafka-client.build/Debug-xros/Crdkafka-t.build/Objects-normal/arm64/rdkafka_coord.o /Users/admin/builder/spi-builder-workspace/Sources/Crdkafka/librdkafka/src/rdkafka_coord.c normal arm64 c com.apple.compilers.llvm.clang.1_0.compiler (in target 'Crdkafka' from project 'swift-kafka-client')
cd /Users/admin/builder/spi-builder-workspace/.swiftpm/xcode
Using response file: /Users/admin/builder/spi-builder-workspace/.derivedData/Build/Intermediates.noindex/swift-kafka-client.build/Debug-xros/Crdkafka-t.build/Objects-normal/arm64/7187679823f38a2a940e0043cdf9d637-common-args.resp
builtin-ScanDependencies -o /Users/admin/builder/spi-builder-workspace/.derivedData/Build/Intermediates.noindex/swift-kafka-client.build/Debug-xros/Crdkafka-t.build/Objects-normal/arm64/rdkafka_coord.o.scan -- /Applications/Xcode-27.0.0.app/Contents/Developer/Toolchains/XcodeDefault.xctoolchain/usr/bin/clang -x c -ivfsstatcache /Users/admin/builder/spi-builder-workspace/.derivedData/SDKStatCaches.noindex/xros27.0-24M361-e829b21a6f8c9b70876ba0858053c04489c3c372b822c72ca60ec5271cbc7f3c.sdkstatcache -target arm64-apple-xros2.0 -fmessage-length\=0 -fdiagnostics-show-note-include-stack -fmacro-backtrace-limit\=0 -fno-color-diagnostics -fmodules-prune-interval\=86400 -fmodules-prune-after\=345600 -fbuild-session-file\=/Users/admin/builder/spi-builder-workspace/.derivedData/ModuleCache.noindex/Session.modulevalidation -fmodules-validate-once-per-build-session -Wnon-modular-include-in-framework-module -Werror\=non-modular-include-in-framework-module -Wno-trigraphs -Wno-missing-field-initializers -Wno-missing-prototypes -Wno-return-type -Wno-missing-braces -Wparentheses -Wswitch -Wno-unused-function -Wno-unused-label -Wno-unused-parameter -Wno-unused-variable -Wunused-value -Wno-empty-body -Wno-uninitialized -Wno-unknown-pragmas -Wno-shadow -Wno-four-char-constants -Wno-conversion -Wno-constant-conversion -Wno-int-conversion -Wno-bool-conversion -Wno-enum-conversion -Wno-float-conversion -Wno-non-literal-null-conversion -Wno-objc-literal-conversion -Wshorten-64-to-32 -Wpointer-sign -Wno-newline-eof -Wno-implicit-fallthrough -isysroot /Applications/Xcode-27.0.0.app/Contents/Developer/Platforms/XROS.platform/Developer/SDKs/XROS27.0.sdk -fstrict-aliasing -Wdeprecated-declarations -Wno-sign-conversion -Wno-infinite-recursion -Wno-comma -Wno-block-capture-autoreleasing -Wno-strict-prototypes -Wno-semicolon-before-method-body -index-store-path /Users/admin/builder/spi-builder-workspace/.derivedData/Index.noindex/DataStore @/Users/admin/builder/spi-builder-workspace/.derivedData/Build/Intermediates.noindex/swift-kafka-client.build/Debug-xros/Crdkafka-t.build/Objects-normal/arm64/7187679823f38a2a940e0043cdf9d637-common-args.resp -MMD -MT dependencies -MF /Users/admin/builder/spi-builder-workspace/.derivedData/Build/Intermediates.noindex/swift-kafka-client.build/Debug-xros/Crdkafka-t.build/Objects-normal/arm64/rdkafka_coord.d --serialize-diagnostics /Users/admin/builder/spi-builder-workspace/.derivedData/Build/Intermediates.noindex/swift-kafka-client.build/Debug-xros/Crdkafka-t.build/Objects-normal/arm64/rdkafka_coord.dia -c /Users/admin/builder/spi-builder-workspace/Sources/Crdkafka/librdkafka/src/rdkafka_coord.c -o /Users/admin/builder/spi-builder-workspace/.derivedData/Build/Intermediates.noindex/swift-kafka-client.build/Debug-xros/Crdkafka-t.build/Objects-normal/arm64/rdkafka_coord.o -index-unit-output-path /swift-kafka-client.build/Debug-xros/Crdkafka-t.build/Objects-normal/arm64/rdkafka_coord.o
ScanDependencies /Users/admin/builder/spi-builder-workspace/.derivedData/Build/Intermediates.noindex/swift-kafka-client.build/Debug-xros/Crdkafka-t.build/Objects-normal/arm64/rdkafka_conf.o /Users/admin/builder/spi-builder-workspace/Sources/Crdkafka/librdkafka/src/rdkafka_conf.c normal arm64 c com.apple.compilers.llvm.clang.1_0.compiler (in target 'Crdkafka' from project 'swift-kafka-client')
cd /Users/admin/builder/spi-builder-workspace/.swiftpm/xcode
Using response file: /Users/admin/builder/spi-builder-workspace/.derivedData/Build/Intermediates.noindex/swift-kafka-client.build/Debug-xros/Crdkafka-t.build/Objects-normal/arm64/7187679823f38a2a940e0043cdf9d637-common-args.resp
builtin-ScanDependencies -o /Users/admin/builder/spi-builder-workspace/.derivedData/Build/Intermediates.noindex/swift-kafka-client.build/Debug-xros/Crdkafka-t.build/Objects-normal/arm64/rdkafka_conf.o.scan -- /Applications/Xcode-27.0.0.app/Contents/Developer/Toolchains/XcodeDefault.xctoolchain/usr/bin/clang -x c -ivfsstatcache /Users/admin/builder/spi-builder-workspace/.derivedData/SDKStatCaches.noindex/xros27.0-24M361-e829b21a6f8c9b70876ba0858053c04489c3c372b822c72ca60ec5271cbc7f3c.sdkstatcache -target arm64-apple-xros2.0 -fmessage-length\=0 -fdiagnostics-show-note-include-stack -fmacro-backtrace-limit\=0 -fno-color-diagnostics -fmodules-prune-interval\=86400 -fmodules-prune-after\=345600 -fbuild-session-file\=/Users/admin/builder/spi-builder-workspace/.derivedData/ModuleCache.noindex/Session.modulevalidation -fmodules-validate-once-per-build-session -Wnon-modular-include-in-framework-module -Werror\=non-modular-include-in-framework-module -Wno-trigraphs -Wno-missing-field-initializers -Wno-missing-prototypes -Wno-return-type -Wno-missing-braces -Wparentheses -Wswitch -Wno-unused-function -Wno-unused-label -Wno-unused-parameter -Wno-unused-variable -Wunused-value -Wno-empty-body -Wno-uninitialized -Wno-unknown-pragmas -Wno-shadow -Wno-four-char-constants -Wno-conversion -Wno-constant-conversion -Wno-int-conversion -Wno-bool-conversion -Wno-enum-conversion -Wno-float-conversion -Wno-non-literal-null-conversion -Wno-objc-literal-conversion -Wshorten-64-to-32 -Wpointer-sign -Wno-newline-eof -Wno-implicit-fallthrough -isysroot /Applications/Xcode-27.0.0.app/Contents/Developer/Platforms/XROS.platform/Developer/SDKs/XROS27.0.sdk -fstrict-aliasing -Wdeprecated-declarations -Wno-sign-conversion -Wno-infinite-recursion -Wno-comma -Wno-block-capture-autoreleasing -Wno-strict-prototypes -Wno-semicolon-before-method-body -index-store-path /Users/admin/builder/spi-builder-workspace/.derivedData/Index.noindex/DataStore @/Users/admin/builder/spi-builder-workspace/.derivedData/Build/Intermediates.noindex/swift-kafka-client.build/Debug-xros/Crdkafka-t.build/Objects-normal/arm64/7187679823f38a2a940e0043cdf9d637-common-args.resp -MMD -MT dependencies -MF /Users/admin/builder/spi-builder-workspace/.derivedData/Build/Intermediates.noindex/swift-kafka-client.build/Debug-xros/Crdkafka-t.build/Objects-normal/arm64/rdkafka_conf.d --serialize-diagnostics /Users/admin/builder/spi-builder-workspace/.derivedData/Build/Intermediates.noindex/swift-kafka-client.build/Debug-xros/Crdkafka-t.build/Objects-normal/arm64/rdkafka_conf.dia -c /Users/admin/builder/spi-builder-workspace/Sources/Crdkafka/librdkafka/src/rdkafka_conf.c -o /Users/admin/builder/spi-builder-workspace/.derivedData/Build/Intermediates.noindex/swift-kafka-client.build/Debug-xros/Crdkafka-t.build/Objects-normal/arm64/rdkafka_conf.o -index-unit-output-path /swift-kafka-client.build/Debug-xros/Crdkafka-t.build/Objects-normal/arm64/rdkafka_conf.o
/Users/admin/builder/spi-builder-workspace/Sources/Crdkafka/librdkafka/src/rdkafka_conf.c:60:10: error: 'curl/curl.h' file not found (in target 'Crdkafka' from project 'swift-kafka-client')
CompileC /Users/admin/builder/spi-builder-workspace/.derivedData/Build/Intermediates.noindex/swift-kafka-client.build/Debug-xros/Crdkafka-t.build/Objects-normal/arm64/rdxxhash.o /Users/admin/builder/spi-builder-workspace/Sources/Crdkafka/librdkafka/src/rdxxhash.c normal arm64 c com.apple.compilers.llvm.clang.1_0.compiler (in target 'Crdkafka' from project 'swift-kafka-client')
cd /Users/admin/builder/spi-builder-workspace/.swiftpm/xcode
Using response file: /Users/admin/builder/spi-builder-workspace/.derivedData/Build/Intermediates.noindex/swift-kafka-client.build/Debug-xros/Crdkafka-t.build/Objects-normal/arm64/7187679823f38a2a940e0043cdf9d637-common-args.resp
/Applications/Xcode-27.0.0.app/Contents/Developer/Toolchains/XcodeDefault.xctoolchain/usr/bin/clang -x c -ivfsstatcache /Users/admin/builder/spi-builder-workspace/.derivedData/SDKStatCaches.noindex/xros27.0-24M361-e829b21a6f8c9b70876ba0858053c04489c3c372b822c72ca60ec5271cbc7f3c.sdkstatcache -target arm64-apple-xros2.0 -fmessage-length\=0 -fdiagnostics-show-note-include-stack -fmacro-backtrace-limit\=0 -fno-color-diagnostics -fmodules-prune-interval\=86400 -fmodules-prune-after\=345600 -fbuild-session-file\=/Users/admin/builder/spi-builder-workspace/.derivedData/ModuleCache.noindex/Session.modulevalidation -fmodules-validate-once-per-build-session -Wnon-modular-include-in-framework-module -Werror\=non-modular-include-in-framework-module -Wno-trigraphs -Wno-missing-field-initializers -Wno-missing-prototypes -Wno-return-type -Wno-missing-braces -Wparentheses -Wswitch -Wno-unused-function -Wno-unused-label -Wno-unused-parameter -Wno-unused-variable -Wunused-value -Wno-empty-body -Wno-uninitialized -Wno-unknown-pragmas -Wno-shadow -Wno-four-char-constants -Wno-conversion -Wno-constant-conversion -Wno-int-conversion -Wno-bool-conversion -Wno-enum-conversion -Wno-float-conversion -Wno-non-literal-null-conversion -Wno-objc-literal-conversion -Wshorten-64-to-32 -Wpointer-sign -Wno-newline-eof -Wno-implicit-fallthrough -isysroot /Applications/Xcode-27.0.0.app/Contents/Developer/Platforms/XROS.platform/Developer/SDKs/XROS27.0.sdk -fstrict-aliasing -Wdeprecated-declarations -Wno-sign-conversion -Wno-infinite-recursion -Wno-comma -Wno-block-capture-autoreleasing -Wno-strict-prototypes -Wno-semicolon-before-method-body -index-store-path /Users/admin/builder/spi-builder-workspace/.derivedData/Index.noindex/DataStore @/Users/admin/builder/spi-builder-workspace/.derivedData/Build/Intermediates.noindex/swift-kafka-client.build/Debug-xros/Crdkafka-t.build/Objects-normal/arm64/7187679823f38a2a940e0043cdf9d637-common-args.resp -MMD -MT dependencies -MF /Users/admin/builder/spi-builder-workspace/.derivedData/Build/Intermediates.noindex/swift-kafka-client.build/Debug-xros/Crdkafka-t.build/Objects-normal/arm64/rdxxhash.d --serialize-diagnostics /Users/admin/builder/spi-builder-workspace/.derivedData/Build/Intermediates.noindex/swift-kafka-client.build/Debug-xros/Crdkafka-t.build/Objects-normal/arm64/rdxxhash.dia -c /Users/admin/builder/spi-builder-workspace/Sources/Crdkafka/librdkafka/src/rdxxhash.c -o /Users/admin/builder/spi-builder-workspace/.derivedData/Build/Intermediates.noindex/swift-kafka-client.build/Debug-xros/Crdkafka-t.build/Objects-normal/arm64/rdxxhash.o -index-unit-output-path /swift-kafka-client.build/Debug-xros/Crdkafka-t.build/Objects-normal/arm64/rdxxhash.o
Failed frontend command:
/Applications/Xcode-27.0.0.app/Contents/Developer/Toolchains/XcodeDefault.xctoolchain/usr/bin/clang -cc1 -Wundef-prefix\=TARGET_OS_ -fdiagnostics-show-note-include-stack -fmacro-backtrace-limit\=0 -ferror-limit 19 -serialize-diagnostic-file /Users/admin/builder/spi-builder-workspace/.derivedData/Build/Intermediates.noindex/swift-kafka-client.build/Debug-xros/Crdkafka-t.build/Objects-normal/arm64/rdxxhash.dia -Wdeprecated-objc-isa-usage -Werror\=deprecated-objc-isa-usage -Werror\=implicit-function-declaration -Wnon-modular-include-in-framework-module -Werror\=non-modular-include-in-framework-module -Wno-trigraphs -Wno-missing-field-initializers -Wno-missing-prototypes -Wno-return-type -Wno-missing-braces -Wparentheses -Wswitch -Wno-unused-function -Wno-unused-label -Wno-unused-parameter -Wno-unused-variable -Wunused-value -Wno-empty-body -Wno-uninitialized -Wno-unknown-pragmas -Wno-shadow -Wno-four-char-constants -Wno-conversion -Wno-constant-conversion -Wno-int-conversion -Wno-bool-conversion -Wno-enum-conversion -Wno-float-conversion -Wno-non-literal-null-conversion -Wno-objc-literal-conversion -Wshorten-64-to-32 -Wpointer-sign -Wno-newline-eof -Wno-implicit-fallthrough -Wdeprecated-declarations -Wno-sign-conversion -Wno-infinite-recursion -Wno-comma -Wno-block-capture-autoreleasing -Wno-strict-prototypes -Wno-semicolon-before-method-body -Wno-elaborated-enum-base -Wno-error\=allocator-wrappers -index-store-path /Users/admin/builder/spi-builder-workspace/.derivedData/Index.noindex/DataStore -index-unit-output-path /swift-kafka-client.build/Debug-xros/Crdkafka-t.build/Objects-normal/arm64/rdxxhash.o -fmodule-map-file\=/Users/admin/builder/spi-builder-workspace/.derivedData/Build/Intermediates.noindex/GeneratedModuleMaps-xros/NIO.modulemap -fmodule-map-file\=/Users/admin/builder/spi-builder-workspace/.derivedData/Build/Intermediates.noindex/GeneratedModuleMaps-xros/SpanPreview.modulemap -fmodule-map-file\=/Users/admin/builder/spi-builder-workspace/.derivedData/Build/Intermediates.noindex/GeneratedModuleMaps-xros/InternalCollectionsUtilities.modulemap -fmodule-map-file\=/Users/admin/builder/spi-builder-workspace/.derivedData/Build/Intermediates.noindex/GeneratedModuleMaps-xros/DequeModule.modulemap -fmodule-map-file\=/Users/admin/builder/spi-builder-workspace/.dependencies/checkouts/swift-atomics/Sources/_AtomicsShims/include/module.modulemap -fmodule-map-file\=/Users/admin/builder/spi-builder-workspace/.derivedData/Build/Intermediates.noindex/GeneratedModuleMaps-xros/Atomics.modulemap -fmodule-map-file\=/Users/admin/builder/spi-builder-workspace/.derivedData/Build/Intermediates.noindex/GeneratedModuleMaps-xros/NIOPosix.modulemap -fmodule-map-file\=/Users/admin/builder/spi-builder-workspace/.derivedData/Build/Intermediates.noindex/GeneratedModuleMaps-xros/CNIOPosix.modulemap -fmodule-map-file\=/Users/admin/builder/spi-builder-workspace/.derivedData/Build/Intermediates.noindex/GeneratedModuleMaps-xros/NIOEmbedded.modulemap -fmodule-map-file\=/Users/admin/builder/spi-builder-workspace/.derivedData/Build/Intermediates.noindex/GeneratedModuleMaps-xros/NIOCore.modulemap -fmodule-map-file\=/Users/admin/builder/spi-builder-workspace/.derivedData/Build/Intermediates.noindex/GeneratedModuleMaps-xros/_NIODataStructures.modulemap -fmodule-map-file\=/Users/admin/builder/spi-builder-workspace/.derivedData/Build/Intermediates.noindex/GeneratedModuleMaps-xros/CNIOWASI.modulemap -fmodule-map-file\=/Users/admin/builder/spi-builder-workspace/.dependencies/checkouts/swift-nio/Sources/CNIOWindows/include/module.modulemap -fmodule-map-file\=/Users/admin/builder/spi-builder-workspace/.derivedData/Build/Intermediates.noindex/GeneratedModuleMaps-xros/CNIOLinux.modulemap -fmodule-map-file\=/Users/admin/builder/spi-builder-workspace/.derivedData/Build/Intermediates.noindex/GeneratedModuleMaps-xros/CNIODarwin.modulemap -fmodule-map-file\=/Users/admin/builder/spi-builder-workspace/.derivedData/Build/Intermediates.noindex/GeneratedModuleMaps-xros/CNIOFreeBSD.modulemap -fmodule-map-file\=/Users/admin/builder/spi-builder-workspace/.derivedData/Build/Intermediates.noindex/GeneratedModuleMaps-xros/CNIOOpenBSD.modulemap -fmodule-map-file\=/Users/admin/builder/spi-builder-workspace/.derivedData/Build/Intermediates.noindex/GeneratedModuleMaps-xros/_NIOBase64.modulemap -fmodule-map-file\=/Users/admin/builder/spi-builder-workspace/.derivedData/Build/Intermediates.noindex/GeneratedModuleMaps-xros/NIOConcurrencyHelpers.modulemap -fmodule-map-file\=/Users/admin/builder/spi-builder-workspace/.derivedData/Build/Intermediates.noindex/GeneratedModuleMaps-xros/CNIOAtomics.modulemap -fmodule-map-file\=/Users/admin/builder/spi-builder-workspace/.derivedData/Build/Intermediates.noindex/GeneratedModuleMaps-xros/NIOTLS.modulemap -fmodule-map-file\=/Users/admin/builder/spi-builder-workspace/.derivedData/Build/Intermediates.noindex/GeneratedModuleMaps-xros/CNIOBoringSSLShims.modulemap -fmodule-map-file\=/Users/admin/builder/spi-builder-workspace/.dependencies/checkouts/swift-nio-ssl/Sources/CNIOBoringSSL/include/module.modulemap -fmodule-map-file\=/Users/admin/builder/spi-builder-workspace/.derivedData/Build/Intermediates.noindex/GeneratedModuleMaps-xros/NIOSSL.modulemap -fmodule-map-file\=/Users/admin/builder/spi-builder-workspace/.dependencies/checkouts/zstd/lib/module.modulemap -fmodule-map-file\=/Applications/Xcode-27.0.0.app/Contents/Developer/Platforms/XROS.platform/Developer/SDKs/XROS.sdk/usr/include/DarwinFoundation1.modulemap -fmodule-map-file\=/Applications/Xcode-27.0.0.app/Contents/Developer/Toolchains/XcodeDefault.xctoolchain/usr/lib/clang/21/include/module.modulemap -fmodule-map-file\=/Applications/Xcode-27.0.0.app/Contents/Developer/Platforms/XROS.platform/Developer/SDKs/XROS.sdk/usr/include/DarwinFoundation2.modulemap -fmodule-map-file\=/Applications/Xcode-27.0.0.app/Contents/Developer/Toolchains/XcodeDefault.xctoolchain/usr/lib/clang/21/include/module.modulemap -fmodule-map-file\=/Applications/Xcode-27.0.0.app/Contents/Developer/Platforms/XROS.platform/Developer/SDKs/XROS.sdk/usr/include/DarwinFoundation3.modulemap -o /Users/admin/builder/spi-builder-workspace/.derivedData/Build/Intermediates.noindex/swift-kafka-client.build/Debug-xros/Crdkafka-t.build/Objects-normal/arm64/rdxxhash.o -disable-free -emit-obj -x c /Users/admin/builder/spi-builder-workspace/Sources/Crdkafka/librdkafka/src/rdxxhash.c -target-abi darwinpcs -target-cpu apple-a12 -target-feature +v8.3a -target-feature +aes -target-feature +complxnum -target-feature +crc -target-feature +fp-armv8 -target-feature +fullfp16 -target-feature +jsconv -target-feature +lse -target-feature +neon -target-feature +pauth -target-feature +perfmon -target-feature +ras -target-feature +rcpc -target-feature +rdm -target-feature +sha2 -triple arm64-apple-xros2.0.0 -target-linker-version 1166.2 -target-sdk-version\=27.0 -fmodules-validate-system-headers -fno-modulemap-allow-subdirectory-search -isysroot /Applications/Xcode-27.0.0.app/Contents/Developer/Platforms/XROS.platform/Developer/SDKs/XROS27.0.sdk -resource-dir /Applications/Xcode-27.0.0.app/Contents/Developer/Toolchains/XcodeDefault.xctoolchain/usr/lib/clang/21 -fmodule-format\=obj -fmodule-file\=_Builtin_stddef\=/Users/admin/builder/spi-builder-workspace/.derivedData/Build/Intermediates.noindex/ExplicitPrecompiledModules/_Builtin_stddef-3NO3IWZ9T3SOCE8G9VOVX7W7R.pcm -fmodule-file\=_Builtin_stdint\=/Users/admin/builder/spi-builder-workspace/.derivedData/Build/Intermediates.noindex/ExplicitPrecompiledModules/_Builtin_stdint-2SA4EHTC14M513W0PA9UAK180.pcm -fmodule-file\=_DarwinFoundation1\=/Users/admin/builder/spi-builder-workspace/.derivedData/Build/Intermediates.noindex/ExplicitPrecompiledModules/_DarwinFoundation1-8FBZVV9ASKCMGJF6SAXZNEM4C.pcm -fmodule-file\=_DarwinFoundation2\=/Users/admin/builder/spi-builder-workspace/.derivedData/Build/Intermediates.noindex/ExplicitPrecompiledModules/_DarwinFoundation2-3WFZTD5NNQF186A40HO0O6AQX.pcm -fmodule-file\=_DarwinFoundation3\=/Users/admin/builder/spi-builder-workspace/.derivedData/Build/Intermediates.noindex/ExplicitPrecompiledModules/_DarwinFoundation3-9FORYT2ZLYID3I2NXHL1TP4OM.pcm -I /Users/admin/builder/spi-builder-workspace/.dependencies/checkouts/swift-atomics/Sources/_AtomicsShims/include -I /Users/admin/builder/spi-builder-workspace/.dependencies/checkouts/swift-nio/Sources/CNIOPosix/include -I /Users/admin/builder/spi-builder-workspace/.dependencies/checkouts/swift-nio/Sources/CNIOWASI/include -I /Users/admin/builder/spi-builder-workspace/.dependencies/checkouts/swift-nio/Sources/CNIOWindows/include -I /Users/admin/builder/spi-builder-workspace/.dependencies/checkouts/swift-nio/Sources/CNIOLinux/include -I /Users/admin/builder/spi-builder-workspace/.dependencies/checkouts/swift-nio/Sources/CNIODarwin/include -I /Users/admin/builder/spi-builder-workspace/.dependencies/checkouts/swift-nio/Sources/CNIOFreeBSD/include -I /Users/admin/builder/spi-builder-workspace/.dependencies/checkouts/swift-nio/Sources/CNIOOpenBSD/include -I /Users/admin/builder/spi-builder-workspace/.dependencies/checkouts/swift-nio/Sources/CNIOAtomics/include -I /Users/admin/builder/spi-builder-workspace/.dependencies/checkouts/swift-nio-ssl/Sources/CNIOBoringSSLShims/include -I /Users/admin/builder/spi-builder-workspace/.dependencies/checkouts/swift-nio-ssl/Sources/CNIOBoringSSL/include -I /Users/admin/builder/spi-builder-workspace/.dependencies/checkouts/zstd/lib -I /Users/admin/builder/spi-builder-workspace/.derivedData/Build/Products/Debug-xros/include -I /Users/admin/builder/spi-builder-workspace/Sources/Crdkafka/include -I /Users/admin/builder/spi-builder-workspace/Sources/Crdkafka/custom/openssl_shim -I /Users/admin/builder/spi-builder-workspace/Sources/Crdkafka/custom/config/dummy -I /Users/admin/builder/spi-builder-workspace/Sources/Crdkafka/librdkafka/src -I /Users/admin/builder/spi-builder-workspace/.derivedData/Build/Intermediates.noindex/swift-kafka-client.build/Debug-xros/Crdkafka-t.build/DerivedSources-normal/arm64 -I /Users/admin/builder/spi-builder-workspace/.derivedData/Build/Intermediates.noindex/swift-kafka-client.build/Debug-xros/Crdkafka-t.build/DerivedSources/arm64 -I /Users/admin/builder/spi-builder-workspace/.derivedData/Build/Intermediates.noindex/swift-kafka-client.build/Debug-xros/Crdkafka-t.build/DerivedSources -F /Users/admin/builder/spi-builder-workspace/.derivedData/Build/Products/Debug-xros/PackageFrameworks -F /Users/admin/builder/spi-builder-workspace/.derivedData/Build/Products/Debug-xros -iframework /Applications/Xcode-27.0.0.app/Contents/Developer/Platforms/XROS.platform/Developer/Library/Frameworks -iframework /Applications/Xcode-27.0.0.app/Contents/Developer/Platforms/XROS.platform/Developer/SDKs/XROS27.0.sdk/Developer/Library/Frameworks -internal-isystem /Applications/Xcode-27.0.0.app/Contents/Developer/Platforms/XROS.platform/Developer/SDKs/XROS27.0.sdk/usr/local/include -internal-isystem /Applications/Xcode-27.0.0.app/Contents/Developer/Toolchains/XcodeDefault.xctoolchain/usr/lib/clang/21/include -internal-externc-isystem /Applications/Xcode-27.0.0.app/Contents/Developer/Platforms/XROS.platform/Developer/SDKs/XROS27.0.sdk/usr/include -internal-externc-isystem /Applications/Xcode-27.0.0.app/Contents/Developer/Toolchains/XcodeDefault.xctoolchain/usr/include -internal-iframework /Applications/Xcode-27.0.0.app/Contents/Developer/Platforms/XROS.platform/Developer/SDKs/XROS27.0.sdk/System/Library/Frameworks -internal-iframework /Applications/Xcode-27.0.0.app/Contents/Developer/Platforms/XROS.platform/Developer/SDKs/XROS27.0.sdk/System/Library/SubFrameworks -internal-iframework /Applications/Xcode-27.0.0.app/Contents/Developer/Platforms/XROS.platform/Developer/SDKs/XROS27.0.sdk/Library/Frameworks -ivfsstatcache /Users/admin/builder/spi-builder-workspace/.derivedData/SDKStatCaches.noindex/xros27.0-24M361-e829b21a6f8c9b70876ba0858053c04489c3c372b822c72ca60ec5271cbc7f3c.sdkstatcache -std\=gnu17 -fskip-odr-check-in-gmf -fmodules -fmodule-name\=Crdkafka -fno-implicit-modules -fmax-type-align\=16 -fpascal-strings -fstack-check -ftrivial-auto-var-init\=zero -fvisibility-inlines-hidden-static-local-var -mdarwin-stkchk-strong-link -fno-odr-hash-protocols -pic-level 2 -fencode-extended-block-signature -stack-protector 1 -fcompatibility-qualified-id-block-type-checking -fgnuc-version\=4.2.1 -fblocks -fno-convergent-functions -ffp-contract\=on -fclang-abi-compat\=4.0 -fno-experimental-relative-c++-abi-vtables -fno-file-reproducible -clang-vendor-feature\=+disableNonDependentMemberExprInCurrentInstantiation -clang-vendor-feature\=+enableAggressiveVLAFolding -clang-vendor-feature\=+revert09abecef7bbf -clang-vendor-feature\=+thisNoAlignAttr -clang-vendor-feature\=+thisNoNullAttr -clang-vendor-feature\=+disableAtImportPrivateFrameworkInImplementationError -O0 -fno-assume-unique-vtables -fdebug-compilation-dir\=/Users/admin/builder/spi-builder-workspace/.swiftpm/xcode -fcoverage-compilation-dir\=/Users/admin/builder/spi-builder-workspace/.swiftpm/xcode -fcoverage-mapping -fcommon -fdwarf2-cfi-asm -fobjc-msgsend-selector-stubs -fregister-global-dtors-with-atexit -fno-strict-return -dwarf-version\=5 -debugger-tuning\=lldb -disable-llvm-verifier -dwarf-ext-refs -funwind-tables\=1 -fprofile-instrument\=clang -enable-tlsdesc -clear-ast-before-backend -discard-value-names -main-file-name rdxxhash.c -mframe-pointer\=non-leaf -debug-info-kind\=standalone -fno-loop-interchange -fdiagnostics-hotness-threshold\=0 -fdiagnostics-misexpect-tolerance\=0 -D DEBUG\=1 -D SWIFT_PACKAGE -D Xcode -fdefine-target-os-macros -MT dependencies -dependency-file /Users/admin/builder/spi-builder-workspace/.derivedData/Build/Intermediates.noindex/swift-kafka-client.build/Debug-xros/Crdkafka-t.build/Objects-normal/arm64/rdxxhash.d -skip-unused-modulemap-deps -module-file-deps\=direct -fdepfile-entry\=/Applications/Xcode-27.0.0.app/Contents/Developer/Platforms/XROS.platform/Developer/SDKs/XROS27.0.sdk/SDKSettings.json
PrecompileModule /Users/admin/builder/spi-builder-workspace/.derivedData/Build/Intermediates.noindex/ExplicitPrecompiledModules/zlib-ATD9RRX620W1AFCA2RU3M3ZM8.scan
cd /
builtin-precompileModule /Users/admin/builder/spi-builder-workspace/.derivedData/Build/Intermediates.noindex/ExplicitPrecompiledModules/zlib-ATD9RRX620W1AFCA2RU3M3ZM8.scan
PrecompileModule /Users/admin/builder/spi-builder-workspace/.derivedData/Build/Intermediates.noindex/ExplicitPrecompiledModules/_Builtin_inttypes-93KIL4V1BQ7B3BTEC6JJYMVBK.scan
cd /
builtin-precompileModule /Users/admin/builder/spi-builder-workspace/.derivedData/Build/Intermediates.noindex/ExplicitPrecompiledModules/_Builtin_inttypes-93KIL4V1BQ7B3BTEC6JJYMVBK.scan
ScanDependencies /Users/admin/builder/spi-builder-workspace/.derivedData/Build/Intermediates.noindex/swift-kafka-client.build/Debug-xros/Crdkafka-t.build/Objects-normal/arm64/rdkafka_cgrp.o /Users/admin/builder/spi-builder-workspace/Sources/Crdkafka/librdkafka/src/rdkafka_cgrp.c normal arm64 c com.apple.compilers.llvm.clang.1_0.compiler (in target 'Crdkafka' from project 'swift-kafka-client')
cd /Users/admin/builder/spi-builder-workspace/.swiftpm/xcode
Using response file: /Users/admin/builder/spi-builder-workspace/.derivedData/Build/Intermediates.noindex/swift-kafka-client.build/Debug-xros/Crdkafka-t.build/Objects-normal/arm64/7187679823f38a2a940e0043cdf9d637-common-args.resp
builtin-ScanDependencies -o /Users/admin/builder/spi-builder-workspace/.derivedData/Build/Intermediates.noindex/swift-kafka-client.build/Debug-xros/Crdkafka-t.build/Objects-normal/arm64/rdkafka_cgrp.o.scan -- /Applications/Xcode-27.0.0.app/Contents/Developer/Toolchains/XcodeDefault.xctoolchain/usr/bin/clang -x c -ivfsstatcache /Users/admin/builder/spi-builder-workspace/.derivedData/SDKStatCaches.noindex/xros27.0-24M361-e829b21a6f8c9b70876ba0858053c04489c3c372b822c72ca60ec5271cbc7f3c.sdkstatcache -target arm64-apple-xros2.0 -fmessage-length\=0 -fdiagnostics-show-note-include-stack -fmacro-backtrace-limit\=0 -fno-color-diagnostics -fmodules-prune-interval\=86400 -fmodules-prune-after\=345600 -fbuild-session-file\=/Users/admin/builder/spi-builder-workspace/.derivedData/ModuleCache.noindex/Session.modulevalidation -fmodules-validate-once-per-build-session -Wnon-modular-include-in-framework-module -Werror\=non-modular-include-in-framework-module -Wno-trigraphs -Wno-missing-field-initializers -Wno-missing-prototypes -Wno-return-type -Wno-missing-braces -Wparentheses -Wswitch -Wno-unused-function -Wno-unused-label -Wno-unused-parameter -Wno-unused-variable -Wunused-value -Wno-empty-body -Wno-uninitialized -Wno-unknown-pragmas -Wno-shadow -Wno-four-char-constants -Wno-conversion -Wno-constant-conversion -Wno-int-conversion -Wno-bool-conversion -Wno-enum-conversion -Wno-float-conversion -Wno-non-literal-null-conversion -Wno-objc-literal-conversion -Wshorten-64-to-32 -Wpointer-sign -Wno-newline-eof -Wno-implicit-fallthrough -isysroot /Applications/Xcode-27.0.0.app/Contents/Developer/Platforms/XROS.platform/Developer/SDKs/XROS27.0.sdk -fstrict-aliasing -Wdeprecated-declarations -Wno-sign-conversion -Wno-infinite-recursion -Wno-comma -Wno-block-capture-autoreleasing -Wno-strict-prototypes -Wno-semicolon-before-method-body -index-store-path /Users/admin/builder/spi-builder-workspace/.derivedData/Index.noindex/DataStore @/Users/admin/builder/spi-builder-workspace/.derivedData/Build/Intermediates.noindex/swift-kafka-client.build/Debug-xros/Crdkafka-t.build/Objects-normal/arm64/7187679823f38a2a940e0043cdf9d637-common-args.resp -MMD -MT dependencies -MF /Users/admin/builder/spi-builder-workspace/.derivedData/Build/Intermediates.noindex/swift-kafka-client.build/Debug-xros/Crdkafka-t.build/Objects-normal/arm64/rdkafka_cgrp.d --serialize-diagnostics /Users/admin/builder/spi-builder-workspace/.derivedData/Build/Intermediates.noindex/swift-kafka-client.build/Debug-xros/Crdkafka-t.build/Objects-normal/arm64/rdkafka_cgrp.dia -c /Users/admin/builder/spi-builder-workspace/Sources/Crdkafka/librdkafka/src/rdkafka_cgrp.c -o /Users/admin/builder/spi-builder-workspace/.derivedData/Build/Intermediates.noindex/swift-kafka-client.build/Debug-xros/Crdkafka-t.build/Objects-normal/arm64/rdkafka_cgrp.o -index-unit-output-path /swift-kafka-client.build/Debug-xros/Crdkafka-t.build/Objects-normal/arm64/rdkafka_cgrp.o
ScanDependencies /Users/admin/builder/spi-builder-workspace/.derivedData/Build/Intermediates.noindex/swift-kafka-client.build/Debug-xros/Crdkafka-t.build/Objects-normal/arm64/rdkafka_cert.o /Users/admin/builder/spi-builder-workspace/Sources/Crdkafka/librdkafka/src/rdkafka_cert.c normal arm64 c com.apple.compilers.llvm.clang.1_0.compiler (in target 'Crdkafka' from project 'swift-kafka-client')
cd /Users/admin/builder/spi-builder-workspace/.swiftpm/xcode
Using response file: /Users/admin/builder/spi-builder-workspace/.derivedData/Build/Intermediates.noindex/swift-kafka-client.build/Debug-xros/Crdkafka-t.build/Objects-normal/arm64/7187679823f38a2a940e0043cdf9d637-common-args.resp
builtin-ScanDependencies -o /Users/admin/builder/spi-builder-workspace/.derivedData/Build/Intermediates.noindex/swift-kafka-client.build/Debug-xros/Crdkafka-t.build/Objects-normal/arm64/rdkafka_cert.o.scan -- /Applications/Xcode-27.0.0.app/Contents/Developer/Toolchains/XcodeDefault.xctoolchain/usr/bin/clang -x c -ivfsstatcache /Users/admin/builder/spi-builder-workspace/.derivedData/SDKStatCaches.noindex/xros27.0-24M361-e829b21a6f8c9b70876ba0858053c04489c3c372b822c72ca60ec5271cbc7f3c.sdkstatcache -target arm64-apple-xros2.0 -fmessage-length\=0 -fdiagnostics-show-note-include-stack -fmacro-backtrace-limit\=0 -fno-color-diagnostics -fmodules-prune-interval\=86400 -fmodules-prune-after\=345600 -fbuild-session-file\=/Users/admin/builder/spi-builder-workspace/.derivedData/ModuleCache.noindex/Session.modulevalidation -fmodules-validate-once-per-build-session -Wnon-modular-include-in-framework-module -Werror\=non-modular-include-in-framework-module -Wno-trigraphs -Wno-missing-field-initializers -Wno-missing-prototypes -Wno-return-type -Wno-missing-braces -Wparentheses -Wswitch -Wno-unused-function -Wno-unused-label -Wno-unused-parameter -Wno-unused-variable -Wunused-value -Wno-empty-body -Wno-uninitialized -Wno-unknown-pragmas -Wno-shadow -Wno-four-char-constants -Wno-conversion -Wno-constant-conversion -Wno-int-conversion -Wno-bool-conversion -Wno-enum-conversion -Wno-float-conversion -Wno-non-literal-null-conversion -Wno-objc-literal-conversion -Wshorten-64-to-32 -Wpointer-sign -Wno-newline-eof -Wno-implicit-fallthrough -isysroot /Applications/Xcode-27.0.0.app/Contents/Developer/Platforms/XROS.platform/Developer/SDKs/XROS27.0.sdk -fstrict-aliasing -Wdeprecated-declarations -Wno-sign-conversion -Wno-infinite-recursion -Wno-comma -Wno-block-capture-autoreleasing -Wno-strict-prototypes -Wno-semicolon-before-method-body -index-store-path /Users/admin/builder/spi-builder-workspace/.derivedData/Index.noindex/DataStore @/Users/admin/builder/spi-builder-workspace/.derivedData/Build/Intermediates.noindex/swift-kafka-client.build/Debug-xros/Crdkafka-t.build/Objects-normal/arm64/7187679823f38a2a940e0043cdf9d637-common-args.resp -MMD -MT dependencies -MF /Users/admin/builder/spi-builder-workspace/.derivedData/Build/Intermediates.noindex/swift-kafka-client.build/Debug-xros/Crdkafka-t.build/Objects-normal/arm64/rdkafka_cert.d --serialize-diagnostics /Users/admin/builder/spi-builder-workspace/.derivedData/Build/Intermediates.noindex/swift-kafka-client.build/Debug-xros/Crdkafka-t.build/Objects-normal/arm64/rdkafka_cert.dia -c /Users/admin/builder/spi-builder-workspace/Sources/Crdkafka/librdkafka/src/rdkafka_cert.c -o /Users/admin/builder/spi-builder-workspace/.derivedData/Build/Intermediates.noindex/swift-kafka-client.build/Debug-xros/Crdkafka-t.build/Objects-normal/arm64/rdkafka_cert.o -index-unit-output-path /swift-kafka-client.build/Debug-xros/Crdkafka-t.build/Objects-normal/arm64/rdkafka_cert.o
ScanDependencies /Users/admin/builder/spi-builder-workspace/.derivedData/Build/Intermediates.noindex/swift-kafka-client.build/Debug-xros/Crdkafka-t.build/Objects-normal/arm64/rdkafka_buf.o /Users/admin/builder/spi-builder-workspace/Sources/Crdkafka/librdkafka/src/rdkafka_buf.c normal arm64 c com.apple.compilers.llvm.clang.1_0.compiler (in target 'Crdkafka' from project 'swift-kafka-client')
cd /Users/admin/builder/spi-builder-workspace/.swiftpm/xcode
Using response file: /Users/admin/builder/spi-builder-workspace/.derivedData/Build/Intermediates.noindex/swift-kafka-client.build/Debug-xros/Crdkafka-t.build/Objects-normal/arm64/7187679823f38a2a940e0043cdf9d637-common-args.resp
builtin-ScanDependencies -o /Users/admin/builder/spi-builder-workspace/.derivedData/Build/Intermediates.noindex/swift-kafka-client.build/Debug-xros/Crdkafka-t.build/Objects-normal/arm64/rdkafka_buf.o.scan -- /Applications/Xcode-27.0.0.app/Contents/Developer/Toolchains/XcodeDefault.xctoolchain/usr/bin/clang -x c -ivfsstatcache /Users/admin/builder/spi-builder-workspace/.derivedData/SDKStatCaches.noindex/xros27.0-24M361-e829b21a6f8c9b70876ba0858053c04489c3c372b822c72ca60ec5271cbc7f3c.sdkstatcache -target arm64-apple-xros2.0 -fmessage-length\=0 -fdiagnostics-show-note-include-stack -fmacro-backtrace-limit\=0 -fno-color-diagnostics -fmodules-prune-interval\=86400 -fmodules-prune-after\=345600 -fbuild-session-file\=/Users/admin/builder/spi-builder-workspace/.derivedData/ModuleCache.noindex/Session.modulevalidation -fmodules-validate-once-per-build-session -Wnon-modular-include-in-framework-module -Werror\=non-modular-include-in-framework-module -Wno-trigraphs -Wno-missing-field-initializers -Wno-missing-prototypes -Wno-return-type -Wno-missing-braces -Wparentheses -Wswitch -Wno-unused-function -Wno-unused-label -Wno-unused-parameter -Wno-unused-variable -Wunused-value -Wno-empty-body -Wno-uninitialized -Wno-unknown-pragmas -Wno-shadow -Wno-four-char-constants -Wno-conversion -Wno-constant-conversion -Wno-int-conversion -Wno-bool-conversion -Wno-enum-conversion -Wno-float-conversion -Wno-non-literal-null-conversion -Wno-objc-literal-conversion -Wshorten-64-to-32 -Wpointer-sign -Wno-newline-eof -Wno-implicit-fallthrough -isysroot /Applications/Xcode-27.0.0.app/Contents/Developer/Platforms/XROS.platform/Developer/SDKs/XROS27.0.sdk -fstrict-aliasing -Wdeprecated-declarations -Wno-sign-conversion -Wno-infinite-recursion -Wno-comma -Wno-block-capture-autoreleasing -Wno-strict-prototypes -Wno-semicolon-before-method-body -index-store-path /Users/admin/builder/spi-builder-workspace/.derivedData/Index.noindex/DataStore @/Users/admin/builder/spi-builder-workspace/.derivedData/Build/Intermediates.noindex/swift-kafka-client.build/Debug-xros/Crdkafka-t.build/Objects-normal/arm64/7187679823f38a2a940e0043cdf9d637-common-args.resp -MMD -MT dependencies -MF /Users/admin/builder/spi-builder-workspace/.derivedData/Build/Intermediates.noindex/swift-kafka-client.build/Debug-xros/Crdkafka-t.build/Objects-normal/arm64/rdkafka_buf.d --serialize-diagnostics /Users/admin/builder/spi-builder-workspace/.derivedData/Build/Intermediates.noindex/swift-kafka-client.build/Debug-xros/Crdkafka-t.build/Objects-normal/arm64/rdkafka_buf.dia -c /Users/admin/builder/spi-builder-workspace/Sources/Crdkafka/librdkafka/src/rdkafka_buf.c -o /Users/admin/builder/spi-builder-workspace/.derivedData/Build/Intermediates.noindex/swift-kafka-client.build/Debug-xros/Crdkafka-t.build/Objects-normal/arm64/rdkafka_buf.o -index-unit-output-path /swift-kafka-client.build/Debug-xros/Crdkafka-t.build/Objects-normal/arm64/rdkafka_buf.o
PruneExplicitPrecompiledModules /Users/admin/builder/spi-builder-workspace/.derivedData/Build/Intermediates.noindex/SwiftExplicitPrecompiledModules
PruneExplicitPrecompiledModules /Users/admin/builder/spi-builder-workspace/.derivedData/Build/Intermediates.noindex/ExplicitPrecompiledModules
PruneExplicitPrecompiledModules /Users/admin/builder/spi-builder-workspace/.derivedData/SDKExplicitPrecompiledModules
2026-10-09 08:36:20.642 xcodebuild[1076:6090] [MT] IDERunDestination: Supported platforms for the buildables in the current scheme is empty.
** BUILD FAILED **
The following build commands failed:
ScanDependencies /Users/admin/builder/spi-builder-workspace/.derivedData/Build/Intermediates.noindex/swift-kafka-client.build/Debug-xros/Crdkafka-t.build/Objects-normal/arm64/rdkafka_conf.o /Users/admin/builder/spi-builder-workspace/Sources/Crdkafka/librdkafka/src/rdkafka_conf.c normal arm64 c com.apple.compilers.llvm.clang.1_0.compiler (in target 'Crdkafka' from project 'swift-kafka-client')
Building workspace swift-kafka-client with scheme swift-kafka-client-Package
(2 failures)
Command line invocation:
/Applications/Xcode-27.0.0.app/Contents/Developer/usr/bin/xcodebuild -IDEClonedSourcePackagesDirPathOverride=/Users/admin/builder/spi-builder-workspace/.dependencies -resolvePackageDependencies
Resolve Package Graph
Resolved source packages:
swift-async-algorithms: https://github.com/apple/swift-async-algorithms.git @ 1.1.7
swift-collections: https://github.com/apple/swift-collections.git @ 1.7.2
swift-atomics: https://github.com/apple/swift-atomics.git @ 1.3.1
swift-metrics: https://github.com/apple/swift-metrics @ 2.12.0
swift-system: https://github.com/apple/swift-system.git @ 1.8.1
swift-nio: https://github.com/apple/swift-nio.git @ 2.104.0
swift-nio-ssl: https://github.com/apple/swift-nio-ssl.git @ 2.37.5
swift-service-lifecycle: https://github.com/swift-server/swift-service-lifecycle.git @ 2.12.1
swift-log: https://github.com/apple/swift-log.git @ 1.16.1
swift-kafka-client: /Users/admin/builder/spi-builder-workspace
zstd: https://github.com/facebook/zstd.git @ 1.5.7
resolved source packages: swift-async-algorithms, swift-collections, swift-atomics, swift-metrics, swift-system, swift-nio, swift-nio-ssl, swift-service-lifecycle, swift-log, swift-kafka-client, zstd
2026-10-09 08:36:55.179 xcodebuild[2650:10010] [MT] IDERunDestination: Supported platforms for the buildables in the current scheme is empty.
{
"dependencies" : [
{
"identity" : "swift-nio",
"requirement" : {
"range" : [
{
"lower_bound" : "2.55.0",
"upper_bound" : "3.0.0"
}
]
},
"type" : "sourceControl",
"url" : "https://github.com/apple/swift-nio.git"
},
{
"identity" : "swift-nio-ssl",
"requirement" : {
"range" : [
{
"lower_bound" : "2.29.0",
"upper_bound" : "3.0.0"
}
]
},
"type" : "sourceControl",
"url" : "https://github.com/apple/swift-nio-ssl.git"
},
{
"identity" : "swift-service-lifecycle",
"requirement" : {
"range" : [
{
"lower_bound" : "2.12.0",
"upper_bound" : "3.0.0"
}
]
},
"type" : "sourceControl",
"url" : "https://github.com/swift-server/swift-service-lifecycle.git"
},
{
"identity" : "swift-log",
"requirement" : {
"range" : [
{
"lower_bound" : "1.14.0",
"upper_bound" : "2.0.0"
}
]
},
"type" : "sourceControl",
"url" : "https://github.com/apple/swift-log.git"
},
{
"identity" : "swift-metrics",
"requirement" : {
"range" : [
{
"lower_bound" : "2.4.1",
"upper_bound" : "3.0.0"
}
]
},
"type" : "sourceControl",
"url" : "https://github.com/apple/swift-metrics"
},
{
"identity" : "zstd",
"requirement" : {
"range" : [
{
"lower_bound" : "1.5.0",
"upper_bound" : "2.0.0"
}
]
},
"type" : "sourceControl",
"url" : "https://github.com/facebook/zstd.git"
}
],
"manifest_display_name" : "swift-kafka-client",
"name" : "swift-kafka-client",
"path" : "/Users/admin/builder/spi-builder-workspace",
"platforms" : [
{
"name" : "macos",
"version" : "15.0"
},
{
"name" : "ios",
"version" : "18.0"
},
{
"name" : "watchos",
"version" : "11.0"
},
{
"name" : "tvos",
"version" : "18.0"
}
],
"products" : [
{
"name" : "Kafka",
"targets" : [
"Kafka"
],
"type" : {
"library" : [
"automatic"
]
}
},
{
"name" : "KafkaFoundationCompat",
"targets" : [
"KafkaFoundationCompat"
],
"type" : {
"library" : [
"automatic"
]
}
},
{
"name" : "StaticLinkCheck",
"targets" : [
"StaticLinkCheck"
],
"type" : {
"executable" : null
}
}
],
"targets" : [
{
"c99name" : "StaticLinkCheck",
"module_type" : "SwiftTarget",
"name" : "StaticLinkCheck",
"path" : "Sources/StaticLinkCheck",
"product_memberships" : [
"StaticLinkCheck"
],
"sources" : [
"main.swift"
],
"target_dependencies" : [
"Kafka"
],
"type" : "executable"
},
{
"c99name" : "KafkaTests",
"module_type" : "SwiftTarget",
"name" : "KafkaTests",
"path" : "Tests/KafkaTests",
"product_dependencies" : [
"MetricsTestKit"
],
"sources" : [
"KafkaClusterMetadataTests.swift",
"KafkaConfigTests.swift",
"KafkaConsumerTests.swift",
"KafkaMetricsTests.swift",
"KafkaProducerTests.swift",
"KafkaSSLCertLoadingTests.swift",
"MockCluster.swift",
"RDKafkaStatisticsTests.swift",
"Utilities.swift"
],
"target_dependencies" : [
"Kafka"
],
"type" : "test"
},
{
"c99name" : "KafkaFoundationCompat",
"module_type" : "SwiftTarget",
"name" : "KafkaFoundationCompat",
"path" : "Sources/KafkaFoundationCompat",
"product_memberships" : [
"KafkaFoundationCompat"
],
"sources" : [
"Data+KafkaContiguousBytes.swift"
],
"target_dependencies" : [
"Kafka"
],
"type" : "library"
},
{
"c99name" : "Kafka",
"module_type" : "SwiftTarget",
"name" : "Kafka",
"path" : "Sources/Kafka",
"product_dependencies" : [
"NIOCore",
"ServiceLifecycle",
"Logging",
"Metrics"
],
"product_memberships" : [
"Kafka",
"KafkaFoundationCompat",
"StaticLinkCheck"
],
"sources" : [
"Configuration/KafkaConfig.swift",
"Configuration/KafkaConfiguration+Security.swift",
"Configuration/KafkaConfiguration.swift",
"Configuration/KafkaConsumerConfig.swift",
"Configuration/KafkaConsumerConfiguration.swift",
"Configuration/KafkaProducerConfig.swift",
"Configuration/KafkaProducerConfiguration.swift",
"Configuration/KafkaTopicConfiguration.swift",
"Data/Array+KafkaContiguousBytes.swift",
"Data/ByteBuffer+KafkaContiguousBytes.swift",
"Data/KafkaContiguousBytes.swift",
"Data/Never+KafkaContiguousBytes.swift",
"Data/String+KafkaContiguousBytes.swift",
"ForTesting/RDKafkaClient+Topic.swift",
"ForTesting/TestMessages.swift",
"KafkaAcknowledgedMessage.swift",
"KafkaClusterMetadata.swift",
"KafkaConsumer.swift",
"KafkaConsumerEvent.swift",
"KafkaConsumerMessage.swift",
"KafkaConsumerRebalance.swift",
"KafkaDeliveryReport.swift",
"KafkaError.swift",
"KafkaHeader.swift",
"KafkaOffset.swift",
"KafkaPartition.swift",
"KafkaProducer.swift",
"KafkaProducerEvent.swift",
"KafkaProducerMessage.swift",
"KafkaProducerMessageID.swift",
"KafkaTopic.swift",
"KafkaTopicPartition.swift",
"KafkaTopicPartitionOffset.swift",
"Metrics/KafkaConsumerMetrics.swift",
"Metrics/KafkaMetricLabels.swift",
"Metrics/KafkaMetricsConfig.swift",
"Metrics/KafkaProducerMetrics.swift",
"RDKafka/RDKafkaClient.swift",
"RDKafka/RDKafkaConfig.swift",
"RDKafka/RDKafkaEvent.swift",
"RDKafka/RDKafkaStatistics.swift",
"RDKafka/RDKafkaTopicConfig.swift",
"RDKafka/RDKafkaTopicHandles.swift",
"RDKafka/RDKafkaTopicPartitionList.swift",
"RDKafka/RebalanceContext.swift",
"Utilities/DispatchQueueTaskExecutor.swift",
"Utilities/Duration+Helpers.swift",
"Utilities/KafkaLoggingKeys.swift",
"Utilities/NIOAsyncSequenceBackPressureStrategies+NoBackPressure.swift",
"Utilities/SendableOpaquePointer.swift"
],
"target_dependencies" : [
"Crdkafka"
],
"type" : "library"
},
{
"c99name" : "IntegrationTests",
"module_type" : "SwiftTarget",
"name" : "IntegrationTests",
"path" : "Tests/IntegrationTests",
"product_dependencies" : [
"MetricsTestKit"
],
"sources" : [
"KafkaMetadataIntegrationTests.swift",
"KafkaMetricsIntegrationTests.swift",
"KafkaPublicValueTypeTests.swift",
"KafkaSSLIntegrationTests.swift",
"KafkaTests.swift",
"Utilities.swift"
],
"target_dependencies" : [
"Kafka"
],
"type" : "test"
},
{
"c99name" : "Crdkafka",
"module_type" : "ClangTarget",
"name" : "Crdkafka",
"path" : "Sources/Crdkafka",
"product_dependencies" : [
"NIOSSL",
"libzstd"
],
"product_memberships" : [
"Kafka",
"KafkaFoundationCompat",
"StaticLinkCheck"
],
"sources" : [
"custom/musl_compat/boringssl_compat.c",
"librdkafka/src/cJSON.c",
"librdkafka/src/crc32c.c",
"librdkafka/src/lz4.c",
"librdkafka/src/lz4frame.c",
"librdkafka/src/lz4hc.c",
"librdkafka/src/nanopb/pb_common.c",
"librdkafka/src/nanopb/pb_decode.c",
"librdkafka/src/nanopb/pb_encode.c",
"librdkafka/src/opentelemetry/common.pb.c",
"librdkafka/src/opentelemetry/metrics.pb.c",
"librdkafka/src/opentelemetry/resource.pb.c",
"librdkafka/src/rdaddr.c",
"librdkafka/src/rdavl.c",
"librdkafka/src/rdbase64.c",
"librdkafka/src/rdbuf.c",
"librdkafka/src/rdcrc32.c",
"librdkafka/src/rddl.c",
"librdkafka/src/rdfnv1a.c",
"librdkafka/src/rdgz.c",
"librdkafka/src/rdhdrhistogram.c",
"librdkafka/src/rdkafka.c",
"librdkafka/src/rdkafka_admin.c",
"librdkafka/src/rdkafka_assignment.c",
"librdkafka/src/rdkafka_assignor.c",
"librdkafka/src/rdkafka_aux.c",
"librdkafka/src/rdkafka_background.c",
"librdkafka/src/rdkafka_broker.c",
"librdkafka/src/rdkafka_buf.c",
"librdkafka/src/rdkafka_cert.c",
"librdkafka/src/rdkafka_cgrp.c",
"librdkafka/src/rdkafka_conf.c",
"librdkafka/src/rdkafka_coord.c",
"librdkafka/src/rdkafka_error.c",
"librdkafka/src/rdkafka_event.c",
"librdkafka/src/rdkafka_feature.c",
"librdkafka/src/rdkafka_fetcher.c",
"librdkafka/src/rdkafka_header.c",
"librdkafka/src/rdkafka_idempotence.c",
"librdkafka/src/rdkafka_interceptor.c",
"librdkafka/src/rdkafka_lz4.c",
"librdkafka/src/rdkafka_metadata.c",
"librdkafka/src/rdkafka_metadata_cache.c",
"librdkafka/src/rdkafka_mock.c",
"librdkafka/src/rdkafka_mock_cgrp.c",
"librdkafka/src/rdkafka_mock_handlers.c",
"librdkafka/src/rdkafka_msg.c",
"librdkafka/src/rdkafka_msgset_reader.c",
"librdkafka/src/rdkafka_msgset_writer.c",
"librdkafka/src/rdkafka_offset.c",
"librdkafka/src/rdkafka_op.c",
"librdkafka/src/rdkafka_partition.c",
"librdkafka/src/rdkafka_pattern.c",
"librdkafka/src/rdkafka_plugin.c",
"librdkafka/src/rdkafka_queue.c",
"librdkafka/src/rdkafka_range_assignor.c",
"librdkafka/src/rdkafka_request.c",
"librdkafka/src/rdkafka_roundrobin_assignor.c",
"librdkafka/src/rdkafka_sasl.c",
"librdkafka/src/rdkafka_sasl_plain.c",
"librdkafka/src/rdkafka_sasl_scram.c",
"librdkafka/src/rdkafka_ssl.c",
"librdkafka/src/rdkafka_sticky_assignor.c",
"librdkafka/src/rdkafka_subscription.c",
"librdkafka/src/rdkafka_telemetry.c",
"librdkafka/src/rdkafka_telemetry_decode.c",
"librdkafka/src/rdkafka_telemetry_encode.c",
"librdkafka/src/rdkafka_timer.c",
"librdkafka/src/rdkafka_topic.c",
"librdkafka/src/rdkafka_transport.c",
"librdkafka/src/rdkafka_txnmgr.c",
"librdkafka/src/rdkafka_zstd.c",
"librdkafka/src/rdlist.c",
"librdkafka/src/rdlog.c",
"librdkafka/src/rdmap.c",
"librdkafka/src/rdmurmur2.c",
"librdkafka/src/rdports.c",
"librdkafka/src/rdrand.c",
"librdkafka/src/rdregex.c",
"librdkafka/src/rdstring.c",
"librdkafka/src/rdunittest.c",
"librdkafka/src/rdvarint.c",
"librdkafka/src/rdxxhash.c",
"librdkafka/src/regexp.c",
"librdkafka/src/snappy.c",
"librdkafka/src/tinycthread.c",
"librdkafka/src/tinycthread_extra.c"
],
"type" : "library"
}
],
"tools_version" : "6.2.3"
}
{
"workspace" : {
"name" : "swift-kafka-client",
"schemes" : [
"Kafka",
"KafkaFoundationCompat",
"StaticLinkCheck",
"swift-kafka-client-Package"
]
}
}
2026-10-09 08:36:57.340 xcodebuild[2658:10074] [MT] IDERunDestination: Supported platforms for the buildables in the current scheme is empty.
{
"workspace" : {
"name" : "swift-kafka-client",
"schemes" : [
"Kafka",
"KafkaFoundationCompat",
"StaticLinkCheck",
"swift-kafka-client-Package"
]
}
}
2026-10-09 08:36:59.210 xcodebuild[2660:10109] [MT] IDERunDestination: Supported platforms for the buildables in the current scheme is empty.
Running build ...
env DEVELOPER_DIR=/Applications/Xcode-27.0.0-Release.Candidate.app xcrun xcodebuild -IDEClonedSourcePackagesDirPathOverride=$PWD/.dependencies -skipMacroValidation -skipPackagePluginValidation -derivedDataPath $PWD/.derivedData build -scheme swift-kafka-client-Package -destination generic/platform=xrOS
Command line invocation:
/Applications/Xcode-27.0.0.app/Contents/Developer/usr/bin/xcodebuild -IDEClonedSourcePackagesDirPathOverride=/Users/admin/builder/spi-builder-workspace/.dependencies -skipMacroValidation -skipPackagePluginValidation -derivedDataPath /Users/admin/builder/spi-builder-workspace/.derivedData build -scheme swift-kafka-client-Package -destination generic/platform=xrOS
Resolve Package Graph
Resolved source packages:
swift-metrics: https://github.com/apple/swift-metrics @ 2.12.0
swift-kafka-client: /Users/admin/builder/spi-builder-workspace
swift-system: https://github.com/apple/swift-system.git @ 1.8.1
swift-async-algorithms: https://github.com/apple/swift-async-algorithms.git @ 1.1.7
zstd: https://github.com/facebook/zstd.git @ 1.5.7
swift-nio-ssl: https://github.com/apple/swift-nio-ssl.git @ 2.37.5
swift-atomics: https://github.com/apple/swift-atomics.git @ 1.3.1
swift-collections: https://github.com/apple/swift-collections.git @ 1.7.2
swift-nio: https://github.com/apple/swift-nio.git @ 2.104.0
swift-service-lifecycle: https://github.com/swift-server/swift-service-lifecycle.git @ 2.12.1
swift-log: https://github.com/apple/swift-log.git @ 1.16.1
ComputePackagePrebuildTargetDependencyGraph
Prepare packages
CreateBuildRequest
SendProjectDescription
CreateBuildOperation
ComputeTargetDependencyGraph
note: Building targets in dependency order
note: Target dependency graph (54 targets)
Target 'StaticLinkCheck-product' in project 'swift-kafka-client'
➜ Explicit dependency on target 'Crdkafka' in project 'swift-kafka-client'
➜ Explicit dependency on target 'Kafka' in project 'swift-kafka-client'
➜ Explicit dependency on target 'NIOSSL-product' in project 'swift-nio-ssl'
➜ Explicit dependency on target 'libzstd-product' in project 'zstd'
➜ Explicit dependency on target 'NIOCore-product' in project 'swift-nio'
➜ Explicit dependency on target 'ServiceLifecycle-product' in project 'swift-service-lifecycle'
➜ Explicit dependency on target 'Logging-product' in project 'swift-log'
➜ Explicit dependency on target 'Metrics-product' in project 'swift-metrics'
Target 'KafkaFoundationCompat-product' in project 'swift-kafka-client'
➜ Explicit dependency on target 'KafkaFoundationCompat' in project 'swift-kafka-client'
➜ Explicit dependency on target 'Crdkafka' in project 'swift-kafka-client'
➜ Explicit dependency on target 'Kafka' in project 'swift-kafka-client'
➜ Explicit dependency on target 'NIOSSL-product' in project 'swift-nio-ssl'
➜ Explicit dependency on target 'libzstd-product' in project 'zstd'
➜ Explicit dependency on target 'NIOCore-product' in project 'swift-nio'
➜ Explicit dependency on target 'ServiceLifecycle-product' in project 'swift-service-lifecycle'
➜ Explicit dependency on target 'Logging-product' in project 'swift-log'
➜ Explicit dependency on target 'Metrics-product' in project 'swift-metrics'
Target 'KafkaFoundationCompat' in project 'swift-kafka-client'
➜ Explicit dependency on target 'Crdkafka' in project 'swift-kafka-client'
➜ Explicit dependency on target 'Kafka' in project 'swift-kafka-client'
➜ Explicit dependency on target 'NIOSSL-product' in project 'swift-nio-ssl'
➜ Explicit dependency on target 'libzstd-product' in project 'zstd'
➜ Explicit dependency on target 'NIOCore-product' in project 'swift-nio'
➜ Explicit dependency on target 'ServiceLifecycle-product' in project 'swift-service-lifecycle'
➜ Explicit dependency on target 'Logging-product' in project 'swift-log'
➜ Explicit dependency on target 'Metrics-product' in project 'swift-metrics'
Target 'Kafka-product' in project 'swift-kafka-client'
➜ Explicit dependency on target 'Kafka' in project 'swift-kafka-client'
➜ Explicit dependency on target 'Crdkafka' in project 'swift-kafka-client'
➜ Explicit dependency on target 'NIOSSL-product' in project 'swift-nio-ssl'
➜ Explicit dependency on target 'libzstd-product' in project 'zstd'
➜ Explicit dependency on target 'NIOCore-product' in project 'swift-nio'
➜ Explicit dependency on target 'ServiceLifecycle-product' in project 'swift-service-lifecycle'
➜ Explicit dependency on target 'Logging-product' in project 'swift-log'
➜ Explicit dependency on target 'Metrics-product' in project 'swift-metrics'
Target 'Kafka' in project 'swift-kafka-client'
➜ Explicit dependency on target 'Crdkafka' in project 'swift-kafka-client'
➜ Explicit dependency on target 'NIOSSL-product' in project 'swift-nio-ssl'
➜ Explicit dependency on target 'libzstd-product' in project 'zstd'
➜ Explicit dependency on target 'NIOCore-product' in project 'swift-nio'
➜ Explicit dependency on target 'ServiceLifecycle-product' in project 'swift-service-lifecycle'
➜ Explicit dependency on target 'Logging-product' in project 'swift-log'
➜ Explicit dependency on target 'Metrics-product' in project 'swift-metrics'
Target 'Metrics-product' in project 'swift-metrics'
➜ Explicit dependency on target 'Metrics' in project 'swift-metrics'
➜ Explicit dependency on target 'CoreMetrics' in project 'swift-metrics'
Target 'Metrics' in project 'swift-metrics'
➜ Explicit dependency on target 'CoreMetrics' in project 'swift-metrics'
Target 'CoreMetrics' in project 'swift-metrics' (no dependencies)
Target 'ServiceLifecycle-product' in project 'swift-service-lifecycle'
➜ Explicit dependency on target 'ServiceLifecycle' in project 'swift-service-lifecycle'
➜ Explicit dependency on target 'ConcurrencyHelpers' in project 'swift-service-lifecycle'
➜ Explicit dependency on target 'UnixSignals' in project 'swift-service-lifecycle'
➜ Explicit dependency on target 'Logging-product' in project 'swift-log'
➜ Explicit dependency on target 'AsyncAlgorithms-product' in project 'swift-async-algorithms'
Target 'ServiceLifecycle' in project 'swift-service-lifecycle'
➜ Explicit dependency on target 'ConcurrencyHelpers' in project 'swift-service-lifecycle'
➜ Explicit dependency on target 'UnixSignals' in project 'swift-service-lifecycle'
➜ Explicit dependency on target 'Logging-product' in project 'swift-log'
➜ Explicit dependency on target 'AsyncAlgorithms-product' in project 'swift-async-algorithms'
Target 'AsyncAlgorithms-product' in project 'swift-async-algorithms'
➜ Explicit dependency on target 'AsyncAlgorithms' in project 'swift-async-algorithms'
➜ Explicit dependency on target 'OrderedCollections-product' in project 'swift-collections'
➜ Explicit dependency on target 'DequeModule-product' in project 'swift-collections'
Target 'AsyncAlgorithms' in project 'swift-async-algorithms'
➜ Explicit dependency on target 'OrderedCollections-product' in project 'swift-collections'
➜ Explicit dependency on target 'DequeModule-product' in project 'swift-collections'
Target 'OrderedCollections-product' in project 'swift-collections'
➜ Explicit dependency on target 'OrderedCollections' in project 'swift-collections'
➜ Explicit dependency on target 'InternalCollectionsUtilities' in project 'swift-collections'
Target 'OrderedCollections' in project 'swift-collections'
➜ Explicit dependency on target 'InternalCollectionsUtilities' in project 'swift-collections'
Target 'Logging-product' in project 'swift-log'
➜ Explicit dependency on target 'Logging' in project 'swift-log'
Target 'Logging' in project 'swift-log' (no dependencies)
Target 'UnixSignals' in project 'swift-service-lifecycle'
➜ Explicit dependency on target 'ConcurrencyHelpers' in project 'swift-service-lifecycle'
Target 'ConcurrencyHelpers' in project 'swift-service-lifecycle' (no dependencies)
Target 'Crdkafka' in project 'swift-kafka-client'
➜ Explicit dependency on target 'NIOSSL-product' in project 'swift-nio-ssl'
➜ Explicit dependency on target 'libzstd-product' in project 'zstd'
Target 'libzstd-product' in project 'zstd'
➜ Explicit dependency on target 'libzstd' in project 'zstd'
Target 'libzstd' in project 'zstd' (no dependencies)
Target 'NIOSSL-product' in project 'swift-nio-ssl'
➜ Explicit dependency on target 'NIOSSL' in project 'swift-nio-ssl'
➜ Explicit dependency on target 'swift-nio-ssl_NIOSSL' in project 'swift-nio-ssl'
➜ Explicit dependency on target 'CNIOBoringSSL' in project 'swift-nio-ssl'
➜ Explicit dependency on target 'CNIOBoringSSLShims' in project 'swift-nio-ssl'
➜ Explicit dependency on target 'NIO-product' in project 'swift-nio'
➜ Explicit dependency on target 'NIOCore-product' in project 'swift-nio'
➜ Explicit dependency on target 'NIOConcurrencyHelpers-product' in project 'swift-nio'
➜ Explicit dependency on target 'NIOTLS-product' in project 'swift-nio'
Target 'NIOSSL' in project 'swift-nio-ssl'
➜ Explicit dependency on target 'swift-nio-ssl_NIOSSL' in project 'swift-nio-ssl'
➜ Explicit dependency on target 'CNIOBoringSSL' in project 'swift-nio-ssl'
➜ Explicit dependency on target 'CNIOBoringSSLShims' in project 'swift-nio-ssl'
➜ Explicit dependency on target 'NIO-product' in project 'swift-nio'
➜ Explicit dependency on target 'NIOCore-product' in project 'swift-nio'
➜ Explicit dependency on target 'NIOConcurrencyHelpers-product' in project 'swift-nio'
➜ Explicit dependency on target 'NIOTLS-product' in project 'swift-nio'
Target 'NIOTLS-product' in project 'swift-nio'
➜ Explicit dependency on target 'NIOTLS' in project 'swift-nio'
➜ Explicit dependency on target 'CNIOAtomics' in project 'swift-nio'
➜ Explicit dependency on target 'NIOConcurrencyHelpers' in project 'swift-nio'
➜ Explicit dependency on target '_NIOBase64' in project 'swift-nio'
➜ Explicit dependency on target 'CNIOOpenBSD' in project 'swift-nio'
➜ Explicit dependency on target 'CNIOFreeBSD' in project 'swift-nio'
➜ Explicit dependency on target 'CNIODarwin' in project 'swift-nio'
➜ Explicit dependency on target 'CNIOLinux' in project 'swift-nio'
➜ Explicit dependency on target 'CNIOWindows' in project 'swift-nio'
➜ Explicit dependency on target 'CNIOWASI' in project 'swift-nio'
➜ Explicit dependency on target '_NIODataStructures' in project 'swift-nio'
➜ Explicit dependency on target 'NIOCore' in project 'swift-nio'
➜ Explicit dependency on target 'NIOEmbedded' in project 'swift-nio'
➜ Explicit dependency on target 'CNIOPosix' in project 'swift-nio'
➜ Explicit dependency on target 'NIOPosix' in project 'swift-nio'
➜ Explicit dependency on target 'DequeModule-product' in project 'swift-collections'
➜ Explicit dependency on target 'Atomics-product' in project 'swift-atomics'
Target 'NIOTLS' in project 'swift-nio'
➜ Explicit dependency on target 'CNIOAtomics' in project 'swift-nio'
➜ Explicit dependency on target 'NIOConcurrencyHelpers' in project 'swift-nio'
➜ Explicit dependency on target '_NIOBase64' in project 'swift-nio'
➜ Explicit dependency on target 'CNIOOpenBSD' in project 'swift-nio'
➜ Explicit dependency on target 'CNIOFreeBSD' in project 'swift-nio'
➜ Explicit dependency on target 'CNIODarwin' in project 'swift-nio'
➜ Explicit dependency on target 'CNIOLinux' in project 'swift-nio'
➜ Explicit dependency on target 'CNIOWindows' in project 'swift-nio'
➜ Explicit dependency on target 'CNIOWASI' in project 'swift-nio'
➜ Explicit dependency on target '_NIODataStructures' in project 'swift-nio'
➜ Explicit dependency on target 'NIOCore' in project 'swift-nio'
➜ Explicit dependency on target 'NIOEmbedded' in project 'swift-nio'
➜ Explicit dependency on target 'CNIOPosix' in project 'swift-nio'
➜ Explicit dependency on target 'NIOPosix' in project 'swift-nio'
➜ Explicit dependency on target 'DequeModule-product' in project 'swift-collections'
➜ Explicit dependency on target 'Atomics-product' in project 'swift-atomics'
Target 'NIOConcurrencyHelpers-product' in project 'swift-nio'
➜ Explicit dependency on target 'NIOConcurrencyHelpers' in project 'swift-nio'
➜ Explicit dependency on target 'CNIOAtomics' in project 'swift-nio'
Target 'NIOCore-product' in project 'swift-nio'
➜ Explicit dependency on target 'NIOCore' in project 'swift-nio'
➜ Explicit dependency on target 'CNIOAtomics' in project 'swift-nio'
➜ Explicit dependency on target 'NIOConcurrencyHelpers' in project 'swift-nio'
➜ Explicit dependency on target '_NIOBase64' in project 'swift-nio'
➜ Explicit dependency on target 'CNIOOpenBSD' in project 'swift-nio'
➜ Explicit dependency on target 'CNIOFreeBSD' in project 'swift-nio'
➜ Explicit dependency on target 'CNIODarwin' in project 'swift-nio'
➜ Explicit dependency on target 'CNIOLinux' in project 'swift-nio'
➜ Explicit dependency on target 'CNIOWindows' in project 'swift-nio'
➜ Explicit dependency on target 'CNIOWASI' in project 'swift-nio'
➜ Explicit dependency on target '_NIODataStructures' in project 'swift-nio'
➜ Explicit dependency on target 'DequeModule-product' in project 'swift-collections'
➜ Explicit dependency on target 'Atomics-product' in project 'swift-atomics'
Target 'NIO-product' in project 'swift-nio'
➜ Explicit dependency on target 'NIO' in project 'swift-nio'
➜ Explicit dependency on target 'CNIOAtomics' in project 'swift-nio'
➜ Explicit dependency on target 'NIOConcurrencyHelpers' in project 'swift-nio'
➜ Explicit dependency on target '_NIOBase64' in project 'swift-nio'
➜ Explicit dependency on target 'CNIOOpenBSD' in project 'swift-nio'
➜ Explicit dependency on target 'CNIOFreeBSD' in project 'swift-nio'
➜ Explicit dependency on target 'CNIODarwin' in project 'swift-nio'
➜ Explicit dependency on target 'CNIOLinux' in project 'swift-nio'
➜ Explicit dependency on target 'CNIOWindows' in project 'swift-nio'
➜ Explicit dependency on target 'CNIOWASI' in project 'swift-nio'
➜ Explicit dependency on target '_NIODataStructures' in project 'swift-nio'
➜ Explicit dependency on target 'NIOCore' in project 'swift-nio'
➜ Explicit dependency on target 'NIOEmbedded' in project 'swift-nio'
➜ Explicit dependency on target 'CNIOPosix' in project 'swift-nio'
➜ Explicit dependency on target 'NIOPosix' in project 'swift-nio'
➜ Explicit dependency on target 'DequeModule-product' in project 'swift-collections'
➜ Explicit dependency on target 'Atomics-product' in project 'swift-atomics'
Target 'NIO' in project 'swift-nio'
➜ Explicit dependency on target 'CNIOAtomics' in project 'swift-nio'
➜ Explicit dependency on target 'NIOConcurrencyHelpers' in project 'swift-nio'
➜ Explicit dependency on target '_NIOBase64' in project 'swift-nio'
➜ Explicit dependency on target 'CNIOOpenBSD' in project 'swift-nio'
➜ Explicit dependency on target 'CNIOFreeBSD' in project 'swift-nio'
➜ Explicit dependency on target 'CNIODarwin' in project 'swift-nio'
➜ Explicit dependency on target 'CNIOLinux' in project 'swift-nio'
➜ Explicit dependency on target 'CNIOWindows' in project 'swift-nio'
➜ Explicit dependency on target 'CNIOWASI' in project 'swift-nio'
➜ Explicit dependency on target '_NIODataStructures' in project 'swift-nio'
➜ Explicit dependency on target 'NIOCore' in project 'swift-nio'
➜ Explicit dependency on target 'NIOEmbedded' in project 'swift-nio'
➜ Explicit dependency on target 'CNIOPosix' in project 'swift-nio'
➜ Explicit dependency on target 'NIOPosix' in project 'swift-nio'
➜ Explicit dependency on target 'DequeModule-product' in project 'swift-collections'
➜ Explicit dependency on target 'Atomics-product' in project 'swift-atomics'
Target 'NIOPosix' in project 'swift-nio'
➜ Explicit dependency on target 'swift-nio_NIOPosix' in project 'swift-nio'
➜ Explicit dependency on target 'CNIOOpenBSD' in project 'swift-nio'
➜ Explicit dependency on target 'CNIOLinux' in project 'swift-nio'
➜ Explicit dependency on target 'CNIODarwin' in project 'swift-nio'
➜ Explicit dependency on target 'CNIOWindows' in project 'swift-nio'
➜ Explicit dependency on target 'CNIOAtomics' in project 'swift-nio'
➜ Explicit dependency on target 'NIOConcurrencyHelpers' in project 'swift-nio'
➜ Explicit dependency on target '_NIOBase64' in project 'swift-nio'
➜ Explicit dependency on target 'CNIOFreeBSD' in project 'swift-nio'
➜ Explicit dependency on target 'CNIOWASI' in project 'swift-nio'
➜ Explicit dependency on target '_NIODataStructures' in project 'swift-nio'
➜ Explicit dependency on target 'NIOCore' in project 'swift-nio'
➜ Explicit dependency on target 'CNIOPosix' in project 'swift-nio'
➜ Explicit dependency on target 'DequeModule-product' in project 'swift-collections'
➜ Explicit dependency on target 'Atomics-product' in project 'swift-atomics'
Target 'swift-nio_NIOPosix' in project 'swift-nio' (no dependencies)
Target 'CNIOPosix' in project 'swift-nio' (no dependencies)
Target 'NIOEmbedded' in project 'swift-nio'
➜ Explicit dependency on target 'CNIOAtomics' in project 'swift-nio'
➜ Explicit dependency on target 'NIOConcurrencyHelpers' in project 'swift-nio'
➜ Explicit dependency on target '_NIOBase64' in project 'swift-nio'
➜ Explicit dependency on target 'CNIOOpenBSD' in project 'swift-nio'
➜ Explicit dependency on target 'CNIOFreeBSD' in project 'swift-nio'
➜ Explicit dependency on target 'CNIODarwin' in project 'swift-nio'
➜ Explicit dependency on target 'CNIOLinux' in project 'swift-nio'
➜ Explicit dependency on target 'CNIOWindows' in project 'swift-nio'
➜ Explicit dependency on target 'CNIOWASI' in project 'swift-nio'
➜ Explicit dependency on target '_NIODataStructures' in project 'swift-nio'
➜ Explicit dependency on target 'NIOCore' in project 'swift-nio'
➜ Explicit dependency on target 'DequeModule-product' in project 'swift-collections'
➜ Explicit dependency on target 'Atomics-product' in project 'swift-atomics'
Target 'NIOCore' in project 'swift-nio'
➜ Explicit dependency on target 'CNIOAtomics' in project 'swift-nio'
➜ Explicit dependency on target 'NIOConcurrencyHelpers' in project 'swift-nio'
➜ Explicit dependency on target '_NIOBase64' in project 'swift-nio'
➜ Explicit dependency on target 'CNIOOpenBSD' in project 'swift-nio'
➜ Explicit dependency on target 'CNIOFreeBSD' in project 'swift-nio'
➜ Explicit dependency on target 'CNIODarwin' in project 'swift-nio'
➜ Explicit dependency on target 'CNIOLinux' in project 'swift-nio'
➜ Explicit dependency on target 'CNIOWindows' in project 'swift-nio'
➜ Explicit dependency on target 'CNIOWASI' in project 'swift-nio'
➜ Explicit dependency on target '_NIODataStructures' in project 'swift-nio'
➜ Explicit dependency on target 'DequeModule-product' in project 'swift-collections'
➜ Explicit dependency on target 'Atomics-product' in project 'swift-atomics'
Target 'Atomics-product' in project 'swift-atomics'
➜ Explicit dependency on target 'Atomics' in project 'swift-atomics'
➜ Explicit dependency on target '_AtomicsShims' in project 'swift-atomics'
Target 'Atomics' in project 'swift-atomics'
➜ Explicit dependency on target '_AtomicsShims' in project 'swift-atomics'
Target '_AtomicsShims' in project 'swift-atomics' (no dependencies)
Target 'DequeModule-product' in project 'swift-collections'
➜ Explicit dependency on target 'DequeModule' in project 'swift-collections'
➜ Explicit dependency on target 'InternalCollectionsUtilities' in project 'swift-collections'
➜ Explicit dependency on target 'SpanPreview' in project 'swift-collections'
Target 'DequeModule' in project 'swift-collections'
➜ Explicit dependency on target 'InternalCollectionsUtilities' in project 'swift-collections'
➜ Explicit dependency on target 'SpanPreview' in project 'swift-collections'
Target 'SpanPreview' in project 'swift-collections'
➜ Explicit dependency on target 'InternalCollectionsUtilities' in project 'swift-collections'
Target 'InternalCollectionsUtilities' in project 'swift-collections' (no dependencies)
Target '_NIODataStructures' in project 'swift-nio' (no dependencies)
Target 'CNIOWASI' in project 'swift-nio' (no dependencies)
Target 'CNIOWindows' in project 'swift-nio' (no dependencies)
Target 'CNIOLinux' in project 'swift-nio' (no dependencies)
Target 'CNIODarwin' in project 'swift-nio' (no dependencies)
Target 'CNIOFreeBSD' in project 'swift-nio' (no dependencies)
Target 'CNIOOpenBSD' in project 'swift-nio' (no dependencies)
Target '_NIOBase64' in project 'swift-nio' (no dependencies)
Target 'NIOConcurrencyHelpers' in project 'swift-nio'
➜ Explicit dependency on target 'CNIOAtomics' in project 'swift-nio'
Target 'CNIOAtomics' in project 'swift-nio' (no dependencies)
Target 'CNIOBoringSSLShims' in project 'swift-nio-ssl'
➜ Explicit dependency on target 'CNIOBoringSSL' in project 'swift-nio-ssl'
Target 'CNIOBoringSSL' in project 'swift-nio-ssl' (no dependencies)
Target 'swift-nio-ssl_NIOSSL' in project 'swift-nio-ssl' (no dependencies)
GatherProvisioningInputs
CreateBuildDescription
ClangStatCache /Applications/Xcode-27.0.0.app/Contents/Developer/Toolchains/XcodeDefault.xctoolchain/usr/bin/clang-stat-cache /Applications/Xcode-27.0.0.app/Contents/Developer/Platforms/XROS.platform/Developer/SDKs/XROS27.0.sdk /Users/admin/builder/spi-builder-workspace/.derivedData/SDKStatCaches.noindex/xros27.0-24M361-e829b21a6f8c9b70876ba0858053c04489c3c372b822c72ca60ec5271cbc7f3c.sdkstatcache
cd /Users/admin/builder/spi-builder-workspace/.swiftpm/xcode
/Applications/Xcode-27.0.0.app/Contents/Developer/Toolchains/XcodeDefault.xctoolchain/usr/bin/clang-stat-cache /Applications/Xcode-27.0.0.app/Contents/Developer/Platforms/XROS.platform/Developer/SDKs/XROS27.0.sdk -o /Users/admin/builder/spi-builder-workspace/.derivedData/SDKStatCaches.noindex/xros27.0-24M361-e829b21a6f8c9b70876ba0858053c04489c3c372b822c72ca60ec5271cbc7f3c.sdkstatcache
ScanDependencies /Users/admin/builder/spi-builder-workspace/.derivedData/Build/Intermediates.noindex/swift-kafka-client.build/Debug-xros/Crdkafka-t.build/Objects-normal/arm64/rdkafka_conf.o /Users/admin/builder/spi-builder-workspace/Sources/Crdkafka/librdkafka/src/rdkafka_conf.c normal arm64 c com.apple.compilers.llvm.clang.1_0.compiler (in target 'Crdkafka' from project 'swift-kafka-client')
cd /Users/admin/builder/spi-builder-workspace/.swiftpm/xcode
Using response file: /Users/admin/builder/spi-builder-workspace/.derivedData/Build/Intermediates.noindex/swift-kafka-client.build/Debug-xros/Crdkafka-t.build/Objects-normal/arm64/7187679823f38a2a940e0043cdf9d637-common-args.resp
builtin-ScanDependencies -o /Users/admin/builder/spi-builder-workspace/.derivedData/Build/Intermediates.noindex/swift-kafka-client.build/Debug-xros/Crdkafka-t.build/Objects-normal/arm64/rdkafka_conf.o.scan -- /Applications/Xcode-27.0.0.app/Contents/Developer/Toolchains/XcodeDefault.xctoolchain/usr/bin/clang -x c -ivfsstatcache /Users/admin/builder/spi-builder-workspace/.derivedData/SDKStatCaches.noindex/xros27.0-24M361-e829b21a6f8c9b70876ba0858053c04489c3c372b822c72ca60ec5271cbc7f3c.sdkstatcache -target arm64-apple-xros2.0 -fmessage-length\=0 -fdiagnostics-show-note-include-stack -fmacro-backtrace-limit\=0 -fno-color-diagnostics -fmodules-prune-interval\=86400 -fmodules-prune-after\=345600 -fbuild-session-file\=/Users/admin/builder/spi-builder-workspace/.derivedData/ModuleCache.noindex/Session.modulevalidation -fmodules-validate-once-per-build-session -Wnon-modular-include-in-framework-module -Werror\=non-modular-include-in-framework-module -Wno-trigraphs -Wno-missing-field-initializers -Wno-missing-prototypes -Wno-return-type -Wno-missing-braces -Wparentheses -Wswitch -Wno-unused-function -Wno-unused-label -Wno-unused-parameter -Wno-unused-variable -Wunused-value -Wno-empty-body -Wno-uninitialized -Wno-unknown-pragmas -Wno-shadow -Wno-four-char-constants -Wno-conversion -Wno-constant-conversion -Wno-int-conversion -Wno-bool-conversion -Wno-enum-conversion -Wno-float-conversion -Wno-non-literal-null-conversion -Wno-objc-literal-conversion -Wshorten-64-to-32 -Wpointer-sign -Wno-newline-eof -Wno-implicit-fallthrough -isysroot /Applications/Xcode-27.0.0.app/Contents/Developer/Platforms/XROS.platform/Developer/SDKs/XROS27.0.sdk -fstrict-aliasing -Wdeprecated-declarations -Wno-sign-conversion -Wno-infinite-recursion -Wno-comma -Wno-block-capture-autoreleasing -Wno-strict-prototypes -Wno-semicolon-before-method-body -index-store-path /Users/admin/builder/spi-builder-workspace/.derivedData/Index.noindex/DataStore @/Users/admin/builder/spi-builder-workspace/.derivedData/Build/Intermediates.noindex/swift-kafka-client.build/Debug-xros/Crdkafka-t.build/Objects-normal/arm64/7187679823f38a2a940e0043cdf9d637-common-args.resp -MMD -MT dependencies -MF /Users/admin/builder/spi-builder-workspace/.derivedData/Build/Intermediates.noindex/swift-kafka-client.build/Debug-xros/Crdkafka-t.build/Objects-normal/arm64/rdkafka_conf.d --serialize-diagnostics /Users/admin/builder/spi-builder-workspace/.derivedData/Build/Intermediates.noindex/swift-kafka-client.build/Debug-xros/Crdkafka-t.build/Objects-normal/arm64/rdkafka_conf.dia -c /Users/admin/builder/spi-builder-workspace/Sources/Crdkafka/librdkafka/src/rdkafka_conf.c -o /Users/admin/builder/spi-builder-workspace/.derivedData/Build/Intermediates.noindex/swift-kafka-client.build/Debug-xros/Crdkafka-t.build/Objects-normal/arm64/rdkafka_conf.o -index-unit-output-path /swift-kafka-client.build/Debug-xros/Crdkafka-t.build/Objects-normal/arm64/rdkafka_conf.o
/Users/admin/builder/spi-builder-workspace/Sources/Crdkafka/librdkafka/src/rdkafka_conf.c:60:10: error: 'curl/curl.h' file not found (in target 'Crdkafka' from project 'swift-kafka-client')
ScanDependencies /Users/admin/builder/spi-builder-workspace/.derivedData/Build/Intermediates.noindex/swift-kafka-client.build/Debug-xros/Crdkafka-t.build/Objects-normal/arm64/rdkafka_buf.o /Users/admin/builder/spi-builder-workspace/Sources/Crdkafka/librdkafka/src/rdkafka_buf.c normal arm64 c com.apple.compilers.llvm.clang.1_0.compiler (in target 'Crdkafka' from project 'swift-kafka-client')
cd /Users/admin/builder/spi-builder-workspace/.swiftpm/xcode
Using response file: /Users/admin/builder/spi-builder-workspace/.derivedData/Build/Intermediates.noindex/swift-kafka-client.build/Debug-xros/Crdkafka-t.build/Objects-normal/arm64/7187679823f38a2a940e0043cdf9d637-common-args.resp
builtin-ScanDependencies -o /Users/admin/builder/spi-builder-workspace/.derivedData/Build/Intermediates.noindex/swift-kafka-client.build/Debug-xros/Crdkafka-t.build/Objects-normal/arm64/rdkafka_buf.o.scan -- /Applications/Xcode-27.0.0.app/Contents/Developer/Toolchains/XcodeDefault.xctoolchain/usr/bin/clang -x c -ivfsstatcache /Users/admin/builder/spi-builder-workspace/.derivedData/SDKStatCaches.noindex/xros27.0-24M361-e829b21a6f8c9b70876ba0858053c04489c3c372b822c72ca60ec5271cbc7f3c.sdkstatcache -target arm64-apple-xros2.0 -fmessage-length\=0 -fdiagnostics-show-note-include-stack -fmacro-backtrace-limit\=0 -fno-color-diagnostics -fmodules-prune-interval\=86400 -fmodules-prune-after\=345600 -fbuild-session-file\=/Users/admin/builder/spi-builder-workspace/.derivedData/ModuleCache.noindex/Session.modulevalidation -fmodules-validate-once-per-build-session -Wnon-modular-include-in-framework-module -Werror\=non-modular-include-in-framework-module -Wno-trigraphs -Wno-missing-field-initializers -Wno-missing-prototypes -Wno-return-type -Wno-missing-braces -Wparentheses -Wswitch -Wno-unused-function -Wno-unused-label -Wno-unused-parameter -Wno-unused-variable -Wunused-value -Wno-empty-body -Wno-uninitialized -Wno-unknown-pragmas -Wno-shadow -Wno-four-char-constants -Wno-conversion -Wno-constant-conversion -Wno-int-conversion -Wno-bool-conversion -Wno-enum-conversion -Wno-float-conversion -Wno-non-literal-null-conversion -Wno-objc-literal-conversion -Wshorten-64-to-32 -Wpointer-sign -Wno-newline-eof -Wno-implicit-fallthrough -isysroot /Applications/Xcode-27.0.0.app/Contents/Developer/Platforms/XROS.platform/Developer/SDKs/XROS27.0.sdk -fstrict-aliasing -Wdeprecated-declarations -Wno-sign-conversion -Wno-infinite-recursion -Wno-comma -Wno-block-capture-autoreleasing -Wno-strict-prototypes -Wno-semicolon-before-method-body -index-store-path /Users/admin/builder/spi-builder-workspace/.derivedData/Index.noindex/DataStore @/Users/admin/builder/spi-builder-workspace/.derivedData/Build/Intermediates.noindex/swift-kafka-client.build/Debug-xros/Crdkafka-t.build/Objects-normal/arm64/7187679823f38a2a940e0043cdf9d637-common-args.resp -MMD -MT dependencies -MF /Users/admin/builder/spi-builder-workspace/.derivedData/Build/Intermediates.noindex/swift-kafka-client.build/Debug-xros/Crdkafka-t.build/Objects-normal/arm64/rdkafka_buf.d --serialize-diagnostics /Users/admin/builder/spi-builder-workspace/.derivedData/Build/Intermediates.noindex/swift-kafka-client.build/Debug-xros/Crdkafka-t.build/Objects-normal/arm64/rdkafka_buf.dia -c /Users/admin/builder/spi-builder-workspace/Sources/Crdkafka/librdkafka/src/rdkafka_buf.c -o /Users/admin/builder/spi-builder-workspace/.derivedData/Build/Intermediates.noindex/swift-kafka-client.build/Debug-xros/Crdkafka-t.build/Objects-normal/arm64/rdkafka_buf.o -index-unit-output-path /swift-kafka-client.build/Debug-xros/Crdkafka-t.build/Objects-normal/arm64/rdkafka_buf.o
ScanDependencies /Users/admin/builder/spi-builder-workspace/.derivedData/Build/Intermediates.noindex/swift-kafka-client.build/Debug-xros/Crdkafka-t.build/Objects-normal/arm64/rdkafka_cert.o /Users/admin/builder/spi-builder-workspace/Sources/Crdkafka/librdkafka/src/rdkafka_cert.c normal arm64 c com.apple.compilers.llvm.clang.1_0.compiler (in target 'Crdkafka' from project 'swift-kafka-client')
cd /Users/admin/builder/spi-builder-workspace/.swiftpm/xcode
Using response file: /Users/admin/builder/spi-builder-workspace/.derivedData/Build/Intermediates.noindex/swift-kafka-client.build/Debug-xros/Crdkafka-t.build/Objects-normal/arm64/7187679823f38a2a940e0043cdf9d637-common-args.resp
builtin-ScanDependencies -o /Users/admin/builder/spi-builder-workspace/.derivedData/Build/Intermediates.noindex/swift-kafka-client.build/Debug-xros/Crdkafka-t.build/Objects-normal/arm64/rdkafka_cert.o.scan -- /Applications/Xcode-27.0.0.app/Contents/Developer/Toolchains/XcodeDefault.xctoolchain/usr/bin/clang -x c -ivfsstatcache /Users/admin/builder/spi-builder-workspace/.derivedData/SDKStatCaches.noindex/xros27.0-24M361-e829b21a6f8c9b70876ba0858053c04489c3c372b822c72ca60ec5271cbc7f3c.sdkstatcache -target arm64-apple-xros2.0 -fmessage-length\=0 -fdiagnostics-show-note-include-stack -fmacro-backtrace-limit\=0 -fno-color-diagnostics -fmodules-prune-interval\=86400 -fmodules-prune-after\=345600 -fbuild-session-file\=/Users/admin/builder/spi-builder-workspace/.derivedData/ModuleCache.noindex/Session.modulevalidation -fmodules-validate-once-per-build-session -Wnon-modular-include-in-framework-module -Werror\=non-modular-include-in-framework-module -Wno-trigraphs -Wno-missing-field-initializers -Wno-missing-prototypes -Wno-return-type -Wno-missing-braces -Wparentheses -Wswitch -Wno-unused-function -Wno-unused-label -Wno-unused-parameter -Wno-unused-variable -Wunused-value -Wno-empty-body -Wno-uninitialized -Wno-unknown-pragmas -Wno-shadow -Wno-four-char-constants -Wno-conversion -Wno-constant-conversion -Wno-int-conversion -Wno-bool-conversion -Wno-enum-conversion -Wno-float-conversion -Wno-non-literal-null-conversion -Wno-objc-literal-conversion -Wshorten-64-to-32 -Wpointer-sign -Wno-newline-eof -Wno-implicit-fallthrough -isysroot /Applications/Xcode-27.0.0.app/Contents/Developer/Platforms/XROS.platform/Developer/SDKs/XROS27.0.sdk -fstrict-aliasing -Wdeprecated-declarations -Wno-sign-conversion -Wno-infinite-recursion -Wno-comma -Wno-block-capture-autoreleasing -Wno-strict-prototypes -Wno-semicolon-before-method-body -index-store-path /Users/admin/builder/spi-builder-workspace/.derivedData/Index.noindex/DataStore @/Users/admin/builder/spi-builder-workspace/.derivedData/Build/Intermediates.noindex/swift-kafka-client.build/Debug-xros/Crdkafka-t.build/Objects-normal/arm64/7187679823f38a2a940e0043cdf9d637-common-args.resp -MMD -MT dependencies -MF /Users/admin/builder/spi-builder-workspace/.derivedData/Build/Intermediates.noindex/swift-kafka-client.build/Debug-xros/Crdkafka-t.build/Objects-normal/arm64/rdkafka_cert.d --serialize-diagnostics /Users/admin/builder/spi-builder-workspace/.derivedData/Build/Intermediates.noindex/swift-kafka-client.build/Debug-xros/Crdkafka-t.build/Objects-normal/arm64/rdkafka_cert.dia -c /Users/admin/builder/spi-builder-workspace/Sources/Crdkafka/librdkafka/src/rdkafka_cert.c -o /Users/admin/builder/spi-builder-workspace/.derivedData/Build/Intermediates.noindex/swift-kafka-client.build/Debug-xros/Crdkafka-t.build/Objects-normal/arm64/rdkafka_cert.o -index-unit-output-path /swift-kafka-client.build/Debug-xros/Crdkafka-t.build/Objects-normal/arm64/rdkafka_cert.o
ScanDependencies /Users/admin/builder/spi-builder-workspace/.derivedData/Build/Intermediates.noindex/swift-kafka-client.build/Debug-xros/Crdkafka-t.build/Objects-normal/arm64/rdkafka_cgrp.o /Users/admin/builder/spi-builder-workspace/Sources/Crdkafka/librdkafka/src/rdkafka_cgrp.c normal arm64 c com.apple.compilers.llvm.clang.1_0.compiler (in target 'Crdkafka' from project 'swift-kafka-client')
cd /Users/admin/builder/spi-builder-workspace/.swiftpm/xcode
Using response file: /Users/admin/builder/spi-builder-workspace/.derivedData/Build/Intermediates.noindex/swift-kafka-client.build/Debug-xros/Crdkafka-t.build/Objects-normal/arm64/7187679823f38a2a940e0043cdf9d637-common-args.resp
builtin-ScanDependencies -o /Users/admin/builder/spi-builder-workspace/.derivedData/Build/Intermediates.noindex/swift-kafka-client.build/Debug-xros/Crdkafka-t.build/Objects-normal/arm64/rdkafka_cgrp.o.scan -- /Applications/Xcode-27.0.0.app/Contents/Developer/Toolchains/XcodeDefault.xctoolchain/usr/bin/clang -x c -ivfsstatcache /Users/admin/builder/spi-builder-workspace/.derivedData/SDKStatCaches.noindex/xros27.0-24M361-e829b21a6f8c9b70876ba0858053c04489c3c372b822c72ca60ec5271cbc7f3c.sdkstatcache -target arm64-apple-xros2.0 -fmessage-length\=0 -fdiagnostics-show-note-include-stack -fmacro-backtrace-limit\=0 -fno-color-diagnostics -fmodules-prune-interval\=86400 -fmodules-prune-after\=345600 -fbuild-session-file\=/Users/admin/builder/spi-builder-workspace/.derivedData/ModuleCache.noindex/Session.modulevalidation -fmodules-validate-once-per-build-session -Wnon-modular-include-in-framework-module -Werror\=non-modular-include-in-framework-module -Wno-trigraphs -Wno-missing-field-initializers -Wno-missing-prototypes -Wno-return-type -Wno-missing-braces -Wparentheses -Wswitch -Wno-unused-function -Wno-unused-label -Wno-unused-parameter -Wno-unused-variable -Wunused-value -Wno-empty-body -Wno-uninitialized -Wno-unknown-pragmas -Wno-shadow -Wno-four-char-constants -Wno-conversion -Wno-constant-conversion -Wno-int-conversion -Wno-bool-conversion -Wno-enum-conversion -Wno-float-conversion -Wno-non-literal-null-conversion -Wno-objc-literal-conversion -Wshorten-64-to-32 -Wpointer-sign -Wno-newline-eof -Wno-implicit-fallthrough -isysroot /Applications/Xcode-27.0.0.app/Contents/Developer/Platforms/XROS.platform/Developer/SDKs/XROS27.0.sdk -fstrict-aliasing -Wdeprecated-declarations -Wno-sign-conversion -Wno-infinite-recursion -Wno-comma -Wno-block-capture-autoreleasing -Wno-strict-prototypes -Wno-semicolon-before-method-body -index-store-path /Users/admin/builder/spi-builder-workspace/.derivedData/Index.noindex/DataStore @/Users/admin/builder/spi-builder-workspace/.derivedData/Build/Intermediates.noindex/swift-kafka-client.build/Debug-xros/Crdkafka-t.build/Objects-normal/arm64/7187679823f38a2a940e0043cdf9d637-common-args.resp -MMD -MT dependencies -MF /Users/admin/builder/spi-builder-workspace/.derivedData/Build/Intermediates.noindex/swift-kafka-client.build/Debug-xros/Crdkafka-t.build/Objects-normal/arm64/rdkafka_cgrp.d --serialize-diagnostics /Users/admin/builder/spi-builder-workspace/.derivedData/Build/Intermediates.noindex/swift-kafka-client.build/Debug-xros/Crdkafka-t.build/Objects-normal/arm64/rdkafka_cgrp.dia -c /Users/admin/builder/spi-builder-workspace/Sources/Crdkafka/librdkafka/src/rdkafka_cgrp.c -o /Users/admin/builder/spi-builder-workspace/.derivedData/Build/Intermediates.noindex/swift-kafka-client.build/Debug-xros/Crdkafka-t.build/Objects-normal/arm64/rdkafka_cgrp.o -index-unit-output-path /swift-kafka-client.build/Debug-xros/Crdkafka-t.build/Objects-normal/arm64/rdkafka_cgrp.o
ScanDependencies /Users/admin/builder/spi-builder-workspace/.derivedData/Build/Intermediates.noindex/swift-kafka-client.build/Debug-xros/Crdkafka-t.build/Objects-normal/arm64/rdkafka_broker.o /Users/admin/builder/spi-builder-workspace/Sources/Crdkafka/librdkafka/src/rdkafka_broker.c normal arm64 c com.apple.compilers.llvm.clang.1_0.compiler (in target 'Crdkafka' from project 'swift-kafka-client')
cd /Users/admin/builder/spi-builder-workspace/.swiftpm/xcode
Using response file: /Users/admin/builder/spi-builder-workspace/.derivedData/Build/Intermediates.noindex/swift-kafka-client.build/Debug-xros/Crdkafka-t.build/Objects-normal/arm64/7187679823f38a2a940e0043cdf9d637-common-args.resp
builtin-ScanDependencies -o /Users/admin/builder/spi-builder-workspace/.derivedData/Build/Intermediates.noindex/swift-kafka-client.build/Debug-xros/Crdkafka-t.build/Objects-normal/arm64/rdkafka_broker.o.scan -- /Applications/Xcode-27.0.0.app/Contents/Developer/Toolchains/XcodeDefault.xctoolchain/usr/bin/clang -x c -ivfsstatcache /Users/admin/builder/spi-builder-workspace/.derivedData/SDKStatCaches.noindex/xros27.0-24M361-e829b21a6f8c9b70876ba0858053c04489c3c372b822c72ca60ec5271cbc7f3c.sdkstatcache -target arm64-apple-xros2.0 -fmessage-length\=0 -fdiagnostics-show-note-include-stack -fmacro-backtrace-limit\=0 -fno-color-diagnostics -fmodules-prune-interval\=86400 -fmodules-prune-after\=345600 -fbuild-session-file\=/Users/admin/builder/spi-builder-workspace/.derivedData/ModuleCache.noindex/Session.modulevalidation -fmodules-validate-once-per-build-session -Wnon-modular-include-in-framework-module -Werror\=non-modular-include-in-framework-module -Wno-trigraphs -Wno-missing-field-initializers -Wno-missing-prototypes -Wno-return-type -Wno-missing-braces -Wparentheses -Wswitch -Wno-unused-function -Wno-unused-label -Wno-unused-parameter -Wno-unused-variable -Wunused-value -Wno-empty-body -Wno-uninitialized -Wno-unknown-pragmas -Wno-shadow -Wno-four-char-constants -Wno-conversion -Wno-constant-conversion -Wno-int-conversion -Wno-bool-conversion -Wno-enum-conversion -Wno-float-conversion -Wno-non-literal-null-conversion -Wno-objc-literal-conversion -Wshorten-64-to-32 -Wpointer-sign -Wno-newline-eof -Wno-implicit-fallthrough -isysroot /Applications/Xcode-27.0.0.app/Contents/Developer/Platforms/XROS.platform/Developer/SDKs/XROS27.0.sdk -fstrict-aliasing -Wdeprecated-declarations -Wno-sign-conversion -Wno-infinite-recursion -Wno-comma -Wno-block-capture-autoreleasing -Wno-strict-prototypes -Wno-semicolon-before-method-body -index-store-path /Users/admin/builder/spi-builder-workspace/.derivedData/Index.noindex/DataStore @/Users/admin/builder/spi-builder-workspace/.derivedData/Build/Intermediates.noindex/swift-kafka-client.build/Debug-xros/Crdkafka-t.build/Objects-normal/arm64/7187679823f38a2a940e0043cdf9d637-common-args.resp -MMD -MT dependencies -MF /Users/admin/builder/spi-builder-workspace/.derivedData/Build/Intermediates.noindex/swift-kafka-client.build/Debug-xros/Crdkafka-t.build/Objects-normal/arm64/rdkafka_broker.d --serialize-diagnostics /Users/admin/builder/spi-builder-workspace/.derivedData/Build/Intermediates.noindex/swift-kafka-client.build/Debug-xros/Crdkafka-t.build/Objects-normal/arm64/rdkafka_broker.dia -c /Users/admin/builder/spi-builder-workspace/Sources/Crdkafka/librdkafka/src/rdkafka_broker.c -o /Users/admin/builder/spi-builder-workspace/.derivedData/Build/Intermediates.noindex/swift-kafka-client.build/Debug-xros/Crdkafka-t.build/Objects-normal/arm64/rdkafka_broker.o -index-unit-output-path /swift-kafka-client.build/Debug-xros/Crdkafka-t.build/Objects-normal/arm64/rdkafka_broker.o
ScanDependencies /Users/admin/builder/spi-builder-workspace/.derivedData/Build/Intermediates.noindex/swift-kafka-client.build/Debug-xros/Crdkafka-t.build/Objects-normal/arm64/rdkafka_background.o /Users/admin/builder/spi-builder-workspace/Sources/Crdkafka/librdkafka/src/rdkafka_background.c normal arm64 c com.apple.compilers.llvm.clang.1_0.compiler (in target 'Crdkafka' from project 'swift-kafka-client')
cd /Users/admin/builder/spi-builder-workspace/.swiftpm/xcode
Using response file: /Users/admin/builder/spi-builder-workspace/.derivedData/Build/Intermediates.noindex/swift-kafka-client.build/Debug-xros/Crdkafka-t.build/Objects-normal/arm64/7187679823f38a2a940e0043cdf9d637-common-args.resp
builtin-ScanDependencies -o /Users/admin/builder/spi-builder-workspace/.derivedData/Build/Intermediates.noindex/swift-kafka-client.build/Debug-xros/Crdkafka-t.build/Objects-normal/arm64/rdkafka_background.o.scan -- /Applications/Xcode-27.0.0.app/Contents/Developer/Toolchains/XcodeDefault.xctoolchain/usr/bin/clang -x c -ivfsstatcache /Users/admin/builder/spi-builder-workspace/.derivedData/SDKStatCaches.noindex/xros27.0-24M361-e829b21a6f8c9b70876ba0858053c04489c3c372b822c72ca60ec5271cbc7f3c.sdkstatcache -target arm64-apple-xros2.0 -fmessage-length\=0 -fdiagnostics-show-note-include-stack -fmacro-backtrace-limit\=0 -fno-color-diagnostics -fmodules-prune-interval\=86400 -fmodules-prune-after\=345600 -fbuild-session-file\=/Users/admin/builder/spi-builder-workspace/.derivedData/ModuleCache.noindex/Session.modulevalidation -fmodules-validate-once-per-build-session -Wnon-modular-include-in-framework-module -Werror\=non-modular-include-in-framework-module -Wno-trigraphs -Wno-missing-field-initializers -Wno-missing-prototypes -Wno-return-type -Wno-missing-braces -Wparentheses -Wswitch -Wno-unused-function -Wno-unused-label -Wno-unused-parameter -Wno-unused-variable -Wunused-value -Wno-empty-body -Wno-uninitialized -Wno-unknown-pragmas -Wno-shadow -Wno-four-char-constants -Wno-conversion -Wno-constant-conversion -Wno-int-conversion -Wno-bool-conversion -Wno-enum-conversion -Wno-float-conversion -Wno-non-literal-null-conversion -Wno-objc-literal-conversion -Wshorten-64-to-32 -Wpointer-sign -Wno-newline-eof -Wno-implicit-fallthrough -isysroot /Applications/Xcode-27.0.0.app/Contents/Developer/Platforms/XROS.platform/Developer/SDKs/XROS27.0.sdk -fstrict-aliasing -Wdeprecated-declarations -Wno-sign-conversion -Wno-infinite-recursion -Wno-comma -Wno-block-capture-autoreleasing -Wno-strict-prototypes -Wno-semicolon-before-method-body -index-store-path /Users/admin/builder/spi-builder-workspace/.derivedData/Index.noindex/DataStore @/Users/admin/builder/spi-builder-workspace/.derivedData/Build/Intermediates.noindex/swift-kafka-client.build/Debug-xros/Crdkafka-t.build/Objects-normal/arm64/7187679823f38a2a940e0043cdf9d637-common-args.resp -MMD -MT dependencies -MF /Users/admin/builder/spi-builder-workspace/.derivedData/Build/Intermediates.noindex/swift-kafka-client.build/Debug-xros/Crdkafka-t.build/Objects-normal/arm64/rdkafka_background.d --serialize-diagnostics /Users/admin/builder/spi-builder-workspace/.derivedData/Build/Intermediates.noindex/swift-kafka-client.build/Debug-xros/Crdkafka-t.build/Objects-normal/arm64/rdkafka_background.dia -c /Users/admin/builder/spi-builder-workspace/Sources/Crdkafka/librdkafka/src/rdkafka_background.c -o /Users/admin/builder/spi-builder-workspace/.derivedData/Build/Intermediates.noindex/swift-kafka-client.build/Debug-xros/Crdkafka-t.build/Objects-normal/arm64/rdkafka_background.o -index-unit-output-path /swift-kafka-client.build/Debug-xros/Crdkafka-t.build/Objects-normal/arm64/rdkafka_background.o
ScanDependencies /Users/admin/builder/spi-builder-workspace/.derivedData/Build/Intermediates.noindex/swift-kafka-client.build/Debug-xros/Crdkafka-t.build/Objects-normal/arm64/rdkafka_aux.o /Users/admin/builder/spi-builder-workspace/Sources/Crdkafka/librdkafka/src/rdkafka_aux.c normal arm64 c com.apple.compilers.llvm.clang.1_0.compiler (in target 'Crdkafka' from project 'swift-kafka-client')
cd /Users/admin/builder/spi-builder-workspace/.swiftpm/xcode
Using response file: /Users/admin/builder/spi-builder-workspace/.derivedData/Build/Intermediates.noindex/swift-kafka-client.build/Debug-xros/Crdkafka-t.build/Objects-normal/arm64/7187679823f38a2a940e0043cdf9d637-common-args.resp
builtin-ScanDependencies -o /Users/admin/builder/spi-builder-workspace/.derivedData/Build/Intermediates.noindex/swift-kafka-client.build/Debug-xros/Crdkafka-t.build/Objects-normal/arm64/rdkafka_aux.o.scan -- /Applications/Xcode-27.0.0.app/Contents/Developer/Toolchains/XcodeDefault.xctoolchain/usr/bin/clang -x c -ivfsstatcache /Users/admin/builder/spi-builder-workspace/.derivedData/SDKStatCaches.noindex/xros27.0-24M361-e829b21a6f8c9b70876ba0858053c04489c3c372b822c72ca60ec5271cbc7f3c.sdkstatcache -target arm64-apple-xros2.0 -fmessage-length\=0 -fdiagnostics-show-note-include-stack -fmacro-backtrace-limit\=0 -fno-color-diagnostics -fmodules-prune-interval\=86400 -fmodules-prune-after\=345600 -fbuild-session-file\=/Users/admin/builder/spi-builder-workspace/.derivedData/ModuleCache.noindex/Session.modulevalidation -fmodules-validate-once-per-build-session -Wnon-modular-include-in-framework-module -Werror\=non-modular-include-in-framework-module -Wno-trigraphs -Wno-missing-field-initializers -Wno-missing-prototypes -Wno-return-type -Wno-missing-braces -Wparentheses -Wswitch -Wno-unused-function -Wno-unused-label -Wno-unused-parameter -Wno-unused-variable -Wunused-value -Wno-empty-body -Wno-uninitialized -Wno-unknown-pragmas -Wno-shadow -Wno-four-char-constants -Wno-conversion -Wno-constant-conversion -Wno-int-conversion -Wno-bool-conversion -Wno-enum-conversion -Wno-float-conversion -Wno-non-literal-null-conversion -Wno-objc-literal-conversion -Wshorten-64-to-32 -Wpointer-sign -Wno-newline-eof -Wno-implicit-fallthrough -isysroot /Applications/Xcode-27.0.0.app/Contents/Developer/Platforms/XROS.platform/Developer/SDKs/XROS27.0.sdk -fstrict-aliasing -Wdeprecated-declarations -Wno-sign-conversion -Wno-infinite-recursion -Wno-comma -Wno-block-capture-autoreleasing -Wno-strict-prototypes -Wno-semicolon-before-method-body -index-store-path /Users/admin/builder/spi-builder-workspace/.derivedData/Index.noindex/DataStore @/Users/admin/builder/spi-builder-workspace/.derivedData/Build/Intermediates.noindex/swift-kafka-client.build/Debug-xros/Crdkafka-t.build/Objects-normal/arm64/7187679823f38a2a940e0043cdf9d637-common-args.resp -MMD -MT dependencies -MF /Users/admin/builder/spi-builder-workspace/.derivedData/Build/Intermediates.noindex/swift-kafka-client.build/Debug-xros/Crdkafka-t.build/Objects-normal/arm64/rdkafka_aux.d --serialize-diagnostics /Users/admin/builder/spi-builder-workspace/.derivedData/Build/Intermediates.noindex/swift-kafka-client.build/Debug-xros/Crdkafka-t.build/Objects-normal/arm64/rdkafka_aux.dia -c /Users/admin/builder/spi-builder-workspace/Sources/Crdkafka/librdkafka/src/rdkafka_aux.c -o /Users/admin/builder/spi-builder-workspace/.derivedData/Build/Intermediates.noindex/swift-kafka-client.build/Debug-xros/Crdkafka-t.build/Objects-normal/arm64/rdkafka_aux.o -index-unit-output-path /swift-kafka-client.build/Debug-xros/Crdkafka-t.build/Objects-normal/arm64/rdkafka_aux.o
ScanDependencies /Users/admin/builder/spi-builder-workspace/.derivedData/Build/Intermediates.noindex/swift-kafka-client.build/Debug-xros/Crdkafka-t.build/Objects-normal/arm64/rdkafka_assignor.o /Users/admin/builder/spi-builder-workspace/Sources/Crdkafka/librdkafka/src/rdkafka_assignor.c normal arm64 c com.apple.compilers.llvm.clang.1_0.compiler (in target 'Crdkafka' from project 'swift-kafka-client')
cd /Users/admin/builder/spi-builder-workspace/.swiftpm/xcode
Using response file: /Users/admin/builder/spi-builder-workspace/.derivedData/Build/Intermediates.noindex/swift-kafka-client.build/Debug-xros/Crdkafka-t.build/Objects-normal/arm64/7187679823f38a2a940e0043cdf9d637-common-args.resp
builtin-ScanDependencies -o /Users/admin/builder/spi-builder-workspace/.derivedData/Build/Intermediates.noindex/swift-kafka-client.build/Debug-xros/Crdkafka-t.build/Objects-normal/arm64/rdkafka_assignor.o.scan -- /Applications/Xcode-27.0.0.app/Contents/Developer/Toolchains/XcodeDefault.xctoolchain/usr/bin/clang -x c -ivfsstatcache /Users/admin/builder/spi-builder-workspace/.derivedData/SDKStatCaches.noindex/xros27.0-24M361-e829b21a6f8c9b70876ba0858053c04489c3c372b822c72ca60ec5271cbc7f3c.sdkstatcache -target arm64-apple-xros2.0 -fmessage-length\=0 -fdiagnostics-show-note-include-stack -fmacro-backtrace-limit\=0 -fno-color-diagnostics -fmodules-prune-interval\=86400 -fmodules-prune-after\=345600 -fbuild-session-file\=/Users/admin/builder/spi-builder-workspace/.derivedData/ModuleCache.noindex/Session.modulevalidation -fmodules-validate-once-per-build-session -Wnon-modular-include-in-framework-module -Werror\=non-modular-include-in-framework-module -Wno-trigraphs -Wno-missing-field-initializers -Wno-missing-prototypes -Wno-return-type -Wno-missing-braces -Wparentheses -Wswitch -Wno-unused-function -Wno-unused-label -Wno-unused-parameter -Wno-unused-variable -Wunused-value -Wno-empty-body -Wno-uninitialized -Wno-unknown-pragmas -Wno-shadow -Wno-four-char-constants -Wno-conversion -Wno-constant-conversion -Wno-int-conversion -Wno-bool-conversion -Wno-enum-conversion -Wno-float-conversion -Wno-non-literal-null-conversion -Wno-objc-literal-conversion -Wshorten-64-to-32 -Wpointer-sign -Wno-newline-eof -Wno-implicit-fallthrough -isysroot /Applications/Xcode-27.0.0.app/Contents/Developer/Platforms/XROS.platform/Developer/SDKs/XROS27.0.sdk -fstrict-aliasing -Wdeprecated-declarations -Wno-sign-conversion -Wno-infinite-recursion -Wno-comma -Wno-block-capture-autoreleasing -Wno-strict-prototypes -Wno-semicolon-before-method-body -index-store-path /Users/admin/builder/spi-builder-workspace/.derivedData/Index.noindex/DataStore @/Users/admin/builder/spi-builder-workspace/.derivedData/Build/Intermediates.noindex/swift-kafka-client.build/Debug-xros/Crdkafka-t.build/Objects-normal/arm64/7187679823f38a2a940e0043cdf9d637-common-args.resp -MMD -MT dependencies -MF /Users/admin/builder/spi-builder-workspace/.derivedData/Build/Intermediates.noindex/swift-kafka-client.build/Debug-xros/Crdkafka-t.build/Objects-normal/arm64/rdkafka_assignor.d --serialize-diagnostics /Users/admin/builder/spi-builder-workspace/.derivedData/Build/Intermediates.noindex/swift-kafka-client.build/Debug-xros/Crdkafka-t.build/Objects-normal/arm64/rdkafka_assignor.dia -c /Users/admin/builder/spi-builder-workspace/Sources/Crdkafka/librdkafka/src/rdkafka_assignor.c -o /Users/admin/builder/spi-builder-workspace/.derivedData/Build/Intermediates.noindex/swift-kafka-client.build/Debug-xros/Crdkafka-t.build/Objects-normal/arm64/rdkafka_assignor.o -index-unit-output-path /swift-kafka-client.build/Debug-xros/Crdkafka-t.build/Objects-normal/arm64/rdkafka_assignor.o
SwiftDriver NIOSSL normal arm64 com.apple.xcode.tools.swift.compiler (in target 'NIOSSL' from project 'swift-nio-ssl')
cd /Users/admin/builder/spi-builder-workspace/.swiftpm/xcode
builtin-SwiftDriver -- /Applications/Xcode-27.0.0.app/Contents/Developer/Toolchains/XcodeDefault.xctoolchain/usr/bin/swiftc -parse-as-library -module-name NIOSSL -Onone @/Users/admin/builder/spi-builder-workspace/.derivedData/Build/Intermediates.noindex/swift-nio-ssl.build/Debug-xros/NIOSSL-t.build/Objects-normal/arm64/NIOSSL.SwiftFileList -DSWIFT_PACKAGE -DDEBUG -DSWIFT_MODULE_RESOURCE_BUNDLE_AVAILABLE -Xcc -fmodule-map-file\=/Users/admin/builder/spi-builder-workspace/.dependencies/checkouts/swift-atomics/Sources/_AtomicsShims/include/module.modulemap -Xcc -fmodule-map-file\=/Users/admin/builder/spi-builder-workspace/.derivedData/Build/Intermediates.noindex/GeneratedModuleMaps-xros/CNIOPosix.modulemap -Xcc -fmodule-map-file\=/Users/admin/builder/spi-builder-workspace/.derivedData/Build/Intermediates.noindex/GeneratedModuleMaps-xros/CNIOWASI.modulemap -Xcc -fmodule-map-file\=/Users/admin/builder/spi-builder-workspace/.dependencies/checkouts/swift-nio/Sources/CNIOWindows/include/module.modulemap -Xcc -fmodule-map-file\=/Users/admin/builder/spi-builder-workspace/.derivedData/Build/Intermediates.noindex/GeneratedModuleMaps-xros/CNIOLinux.modulemap -Xcc -fmodule-map-file\=/Users/admin/builder/spi-builder-workspace/.derivedData/Build/Intermediates.noindex/GeneratedModuleMaps-xros/CNIODarwin.modulemap -Xcc -fmodule-map-file\=/Users/admin/builder/spi-builder-workspace/.derivedData/Build/Intermediates.noindex/GeneratedModuleMaps-xros/CNIOFreeBSD.modulemap -Xcc -fmodule-map-file\=/Users/admin/builder/spi-builder-workspace/.derivedData/Build/Intermediates.noindex/GeneratedModuleMaps-xros/CNIOOpenBSD.modulemap -Xcc -fmodule-map-file\=/Users/admin/builder/spi-builder-workspace/.derivedData/Build/Intermediates.noindex/GeneratedModuleMaps-xros/CNIOAtomics.modulemap -Xcc -fmodule-map-file\=/Users/admin/builder/spi-builder-workspace/.derivedData/Build/Intermediates.noindex/GeneratedModuleMaps-xros/CNIOBoringSSLShims.modulemap -Xcc -fmodule-map-file\=/Users/admin/builder/spi-builder-workspace/.dependencies/checkouts/swift-nio-ssl/Sources/CNIOBoringSSL/include/module.modulemap -DXcode -enable-upcoming-feature MemberImportVisibility -plugin-path /Applications/Xcode-27.0.0.app/Contents/Developer/Toolchains/XcodeDefault.xctoolchain/usr/lib/swift/host/plugins/testing -enable-experimental-feature DebugDescriptionMacro -sdk /Applications/Xcode-27.0.0.app/Contents/Developer/Platforms/XROS.platform/Developer/SDKs/XROS27.0.sdk -target arm64-apple-xros1.0 -g -module-cache-path /Users/admin/builder/spi-builder-workspace/.derivedData/ModuleCache.noindex -Xfrontend -serialize-debugging-options -profile-coverage-mapping -profile-generate -enable-testing -suppress-warnings -index-store-path /Users/admin/builder/spi-builder-workspace/.derivedData/Index.noindex/DataStore -Xcc -D_LIBCPP_HARDENING_MODE\=_LIBCPP_HARDENING_MODE_DEBUG -swift-version 6 -I /Users/admin/builder/spi-builder-workspace/.derivedData/Build/Products/Debug-xros -Isystem /Applications/Xcode-27.0.0.app/Contents/Developer/Platforms/XROS.platform/Developer/usr/lib -F /Users/admin/builder/spi-builder-workspace/.derivedData/Build/Products/Debug-xros/PackageFrameworks -F /Users/admin/builder/spi-builder-workspace/.derivedData/Build/Products/Debug-xros -F /Applications/Xcode-27.0.0.app/Contents/Developer/Platforms/XROS.platform/Developer/Library/Frameworks -F /Applications/Xcode-27.0.0.app/Contents/Developer/Platforms/XROS.platform/Developer/SDKs/XROS27.0.sdk/Developer/Library/Frameworks -c -j10 -enable-batch-mode -incremental -Xcc -ivfsstatcache -Xcc /Users/admin/builder/spi-builder-workspace/.derivedData/SDKStatCaches.noindex/xros27.0-24M361-e829b21a6f8c9b70876ba0858053c04489c3c372b822c72ca60ec5271cbc7f3c.sdkstatcache -output-file-map /Users/admin/builder/spi-builder-workspace/.derivedData/Build/Intermediates.noindex/swift-nio-ssl.build/Debug-xros/NIOSSL-t.build/Objects-normal/arm64/NIOSSL-OutputFileMap.json -save-temps -no-color-diagnostics -explicit-module-build -module-cache-path /Users/admin/builder/spi-builder-workspace/.derivedData/Build/Intermediates.noindex/SwiftExplicitPrecompiledModules -clang-scanner-module-cache-path /Users/admin/builder/spi-builder-workspace/.derivedData/ModuleCache.noindex -sdk-module-cache-path /Users/admin/builder/spi-builder-workspace/.derivedData/SDKExplicitPrecompiledModules -emit-dependencies -emit-module -emit-module-path /Users/admin/builder/spi-builder-workspace/.derivedData/Build/Intermediates.noindex/swift-nio-ssl.build/Debug-xros/NIOSSL-t.build/Objects-normal/arm64/NIOSSL.swiftmodule -serialize-diagnostics -dependency-scan-serialize-diagnostics-path /Users/admin/builder/spi-builder-workspace/.derivedData/Build/Intermediates.noindex/swift-nio-ssl.build/Debug-xros/NIOSSL-t.build/Objects-normal/arm64/NIOSSL-dependency-scan.dia -user-module-version 2.37.5 -validate-clang-modules-once -clang-build-session-file /Users/admin/builder/spi-builder-workspace/.derivedData/ModuleCache.noindex/Session.modulevalidation -Xcc -fmodules-prune-interval\=86400 -Xcc -fmodules-prune-after\=345600 -package-name swift_nio_ssl -emit-const-values -const-gather-protocols-list /Users/admin/builder/spi-builder-workspace/.derivedData/Build/Intermediates.noindex/swift-nio-ssl.build/Debug-xros/NIOSSL-t.build/Objects-normal/arm64/NIOSSL_const_extract_protocols.json -Xcc -I/Users/admin/builder/spi-builder-workspace/.dependencies/checkouts/swift-atomics/Sources/_AtomicsShims/include -Xcc -I/Users/admin/builder/spi-builder-workspace/.dependencies/checkouts/swift-nio/Sources/CNIOPosix/include -Xcc -I/Users/admin/builder/spi-builder-workspace/.dependencies/checkouts/swift-nio/Sources/CNIOWASI/include -Xcc -I/Users/admin/builder/spi-builder-workspace/.dependencies/checkouts/swift-nio/Sources/CNIOWindows/include -Xcc -I/Users/admin/builder/spi-builder-workspace/.dependencies/checkouts/swift-nio/Sources/CNIOLinux/include -Xcc -I/Users/admin/builder/spi-builder-workspace/.dependencies/checkouts/swift-nio/Sources/CNIODarwin/include -Xcc -I/Users/admin/builder/spi-builder-workspace/.dependencies/checkouts/swift-nio/Sources/CNIOFreeBSD/include -Xcc -I/Users/admin/builder/spi-builder-workspace/.dependencies/checkouts/swift-nio/Sources/CNIOOpenBSD/include -Xcc -I/Users/admin/builder/spi-builder-workspace/.dependencies/checkouts/swift-nio/Sources/CNIOAtomics/include -Xcc -I/Users/admin/builder/spi-builder-workspace/.dependencies/checkouts/swift-nio-ssl/Sources/CNIOBoringSSLShims/include -Xcc -I/Users/admin/builder/spi-builder-workspace/.dependencies/checkouts/swift-nio-ssl/Sources/CNIOBoringSSL/include -Xcc -I/Users/admin/builder/spi-builder-workspace/.derivedData/Build/Products/Debug-xros/include -Xcc -I/Users/admin/builder/spi-builder-workspace/.derivedData/Build/Intermediates.noindex/swift-nio-ssl.build/Debug-xros/NIOSSL-t.build/DerivedSources-normal/arm64 -Xcc -I/Users/admin/builder/spi-builder-workspace/.derivedData/Build/Intermediates.noindex/swift-nio-ssl.build/Debug-xros/NIOSSL-t.build/DerivedSources/arm64 -Xcc -I/Users/admin/builder/spi-builder-workspace/.derivedData/Build/Intermediates.noindex/swift-nio-ssl.build/Debug-xros/NIOSSL-t.build/DerivedSources -Xcc -DSWIFT_PACKAGE -Xcc -DDEBUG\=1 -emit-objc-header -emit-objc-header-path /Users/admin/builder/spi-builder-workspace/.derivedData/Build/Intermediates.noindex/swift-nio-ssl.build/Debug-xros/NIOSSL-t.build/Objects-normal/arm64/NIOSSL-Swift.h -working-directory /Users/admin/builder/spi-builder-workspace/.swiftpm/xcode -experimental-emit-module-separately -disable-cmo
SwiftDriver NIOPosix normal arm64 com.apple.xcode.tools.swift.compiler (in target 'NIOPosix' from project 'swift-nio')
cd /Users/admin/builder/spi-builder-workspace/.swiftpm/xcode
builtin-SwiftDriver -- /Applications/Xcode-27.0.0.app/Contents/Developer/Toolchains/XcodeDefault.xctoolchain/usr/bin/swiftc -parse-as-library -module-name NIOPosix -Onone @/Users/admin/builder/spi-builder-workspace/.derivedData/Build/Intermediates.noindex/swift-nio.build/Debug-xros/NIOPosix-t.build/Objects-normal/arm64/NIOPosix.SwiftFileList -DSWIFT_PACKAGE -DDEBUG -DSWIFT_MODULE_RESOURCE_BUNDLE_AVAILABLE -Xcc -fmodule-map-file\=/Users/admin/builder/spi-builder-workspace/.dependencies/checkouts/swift-atomics/Sources/_AtomicsShims/include/module.modulemap -Xcc -fmodule-map-file\=/Users/admin/builder/spi-builder-workspace/.derivedData/Build/Intermediates.noindex/GeneratedModuleMaps-xros/CNIOPosix.modulemap -Xcc -fmodule-map-file\=/Users/admin/builder/spi-builder-workspace/.derivedData/Build/Intermediates.noindex/GeneratedModuleMaps-xros/CNIOWASI.modulemap -Xcc -fmodule-map-file\=/Users/admin/builder/spi-builder-workspace/.derivedData/Build/Intermediates.noindex/GeneratedModuleMaps-xros/CNIOFreeBSD.modulemap -Xcc -fmodule-map-file\=/Users/admin/builder/spi-builder-workspace/.derivedData/Build/Intermediates.noindex/GeneratedModuleMaps-xros/CNIOAtomics.modulemap -Xcc -fmodule-map-file\=/Users/admin/builder/spi-builder-workspace/.dependencies/checkouts/swift-nio/Sources/CNIOWindows/include/module.modulemap -Xcc -fmodule-map-file\=/Users/admin/builder/spi-builder-workspace/.derivedData/Build/Intermediates.noindex/GeneratedModuleMaps-xros/CNIODarwin.modulemap -Xcc -fmodule-map-file\=/Users/admin/builder/spi-builder-workspace/.derivedData/Build/Intermediates.noindex/GeneratedModuleMaps-xros/CNIOLinux.modulemap -Xcc -fmodule-map-file\=/Users/admin/builder/spi-builder-workspace/.derivedData/Build/Intermediates.noindex/GeneratedModuleMaps-xros/CNIOOpenBSD.modulemap -DXcode -enable-experimental-feature Lifetimes -enable-upcoming-feature MemberImportVisibility -plugin-path /Applications/Xcode-27.0.0.app/Contents/Developer/Toolchains/XcodeDefault.xctoolchain/usr/lib/swift/host/plugins/testing -enable-experimental-feature DebugDescriptionMacro -sdk /Applications/Xcode-27.0.0.app/Contents/Developer/Platforms/XROS.platform/Developer/SDKs/XROS27.0.sdk -target arm64-apple-xros1.0 -g -module-cache-path /Users/admin/builder/spi-builder-workspace/.derivedData/ModuleCache.noindex -Xfrontend -serialize-debugging-options -profile-coverage-mapping -profile-generate -enable-testing -suppress-warnings -index-store-path /Users/admin/builder/spi-builder-workspace/.derivedData/Index.noindex/DataStore -Xcc -D_LIBCPP_HARDENING_MODE\=_LIBCPP_HARDENING_MODE_DEBUG -swift-version 6 -I /Users/admin/builder/spi-builder-workspace/.derivedData/Build/Products/Debug-xros -Isystem /Applications/Xcode-27.0.0.app/Contents/Developer/Platforms/XROS.platform/Developer/usr/lib -F /Users/admin/builder/spi-builder-workspace/.derivedData/Build/Products/Debug-xros/PackageFrameworks -F /Users/admin/builder/spi-builder-workspace/.derivedData/Build/Products/Debug-xros -F /Applications/Xcode-27.0.0.app/Contents/Developer/Platforms/XROS.platform/Developer/Library/Frameworks -F /Applications/Xcode-27.0.0.app/Contents/Developer/Platforms/XROS.platform/Developer/SDKs/XROS27.0.sdk/Developer/Library/Frameworks -c -j10 -enable-batch-mode -incremental -Xcc -ivfsstatcache -Xcc /Users/admin/builder/spi-builder-workspace/.derivedData/SDKStatCaches.noindex/xros27.0-24M361-e829b21a6f8c9b70876ba0858053c04489c3c372b822c72ca60ec5271cbc7f3c.sdkstatcache -output-file-map /Users/admin/builder/spi-builder-workspace/.derivedData/Build/Intermediates.noindex/swift-nio.build/Debug-xros/NIOPosix-t.build/Objects-normal/arm64/NIOPosix-OutputFileMap.json -save-temps -no-color-diagnostics -explicit-module-build -module-cache-path /Users/admin/builder/spi-builder-workspace/.derivedData/Build/Intermediates.noindex/SwiftExplicitPrecompiledModules -clang-scanner-module-cache-path /Users/admin/builder/spi-builder-workspace/.derivedData/ModuleCache.noindex -sdk-module-cache-path /Users/admin/builder/spi-builder-workspace/.derivedData/SDKExplicitPrecompiledModules -emit-dependencies -emit-module -emit-module-path /Users/admin/builder/spi-builder-workspace/.derivedData/Build/Intermediates.noindex/swift-nio.build/Debug-xros/NIOPosix-t.build/Objects-normal/arm64/NIOPosix.swiftmodule -serialize-diagnostics -dependency-scan-serialize-diagnostics-path /Users/admin/builder/spi-builder-workspace/.derivedData/Build/Intermediates.noindex/swift-nio.build/Debug-xros/NIOPosix-t.build/Objects-normal/arm64/NIOPosix-dependency-scan.dia -user-module-version 2.104.0 -validate-clang-modules-once -clang-build-session-file /Users/admin/builder/spi-builder-workspace/.derivedData/ModuleCache.noindex/Session.modulevalidation -Xcc -fmodules-prune-interval\=86400 -Xcc -fmodules-prune-after\=345600 -package-name swift_nio -emit-const-values -const-gather-protocols-list /Users/admin/builder/spi-builder-workspace/.derivedData/Build/Intermediates.noindex/swift-nio.build/Debug-xros/NIOPosix-t.build/Objects-normal/arm64/NIOPosix_const_extract_protocols.json -Xcc -I/Users/admin/builder/spi-builder-workspace/.dependencies/checkouts/swift-atomics/Sources/_AtomicsShims/include -Xcc -I/Users/admin/builder/spi-builder-workspace/.dependencies/checkouts/swift-nio/Sources/CNIOPosix/include -Xcc -I/Users/admin/builder/spi-builder-workspace/.dependencies/checkouts/swift-nio/Sources/CNIOWASI/include -Xcc -I/Users/admin/builder/spi-builder-workspace/.dependencies/checkouts/swift-nio/Sources/CNIOFreeBSD/include -Xcc -I/Users/admin/builder/spi-builder-workspace/.dependencies/checkouts/swift-nio/Sources/CNIOAtomics/include -Xcc -I/Users/admin/builder/spi-builder-workspace/.dependencies/checkouts/swift-nio/Sources/CNIOWindows/include -Xcc -I/Users/admin/builder/spi-builder-workspace/.dependencies/checkouts/swift-nio/Sources/CNIODarwin/include -Xcc -I/Users/admin/builder/spi-builder-workspace/.dependencies/checkouts/swift-nio/Sources/CNIOLinux/include -Xcc -I/Users/admin/builder/spi-builder-workspace/.dependencies/checkouts/swift-nio/Sources/CNIOOpenBSD/include -Xcc -I/Users/admin/builder/spi-builder-workspace/.derivedData/Build/Products/Debug-xros/include -Xcc -I/Users/admin/builder/spi-builder-workspace/.derivedData/Build/Intermediates.noindex/swift-nio.build/Debug-xros/NIOPosix-t.build/DerivedSources-normal/arm64 -Xcc -I/Users/admin/builder/spi-builder-workspace/.derivedData/Build/Intermediates.noindex/swift-nio.build/Debug-xros/NIOPosix-t.build/DerivedSources/arm64 -Xcc -I/Users/admin/builder/spi-builder-workspace/.derivedData/Build/Intermediates.noindex/swift-nio.build/Debug-xros/NIOPosix-t.build/DerivedSources -Xcc -DSWIFT_PACKAGE -Xcc -DDEBUG\=1 -emit-objc-header -emit-objc-header-path /Users/admin/builder/spi-builder-workspace/.derivedData/Build/Intermediates.noindex/swift-nio.build/Debug-xros/NIOPosix-t.build/Objects-normal/arm64/NIOPosix-Swift.h -working-directory /Users/admin/builder/spi-builder-workspace/.swiftpm/xcode -experimental-emit-module-separately -disable-cmo
PruneExplicitPrecompiledModules /Users/admin/builder/spi-builder-workspace/.derivedData/Build/Intermediates.noindex/ExplicitPrecompiledModules
PruneExplicitPrecompiledModules /Users/admin/builder/spi-builder-workspace/.derivedData/Build/Intermediates.noindex/SwiftExplicitPrecompiledModules
PruneExplicitPrecompiledModules /Users/admin/builder/spi-builder-workspace/.derivedData/SDKExplicitPrecompiledModules
2026-10-09 08:37:01.117 xcodebuild[2661:10133] [MT] IDERunDestination: Supported platforms for the buildables in the current scheme is empty.
** BUILD FAILED **
The following build commands failed:
ScanDependencies /Users/admin/builder/spi-builder-workspace/.derivedData/Build/Intermediates.noindex/swift-kafka-client.build/Debug-xros/Crdkafka-t.build/Objects-normal/arm64/rdkafka_conf.o /Users/admin/builder/spi-builder-workspace/Sources/Crdkafka/librdkafka/src/rdkafka_conf.c normal arm64 c com.apple.compilers.llvm.clang.1_0.compiler (in target 'Crdkafka' from project 'swift-kafka-client')
Building workspace swift-kafka-client with scheme swift-kafka-client-Package
(2 failures)
BUILD FAILURE 6.4 visionOS