The Swift Package Index logo.Swift Package Index

Track the adoption of Swift 6 strict concurrency checks for data race safety. How many packages are Ready for Swift 6?

Build Information

Failed to build swift-scrypt with Swift 5.8 for watchOS using Xcode 14.3 at 1.0.2.

Build Command

env DEVELOPER_DIR=/Applications/Xcode-14.3.1.app xcrun xcodebuild -IDEClonedSourcePackagesDirPathOverride=$workDir/.dependencies -skipPackagePluginValidation -derivedDataPath $workDir/.derivedData build -scheme swift-scrypt -destination generic/platform=watchos

Build Log

SwiftCompile normal arm64_32 Compiling\ XCTestManifests.swift /Users/builder/builds/o86TiJKT/3/finestructure/swiftpackageindex-builder/spi-builder-workspace/Tests/ScryptTests/XCTestManifests.swift (in target 'ScryptTests' from project 'swift-scrypt')
    cd /Users/builder/builds/o86TiJKT/3/finestructure/swiftpackageindex-builder/spi-builder-workspace
    builtin-swiftTaskExecution -- /Applications/Xcode-14.3.1.app/Contents/Developer/Toolchains/XcodeDefault.xctoolchain/usr/bin/swift-frontend -frontend -c /Users/builder/builds/o86TiJKT/3/finestructure/swiftpackageindex-builder/spi-builder-workspace/Tests/ScryptTests/ScryptTests.swift -primary-file /Users/builder/builds/o86TiJKT/3/finestructure/swiftpackageindex-builder/spi-builder-workspace/Tests/ScryptTests/XCTestManifests.swift -emit-dependencies-path /Users/builder/builds/o86TiJKT/3/finestructure/swiftpackageindex-builder/spi-builder-workspace/.derivedData/Build/Intermediates.noindex/swift-scrypt.build/Debug-watchos/ScryptTests.build/Objects-normal/arm64_32/XCTestManifests.d -emit-reference-dependencies-path /Users/builder/builds/o86TiJKT/3/finestructure/swiftpackageindex-builder/spi-builder-workspace/.derivedData/Build/Intermediates.noindex/swift-scrypt.build/Debug-watchos/ScryptTests.build/Objects-normal/arm64_32/XCTestManifests.swiftdeps -serialize-diagnostics-path /Users/builder/builds/o86TiJKT/3/finestructure/swiftpackageindex-builder/spi-builder-workspace/.derivedData/Build/Intermediates.noindex/swift-scrypt.build/Debug-watchos/ScryptTests.build/Objects-normal/arm64_32/XCTestManifests.dia -target arm64_32-apple-watchos4.0 -enable-objc-interop -sdk /Applications/Xcode-14.3.1.app/Contents/Developer/Platforms/WatchOS.platform/Developer/SDKs/WatchOS9.4.sdk -I /Users/builder/builds/o86TiJKT/3/finestructure/swiftpackageindex-builder/spi-builder-workspace/.derivedData/Build/Products/Debug-watchos -I /Applications/Xcode-14.3.1.app/Contents/Developer/Platforms/WatchOS.platform/Developer/usr/lib -F /Users/builder/builds/o86TiJKT/3/finestructure/swiftpackageindex-builder/spi-builder-workspace/.derivedData/Build/Products/Debug-watchos/PackageFrameworks -F /Users/builder/builds/o86TiJKT/3/finestructure/swiftpackageindex-builder/spi-builder-workspace/.derivedData/Build/Products/Debug-watchos/PackageFrameworks -F /Users/builder/builds/o86TiJKT/3/finestructure/swiftpackageindex-builder/spi-builder-workspace/.derivedData/Build/Products/Debug-watchos -F /Applications/Xcode-14.3.1.app/Contents/Developer/Platforms/WatchOS.platform/Developer/Library/Frameworks -F /Applications/Xcode-14.3.1.app/Contents/Developer/Platforms/WatchOS.platform/Developer/SDKs/WatchOS9.4.sdk/Developer/Library/Frameworks -no-color-diagnostics -enable-testing -g -module-cache-path /Users/builder/builds/o86TiJKT/3/finestructure/swiftpackageindex-builder/spi-builder-workspace/.derivedData/ModuleCache.noindex -swift-version 5 -enforce-exclusivity\=checked -Onone -D SWIFT_PACKAGE -D DEBUG -D Xcode -serialize-debugging-options -empty-abi-descriptor -Xcc -working-directory -Xcc /Users/builder/builds/o86TiJKT/3/finestructure/swiftpackageindex-builder/spi-builder-workspace -resource-dir /Applications/Xcode-14.3.1.app/Contents/Developer/Toolchains/XcodeDefault.xctoolchain/usr/lib/swift -enable-anonymous-context-mangled-names -Xcc -ivfsstatcache -Xcc /Users/builder/builds/o86TiJKT/3/finestructure/swiftpackageindex-builder/spi-builder-workspace/.derivedData/SDKStatCaches.noindex/watchos9.4-20T248-.sdkstatcache -Xcc -I/Users/builder/builds/o86TiJKT/3/finestructure/swiftpackageindex-builder/spi-builder-workspace/Sources/libscrypt/include -Xcc -I/Users/builder/builds/o86TiJKT/3/finestructure/swiftpackageindex-builder/spi-builder-workspace/.derivedData/Build/Products/Debug-watchos/include -Xcc -I/Users/builder/builds/o86TiJKT/3/finestructure/swiftpackageindex-builder/spi-builder-workspace/.derivedData/Build/Intermediates.noindex/swift-scrypt.build/Debug-watchos/ScryptTests.build/DerivedSources-normal/arm64_32 -Xcc -I/Users/builder/builds/o86TiJKT/3/finestructure/swiftpackageindex-builder/spi-builder-workspace/.derivedData/Build/Intermediates.noindex/swift-scrypt.build/Debug-watchos/ScryptTests.build/DerivedSources/arm64_32 -Xcc -I/Users/builder/builds/o86TiJKT/3/finestructure/swiftpackageindex-builder/spi-builder-workspace/.derivedData/Build/Intermediates.noindex/swift-scrypt.build/Debug-watchos/ScryptTests.build/DerivedSources -Xcc -DSWIFT_PACKAGE -Xcc -DDEBUG\=1 -module-name ScryptTests -frontend-parseable-output -disable-clang-spi -target-sdk-version 9.4 -target-sdk-name watchos9.4 -o /Users/builder/builds/o86TiJKT/3/finestructure/swiftpackageindex-builder/spi-builder-workspace/.derivedData/Build/Intermediates.noindex/swift-scrypt.build/Debug-watchos/ScryptTests.build/Objects-normal/arm64_32/XCTestManifests.o -index-unit-output-path /swift-scrypt.build/Debug-watchos/ScryptTests.build/Objects-normal/arm64_32/XCTestManifests.o -index-store-path /Users/builder/builds/o86TiJKT/3/finestructure/swiftpackageindex-builder/spi-builder-workspace/.derivedData/Index.noindex/DataStore -index-system-modules
SwiftCompile normal arm64_32 /Users/builder/builds/o86TiJKT/3/finestructure/swiftpackageindex-builder/spi-builder-workspace/Tests/ScryptTests/XCTestManifests.swift (in target 'ScryptTests' from project 'swift-scrypt')
    cd /Users/builder/builds/o86TiJKT/3/finestructure/swiftpackageindex-builder/spi-builder-workspace
    /Applications/Xcode-14.3.1.app/Contents/Developer/Toolchains/XcodeDefault.xctoolchain/usr/bin/swift-frontend -c /Users/builder/builds/o86TiJKT/3/finestructure/swiftpackageindex-builder/spi-builder-workspace/Tests/ScryptTests/ScryptTests.swift -primary-file /Users/builder/builds/o86TiJKT/3/finestructure/swiftpackageindex-builder/spi-builder-workspace/Tests/ScryptTests/XCTestManifests.swift -emit-dependencies-path /Users/builder/builds/o86TiJKT/3/finestructure/swiftpackageindex-builder/spi-builder-workspace/.derivedData/Build/Intermediates.noindex/swift-scrypt.build/Debug-watchos/ScryptTests.build/Objects-normal/arm64_32/XCTestManifests.d -emit-reference-dependencies-path /Users/builder/builds/o86TiJKT/3/finestructure/swiftpackageindex-builder/spi-builder-workspace/.derivedData/Build/Intermediates.noindex/swift-scrypt.build/Debug-watchos/ScryptTests.build/Objects-normal/arm64_32/XCTestManifests.swiftdeps -serialize-diagnostics-path /Users/builder/builds/o86TiJKT/3/finestructure/swiftpackageindex-builder/spi-builder-workspace/.derivedData/Build/Intermediates.noindex/swift-scrypt.build/Debug-watchos/ScryptTests.build/Objects-normal/arm64_32/XCTestManifests.dia -target arm64_32-apple-watchos4.0 -enable-objc-interop -sdk /Applications/Xcode-14.3.1.app/Contents/Developer/Platforms/WatchOS.platform/Developer/SDKs/WatchOS9.4.sdk -I /Users/builder/builds/o86TiJKT/3/finestructure/swiftpackageindex-builder/spi-builder-workspace/.derivedData/Build/Products/Debug-watchos -I /Applications/Xcode-14.3.1.app/Contents/Developer/Platforms/WatchOS.platform/Developer/usr/lib -F /Users/builder/builds/o86TiJKT/3/finestructure/swiftpackageindex-builder/spi-builder-workspace/.derivedData/Build/Products/Debug-watchos/PackageFrameworks -F /Users/builder/builds/o86TiJKT/3/finestructure/swiftpackageindex-builder/spi-builder-workspace/.derivedData/Build/Products/Debug-watchos/PackageFrameworks -F /Users/builder/builds/o86TiJKT/3/finestructure/swiftpackageindex-builder/spi-builder-workspace/.derivedData/Build/Products/Debug-watchos -F /Applications/Xcode-14.3.1.app/Contents/Developer/Platforms/WatchOS.platform/Developer/Library/Frameworks -F /Applications/Xcode-14.3.1.app/Contents/Developer/Platforms/WatchOS.platform/Developer/SDKs/WatchOS9.4.sdk/Developer/Library/Frameworks -no-color-diagnostics -enable-testing -g -module-cache-path /Users/builder/builds/o86TiJKT/3/finestructure/swiftpackageindex-builder/spi-builder-workspace/.derivedData/ModuleCache.noindex -swift-version 5 -enforce-exclusivity\=checked -Onone -D SWIFT_PACKAGE -D DEBUG -D Xcode -serialize-debugging-options -empty-abi-descriptor -Xcc -working-directory -Xcc /Users/builder/builds/o86TiJKT/3/finestructure/swiftpackageindex-builder/spi-builder-workspace -resource-dir /Applications/Xcode-14.3.1.app/Contents/Developer/Toolchains/XcodeDefault.xctoolchain/usr/lib/swift -enable-anonymous-context-mangled-names -Xcc -ivfsstatcache -Xcc /Users/builder/builds/o86TiJKT/3/finestructure/swiftpackageindex-builder/spi-builder-workspace/.derivedData/SDKStatCaches.noindex/watchos9.4-20T248-.sdkstatcache -Xcc -I/Users/builder/builds/o86TiJKT/3/finestructure/swiftpackageindex-builder/spi-builder-workspace/Sources/libscrypt/include -Xcc -I/Users/builder/builds/o86TiJKT/3/finestructure/swiftpackageindex-builder/spi-builder-workspace/.derivedData/Build/Products/Debug-watchos/include -Xcc -I/Users/builder/builds/o86TiJKT/3/finestructure/swiftpackageindex-builder/spi-builder-workspace/.derivedData/Build/Intermediates.noindex/swift-scrypt.build/Debug-watchos/ScryptTests.build/DerivedSources-normal/arm64_32 -Xcc -I/Users/builder/builds/o86TiJKT/3/finestructure/swiftpackageindex-builder/spi-builder-workspace/.derivedData/Build/Intermediates.noindex/swift-scrypt.build/Debug-watchos/ScryptTests.build/DerivedSources/arm64_32 -Xcc -I/Users/builder/builds/o86TiJKT/3/finestructure/swiftpackageindex-builder/spi-builder-workspace/.derivedData/Build/Intermediates.noindex/swift-scrypt.build/Debug-watchos/ScryptTests.build/DerivedSources -Xcc -DSWIFT_PACKAGE -Xcc -DDEBUG\=1 -module-name ScryptTests -frontend-parseable-output -disable-clang-spi -target-sdk-version 9.4 -target-sdk-name watchos9.4 -o /Users/builder/builds/o86TiJKT/3/finestructure/swiftpackageindex-builder/spi-builder-workspace/.derivedData/Build/Intermediates.noindex/swift-scrypt.build/Debug-watchos/ScryptTests.build/Objects-normal/arm64_32/XCTestManifests.o -index-unit-output-path /swift-scrypt.build/Debug-watchos/ScryptTests.build/Objects-normal/arm64_32/XCTestManifests.o -index-store-path /Users/builder/builds/o86TiJKT/3/finestructure/swiftpackageindex-builder/spi-builder-workspace/.derivedData/Index.noindex/DataStore -index-system-modules
SwiftCompile normal arm64_32 Compiling\ ScryptTests.swift /Users/builder/builds/o86TiJKT/3/finestructure/swiftpackageindex-builder/spi-builder-workspace/Tests/ScryptTests/ScryptTests.swift (in target 'ScryptTests' from project 'swift-scrypt')
    cd /Users/builder/builds/o86TiJKT/3/finestructure/swiftpackageindex-builder/spi-builder-workspace
    builtin-swiftTaskExecution -- /Applications/Xcode-14.3.1.app/Contents/Developer/Toolchains/XcodeDefault.xctoolchain/usr/bin/swift-frontend -frontend -c -primary-file /Users/builder/builds/o86TiJKT/3/finestructure/swiftpackageindex-builder/spi-builder-workspace/Tests/ScryptTests/ScryptTests.swift /Users/builder/builds/o86TiJKT/3/finestructure/swiftpackageindex-builder/spi-builder-workspace/Tests/ScryptTests/XCTestManifests.swift -emit-dependencies-path /Users/builder/builds/o86TiJKT/3/finestructure/swiftpackageindex-builder/spi-builder-workspace/.derivedData/Build/Intermediates.noindex/swift-scrypt.build/Debug-watchos/ScryptTests.build/Objects-normal/arm64_32/ScryptTests.d -emit-reference-dependencies-path /Users/builder/builds/o86TiJKT/3/finestructure/swiftpackageindex-builder/spi-builder-workspace/.derivedData/Build/Intermediates.noindex/swift-scrypt.build/Debug-watchos/ScryptTests.build/Objects-normal/arm64_32/ScryptTests.swiftdeps -serialize-diagnostics-path /Users/builder/builds/o86TiJKT/3/finestructure/swiftpackageindex-builder/spi-builder-workspace/.derivedData/Build/Intermediates.noindex/swift-scrypt.build/Debug-watchos/ScryptTests.build/Objects-normal/arm64_32/ScryptTests.dia -target arm64_32-apple-watchos4.0 -enable-objc-interop -sdk /Applications/Xcode-14.3.1.app/Contents/Developer/Platforms/WatchOS.platform/Developer/SDKs/WatchOS9.4.sdk -I /Users/builder/builds/o86TiJKT/3/finestructure/swiftpackageindex-builder/spi-builder-workspace/.derivedData/Build/Products/Debug-watchos -I /Applications/Xcode-14.3.1.app/Contents/Developer/Platforms/WatchOS.platform/Developer/usr/lib -F /Users/builder/builds/o86TiJKT/3/finestructure/swiftpackageindex-builder/spi-builder-workspace/.derivedData/Build/Products/Debug-watchos/PackageFrameworks -F /Users/builder/builds/o86TiJKT/3/finestructure/swiftpackageindex-builder/spi-builder-workspace/.derivedData/Build/Products/Debug-watchos/PackageFrameworks -F /Users/builder/builds/o86TiJKT/3/finestructure/swiftpackageindex-builder/spi-builder-workspace/.derivedData/Build/Products/Debug-watchos -F /Applications/Xcode-14.3.1.app/Contents/Developer/Platforms/WatchOS.platform/Developer/Library/Frameworks -F /Applications/Xcode-14.3.1.app/Contents/Developer/Platforms/WatchOS.platform/Developer/SDKs/WatchOS9.4.sdk/Developer/Library/Frameworks -no-color-diagnostics -enable-testing -g -module-cache-path /Users/builder/builds/o86TiJKT/3/finestructure/swiftpackageindex-builder/spi-builder-workspace/.derivedData/ModuleCache.noindex -swift-version 5 -enforce-exclusivity\=checked -Onone -D SWIFT_PACKAGE -D DEBUG -D Xcode -serialize-debugging-options -empty-abi-descriptor -Xcc -working-directory -Xcc /Users/builder/builds/o86TiJKT/3/finestructure/swiftpackageindex-builder/spi-builder-workspace -resource-dir /Applications/Xcode-14.3.1.app/Contents/Developer/Toolchains/XcodeDefault.xctoolchain/usr/lib/swift -enable-anonymous-context-mangled-names -Xcc -ivfsstatcache -Xcc /Users/builder/builds/o86TiJKT/3/finestructure/swiftpackageindex-builder/spi-builder-workspace/.derivedData/SDKStatCaches.noindex/watchos9.4-20T248-.sdkstatcache -Xcc -I/Users/builder/builds/o86TiJKT/3/finestructure/swiftpackageindex-builder/spi-builder-workspace/Sources/libscrypt/include -Xcc -I/Users/builder/builds/o86TiJKT/3/finestructure/swiftpackageindex-builder/spi-builder-workspace/.derivedData/Build/Products/Debug-watchos/include -Xcc -I/Users/builder/builds/o86TiJKT/3/finestructure/swiftpackageindex-builder/spi-builder-workspace/.derivedData/Build/Intermediates.noindex/swift-scrypt.build/Debug-watchos/ScryptTests.build/DerivedSources-normal/arm64_32 -Xcc -I/Users/builder/builds/o86TiJKT/3/finestructure/swiftpackageindex-builder/spi-builder-workspace/.derivedData/Build/Intermediates.noindex/swift-scrypt.build/Debug-watchos/ScryptTests.build/DerivedSources/arm64_32 -Xcc -I/Users/builder/builds/o86TiJKT/3/finestructure/swiftpackageindex-builder/spi-builder-workspace/.derivedData/Build/Intermediates.noindex/swift-scrypt.build/Debug-watchos/ScryptTests.build/DerivedSources -Xcc -DSWIFT_PACKAGE -Xcc -DDEBUG\=1 -module-name ScryptTests -frontend-parseable-output -disable-clang-spi -target-sdk-version 9.4 -target-sdk-name watchos9.4 -o /Users/builder/builds/o86TiJKT/3/finestructure/swiftpackageindex-builder/spi-builder-workspace/.derivedData/Build/Intermediates.noindex/swift-scrypt.build/Debug-watchos/ScryptTests.build/Objects-normal/arm64_32/ScryptTests.o -index-unit-output-path /swift-scrypt.build/Debug-watchos/ScryptTests.build/Objects-normal/arm64_32/ScryptTests.o -index-store-path /Users/builder/builds/o86TiJKT/3/finestructure/swiftpackageindex-builder/spi-builder-workspace/.derivedData/Index.noindex/DataStore -index-system-modules
SwiftCompile normal arm64_32 /Users/builder/builds/o86TiJKT/3/finestructure/swiftpackageindex-builder/spi-builder-workspace/Tests/ScryptTests/ScryptTests.swift (in target 'ScryptTests' from project 'swift-scrypt')
    cd /Users/builder/builds/o86TiJKT/3/finestructure/swiftpackageindex-builder/spi-builder-workspace
    /Applications/Xcode-14.3.1.app/Contents/Developer/Toolchains/XcodeDefault.xctoolchain/usr/bin/swift-frontend -c -primary-file /Users/builder/builds/o86TiJKT/3/finestructure/swiftpackageindex-builder/spi-builder-workspace/Tests/ScryptTests/ScryptTests.swift /Users/builder/builds/o86TiJKT/3/finestructure/swiftpackageindex-builder/spi-builder-workspace/Tests/ScryptTests/XCTestManifests.swift -emit-dependencies-path /Users/builder/builds/o86TiJKT/3/finestructure/swiftpackageindex-builder/spi-builder-workspace/.derivedData/Build/Intermediates.noindex/swift-scrypt.build/Debug-watchos/ScryptTests.build/Objects-normal/arm64_32/ScryptTests.d -emit-reference-dependencies-path /Users/builder/builds/o86TiJKT/3/finestructure/swiftpackageindex-builder/spi-builder-workspace/.derivedData/Build/Intermediates.noindex/swift-scrypt.build/Debug-watchos/ScryptTests.build/Objects-normal/arm64_32/ScryptTests.swiftdeps -serialize-diagnostics-path /Users/builder/builds/o86TiJKT/3/finestructure/swiftpackageindex-builder/spi-builder-workspace/.derivedData/Build/Intermediates.noindex/swift-scrypt.build/Debug-watchos/ScryptTests.build/Objects-normal/arm64_32/ScryptTests.dia -target arm64_32-apple-watchos4.0 -enable-objc-interop -sdk /Applications/Xcode-14.3.1.app/Contents/Developer/Platforms/WatchOS.platform/Developer/SDKs/WatchOS9.4.sdk -I /Users/builder/builds/o86TiJKT/3/finestructure/swiftpackageindex-builder/spi-builder-workspace/.derivedData/Build/Products/Debug-watchos -I /Applications/Xcode-14.3.1.app/Contents/Developer/Platforms/WatchOS.platform/Developer/usr/lib -F /Users/builder/builds/o86TiJKT/3/finestructure/swiftpackageindex-builder/spi-builder-workspace/.derivedData/Build/Products/Debug-watchos/PackageFrameworks -F /Users/builder/builds/o86TiJKT/3/finestructure/swiftpackageindex-builder/spi-builder-workspace/.derivedData/Build/Products/Debug-watchos/PackageFrameworks -F /Users/builder/builds/o86TiJKT/3/finestructure/swiftpackageindex-builder/spi-builder-workspace/.derivedData/Build/Products/Debug-watchos -F /Applications/Xcode-14.3.1.app/Contents/Developer/Platforms/WatchOS.platform/Developer/Library/Frameworks -F /Applications/Xcode-14.3.1.app/Contents/Developer/Platforms/WatchOS.platform/Developer/SDKs/WatchOS9.4.sdk/Developer/Library/Frameworks -no-color-diagnostics -enable-testing -g -module-cache-path /Users/builder/builds/o86TiJKT/3/finestructure/swiftpackageindex-builder/spi-builder-workspace/.derivedData/ModuleCache.noindex -swift-version 5 -enforce-exclusivity\=checked -Onone -D SWIFT_PACKAGE -D DEBUG -D Xcode -serialize-debugging-options -empty-abi-descriptor -Xcc -working-directory -Xcc /Users/builder/builds/o86TiJKT/3/finestructure/swiftpackageindex-builder/spi-builder-workspace -resource-dir /Applications/Xcode-14.3.1.app/Contents/Developer/Toolchains/XcodeDefault.xctoolchain/usr/lib/swift -enable-anonymous-context-mangled-names -Xcc -ivfsstatcache -Xcc /Users/builder/builds/o86TiJKT/3/finestructure/swiftpackageindex-builder/spi-builder-workspace/.derivedData/SDKStatCaches.noindex/watchos9.4-20T248-.sdkstatcache -Xcc -I/Users/builder/builds/o86TiJKT/3/finestructure/swiftpackageindex-builder/spi-builder-workspace/Sources/libscrypt/include -Xcc -I/Users/builder/builds/o86TiJKT/3/finestructure/swiftpackageindex-builder/spi-builder-workspace/.derivedData/Build/Products/Debug-watchos/include -Xcc -I/Users/builder/builds/o86TiJKT/3/finestructure/swiftpackageindex-builder/spi-builder-workspace/.derivedData/Build/Intermediates.noindex/swift-scrypt.build/Debug-watchos/ScryptTests.build/DerivedSources-normal/arm64_32 -Xcc -I/Users/builder/builds/o86TiJKT/3/finestructure/swiftpackageindex-builder/spi-builder-workspace/.derivedData/Build/Intermediates.noindex/swift-scrypt.build/Debug-watchos/ScryptTests.build/DerivedSources/arm64_32 -Xcc -I/Users/builder/builds/o86TiJKT/3/finestructure/swiftpackageindex-builder/spi-builder-workspace/.derivedData/Build/Intermediates.noindex/swift-scrypt.build/Debug-watchos/ScryptTests.build/DerivedSources -Xcc -DSWIFT_PACKAGE -Xcc -DDEBUG\=1 -module-name ScryptTests -frontend-parseable-output -disable-clang-spi -target-sdk-version 9.4 -target-sdk-name watchos9.4 -o /Users/builder/builds/o86TiJKT/3/finestructure/swiftpackageindex-builder/spi-builder-workspace/.derivedData/Build/Intermediates.noindex/swift-scrypt.build/Debug-watchos/ScryptTests.build/Objects-normal/arm64_32/ScryptTests.o -index-unit-output-path /swift-scrypt.build/Debug-watchos/ScryptTests.build/Objects-normal/arm64_32/ScryptTests.o -index-store-path /Users/builder/builds/o86TiJKT/3/finestructure/swiftpackageindex-builder/spi-builder-workspace/.derivedData/Index.noindex/DataStore -index-system-modules
SwiftDriverJobDiscovery normal arm64 Compiling Scrypt.swift (in target 'Scrypt' from project 'swift-scrypt')
SwiftCompile normal armv7k Compiling\ ScryptTests.swift /Users/builder/builds/o86TiJKT/3/finestructure/swiftpackageindex-builder/spi-builder-workspace/Tests/ScryptTests/ScryptTests.swift (in target 'ScryptTests' from project 'swift-scrypt')
    cd /Users/builder/builds/o86TiJKT/3/finestructure/swiftpackageindex-builder/spi-builder-workspace
    builtin-swiftTaskExecution -- /Applications/Xcode-14.3.1.app/Contents/Developer/Toolchains/XcodeDefault.xctoolchain/usr/bin/swift-frontend -frontend -c -primary-file /Users/builder/builds/o86TiJKT/3/finestructure/swiftpackageindex-builder/spi-builder-workspace/Tests/ScryptTests/ScryptTests.swift /Users/builder/builds/o86TiJKT/3/finestructure/swiftpackageindex-builder/spi-builder-workspace/Tests/ScryptTests/XCTestManifests.swift -emit-dependencies-path /Users/builder/builds/o86TiJKT/3/finestructure/swiftpackageindex-builder/spi-builder-workspace/.derivedData/Build/Intermediates.noindex/swift-scrypt.build/Debug-watchos/ScryptTests.build/Objects-normal/armv7k/ScryptTests.d -emit-reference-dependencies-path /Users/builder/builds/o86TiJKT/3/finestructure/swiftpackageindex-builder/spi-builder-workspace/.derivedData/Build/Intermediates.noindex/swift-scrypt.build/Debug-watchos/ScryptTests.build/Objects-normal/armv7k/ScryptTests.swiftdeps -serialize-diagnostics-path /Users/builder/builds/o86TiJKT/3/finestructure/swiftpackageindex-builder/spi-builder-workspace/.derivedData/Build/Intermediates.noindex/swift-scrypt.build/Debug-watchos/ScryptTests.build/Objects-normal/armv7k/ScryptTests.dia -target armv7k-apple-watchos4.0 -enable-objc-interop -sdk /Applications/Xcode-14.3.1.app/Contents/Developer/Platforms/WatchOS.platform/Developer/SDKs/WatchOS9.4.sdk -I /Users/builder/builds/o86TiJKT/3/finestructure/swiftpackageindex-builder/spi-builder-workspace/.derivedData/Build/Products/Debug-watchos -I /Applications/Xcode-14.3.1.app/Contents/Developer/Platforms/WatchOS.platform/Developer/usr/lib -F /Users/builder/builds/o86TiJKT/3/finestructure/swiftpackageindex-builder/spi-builder-workspace/.derivedData/Build/Products/Debug-watchos/PackageFrameworks -F /Users/builder/builds/o86TiJKT/3/finestructure/swiftpackageindex-builder/spi-builder-workspace/.derivedData/Build/Products/Debug-watchos/PackageFrameworks -F /Users/builder/builds/o86TiJKT/3/finestructure/swiftpackageindex-builder/spi-builder-workspace/.derivedData/Build/Products/Debug-watchos -F /Applications/Xcode-14.3.1.app/Contents/Developer/Platforms/WatchOS.platform/Developer/Library/Frameworks -F /Applications/Xcode-14.3.1.app/Contents/Developer/Platforms/WatchOS.platform/Developer/SDKs/WatchOS9.4.sdk/Developer/Library/Frameworks -no-color-diagnostics -enable-testing -g -module-cache-path /Users/builder/builds/o86TiJKT/3/finestructure/swiftpackageindex-builder/spi-builder-workspace/.derivedData/ModuleCache.noindex -swift-version 5 -enforce-exclusivity\=checked -Onone -D SWIFT_PACKAGE -D DEBUG -D Xcode -serialize-debugging-options -empty-abi-descriptor -Xcc -working-directory -Xcc /Users/builder/builds/o86TiJKT/3/finestructure/swiftpackageindex-builder/spi-builder-workspace -resource-dir /Applications/Xcode-14.3.1.app/Contents/Developer/Toolchains/XcodeDefault.xctoolchain/usr/lib/swift -enable-anonymous-context-mangled-names -Xcc -ivfsstatcache -Xcc /Users/builder/builds/o86TiJKT/3/finestructure/swiftpackageindex-builder/spi-builder-workspace/.derivedData/SDKStatCaches.noindex/watchos9.4-20T248-.sdkstatcache -Xcc -I/Users/builder/builds/o86TiJKT/3/finestructure/swiftpackageindex-builder/spi-builder-workspace/Sources/libscrypt/include -Xcc -I/Users/builder/builds/o86TiJKT/3/finestructure/swiftpackageindex-builder/spi-builder-workspace/.derivedData/Build/Products/Debug-watchos/include -Xcc -I/Users/builder/builds/o86TiJKT/3/finestructure/swiftpackageindex-builder/spi-builder-workspace/.derivedData/Build/Intermediates.noindex/swift-scrypt.build/Debug-watchos/ScryptTests.build/DerivedSources-normal/armv7k -Xcc -I/Users/builder/builds/o86TiJKT/3/finestructure/swiftpackageindex-builder/spi-builder-workspace/.derivedData/Build/Intermediates.noindex/swift-scrypt.build/Debug-watchos/ScryptTests.build/DerivedSources/armv7k -Xcc -I/Users/builder/builds/o86TiJKT/3/finestructure/swiftpackageindex-builder/spi-builder-workspace/.derivedData/Build/Intermediates.noindex/swift-scrypt.build/Debug-watchos/ScryptTests.build/DerivedSources -Xcc -DSWIFT_PACKAGE -Xcc -DDEBUG\=1 -module-name ScryptTests -frontend-parseable-output -disable-clang-spi -target-sdk-version 9.4 -target-sdk-name watchos9.4 -o /Users/builder/builds/o86TiJKT/3/finestructure/swiftpackageindex-builder/spi-builder-workspace/.derivedData/Build/Intermediates.noindex/swift-scrypt.build/Debug-watchos/ScryptTests.build/Objects-normal/armv7k/ScryptTests.o -index-unit-output-path /swift-scrypt.build/Debug-watchos/ScryptTests.build/Objects-normal/armv7k/ScryptTests.o -index-store-path /Users/builder/builds/o86TiJKT/3/finestructure/swiftpackageindex-builder/spi-builder-workspace/.derivedData/Index.noindex/DataStore -index-system-modules
SwiftCompile normal armv7k /Users/builder/builds/o86TiJKT/3/finestructure/swiftpackageindex-builder/spi-builder-workspace/Tests/ScryptTests/ScryptTests.swift (in target 'ScryptTests' from project 'swift-scrypt')
    cd /Users/builder/builds/o86TiJKT/3/finestructure/swiftpackageindex-builder/spi-builder-workspace
    /Applications/Xcode-14.3.1.app/Contents/Developer/Toolchains/XcodeDefault.xctoolchain/usr/bin/swift-frontend -c -primary-file /Users/builder/builds/o86TiJKT/3/finestructure/swiftpackageindex-builder/spi-builder-workspace/Tests/ScryptTests/ScryptTests.swift /Users/builder/builds/o86TiJKT/3/finestructure/swiftpackageindex-builder/spi-builder-workspace/Tests/ScryptTests/XCTestManifests.swift -emit-dependencies-path /Users/builder/builds/o86TiJKT/3/finestructure/swiftpackageindex-builder/spi-builder-workspace/.derivedData/Build/Intermediates.noindex/swift-scrypt.build/Debug-watchos/ScryptTests.build/Objects-normal/armv7k/ScryptTests.d -emit-reference-dependencies-path /Users/builder/builds/o86TiJKT/3/finestructure/swiftpackageindex-builder/spi-builder-workspace/.derivedData/Build/Intermediates.noindex/swift-scrypt.build/Debug-watchos/ScryptTests.build/Objects-normal/armv7k/ScryptTests.swiftdeps -serialize-diagnostics-path /Users/builder/builds/o86TiJKT/3/finestructure/swiftpackageindex-builder/spi-builder-workspace/.derivedData/Build/Intermediates.noindex/swift-scrypt.build/Debug-watchos/ScryptTests.build/Objects-normal/armv7k/ScryptTests.dia -target armv7k-apple-watchos4.0 -enable-objc-interop -sdk /Applications/Xcode-14.3.1.app/Contents/Developer/Platforms/WatchOS.platform/Developer/SDKs/WatchOS9.4.sdk -I /Users/builder/builds/o86TiJKT/3/finestructure/swiftpackageindex-builder/spi-builder-workspace/.derivedData/Build/Products/Debug-watchos -I /Applications/Xcode-14.3.1.app/Contents/Developer/Platforms/WatchOS.platform/Developer/usr/lib -F /Users/builder/builds/o86TiJKT/3/finestructure/swiftpackageindex-builder/spi-builder-workspace/.derivedData/Build/Products/Debug-watchos/PackageFrameworks -F /Users/builder/builds/o86TiJKT/3/finestructure/swiftpackageindex-builder/spi-builder-workspace/.derivedData/Build/Products/Debug-watchos/PackageFrameworks -F /Users/builder/builds/o86TiJKT/3/finestructure/swiftpackageindex-builder/spi-builder-workspace/.derivedData/Build/Products/Debug-watchos -F /Applications/Xcode-14.3.1.app/Contents/Developer/Platforms/WatchOS.platform/Developer/Library/Frameworks -F /Applications/Xcode-14.3.1.app/Contents/Developer/Platforms/WatchOS.platform/Developer/SDKs/WatchOS9.4.sdk/Developer/Library/Frameworks -no-color-diagnostics -enable-testing -g -module-cache-path /Users/builder/builds/o86TiJKT/3/finestructure/swiftpackageindex-builder/spi-builder-workspace/.derivedData/ModuleCache.noindex -swift-version 5 -enforce-exclusivity\=checked -Onone -D SWIFT_PACKAGE -D DEBUG -D Xcode -serialize-debugging-options -empty-abi-descriptor -Xcc -working-directory -Xcc /Users/builder/builds/o86TiJKT/3/finestructure/swiftpackageindex-builder/spi-builder-workspace -resource-dir /Applications/Xcode-14.3.1.app/Contents/Developer/Toolchains/XcodeDefault.xctoolchain/usr/lib/swift -enable-anonymous-context-mangled-names -Xcc -ivfsstatcache -Xcc /Users/builder/builds/o86TiJKT/3/finestructure/swiftpackageindex-builder/spi-builder-workspace/.derivedData/SDKStatCaches.noindex/watchos9.4-20T248-.sdkstatcache -Xcc -I/Users/builder/builds/o86TiJKT/3/finestructure/swiftpackageindex-builder/spi-builder-workspace/Sources/libscrypt/include -Xcc -I/Users/builder/builds/o86TiJKT/3/finestructure/swiftpackageindex-builder/spi-builder-workspace/.derivedData/Build/Products/Debug-watchos/include -Xcc -I/Users/builder/builds/o86TiJKT/3/finestructure/swiftpackageindex-builder/spi-builder-workspace/.derivedData/Build/Intermediates.noindex/swift-scrypt.build/Debug-watchos/ScryptTests.build/DerivedSources-normal/armv7k -Xcc -I/Users/builder/builds/o86TiJKT/3/finestructure/swiftpackageindex-builder/spi-builder-workspace/.derivedData/Build/Intermediates.noindex/swift-scrypt.build/Debug-watchos/ScryptTests.build/DerivedSources/armv7k -Xcc -I/Users/builder/builds/o86TiJKT/3/finestructure/swiftpackageindex-builder/spi-builder-workspace/.derivedData/Build/Intermediates.noindex/swift-scrypt.build/Debug-watchos/ScryptTests.build/DerivedSources -Xcc -DSWIFT_PACKAGE -Xcc -DDEBUG\=1 -module-name ScryptTests -frontend-parseable-output -disable-clang-spi -target-sdk-version 9.4 -target-sdk-name watchos9.4 -o /Users/builder/builds/o86TiJKT/3/finestructure/swiftpackageindex-builder/spi-builder-workspace/.derivedData/Build/Intermediates.noindex/swift-scrypt.build/Debug-watchos/ScryptTests.build/Objects-normal/armv7k/ScryptTests.o -index-unit-output-path /swift-scrypt.build/Debug-watchos/ScryptTests.build/Objects-normal/armv7k/ScryptTests.o -index-store-path /Users/builder/builds/o86TiJKT/3/finestructure/swiftpackageindex-builder/spi-builder-workspace/.derivedData/Index.noindex/DataStore -index-system-modules
/Users/builder/builds/o86TiJKT/3/finestructure/swiftpackageindex-builder/spi-builder-workspace/Tests/ScryptTests/ScryptTests.swift:31:79: error: integer literal '137438953441' overflows when stored into 'Int'
        XCTAssertThrowsError(try scrypt(password: hello, salt: hello, length: 137_438_953_441))
                                                                              ^
SwiftDriverJobDiscovery normal arm64_32 Compiling Scrypt.swift (in target 'Scrypt' from project 'swift-scrypt')
SwiftCompile normal arm64 Compiling\ XCTestManifests.swift /Users/builder/builds/o86TiJKT/3/finestructure/swiftpackageindex-builder/spi-builder-workspace/Tests/ScryptTests/XCTestManifests.swift (in target 'ScryptTests' from project 'swift-scrypt')
    cd /Users/builder/builds/o86TiJKT/3/finestructure/swiftpackageindex-builder/spi-builder-workspace
    builtin-swiftTaskExecution -- /Applications/Xcode-14.3.1.app/Contents/Developer/Toolchains/XcodeDefault.xctoolchain/usr/bin/swift-frontend -frontend -c /Users/builder/builds/o86TiJKT/3/finestructure/swiftpackageindex-builder/spi-builder-workspace/Tests/ScryptTests/ScryptTests.swift -primary-file /Users/builder/builds/o86TiJKT/3/finestructure/swiftpackageindex-builder/spi-builder-workspace/Tests/ScryptTests/XCTestManifests.swift -emit-dependencies-path /Users/builder/builds/o86TiJKT/3/finestructure/swiftpackageindex-builder/spi-builder-workspace/.derivedData/Build/Intermediates.noindex/swift-scrypt.build/Debug-watchos/ScryptTests.build/Objects-normal/arm64/XCTestManifests.d -emit-reference-dependencies-path /Users/builder/builds/o86TiJKT/3/finestructure/swiftpackageindex-builder/spi-builder-workspace/.derivedData/Build/Intermediates.noindex/swift-scrypt.build/Debug-watchos/ScryptTests.build/Objects-normal/arm64/XCTestManifests.swiftdeps -serialize-diagnostics-path /Users/builder/builds/o86TiJKT/3/finestructure/swiftpackageindex-builder/spi-builder-workspace/.derivedData/Build/Intermediates.noindex/swift-scrypt.build/Debug-watchos/ScryptTests.build/Objects-normal/arm64/XCTestManifests.dia -target arm64-apple-watchos4.0 -Xllvm -aarch64-use-tbi -enable-objc-interop -sdk /Applications/Xcode-14.3.1.app/Contents/Developer/Platforms/WatchOS.platform/Developer/SDKs/WatchOS9.4.sdk -I /Users/builder/builds/o86TiJKT/3/finestructure/swiftpackageindex-builder/spi-builder-workspace/.derivedData/Build/Products/Debug-watchos -I /Applications/Xcode-14.3.1.app/Contents/Developer/Platforms/WatchOS.platform/Developer/usr/lib -F /Users/builder/builds/o86TiJKT/3/finestructure/swiftpackageindex-builder/spi-builder-workspace/.derivedData/Build/Products/Debug-watchos/PackageFrameworks -F /Users/builder/builds/o86TiJKT/3/finestructure/swiftpackageindex-builder/spi-builder-workspace/.derivedData/Build/Products/Debug-watchos/PackageFrameworks -F /Users/builder/builds/o86TiJKT/3/finestructure/swiftpackageindex-builder/spi-builder-workspace/.derivedData/Build/Products/Debug-watchos -F /Applications/Xcode-14.3.1.app/Contents/Developer/Platforms/WatchOS.platform/Developer/Library/Frameworks -F /Applications/Xcode-14.3.1.app/Contents/Developer/Platforms/WatchOS.platform/Developer/SDKs/WatchOS9.4.sdk/Developer/Library/Frameworks -no-color-diagnostics -enable-testing -g -module-cache-path /Users/builder/builds/o86TiJKT/3/finestructure/swiftpackageindex-builder/spi-builder-workspace/.derivedData/ModuleCache.noindex -swift-version 5 -enforce-exclusivity\=checked -Onone -D SWIFT_PACKAGE -D DEBUG -D Xcode -serialize-debugging-options -empty-abi-descriptor -Xcc -working-directory -Xcc /Users/builder/builds/o86TiJKT/3/finestructure/swiftpackageindex-builder/spi-builder-workspace -resource-dir /Applications/Xcode-14.3.1.app/Contents/Developer/Toolchains/XcodeDefault.xctoolchain/usr/lib/swift -enable-anonymous-context-mangled-names -Xcc -ivfsstatcache -Xcc /Users/builder/builds/o86TiJKT/3/finestructure/swiftpackageindex-builder/spi-builder-workspace/.derivedData/SDKStatCaches.noindex/watchos9.4-20T248-.sdkstatcache -Xcc -I/Users/builder/builds/o86TiJKT/3/finestructure/swiftpackageindex-builder/spi-builder-workspace/Sources/libscrypt/include -Xcc -I/Users/builder/builds/o86TiJKT/3/finestructure/swiftpackageindex-builder/spi-builder-workspace/.derivedData/Build/Products/Debug-watchos/include -Xcc -I/Users/builder/builds/o86TiJKT/3/finestructure/swiftpackageindex-builder/spi-builder-workspace/.derivedData/Build/Intermediates.noindex/swift-scrypt.build/Debug-watchos/ScryptTests.build/DerivedSources-normal/arm64 -Xcc -I/Users/builder/builds/o86TiJKT/3/finestructure/swiftpackageindex-builder/spi-builder-workspace/.derivedData/Build/Intermediates.noindex/swift-scrypt.build/Debug-watchos/ScryptTests.build/DerivedSources/arm64 -Xcc -I/Users/builder/builds/o86TiJKT/3/finestructure/swiftpackageindex-builder/spi-builder-workspace/.derivedData/Build/Intermediates.noindex/swift-scrypt.build/Debug-watchos/ScryptTests.build/DerivedSources -Xcc -DSWIFT_PACKAGE -Xcc -DDEBUG\=1 -module-name ScryptTests -frontend-parseable-output -disable-clang-spi -target-sdk-version 9.4 -target-sdk-name watchos9.4 -o /Users/builder/builds/o86TiJKT/3/finestructure/swiftpackageindex-builder/spi-builder-workspace/.derivedData/Build/Intermediates.noindex/swift-scrypt.build/Debug-watchos/ScryptTests.build/Objects-normal/arm64/XCTestManifests.o -index-unit-output-path /swift-scrypt.build/Debug-watchos/ScryptTests.build/Objects-normal/arm64/XCTestManifests.o -index-store-path /Users/builder/builds/o86TiJKT/3/finestructure/swiftpackageindex-builder/spi-builder-workspace/.derivedData/Index.noindex/DataStore -index-system-modules
SwiftCompile normal arm64 /Users/builder/builds/o86TiJKT/3/finestructure/swiftpackageindex-builder/spi-builder-workspace/Tests/ScryptTests/XCTestManifests.swift (in target 'ScryptTests' from project 'swift-scrypt')
    cd /Users/builder/builds/o86TiJKT/3/finestructure/swiftpackageindex-builder/spi-builder-workspace
    /Applications/Xcode-14.3.1.app/Contents/Developer/Toolchains/XcodeDefault.xctoolchain/usr/bin/swift-frontend -c /Users/builder/builds/o86TiJKT/3/finestructure/swiftpackageindex-builder/spi-builder-workspace/Tests/ScryptTests/ScryptTests.swift -primary-file /Users/builder/builds/o86TiJKT/3/finestructure/swiftpackageindex-builder/spi-builder-workspace/Tests/ScryptTests/XCTestManifests.swift -emit-dependencies-path /Users/builder/builds/o86TiJKT/3/finestructure/swiftpackageindex-builder/spi-builder-workspace/.derivedData/Build/Intermediates.noindex/swift-scrypt.build/Debug-watchos/ScryptTests.build/Objects-normal/arm64/XCTestManifests.d -emit-reference-dependencies-path /Users/builder/builds/o86TiJKT/3/finestructure/swiftpackageindex-builder/spi-builder-workspace/.derivedData/Build/Intermediates.noindex/swift-scrypt.build/Debug-watchos/ScryptTests.build/Objects-normal/arm64/XCTestManifests.swiftdeps -serialize-diagnostics-path /Users/builder/builds/o86TiJKT/3/finestructure/swiftpackageindex-builder/spi-builder-workspace/.derivedData/Build/Intermediates.noindex/swift-scrypt.build/Debug-watchos/ScryptTests.build/Objects-normal/arm64/XCTestManifests.dia -target arm64-apple-watchos4.0 -Xllvm -aarch64-use-tbi -enable-objc-interop -sdk /Applications/Xcode-14.3.1.app/Contents/Developer/Platforms/WatchOS.platform/Developer/SDKs/WatchOS9.4.sdk -I /Users/builder/builds/o86TiJKT/3/finestructure/swiftpackageindex-builder/spi-builder-workspace/.derivedData/Build/Products/Debug-watchos -I /Applications/Xcode-14.3.1.app/Contents/Developer/Platforms/WatchOS.platform/Developer/usr/lib -F /Users/builder/builds/o86TiJKT/3/finestructure/swiftpackageindex-builder/spi-builder-workspace/.derivedData/Build/Products/Debug-watchos/PackageFrameworks -F /Users/builder/builds/o86TiJKT/3/finestructure/swiftpackageindex-builder/spi-builder-workspace/.derivedData/Build/Products/Debug-watchos/PackageFrameworks -F /Users/builder/builds/o86TiJKT/3/finestructure/swiftpackageindex-builder/spi-builder-workspace/.derivedData/Build/Products/Debug-watchos -F /Applications/Xcode-14.3.1.app/Contents/Developer/Platforms/WatchOS.platform/Developer/Library/Frameworks -F /Applications/Xcode-14.3.1.app/Contents/Developer/Platforms/WatchOS.platform/Developer/SDKs/WatchOS9.4.sdk/Developer/Library/Frameworks -no-color-diagnostics -enable-testing -g -module-cache-path /Users/builder/builds/o86TiJKT/3/finestructure/swiftpackageindex-builder/spi-builder-workspace/.derivedData/ModuleCache.noindex -swift-version 5 -enforce-exclusivity\=checked -Onone -D SWIFT_PACKAGE -D DEBUG -D Xcode -serialize-debugging-options -empty-abi-descriptor -Xcc -working-directory -Xcc /Users/builder/builds/o86TiJKT/3/finestructure/swiftpackageindex-builder/spi-builder-workspace -resource-dir /Applications/Xcode-14.3.1.app/Contents/Developer/Toolchains/XcodeDefault.xctoolchain/usr/lib/swift -enable-anonymous-context-mangled-names -Xcc -ivfsstatcache -Xcc /Users/builder/builds/o86TiJKT/3/finestructure/swiftpackageindex-builder/spi-builder-workspace/.derivedData/SDKStatCaches.noindex/watchos9.4-20T248-.sdkstatcache -Xcc -I/Users/builder/builds/o86TiJKT/3/finestructure/swiftpackageindex-builder/spi-builder-workspace/Sources/libscrypt/include -Xcc -I/Users/builder/builds/o86TiJKT/3/finestructure/swiftpackageindex-builder/spi-builder-workspace/.derivedData/Build/Products/Debug-watchos/include -Xcc -I/Users/builder/builds/o86TiJKT/3/finestructure/swiftpackageindex-builder/spi-builder-workspace/.derivedData/Build/Intermediates.noindex/swift-scrypt.build/Debug-watchos/ScryptTests.build/DerivedSources-normal/arm64 -Xcc -I/Users/builder/builds/o86TiJKT/3/finestructure/swiftpackageindex-builder/spi-builder-workspace/.derivedData/Build/Intermediates.noindex/swift-scrypt.build/Debug-watchos/ScryptTests.build/DerivedSources/arm64 -Xcc -I/Users/builder/builds/o86TiJKT/3/finestructure/swiftpackageindex-builder/spi-builder-workspace/.derivedData/Build/Intermediates.noindex/swift-scrypt.build/Debug-watchos/ScryptTests.build/DerivedSources -Xcc -DSWIFT_PACKAGE -Xcc -DDEBUG\=1 -module-name ScryptTests -frontend-parseable-output -disable-clang-spi -target-sdk-version 9.4 -target-sdk-name watchos9.4 -o /Users/builder/builds/o86TiJKT/3/finestructure/swiftpackageindex-builder/spi-builder-workspace/.derivedData/Build/Intermediates.noindex/swift-scrypt.build/Debug-watchos/ScryptTests.build/Objects-normal/arm64/XCTestManifests.o -index-unit-output-path /swift-scrypt.build/Debug-watchos/ScryptTests.build/Objects-normal/arm64/XCTestManifests.o -index-store-path /Users/builder/builds/o86TiJKT/3/finestructure/swiftpackageindex-builder/spi-builder-workspace/.derivedData/Index.noindex/DataStore -index-system-modules
SwiftDriverJobDiscovery normal armv7k Compiling Scrypt.swift (in target 'Scrypt' from project 'swift-scrypt')
SwiftCompile normal armv7k Compiling\ XCTestManifests.swift /Users/builder/builds/o86TiJKT/3/finestructure/swiftpackageindex-builder/spi-builder-workspace/Tests/ScryptTests/XCTestManifests.swift (in target 'ScryptTests' from project 'swift-scrypt')
    cd /Users/builder/builds/o86TiJKT/3/finestructure/swiftpackageindex-builder/spi-builder-workspace
    builtin-swiftTaskExecution -- /Applications/Xcode-14.3.1.app/Contents/Developer/Toolchains/XcodeDefault.xctoolchain/usr/bin/swift-frontend -frontend -c /Users/builder/builds/o86TiJKT/3/finestructure/swiftpackageindex-builder/spi-builder-workspace/Tests/ScryptTests/ScryptTests.swift -primary-file /Users/builder/builds/o86TiJKT/3/finestructure/swiftpackageindex-builder/spi-builder-workspace/Tests/ScryptTests/XCTestManifests.swift -emit-dependencies-path /Users/builder/builds/o86TiJKT/3/finestructure/swiftpackageindex-builder/spi-builder-workspace/.derivedData/Build/Intermediates.noindex/swift-scrypt.build/Debug-watchos/ScryptTests.build/Objects-normal/armv7k/XCTestManifests.d -emit-reference-dependencies-path /Users/builder/builds/o86TiJKT/3/finestructure/swiftpackageindex-builder/spi-builder-workspace/.derivedData/Build/Intermediates.noindex/swift-scrypt.build/Debug-watchos/ScryptTests.build/Objects-normal/armv7k/XCTestManifests.swiftdeps -serialize-diagnostics-path /Users/builder/builds/o86TiJKT/3/finestructure/swiftpackageindex-builder/spi-builder-workspace/.derivedData/Build/Intermediates.noindex/swift-scrypt.build/Debug-watchos/ScryptTests.build/Objects-normal/armv7k/XCTestManifests.dia -target armv7k-apple-watchos4.0 -enable-objc-interop -sdk /Applications/Xcode-14.3.1.app/Contents/Developer/Platforms/WatchOS.platform/Developer/SDKs/WatchOS9.4.sdk -I /Users/builder/builds/o86TiJKT/3/finestructure/swiftpackageindex-builder/spi-builder-workspace/.derivedData/Build/Products/Debug-watchos -I /Applications/Xcode-14.3.1.app/Contents/Developer/Platforms/WatchOS.platform/Developer/usr/lib -F /Users/builder/builds/o86TiJKT/3/finestructure/swiftpackageindex-builder/spi-builder-workspace/.derivedData/Build/Products/Debug-watchos/PackageFrameworks -F /Users/builder/builds/o86TiJKT/3/finestructure/swiftpackageindex-builder/spi-builder-workspace/.derivedData/Build/Products/Debug-watchos/PackageFrameworks -F /Users/builder/builds/o86TiJKT/3/finestructure/swiftpackageindex-builder/spi-builder-workspace/.derivedData/Build/Products/Debug-watchos -F /Applications/Xcode-14.3.1.app/Contents/Developer/Platforms/WatchOS.platform/Developer/Library/Frameworks -F /Applications/Xcode-14.3.1.app/Contents/Developer/Platforms/WatchOS.platform/Developer/SDKs/WatchOS9.4.sdk/Developer/Library/Frameworks -no-color-diagnostics -enable-testing -g -module-cache-path /Users/builder/builds/o86TiJKT/3/finestructure/swiftpackageindex-builder/spi-builder-workspace/.derivedData/ModuleCache.noindex -swift-version 5 -enforce-exclusivity\=checked -Onone -D SWIFT_PACKAGE -D DEBUG -D Xcode -serialize-debugging-options -empty-abi-descriptor -Xcc -working-directory -Xcc /Users/builder/builds/o86TiJKT/3/finestructure/swiftpackageindex-builder/spi-builder-workspace -resource-dir /Applications/Xcode-14.3.1.app/Contents/Developer/Toolchains/XcodeDefault.xctoolchain/usr/lib/swift -enable-anonymous-context-mangled-names -Xcc -ivfsstatcache -Xcc /Users/builder/builds/o86TiJKT/3/finestructure/swiftpackageindex-builder/spi-builder-workspace/.derivedData/SDKStatCaches.noindex/watchos9.4-20T248-.sdkstatcache -Xcc -I/Users/builder/builds/o86TiJKT/3/finestructure/swiftpackageindex-builder/spi-builder-workspace/Sources/libscrypt/include -Xcc -I/Users/builder/builds/o86TiJKT/3/finestructure/swiftpackageindex-builder/spi-builder-workspace/.derivedData/Build/Products/Debug-watchos/include -Xcc -I/Users/builder/builds/o86TiJKT/3/finestructure/swiftpackageindex-builder/spi-builder-workspace/.derivedData/Build/Intermediates.noindex/swift-scrypt.build/Debug-watchos/ScryptTests.build/DerivedSources-normal/armv7k -Xcc -I/Users/builder/builds/o86TiJKT/3/finestructure/swiftpackageindex-builder/spi-builder-workspace/.derivedData/Build/Intermediates.noindex/swift-scrypt.build/Debug-watchos/ScryptTests.build/DerivedSources/armv7k -Xcc -I/Users/builder/builds/o86TiJKT/3/finestructure/swiftpackageindex-builder/spi-builder-workspace/.derivedData/Build/Intermediates.noindex/swift-scrypt.build/Debug-watchos/ScryptTests.build/DerivedSources -Xcc -DSWIFT_PACKAGE -Xcc -DDEBUG\=1 -module-name ScryptTests -frontend-parseable-output -disable-clang-spi -target-sdk-version 9.4 -target-sdk-name watchos9.4 -o /Users/builder/builds/o86TiJKT/3/finestructure/swiftpackageindex-builder/spi-builder-workspace/.derivedData/Build/Intermediates.noindex/swift-scrypt.build/Debug-watchos/ScryptTests.build/Objects-normal/armv7k/XCTestManifests.o -index-unit-output-path /swift-scrypt.build/Debug-watchos/ScryptTests.build/Objects-normal/armv7k/XCTestManifests.o -index-store-path /Users/builder/builds/o86TiJKT/3/finestructure/swiftpackageindex-builder/spi-builder-workspace/.derivedData/Index.noindex/DataStore -index-system-modules
SwiftDriverJobDiscovery normal armv7k Emitting module for ScryptTests (in target 'ScryptTests' from project 'swift-scrypt')
SwiftDriverJobDiscovery normal arm64_32 Compiling XCTestManifests.swift (in target 'ScryptTests' from project 'swift-scrypt')
SwiftDriver\ Compilation\ Requirements ScryptTests normal armv7k com.apple.xcode.tools.swift.compiler (in target 'ScryptTests' from project 'swift-scrypt')
    cd /Users/builder/builds/o86TiJKT/3/finestructure/swiftpackageindex-builder/spi-builder-workspace
    builtin-Swift-Compilation-Requirements -- /Applications/Xcode-14.3.1.app/Contents/Developer/Toolchains/XcodeDefault.xctoolchain/usr/bin/swiftc -module-name ScryptTests -Onone -enforce-exclusivity\=checked @/Users/builder/builds/o86TiJKT/3/finestructure/swiftpackageindex-builder/spi-builder-workspace/.derivedData/Build/Intermediates.noindex/swift-scrypt.build/Debug-watchos/ScryptTests.build/Objects-normal/armv7k/ScryptTests.SwiftFileList -DSWIFT_PACKAGE -DDEBUG -DXcode -sdk /Applications/Xcode-14.3.1.app/Contents/Developer/Platforms/WatchOS.platform/Developer/SDKs/WatchOS9.4.sdk -target armv7k-apple-watchos4.0 -g -module-cache-path /Users/builder/builds/o86TiJKT/3/finestructure/swiftpackageindex-builder/spi-builder-workspace/.derivedData/ModuleCache.noindex -Xfrontend -serialize-debugging-options -enable-testing -index-store-path /Users/builder/builds/o86TiJKT/3/finestructure/swiftpackageindex-builder/spi-builder-workspace/.derivedData/Index.noindex/DataStore -swift-version 5 -I /Users/builder/builds/o86TiJKT/3/finestructure/swiftpackageindex-builder/spi-builder-workspace/.derivedData/Build/Products/Debug-watchos -I /Applications/Xcode-14.3.1.app/Contents/Developer/Platforms/WatchOS.platform/Developer/usr/lib -F /Users/builder/builds/o86TiJKT/3/finestructure/swiftpackageindex-builder/spi-builder-workspace/.derivedData/Build/Products/Debug-watchos/PackageFrameworks -F /Users/builder/builds/o86TiJKT/3/finestructure/swiftpackageindex-builder/spi-builder-workspace/.derivedData/Build/Products/Debug-watchos/PackageFrameworks -F /Users/builder/builds/o86TiJKT/3/finestructure/swiftpackageindex-builder/spi-builder-workspace/.derivedData/Build/Products/Debug-watchos -F /Applications/Xcode-14.3.1.app/Contents/Developer/Platforms/WatchOS.platform/Developer/Library/Frameworks -F /Applications/Xcode-14.3.1.app/Contents/Developer/Platforms/WatchOS.platform/Developer/SDKs/WatchOS9.4.sdk/Developer/Library/Frameworks -c -j8 -enable-batch-mode -incremental -Xcc -ivfsstatcache -Xcc /Users/builder/builds/o86TiJKT/3/finestructure/swiftpackageindex-builder/spi-builder-workspace/.derivedData/SDKStatCaches.noindex/watchos9.4-20T248-.sdkstatcache -output-file-map /Users/builder/builds/o86TiJKT/3/finestructure/swiftpackageindex-builder/spi-builder-workspace/.derivedData/Build/Intermediates.noindex/swift-scrypt.build/Debug-watchos/ScryptTests.build/Objects-normal/armv7k/ScryptTests-OutputFileMap.json -use-frontend-parseable-output -save-temps -no-color-diagnostics -serialize-diagnostics -emit-dependencies -emit-module -emit-module-path /Users/builder/builds/o86TiJKT/3/finestructure/swiftpackageindex-builder/spi-builder-workspace/.derivedData/Build/Intermediates.noindex/swift-scrypt.build/Debug-watchos/ScryptTests.build/Objects-normal/armv7k/ScryptTests.swiftmodule -Xcc -I/Users/builder/builds/o86TiJKT/3/finestructure/swiftpackageindex-builder/spi-builder-workspace/Sources/libscrypt/include -Xcc -I/Users/builder/builds/o86TiJKT/3/finestructure/swiftpackageindex-builder/spi-builder-workspace/.derivedData/Build/Products/Debug-watchos/include -Xcc -I/Users/builder/builds/o86TiJKT/3/finestructure/swiftpackageindex-builder/spi-builder-workspace/.derivedData/Build/Intermediates.noindex/swift-scrypt.build/Debug-watchos/ScryptTests.build/DerivedSources-normal/armv7k -Xcc -I/Users/builder/builds/o86TiJKT/3/finestructure/swiftpackageindex-builder/spi-builder-workspace/.derivedData/Build/Intermediates.noindex/swift-scrypt.build/Debug-watchos/ScryptTests.build/DerivedSources/armv7k -Xcc -I/Users/builder/builds/o86TiJKT/3/finestructure/swiftpackageindex-builder/spi-builder-workspace/.derivedData/Build/Intermediates.noindex/swift-scrypt.build/Debug-watchos/ScryptTests.build/DerivedSources -Xcc -DSWIFT_PACKAGE -Xcc -DDEBUG\=1 -working-directory /Users/builder/builds/o86TiJKT/3/finestructure/swiftpackageindex-builder/spi-builder-workspace -experimental-emit-module-separately -disable-cmo
SwiftDriver\ Compilation Scrypt normal armv7k com.apple.xcode.tools.swift.compiler (in target 'Scrypt' from project 'swift-scrypt')
    cd /Users/builder/builds/o86TiJKT/3/finestructure/swiftpackageindex-builder/spi-builder-workspace
    builtin-Swift-Compilation -- /Applications/Xcode-14.3.1.app/Contents/Developer/Toolchains/XcodeDefault.xctoolchain/usr/bin/swiftc -module-name Scrypt -Onone -enforce-exclusivity\=checked @/Users/builder/builds/o86TiJKT/3/finestructure/swiftpackageindex-builder/spi-builder-workspace/.derivedData/Build/Intermediates.noindex/swift-scrypt.build/Debug-watchos/Scrypt.build/Objects-normal/armv7k/Scrypt.SwiftFileList -DSWIFT_PACKAGE -DDEBUG -DXcode -sdk /Applications/Xcode-14.3.1.app/Contents/Developer/Platforms/WatchOS.platform/Developer/SDKs/WatchOS9.4.sdk -target armv7k-apple-watchos4.0 -g -module-cache-path /Users/builder/builds/o86TiJKT/3/finestructure/swiftpackageindex-builder/spi-builder-workspace/.derivedData/ModuleCache.noindex -Xfrontend -serialize-debugging-options -enable-testing -index-store-path /Users/builder/builds/o86TiJKT/3/finestructure/swiftpackageindex-builder/spi-builder-workspace/.derivedData/Index.noindex/DataStore -swift-version 5 -I /Users/builder/builds/o86TiJKT/3/finestructure/swiftpackageindex-builder/spi-builder-workspace/.derivedData/Build/Products/Debug-watchos -I /Applications/Xcode-14.3.1.app/Contents/Developer/Platforms/WatchOS.platform/Developer/usr/lib -F /Users/builder/builds/o86TiJKT/3/finestructure/swiftpackageindex-builder/spi-builder-workspace/.derivedData/Build/Products/Debug-watchos/PackageFrameworks -F /Users/builder/builds/o86TiJKT/3/finestructure/swiftpackageindex-builder/spi-builder-workspace/.derivedData/Build/Products/Debug-watchos -F /Applications/Xcode-14.3.1.app/Contents/Developer/Platforms/WatchOS.platform/Developer/Library/Frameworks -F /Applications/Xcode-14.3.1.app/Contents/Developer/Platforms/WatchOS.platform/Developer/SDKs/WatchOS9.4.sdk/Developer/Library/Frameworks -parse-as-library -c -j8 -enable-batch-mode -incremental -Xcc -ivfsstatcache -Xcc /Users/builder/builds/o86TiJKT/3/finestructure/swiftpackageindex-builder/spi-builder-workspace/.derivedData/SDKStatCaches.noindex/watchos9.4-20T248-.sdkstatcache -output-file-map /Users/builder/builds/o86TiJKT/3/finestructure/swiftpackageindex-builder/spi-builder-workspace/.derivedData/Build/Intermediates.noindex/swift-scrypt.build/Debug-watchos/Scrypt.build/Objects-normal/armv7k/Scrypt-OutputFileMap.json -use-frontend-parseable-output -save-temps -no-color-diagnostics -serialize-diagnostics -emit-dependencies -emit-module -emit-module-path /Users/builder/builds/o86TiJKT/3/finestructure/swiftpackageindex-builder/spi-builder-workspace/.derivedData/Build/Intermediates.noindex/swift-scrypt.build/Debug-watchos/Scrypt.build/Objects-normal/armv7k/Scrypt.swiftmodule -Xcc -I/Users/builder/builds/o86TiJKT/3/finestructure/swiftpackageindex-builder/spi-builder-workspace/.derivedData/Build/Intermediates.noindex/swift-scrypt.build/Debug-watchos/Scrypt.build/swift-overrides.hmap -Xcc -I/Users/builder/builds/o86TiJKT/3/finestructure/swiftpackageindex-builder/spi-builder-workspace/Sources/libscrypt/include -Xcc -I/Users/builder/builds/o86TiJKT/3/finestructure/swiftpackageindex-builder/spi-builder-workspace/.derivedData/Build/Products/Debug-watchos/include -Xcc -I/Users/builder/builds/o86TiJKT/3/finestructure/swiftpackageindex-builder/spi-builder-workspace/.derivedData/Build/Intermediates.noindex/swift-scrypt.build/Debug-watchos/Scrypt.build/DerivedSources-normal/armv7k -Xcc -I/Users/builder/builds/o86TiJKT/3/finestructure/swiftpackageindex-builder/spi-builder-workspace/.derivedData/Build/Intermediates.noindex/swift-scrypt.build/Debug-watchos/Scrypt.build/DerivedSources/armv7k -Xcc -I/Users/builder/builds/o86TiJKT/3/finestructure/swiftpackageindex-builder/spi-builder-workspace/.derivedData/Build/Intermediates.noindex/swift-scrypt.build/Debug-watchos/Scrypt.build/DerivedSources -Xcc -DSWIFT_PACKAGE -Xcc -DDEBUG\=1 -emit-objc-header -emit-objc-header-path /Users/builder/builds/o86TiJKT/3/finestructure/swiftpackageindex-builder/spi-builder-workspace/.derivedData/Build/Intermediates.noindex/swift-scrypt.build/Debug-watchos/Scrypt.build/Objects-normal/armv7k/Scrypt-Swift.h -working-directory /Users/builder/builds/o86TiJKT/3/finestructure/swiftpackageindex-builder/spi-builder-workspace -experimental-emit-module-separately -disable-cmo
Copy /Users/builder/builds/o86TiJKT/3/finestructure/swiftpackageindex-builder/spi-builder-workspace/.derivedData/Build/Products/Debug-watchos/ScryptTests.swiftmodule/armv7k-apple-watchos.swiftmodule /Users/builder/builds/o86TiJKT/3/finestructure/swiftpackageindex-builder/spi-builder-workspace/.derivedData/Build/Intermediates.noindex/swift-scrypt.build/Debug-watchos/ScryptTests.build/Objects-normal/armv7k/ScryptTests.swiftmodule (in target 'ScryptTests' from project 'swift-scrypt')
    cd /Users/builder/builds/o86TiJKT/3/finestructure/swiftpackageindex-builder/spi-builder-workspace
    builtin-copy -exclude .DS_Store -exclude CVS -exclude .svn -exclude .git -exclude .hg -resolve-src-symlinks -rename /Users/builder/builds/o86TiJKT/3/finestructure/swiftpackageindex-builder/spi-builder-workspace/.derivedData/Build/Intermediates.noindex/swift-scrypt.build/Debug-watchos/ScryptTests.build/Objects-normal/armv7k/ScryptTests.swiftmodule /Users/builder/builds/o86TiJKT/3/finestructure/swiftpackageindex-builder/spi-builder-workspace/.derivedData/Build/Products/Debug-watchos/ScryptTests.swiftmodule/armv7k-apple-watchos.swiftmodule
Copy /Users/builder/builds/o86TiJKT/3/finestructure/swiftpackageindex-builder/spi-builder-workspace/.derivedData/Build/Products/Debug-watchos/ScryptTests.swiftmodule/armv7k-apple-watchos.swiftdoc /Users/builder/builds/o86TiJKT/3/finestructure/swiftpackageindex-builder/spi-builder-workspace/.derivedData/Build/Intermediates.noindex/swift-scrypt.build/Debug-watchos/ScryptTests.build/Objects-normal/armv7k/ScryptTests.swiftdoc (in target 'ScryptTests' from project 'swift-scrypt')
    cd /Users/builder/builds/o86TiJKT/3/finestructure/swiftpackageindex-builder/spi-builder-workspace
    builtin-copy -exclude .DS_Store -exclude CVS -exclude .svn -exclude .git -exclude .hg -resolve-src-symlinks -rename /Users/builder/builds/o86TiJKT/3/finestructure/swiftpackageindex-builder/spi-builder-workspace/.derivedData/Build/Intermediates.noindex/swift-scrypt.build/Debug-watchos/ScryptTests.build/Objects-normal/armv7k/ScryptTests.swiftdoc /Users/builder/builds/o86TiJKT/3/finestructure/swiftpackageindex-builder/spi-builder-workspace/.derivedData/Build/Products/Debug-watchos/ScryptTests.swiftmodule/armv7k-apple-watchos.swiftdoc
SwiftDriverJobDiscovery normal arm64 Compiling XCTestManifests.swift (in target 'ScryptTests' from project 'swift-scrypt')
Copy /Users/builder/builds/o86TiJKT/3/finestructure/swiftpackageindex-builder/spi-builder-workspace/.derivedData/Build/Products/Debug-watchos/ScryptTests.swiftmodule/armv7k-apple-watchos.abi.json /Users/builder/builds/o86TiJKT/3/finestructure/swiftpackageindex-builder/spi-builder-workspace/.derivedData/Build/Intermediates.noindex/swift-scrypt.build/Debug-watchos/ScryptTests.build/Objects-normal/armv7k/ScryptTests.abi.json (in target 'ScryptTests' from project 'swift-scrypt')
    cd /Users/builder/builds/o86TiJKT/3/finestructure/swiftpackageindex-builder/spi-builder-workspace
    builtin-copy -exclude .DS_Store -exclude CVS -exclude .svn -exclude .git -exclude .hg -resolve-src-symlinks -rename /Users/builder/builds/o86TiJKT/3/finestructure/swiftpackageindex-builder/spi-builder-workspace/.derivedData/Build/Intermediates.noindex/swift-scrypt.build/Debug-watchos/ScryptTests.build/Objects-normal/armv7k/ScryptTests.abi.json /Users/builder/builds/o86TiJKT/3/finestructure/swiftpackageindex-builder/spi-builder-workspace/.derivedData/Build/Products/Debug-watchos/ScryptTests.swiftmodule/armv7k-apple-watchos.abi.json
Copy /Users/builder/builds/o86TiJKT/3/finestructure/swiftpackageindex-builder/spi-builder-workspace/.derivedData/Build/Products/Debug-watchos/ScryptTests.swiftmodule/Project/armv7k-apple-watchos.swiftsourceinfo /Users/builder/builds/o86TiJKT/3/finestructure/swiftpackageindex-builder/spi-builder-workspace/.derivedData/Build/Intermediates.noindex/swift-scrypt.build/Debug-watchos/ScryptTests.build/Objects-normal/armv7k/ScryptTests.swiftsourceinfo (in target 'ScryptTests' from project 'swift-scrypt')
    cd /Users/builder/builds/o86TiJKT/3/finestructure/swiftpackageindex-builder/spi-builder-workspace
    builtin-copy -exclude .DS_Store -exclude CVS -exclude .svn -exclude .git -exclude .hg -resolve-src-symlinks -rename /Users/builder/builds/o86TiJKT/3/finestructure/swiftpackageindex-builder/spi-builder-workspace/.derivedData/Build/Intermediates.noindex/swift-scrypt.build/Debug-watchos/ScryptTests.build/Objects-normal/armv7k/ScryptTests.swiftsourceinfo /Users/builder/builds/o86TiJKT/3/finestructure/swiftpackageindex-builder/spi-builder-workspace/.derivedData/Build/Products/Debug-watchos/ScryptTests.swiftmodule/Project/armv7k-apple-watchos.swiftsourceinfo
Ld /Users/builder/builds/o86TiJKT/3/finestructure/swiftpackageindex-builder/spi-builder-workspace/.derivedData/Build/Intermediates.noindex/swift-scrypt.build/Debug-watchos/Scrypt.build/Objects-normal/armv7k/Binary/Scrypt.o normal armv7k (in target 'Scrypt' from project 'swift-scrypt')
    cd /Users/builder/builds/o86TiJKT/3/finestructure/swiftpackageindex-builder/spi-builder-workspace
    /Applications/Xcode-14.3.1.app/Contents/Developer/Toolchains/XcodeDefault.xctoolchain/usr/bin/clang -Xlinker -reproducible -target armv7k-apple-watchos4.0 -r -isysroot /Applications/Xcode-14.3.1.app/Contents/Developer/Platforms/WatchOS.platform/Developer/SDKs/WatchOS9.4.sdk -L/Users/builder/builds/o86TiJKT/3/finestructure/swiftpackageindex-builder/spi-builder-workspace/.derivedData/Build/Intermediates.noindex/EagerLinkingTBDs/Debug-watchos -L/Users/builder/builds/o86TiJKT/3/finestructure/swiftpackageindex-builder/spi-builder-workspace/.derivedData/Build/Products/Debug-watchos -L/Applications/Xcode-14.3.1.app/Contents/Developer/Platforms/WatchOS.platform/Developer/usr/lib -F/Users/builder/builds/o86TiJKT/3/finestructure/swiftpackageindex-builder/spi-builder-workspace/.derivedData/Build/Intermediates.noindex/EagerLinkingTBDs/Debug-watchos -F/Users/builder/builds/o86TiJKT/3/finestructure/swiftpackageindex-builder/spi-builder-workspace/.derivedData/Build/Products/Debug-watchos/PackageFrameworks -F/Users/builder/builds/o86TiJKT/3/finestructure/swiftpackageindex-builder/spi-builder-workspace/.derivedData/Build/Products/Debug-watchos -iframework /Applications/Xcode-14.3.1.app/Contents/Developer/Platforms/WatchOS.platform/Developer/Library/Frameworks -iframework /Applications/Xcode-14.3.1.app/Contents/Developer/Platforms/WatchOS.platform/Developer/SDKs/WatchOS9.4.sdk/Developer/Library/Frameworks -filelist /Users/builder/builds/o86TiJKT/3/finestructure/swiftpackageindex-builder/spi-builder-workspace/.derivedData/Build/Intermediates.noindex/swift-scrypt.build/Debug-watchos/Scrypt.build/Objects-normal/armv7k/Scrypt.LinkFileList -nostdlib -Xlinker -object_path_lto -Xlinker /Users/builder/builds/o86TiJKT/3/finestructure/swiftpackageindex-builder/spi-builder-workspace/.derivedData/Build/Intermediates.noindex/swift-scrypt.build/Debug-watchos/Scrypt.build/Objects-normal/armv7k/Scrypt_lto.o -Xlinker -export_dynamic -Xlinker -no_deduplicate -fobjc-link-runtime -L/Applications/Xcode-14.3.1.app/Contents/Developer/Toolchains/XcodeDefault.xctoolchain/usr/lib/swift/watchos -L/usr/lib/swift -Xlinker -add_ast_path -Xlinker /Users/builder/builds/o86TiJKT/3/finestructure/swiftpackageindex-builder/spi-builder-workspace/.derivedData/Build/Intermediates.noindex/swift-scrypt.build/Debug-watchos/Scrypt.build/Objects-normal/armv7k/Scrypt.swiftmodule -Xlinker -dependency_info -Xlinker /Users/builder/builds/o86TiJKT/3/finestructure/swiftpackageindex-builder/spi-builder-workspace/.derivedData/Build/Intermediates.noindex/swift-scrypt.build/Debug-watchos/Scrypt.build/Objects-normal/armv7k/Scrypt_dependency_info.dat -o /Users/builder/builds/o86TiJKT/3/finestructure/swiftpackageindex-builder/spi-builder-workspace/.derivedData/Build/Intermediates.noindex/swift-scrypt.build/Debug-watchos/Scrypt.build/Objects-normal/armv7k/Binary/Scrypt.o
SwiftDriver\ Compilation Scrypt normal arm64_32 com.apple.xcode.tools.swift.compiler (in target 'Scrypt' from project 'swift-scrypt')
    cd /Users/builder/builds/o86TiJKT/3/finestructure/swiftpackageindex-builder/spi-builder-workspace
    builtin-Swift-Compilation -- /Applications/Xcode-14.3.1.app/Contents/Developer/Toolchains/XcodeDefault.xctoolchain/usr/bin/swiftc -module-name Scrypt -Onone -enforce-exclusivity\=checked @/Users/builder/builds/o86TiJKT/3/finestructure/swiftpackageindex-builder/spi-builder-workspace/.derivedData/Build/Intermediates.noindex/swift-scrypt.build/Debug-watchos/Scrypt.build/Objects-normal/arm64_32/Scrypt.SwiftFileList -DSWIFT_PACKAGE -DDEBUG -DXcode -sdk /Applications/Xcode-14.3.1.app/Contents/Developer/Platforms/WatchOS.platform/Developer/SDKs/WatchOS9.4.sdk -target arm64_32-apple-watchos4.0 -g -module-cache-path /Users/builder/builds/o86TiJKT/3/finestructure/swiftpackageindex-builder/spi-builder-workspace/.derivedData/ModuleCache.noindex -Xfrontend -serialize-debugging-options -enable-testing -index-store-path /Users/builder/builds/o86TiJKT/3/finestructure/swiftpackageindex-builder/spi-builder-workspace/.derivedData/Index.noindex/DataStore -swift-version 5 -I /Users/builder/builds/o86TiJKT/3/finestructure/swiftpackageindex-builder/spi-builder-workspace/.derivedData/Build/Products/Debug-watchos -I /Applications/Xcode-14.3.1.app/Contents/Developer/Platforms/WatchOS.platform/Developer/usr/lib -F /Users/builder/builds/o86TiJKT/3/finestructure/swiftpackageindex-builder/spi-builder-workspace/.derivedData/Build/Products/Debug-watchos/PackageFrameworks -F /Users/builder/builds/o86TiJKT/3/finestructure/swiftpackageindex-builder/spi-builder-workspace/.derivedData/Build/Products/Debug-watchos -F /Applications/Xcode-14.3.1.app/Contents/Developer/Platforms/WatchOS.platform/Developer/Library/Frameworks -F /Applications/Xcode-14.3.1.app/Contents/Developer/Platforms/WatchOS.platform/Developer/SDKs/WatchOS9.4.sdk/Developer/Library/Frameworks -parse-as-library -c -j8 -enable-batch-mode -incremental -Xcc -ivfsstatcache -Xcc /Users/builder/builds/o86TiJKT/3/finestructure/swiftpackageindex-builder/spi-builder-workspace/.derivedData/SDKStatCaches.noindex/watchos9.4-20T248-.sdkstatcache -output-file-map /Users/builder/builds/o86TiJKT/3/finestructure/swiftpackageindex-builder/spi-builder-workspace/.derivedData/Build/Intermediates.noindex/swift-scrypt.build/Debug-watchos/Scrypt.build/Objects-normal/arm64_32/Scrypt-OutputFileMap.json -use-frontend-parseable-output -save-temps -no-color-diagnostics -serialize-diagnostics -emit-dependencies -emit-module -emit-module-path /Users/builder/builds/o86TiJKT/3/finestructure/swiftpackageindex-builder/spi-builder-workspace/.derivedData/Build/Intermediates.noindex/swift-scrypt.build/Debug-watchos/Scrypt.build/Objects-normal/arm64_32/Scrypt.swiftmodule -Xcc -I/Users/builder/builds/o86TiJKT/3/finestructure/swiftpackageindex-builder/spi-builder-workspace/.derivedData/Build/Intermediates.noindex/swift-scrypt.build/Debug-watchos/Scrypt.build/swift-overrides.hmap -Xcc -I/Users/builder/builds/o86TiJKT/3/finestructure/swiftpackageindex-builder/spi-builder-workspace/Sources/libscrypt/include -Xcc -I/Users/builder/builds/o86TiJKT/3/finestructure/swiftpackageindex-builder/spi-builder-workspace/.derivedData/Build/Products/Debug-watchos/include -Xcc -I/Users/builder/builds/o86TiJKT/3/finestructure/swiftpackageindex-builder/spi-builder-workspace/.derivedData/Build/Intermediates.noindex/swift-scrypt.build/Debug-watchos/Scrypt.build/DerivedSources-normal/arm64_32 -Xcc -I/Users/builder/builds/o86TiJKT/3/finestructure/swiftpackageindex-builder/spi-builder-workspace/.derivedData/Build/Intermediates.noindex/swift-scrypt.build/Debug-watchos/Scrypt.build/DerivedSources/arm64_32 -Xcc -I/Users/builder/builds/o86TiJKT/3/finestructure/swiftpackageindex-builder/spi-builder-workspace/.derivedData/Build/Intermediates.noindex/swift-scrypt.build/Debug-watchos/Scrypt.build/DerivedSources -Xcc -DSWIFT_PACKAGE -Xcc -DDEBUG\=1 -emit-objc-header -emit-objc-header-path /Users/builder/builds/o86TiJKT/3/finestructure/swiftpackageindex-builder/spi-builder-workspace/.derivedData/Build/Intermediates.noindex/swift-scrypt.build/Debug-watchos/Scrypt.build/Objects-normal/arm64_32/Scrypt-Swift.h -working-directory /Users/builder/builds/o86TiJKT/3/finestructure/swiftpackageindex-builder/spi-builder-workspace -experimental-emit-module-separately -disable-cmo
SwiftDriver\ Compilation Scrypt normal arm64 com.apple.xcode.tools.swift.compiler (in target 'Scrypt' from project 'swift-scrypt')
    cd /Users/builder/builds/o86TiJKT/3/finestructure/swiftpackageindex-builder/spi-builder-workspace
    builtin-Swift-Compilation -- /Applications/Xcode-14.3.1.app/Contents/Developer/Toolchains/XcodeDefault.xctoolchain/usr/bin/swiftc -module-name Scrypt -Onone -enforce-exclusivity\=checked @/Users/builder/builds/o86TiJKT/3/finestructure/swiftpackageindex-builder/spi-builder-workspace/.derivedData/Build/Intermediates.noindex/swift-scrypt.build/Debug-watchos/Scrypt.build/Objects-normal/arm64/Scrypt.SwiftFileList -DSWIFT_PACKAGE -DDEBUG -DXcode -sdk /Applications/Xcode-14.3.1.app/Contents/Developer/Platforms/WatchOS.platform/Developer/SDKs/WatchOS9.4.sdk -target arm64-apple-watchos4.0 -g -module-cache-path /Users/builder/builds/o86TiJKT/3/finestructure/swiftpackageindex-builder/spi-builder-workspace/.derivedData/ModuleCache.noindex -Xfrontend -serialize-debugging-options -enable-testing -index-store-path /Users/builder/builds/o86TiJKT/3/finestructure/swiftpackageindex-builder/spi-builder-workspace/.derivedData/Index.noindex/DataStore -swift-version 5 -I /Users/builder/builds/o86TiJKT/3/finestructure/swiftpackageindex-builder/spi-builder-workspace/.derivedData/Build/Products/Debug-watchos -I /Applications/Xcode-14.3.1.app/Contents/Developer/Platforms/WatchOS.platform/Developer/usr/lib -F /Users/builder/builds/o86TiJKT/3/finestructure/swiftpackageindex-builder/spi-builder-workspace/.derivedData/Build/Products/Debug-watchos/PackageFrameworks -F /Users/builder/builds/o86TiJKT/3/finestructure/swiftpackageindex-builder/spi-builder-workspace/.derivedData/Build/Products/Debug-watchos -F /Applications/Xcode-14.3.1.app/Contents/Developer/Platforms/WatchOS.platform/Developer/Library/Frameworks -F /Applications/Xcode-14.3.1.app/Contents/Developer/Platforms/WatchOS.platform/Developer/SDKs/WatchOS9.4.sdk/Developer/Library/Frameworks -parse-as-library -c -j8 -enable-batch-mode -incremental -Xcc -ivfsstatcache -Xcc /Users/builder/builds/o86TiJKT/3/finestructure/swiftpackageindex-builder/spi-builder-workspace/.derivedData/SDKStatCaches.noindex/watchos9.4-20T248-.sdkstatcache -output-file-map /Users/builder/builds/o86TiJKT/3/finestructure/swiftpackageindex-builder/spi-builder-workspace/.derivedData/Build/Intermediates.noindex/swift-scrypt.build/Debug-watchos/Scrypt.build/Objects-normal/arm64/Scrypt-OutputFileMap.json -use-frontend-parseable-output -save-temps -no-color-diagnostics -serialize-diagnostics -emit-dependencies -emit-module -emit-module-path /Users/builder/builds/o86TiJKT/3/finestructure/swiftpackageindex-builder/spi-builder-workspace/.derivedData/Build/Intermediates.noindex/swift-scrypt.build/Debug-watchos/Scrypt.build/Objects-normal/arm64/Scrypt.swiftmodule -Xcc -I/Users/builder/builds/o86TiJKT/3/finestructure/swiftpackageindex-builder/spi-builder-workspace/.derivedData/Build/Intermediates.noindex/swift-scrypt.build/Debug-watchos/Scrypt.build/swift-overrides.hmap -Xcc -I/Users/builder/builds/o86TiJKT/3/finestructure/swiftpackageindex-builder/spi-builder-workspace/Sources/libscrypt/include -Xcc -I/Users/builder/builds/o86TiJKT/3/finestructure/swiftpackageindex-builder/spi-builder-workspace/.derivedData/Build/Products/Debug-watchos/include -Xcc -I/Users/builder/builds/o86TiJKT/3/finestructure/swiftpackageindex-builder/spi-builder-workspace/.derivedData/Build/Intermediates.noindex/swift-scrypt.build/Debug-watchos/Scrypt.build/DerivedSources-normal/arm64 -Xcc -I/Users/builder/builds/o86TiJKT/3/finestructure/swiftpackageindex-builder/spi-builder-workspace/.derivedData/Build/Intermediates.noindex/swift-scrypt.build/Debug-watchos/Scrypt.build/DerivedSources/arm64 -Xcc -I/Users/builder/builds/o86TiJKT/3/finestructure/swiftpackageindex-builder/spi-builder-workspace/.derivedData/Build/Intermediates.noindex/swift-scrypt.build/Debug-watchos/Scrypt.build/DerivedSources -Xcc -DSWIFT_PACKAGE -Xcc -DDEBUG\=1 -emit-objc-header -emit-objc-header-path /Users/builder/builds/o86TiJKT/3/finestructure/swiftpackageindex-builder/spi-builder-workspace/.derivedData/Build/Intermediates.noindex/swift-scrypt.build/Debug-watchos/Scrypt.build/Objects-normal/arm64/Scrypt-Swift.h -working-directory /Users/builder/builds/o86TiJKT/3/finestructure/swiftpackageindex-builder/spi-builder-workspace -experimental-emit-module-separately -disable-cmo
SwiftDriverJobDiscovery normal arm64 Emitting module for ScryptTests (in target 'ScryptTests' from project 'swift-scrypt')
Ld /Users/builder/builds/o86TiJKT/3/finestructure/swiftpackageindex-builder/spi-builder-workspace/.derivedData/Build/Intermediates.noindex/swift-scrypt.build/Debug-watchos/Scrypt.build/Objects-normal/arm64_32/Binary/Scrypt.o normal arm64_32 (in target 'Scrypt' from project 'swift-scrypt')
    cd /Users/builder/builds/o86TiJKT/3/finestructure/swiftpackageindex-builder/spi-builder-workspace
    /Applications/Xcode-14.3.1.app/Contents/Developer/Toolchains/XcodeDefault.xctoolchain/usr/bin/clang -Xlinker -reproducible -target arm64_32-apple-watchos4.0 -r -isysroot /Applications/Xcode-14.3.1.app/Contents/Developer/Platforms/WatchOS.platform/Developer/SDKs/WatchOS9.4.sdk -L/Users/builder/builds/o86TiJKT/3/finestructure/swiftpackageindex-builder/spi-builder-workspace/.derivedData/Build/Intermediates.noindex/EagerLinkingTBDs/Debug-watchos -L/Users/builder/builds/o86TiJKT/3/finestructure/swiftpackageindex-builder/spi-builder-workspace/.derivedData/Build/Products/Debug-watchos -L/Applications/Xcode-14.3.1.app/Contents/Developer/Platforms/WatchOS.platform/Developer/usr/lib -F/Users/builder/builds/o86TiJKT/3/finestructure/swiftpackageindex-builder/spi-builder-workspace/.derivedData/Build/Intermediates.noindex/EagerLinkingTBDs/Debug-watchos -F/Users/builder/builds/o86TiJKT/3/finestructure/swiftpackageindex-builder/spi-builder-workspace/.derivedData/Build/Products/Debug-watchos/PackageFrameworks -F/Users/builder/builds/o86TiJKT/3/finestructure/swiftpackageindex-builder/spi-builder-workspace/.derivedData/Build/Products/Debug-watchos -iframework /Applications/Xcode-14.3.1.app/Contents/Developer/Platforms/WatchOS.platform/Developer/Library/Frameworks -iframework /Applications/Xcode-14.3.1.app/Contents/Developer/Platforms/WatchOS.platform/Developer/SDKs/WatchOS9.4.sdk/Developer/Library/Frameworks -filelist /Users/builder/builds/o86TiJKT/3/finestructure/swiftpackageindex-builder/spi-builder-workspace/.derivedData/Build/Intermediates.noindex/swift-scrypt.build/Debug-watchos/Scrypt.build/Objects-normal/arm64_32/Scrypt.LinkFileList -nostdlib -Xlinker -object_path_lto -Xlinker /Users/builder/builds/o86TiJKT/3/finestructure/swiftpackageindex-builder/spi-builder-workspace/.derivedData/Build/Intermediates.noindex/swift-scrypt.build/Debug-watchos/Scrypt.build/Objects-normal/arm64_32/Scrypt_lto.o -Xlinker -export_dynamic -Xlinker -no_deduplicate -fobjc-link-runtime -L/Applications/Xcode-14.3.1.app/Contents/Developer/Toolchains/XcodeDefault.xctoolchain/usr/lib/swift/watchos -L/usr/lib/swift -Xlinker -add_ast_path -Xlinker /Users/builder/builds/o86TiJKT/3/finestructure/swiftpackageindex-builder/spi-builder-workspace/.derivedData/Build/Intermediates.noindex/swift-scrypt.build/Debug-watchos/Scrypt.build/Objects-normal/arm64_32/Scrypt.swiftmodule -Xlinker -dependency_info -Xlinker /Users/builder/builds/o86TiJKT/3/finestructure/swiftpackageindex-builder/spi-builder-workspace/.derivedData/Build/Intermediates.noindex/swift-scrypt.build/Debug-watchos/Scrypt.build/Objects-normal/arm64_32/Scrypt_dependency_info.dat -o /Users/builder/builds/o86TiJKT/3/finestructure/swiftpackageindex-builder/spi-builder-workspace/.derivedData/Build/Intermediates.noindex/swift-scrypt.build/Debug-watchos/Scrypt.build/Objects-normal/arm64_32/Binary/Scrypt.o
Resolve Package Graph
2024-02-22 22:30:35.848 xcodebuild[67358:7390719] DVTCoreDeviceEnabledState: DVTCoreDeviceEnabledState_Disabled set via user default (DVTEnableCoreDevice=disabled)
** BUILD FAILED **
The following build commands failed:
	SwiftCompile normal armv7k Compiling\ ScryptTests.swift /Users/builder/builds/o86TiJKT/3/finestructure/swiftpackageindex-builder/spi-builder-workspace/Tests/ScryptTests/ScryptTests.swift (in target 'ScryptTests' from project 'swift-scrypt')
	SwiftCompile normal armv7k /Users/builder/builds/o86TiJKT/3/finestructure/swiftpackageindex-builder/spi-builder-workspace/Tests/ScryptTests/ScryptTests.swift (in target 'ScryptTests' from project 'swift-scrypt')
(2 failures)
Command line invocation:
    /Applications/Xcode-14.3.1.app/Contents/Developer/usr/bin/xcodebuild -IDEClonedSourcePackagesDirPathOverride=/Users/builder/builds/o86TiJKT/3/finestructure/swiftpackageindex-builder/spi-builder-workspace/.dependencies -skipPackagePluginValidation -derivedDataPath /Users/builder/builds/o86TiJKT/3/finestructure/swiftpackageindex-builder/spi-builder-workspace/.derivedData build -scheme swift-scrypt -destination generic/platform=watchos
User defaults from command line:
    IDEClonedSourcePackagesDirPathOverride = /Users/builder/builds/o86TiJKT/3/finestructure/swiftpackageindex-builder/spi-builder-workspace/.dependencies
    IDEDerivedDataPathOverride = /Users/builder/builds/o86TiJKT/3/finestructure/swiftpackageindex-builder/spi-builder-workspace/.derivedData
    IDEPackageSupportUseBuiltinSCM = YES
Resolve Package Graph
Resolved source packages:
  swift-scrypt: /Users/builder/builds/o86TiJKT/3/finestructure/swiftpackageindex-builder/spi-builder-workspace
Prepare packages
Computing target dependency graph and provisioning inputs
Create build description
note: Building targets in dependency order
ClangStatCache /Applications/Xcode-14.3.1.app/Contents/Developer/Toolchains/XcodeDefault.xctoolchain/usr/bin/clang-stat-cache /Applications/Xcode-14.3.1.app/Contents/Developer/Platforms/WatchOS.platform/Developer/SDKs/WatchOS9.4.sdk /Users/builder/builds/o86TiJKT/3/finestructure/swiftpackageindex-builder/spi-builder-workspace/.derivedData/SDKStatCaches.noindex/watchos9.4-20T248-.sdkstatcache
    cd /Users/builder/builds/o86TiJKT/3/finestructure/swiftpackageindex-builder/spi-builder-workspace/.swiftpm/xcode
    /Applications/Xcode-14.3.1.app/Contents/Developer/Toolchains/XcodeDefault.xctoolchain/usr/bin/clang-stat-cache /Applications/Xcode-14.3.1.app/Contents/Developer/Platforms/WatchOS.platform/Developer/SDKs/WatchOS9.4.sdk -o /Users/builder/builds/o86TiJKT/3/finestructure/swiftpackageindex-builder/spi-builder-workspace/.derivedData/SDKStatCaches.noindex/watchos9.4-20T248-.sdkstatcache
Ld /Users/builder/builds/o86TiJKT/3/finestructure/swiftpackageindex-builder/spi-builder-workspace/.derivedData/Build/Intermediates.noindex/swift-scrypt.build/Debug-watchos/Scrypt.build/Objects-normal/arm64_32/Binary/Scrypt.o normal arm64_32 (in target 'Scrypt' from project 'swift-scrypt')
    cd /Users/builder/builds/o86TiJKT/3/finestructure/swiftpackageindex-builder/spi-builder-workspace
    /Applications/Xcode-14.3.1.app/Contents/Developer/Toolchains/XcodeDefault.xctoolchain/usr/bin/clang -Xlinker -reproducible -target arm64_32-apple-watchos4.0 -r -isysroot /Applications/Xcode-14.3.1.app/Contents/Developer/Platforms/WatchOS.platform/Developer/SDKs/WatchOS9.4.sdk -L/Users/builder/builds/o86TiJKT/3/finestructure/swiftpackageindex-builder/spi-builder-workspace/.derivedData/Build/Intermediates.noindex/EagerLinkingTBDs/Debug-watchos -L/Users/builder/builds/o86TiJKT/3/finestructure/swiftpackageindex-builder/spi-builder-workspace/.derivedData/Build/Products/Debug-watchos -L/Applications/Xcode-14.3.1.app/Contents/Developer/Platforms/WatchOS.platform/Developer/usr/lib -F/Users/builder/builds/o86TiJKT/3/finestructure/swiftpackageindex-builder/spi-builder-workspace/.derivedData/Build/Intermediates.noindex/EagerLinkingTBDs/Debug-watchos -F/Users/builder/builds/o86TiJKT/3/finestructure/swiftpackageindex-builder/spi-builder-workspace/.derivedData/Build/Products/Debug-watchos/PackageFrameworks -F/Users/builder/builds/o86TiJKT/3/finestructure/swiftpackageindex-builder/spi-builder-workspace/.derivedData/Build/Products/Debug-watchos -iframework /Applications/Xcode-14.3.1.app/Contents/Developer/Platforms/WatchOS.platform/Developer/Library/Frameworks -iframework /Applications/Xcode-14.3.1.app/Contents/Developer/Platforms/WatchOS.platform/Developer/SDKs/WatchOS9.4.sdk/Developer/Library/Frameworks -filelist /Users/builder/builds/o86TiJKT/3/finestructure/swiftpackageindex-builder/spi-builder-workspace/.derivedData/Build/Intermediates.noindex/swift-scrypt.build/Debug-watchos/Scrypt.build/Objects-normal/arm64_32/Scrypt.LinkFileList -nostdlib -Xlinker -object_path_lto -Xlinker /Users/builder/builds/o86TiJKT/3/finestructure/swiftpackageindex-builder/spi-builder-workspace/.derivedData/Build/Intermediates.noindex/swift-scrypt.build/Debug-watchos/Scrypt.build/Objects-normal/arm64_32/Scrypt_lto.o -Xlinker -export_dynamic -Xlinker -no_deduplicate -fobjc-link-runtime -L/Applications/Xcode-14.3.1.app/Contents/Developer/Toolchains/XcodeDefault.xctoolchain/usr/lib/swift/watchos -L/usr/lib/swift -Xlinker -add_ast_path -Xlinker /Users/builder/builds/o86TiJKT/3/finestructure/swiftpackageindex-builder/spi-builder-workspace/.derivedData/Build/Intermediates.noindex/swift-scrypt.build/Debug-watchos/Scrypt.build/Objects-normal/arm64_32/Scrypt.swiftmodule -Xlinker -dependency_info -Xlinker /Users/builder/builds/o86TiJKT/3/finestructure/swiftpackageindex-builder/spi-builder-workspace/.derivedData/Build/Intermediates.noindex/swift-scrypt.build/Debug-watchos/Scrypt.build/Objects-normal/arm64_32/Scrypt_dependency_info.dat -o /Users/builder/builds/o86TiJKT/3/finestructure/swiftpackageindex-builder/spi-builder-workspace/.derivedData/Build/Intermediates.noindex/swift-scrypt.build/Debug-watchos/Scrypt.build/Objects-normal/arm64_32/Binary/Scrypt.o
Ld /Users/builder/builds/o86TiJKT/3/finestructure/swiftpackageindex-builder/spi-builder-workspace/.derivedData/Build/Intermediates.noindex/swift-scrypt.build/Debug-watchos/Scrypt.build/Objects-normal/armv7k/Binary/Scrypt.o normal armv7k (in target 'Scrypt' from project 'swift-scrypt')
    cd /Users/builder/builds/o86TiJKT/3/finestructure/swiftpackageindex-builder/spi-builder-workspace
    /Applications/Xcode-14.3.1.app/Contents/Developer/Toolchains/XcodeDefault.xctoolchain/usr/bin/clang -Xlinker -reproducible -target armv7k-apple-watchos4.0 -r -isysroot /Applications/Xcode-14.3.1.app/Contents/Developer/Platforms/WatchOS.platform/Developer/SDKs/WatchOS9.4.sdk -L/Users/builder/builds/o86TiJKT/3/finestructure/swiftpackageindex-builder/spi-builder-workspace/.derivedData/Build/Intermediates.noindex/EagerLinkingTBDs/Debug-watchos -L/Users/builder/builds/o86TiJKT/3/finestructure/swiftpackageindex-builder/spi-builder-workspace/.derivedData/Build/Products/Debug-watchos -L/Applications/Xcode-14.3.1.app/Contents/Developer/Platforms/WatchOS.platform/Developer/usr/lib -F/Users/builder/builds/o86TiJKT/3/finestructure/swiftpackageindex-builder/spi-builder-workspace/.derivedData/Build/Intermediates.noindex/EagerLinkingTBDs/Debug-watchos -F/Users/builder/builds/o86TiJKT/3/finestructure/swiftpackageindex-builder/spi-builder-workspace/.derivedData/Build/Products/Debug-watchos/PackageFrameworks -F/Users/builder/builds/o86TiJKT/3/finestructure/swiftpackageindex-builder/spi-builder-workspace/.derivedData/Build/Products/Debug-watchos -iframework /Applications/Xcode-14.3.1.app/Contents/Developer/Platforms/WatchOS.platform/Developer/Library/Frameworks -iframework /Applications/Xcode-14.3.1.app/Contents/Developer/Platforms/WatchOS.platform/Developer/SDKs/WatchOS9.4.sdk/Developer/Library/Frameworks -filelist /Users/builder/builds/o86TiJKT/3/finestructure/swiftpackageindex-builder/spi-builder-workspace/.derivedData/Build/Intermediates.noindex/swift-scrypt.build/Debug-watchos/Scrypt.build/Objects-normal/armv7k/Scrypt.LinkFileList -nostdlib -Xlinker -object_path_lto -Xlinker /Users/builder/builds/o86TiJKT/3/finestructure/swiftpackageindex-builder/spi-builder-workspace/.derivedData/Build/Intermediates.noindex/swift-scrypt.build/Debug-watchos/Scrypt.build/Objects-normal/armv7k/Scrypt_lto.o -Xlinker -export_dynamic -Xlinker -no_deduplicate -fobjc-link-runtime -L/Applications/Xcode-14.3.1.app/Contents/Developer/Toolchains/XcodeDefault.xctoolchain/usr/lib/swift/watchos -L/usr/lib/swift -Xlinker -add_ast_path -Xlinker /Users/builder/builds/o86TiJKT/3/finestructure/swiftpackageindex-builder/spi-builder-workspace/.derivedData/Build/Intermediates.noindex/swift-scrypt.build/Debug-watchos/Scrypt.build/Objects-normal/armv7k/Scrypt.swiftmodule -Xlinker -dependency_info -Xlinker /Users/builder/builds/o86TiJKT/3/finestructure/swiftpackageindex-builder/spi-builder-workspace/.derivedData/Build/Intermediates.noindex/swift-scrypt.build/Debug-watchos/Scrypt.build/Objects-normal/armv7k/Scrypt_dependency_info.dat -o /Users/builder/builds/o86TiJKT/3/finestructure/swiftpackageindex-builder/spi-builder-workspace/.derivedData/Build/Intermediates.noindex/swift-scrypt.build/Debug-watchos/Scrypt.build/Objects-normal/armv7k/Binary/Scrypt.o
SwiftDriver ScryptTests normal arm64 com.apple.xcode.tools.swift.compiler (in target 'ScryptTests' from project 'swift-scrypt')
    cd /Users/builder/builds/o86TiJKT/3/finestructure/swiftpackageindex-builder/spi-builder-workspace
    builtin-SwiftDriver -- /Applications/Xcode-14.3.1.app/Contents/Developer/Toolchains/XcodeDefault.xctoolchain/usr/bin/swiftc -module-name ScryptTests -Onone -enforce-exclusivity\=checked @/Users/builder/builds/o86TiJKT/3/finestructure/swiftpackageindex-builder/spi-builder-workspace/.derivedData/Build/Intermediates.noindex/swift-scrypt.build/Debug-watchos/ScryptTests.build/Objects-normal/arm64/ScryptTests.SwiftFileList -DSWIFT_PACKAGE -DDEBUG -DXcode -sdk /Applications/Xcode-14.3.1.app/Contents/Developer/Platforms/WatchOS.platform/Developer/SDKs/WatchOS9.4.sdk -target arm64-apple-watchos4.0 -g -module-cache-path /Users/builder/builds/o86TiJKT/3/finestructure/swiftpackageindex-builder/spi-builder-workspace/.derivedData/ModuleCache.noindex -Xfrontend -serialize-debugging-options -enable-testing -index-store-path /Users/builder/builds/o86TiJKT/3/finestructure/swiftpackageindex-builder/spi-builder-workspace/.derivedData/Index.noindex/DataStore -swift-version 5 -I /Users/builder/builds/o86TiJKT/3/finestructure/swiftpackageindex-builder/spi-builder-workspace/.derivedData/Build/Products/Debug-watchos -I /Applications/Xcode-14.3.1.app/Contents/Developer/Platforms/WatchOS.platform/Developer/usr/lib -F /Users/builder/builds/o86TiJKT/3/finestructure/swiftpackageindex-builder/spi-builder-workspace/.derivedData/Build/Products/Debug-watchos/PackageFrameworks -F /Users/builder/builds/o86TiJKT/3/finestructure/swiftpackageindex-builder/spi-builder-workspace/.derivedData/Build/Products/Debug-watchos/PackageFrameworks -F /Users/builder/builds/o86TiJKT/3/finestructure/swiftpackageindex-builder/spi-builder-workspace/.derivedData/Build/Products/Debug-watchos -F /Applications/Xcode-14.3.1.app/Contents/Developer/Platforms/WatchOS.platform/Developer/Library/Frameworks -F /Applications/Xcode-14.3.1.app/Contents/Developer/Platforms/WatchOS.platform/Developer/SDKs/WatchOS9.4.sdk/Developer/Library/Frameworks -c -j8 -enable-batch-mode -incremental -Xcc -ivfsstatcache -Xcc /Users/builder/builds/o86TiJKT/3/finestructure/swiftpackageindex-builder/spi-builder-workspace/.derivedData/SDKStatCaches.noindex/watchos9.4-20T248-.sdkstatcache -output-file-map /Users/builder/builds/o86TiJKT/3/finestructure/swiftpackageindex-builder/spi-builder-workspace/.derivedData/Build/Intermediates.noindex/swift-scrypt.build/Debug-watchos/ScryptTests.build/Objects-normal/arm64/ScryptTests-OutputFileMap.json -use-frontend-parseable-output -save-temps -no-color-diagnostics -serialize-diagnostics -emit-dependencies -emit-module -emit-module-path /Users/builder/builds/o86TiJKT/3/finestructure/swiftpackageindex-builder/spi-builder-workspace/.derivedData/Build/Intermediates.noindex/swift-scrypt.build/Debug-watchos/ScryptTests.build/Objects-normal/arm64/ScryptTests.swiftmodule -Xcc -I/Users/builder/builds/o86TiJKT/3/finestructure/swiftpackageindex-builder/spi-builder-workspace/Sources/libscrypt/include -Xcc -I/Users/builder/builds/o86TiJKT/3/finestructure/swiftpackageindex-builder/spi-builder-workspace/.derivedData/Build/Products/Debug-watchos/include -Xcc -I/Users/builder/builds/o86TiJKT/3/finestructure/swiftpackageindex-builder/spi-builder-workspace/.derivedData/Build/Intermediates.noindex/swift-scrypt.build/Debug-watchos/ScryptTests.build/DerivedSources-normal/arm64 -Xcc -I/Users/builder/builds/o86TiJKT/3/finestructure/swiftpackageindex-builder/spi-builder-workspace/.derivedData/Build/Intermediates.noindex/swift-scrypt.build/Debug-watchos/ScryptTests.build/DerivedSources/arm64 -Xcc -I/Users/builder/builds/o86TiJKT/3/finestructure/swiftpackageindex-builder/spi-builder-workspace/.derivedData/Build/Intermediates.noindex/swift-scrypt.build/Debug-watchos/ScryptTests.build/DerivedSources -Xcc -DSWIFT_PACKAGE -Xcc -DDEBUG\=1 -working-directory /Users/builder/builds/o86TiJKT/3/finestructure/swiftpackageindex-builder/spi-builder-workspace -experimental-emit-module-separately -disable-cmo
SwiftDriver ScryptTests normal armv7k com.apple.xcode.tools.swift.compiler (in target 'ScryptTests' from project 'swift-scrypt')
    cd /Users/builder/builds/o86TiJKT/3/finestructure/swiftpackageindex-builder/spi-builder-workspace
    builtin-SwiftDriver -- /Applications/Xcode-14.3.1.app/Contents/Developer/Toolchains/XcodeDefault.xctoolchain/usr/bin/swiftc -module-name ScryptTests -Onone -enforce-exclusivity\=checked @/Users/builder/builds/o86TiJKT/3/finestructure/swiftpackageindex-builder/spi-builder-workspace/.derivedData/Build/Intermediates.noindex/swift-scrypt.build/Debug-watchos/ScryptTests.build/Objects-normal/armv7k/ScryptTests.SwiftFileList -DSWIFT_PACKAGE -DDEBUG -DXcode -sdk /Applications/Xcode-14.3.1.app/Contents/Developer/Platforms/WatchOS.platform/Developer/SDKs/WatchOS9.4.sdk -target armv7k-apple-watchos4.0 -g -module-cache-path /Users/builder/builds/o86TiJKT/3/finestructure/swiftpackageindex-builder/spi-builder-workspace/.derivedData/ModuleCache.noindex -Xfrontend -serialize-debugging-options -enable-testing -index-store-path /Users/builder/builds/o86TiJKT/3/finestructure/swiftpackageindex-builder/spi-builder-workspace/.derivedData/Index.noindex/DataStore -swift-version 5 -I /Users/builder/builds/o86TiJKT/3/finestructure/swiftpackageindex-builder/spi-builder-workspace/.derivedData/Build/Products/Debug-watchos -I /Applications/Xcode-14.3.1.app/Contents/Developer/Platforms/WatchOS.platform/Developer/usr/lib -F /Users/builder/builds/o86TiJKT/3/finestructure/swiftpackageindex-builder/spi-builder-workspace/.derivedData/Build/Products/Debug-watchos/PackageFrameworks -F /Users/builder/builds/o86TiJKT/3/finestructure/swiftpackageindex-builder/spi-builder-workspace/.derivedData/Build/Products/Debug-watchos/PackageFrameworks -F /Users/builder/builds/o86TiJKT/3/finestructure/swiftpackageindex-builder/spi-builder-workspace/.derivedData/Build/Products/Debug-watchos -F /Applications/Xcode-14.3.1.app/Contents/Developer/Platforms/WatchOS.platform/Developer/Library/Frameworks -F /Applications/Xcode-14.3.1.app/Contents/Developer/Platforms/WatchOS.platform/Developer/SDKs/WatchOS9.4.sdk/Developer/Library/Frameworks -c -j8 -enable-batch-mode -incremental -Xcc -ivfsstatcache -Xcc /Users/builder/builds/o86TiJKT/3/finestructure/swiftpackageindex-builder/spi-builder-workspace/.derivedData/SDKStatCaches.noindex/watchos9.4-20T248-.sdkstatcache -output-file-map /Users/builder/builds/o86TiJKT/3/finestructure/swiftpackageindex-builder/spi-builder-workspace/.derivedData/Build/Intermediates.noindex/swift-scrypt.build/Debug-watchos/ScryptTests.build/Objects-normal/armv7k/ScryptTests-OutputFileMap.json -use-frontend-parseable-output -save-temps -no-color-diagnostics -serialize-diagnostics -emit-dependencies -emit-module -emit-module-path /Users/builder/builds/o86TiJKT/3/finestructure/swiftpackageindex-builder/spi-builder-workspace/.derivedData/Build/Intermediates.noindex/swift-scrypt.build/Debug-watchos/ScryptTests.build/Objects-normal/armv7k/ScryptTests.swiftmodule -Xcc -I/Users/builder/builds/o86TiJKT/3/finestructure/swiftpackageindex-builder/spi-builder-workspace/Sources/libscrypt/include -Xcc -I/Users/builder/builds/o86TiJKT/3/finestructure/swiftpackageindex-builder/spi-builder-workspace/.derivedData/Build/Products/Debug-watchos/include -Xcc -I/Users/builder/builds/o86TiJKT/3/finestructure/swiftpackageindex-builder/spi-builder-workspace/.derivedData/Build/Intermediates.noindex/swift-scrypt.build/Debug-watchos/ScryptTests.build/DerivedSources-normal/armv7k -Xcc -I/Users/builder/builds/o86TiJKT/3/finestructure/swiftpackageindex-builder/spi-builder-workspace/.derivedData/Build/Intermediates.noindex/swift-scrypt.build/Debug-watchos/ScryptTests.build/DerivedSources/armv7k -Xcc -I/Users/builder/builds/o86TiJKT/3/finestructure/swiftpackageindex-builder/spi-builder-workspace/.derivedData/Build/Intermediates.noindex/swift-scrypt.build/Debug-watchos/ScryptTests.build/DerivedSources -Xcc -DSWIFT_PACKAGE -Xcc -DDEBUG\=1 -working-directory /Users/builder/builds/o86TiJKT/3/finestructure/swiftpackageindex-builder/spi-builder-workspace -experimental-emit-module-separately -disable-cmo
SwiftDriver ScryptTests normal arm64_32 com.apple.xcode.tools.swift.compiler (in target 'ScryptTests' from project 'swift-scrypt')
    cd /Users/builder/builds/o86TiJKT/3/finestructure/swiftpackageindex-builder/spi-builder-workspace
    builtin-SwiftDriver -- /Applications/Xcode-14.3.1.app/Contents/Developer/Toolchains/XcodeDefault.xctoolchain/usr/bin/swiftc -module-name ScryptTests -Onone -enforce-exclusivity\=checked @/Users/builder/builds/o86TiJKT/3/finestructure/swiftpackageindex-builder/spi-builder-workspace/.derivedData/Build/Intermediates.noindex/swift-scrypt.build/Debug-watchos/ScryptTests.build/Objects-normal/arm64_32/ScryptTests.SwiftFileList -DSWIFT_PACKAGE -DDEBUG -DXcode -sdk /Applications/Xcode-14.3.1.app/Contents/Developer/Platforms/WatchOS.platform/Developer/SDKs/WatchOS9.4.sdk -target arm64_32-apple-watchos4.0 -g -module-cache-path /Users/builder/builds/o86TiJKT/3/finestructure/swiftpackageindex-builder/spi-builder-workspace/.derivedData/ModuleCache.noindex -Xfrontend -serialize-debugging-options -enable-testing -index-store-path /Users/builder/builds/o86TiJKT/3/finestructure/swiftpackageindex-builder/spi-builder-workspace/.derivedData/Index.noindex/DataStore -swift-version 5 -I /Users/builder/builds/o86TiJKT/3/finestructure/swiftpackageindex-builder/spi-builder-workspace/.derivedData/Build/Products/Debug-watchos -I /Applications/Xcode-14.3.1.app/Contents/Developer/Platforms/WatchOS.platform/Developer/usr/lib -F /Users/builder/builds/o86TiJKT/3/finestructure/swiftpackageindex-builder/spi-builder-workspace/.derivedData/Build/Products/Debug-watchos/PackageFrameworks -F /Users/builder/builds/o86TiJKT/3/finestructure/swiftpackageindex-builder/spi-builder-workspace/.derivedData/Build/Products/Debug-watchos/PackageFrameworks -F /Users/builder/builds/o86TiJKT/3/finestructure/swiftpackageindex-builder/spi-builder-workspace/.derivedData/Build/Products/Debug-watchos -F /Applications/Xcode-14.3.1.app/Contents/Developer/Platforms/WatchOS.platform/Developer/Library/Frameworks -F /Applications/Xcode-14.3.1.app/Contents/Developer/Platforms/WatchOS.platform/Developer/SDKs/WatchOS9.4.sdk/Developer/Library/Frameworks -c -j8 -enable-batch-mode -incremental -Xcc -ivfsstatcache -Xcc /Users/builder/builds/o86TiJKT/3/finestructure/swiftpackageindex-builder/spi-builder-workspace/.derivedData/SDKStatCaches.noindex/watchos9.4-20T248-.sdkstatcache -output-file-map /Users/builder/builds/o86TiJKT/3/finestructure/swiftpackageindex-builder/spi-builder-workspace/.derivedData/Build/Intermediates.noindex/swift-scrypt.build/Debug-watchos/ScryptTests.build/Objects-normal/arm64_32/ScryptTests-OutputFileMap.json -use-frontend-parseable-output -save-temps -no-color-diagnostics -serialize-diagnostics -emit-dependencies -emit-module -emit-module-path /Users/builder/builds/o86TiJKT/3/finestructure/swiftpackageindex-builder/spi-builder-workspace/.derivedData/Build/Intermediates.noindex/swift-scrypt.build/Debug-watchos/ScryptTests.build/Objects-normal/arm64_32/ScryptTests.swiftmodule -Xcc -I/Users/builder/builds/o86TiJKT/3/finestructure/swiftpackageindex-builder/spi-builder-workspace/Sources/libscrypt/include -Xcc -I/Users/builder/builds/o86TiJKT/3/finestructure/swiftpackageindex-builder/spi-builder-workspace/.derivedData/Build/Products/Debug-watchos/include -Xcc -I/Users/builder/builds/o86TiJKT/3/finestructure/swiftpackageindex-builder/spi-builder-workspace/.derivedData/Build/Intermediates.noindex/swift-scrypt.build/Debug-watchos/ScryptTests.build/DerivedSources-normal/arm64_32 -Xcc -I/Users/builder/builds/o86TiJKT/3/finestructure/swiftpackageindex-builder/spi-builder-workspace/.derivedData/Build/Intermediates.noindex/swift-scrypt.build/Debug-watchos/ScryptTests.build/DerivedSources/arm64_32 -Xcc -I/Users/builder/builds/o86TiJKT/3/finestructure/swiftpackageindex-builder/spi-builder-workspace/.derivedData/Build/Intermediates.noindex/swift-scrypt.build/Debug-watchos/ScryptTests.build/DerivedSources -Xcc -DSWIFT_PACKAGE -Xcc -DDEBUG\=1 -working-directory /Users/builder/builds/o86TiJKT/3/finestructure/swiftpackageindex-builder/spi-builder-workspace -experimental-emit-module-separately -disable-cmo
Ld /Users/builder/builds/o86TiJKT/3/finestructure/swiftpackageindex-builder/spi-builder-workspace/.derivedData/Build/Intermediates.noindex/swift-scrypt.build/Debug-watchos/Scrypt.build/Objects-normal/arm64/Binary/Scrypt.o normal arm64 (in target 'Scrypt' from project 'swift-scrypt')
    cd /Users/builder/builds/o86TiJKT/3/finestructure/swiftpackageindex-builder/spi-builder-workspace
    /Applications/Xcode-14.3.1.app/Contents/Developer/Toolchains/XcodeDefault.xctoolchain/usr/bin/clang -Xlinker -reproducible -target arm64-apple-watchos4.0 -r -isysroot /Applications/Xcode-14.3.1.app/Contents/Developer/Platforms/WatchOS.platform/Developer/SDKs/WatchOS9.4.sdk -L/Users/builder/builds/o86TiJKT/3/finestructure/swiftpackageindex-builder/spi-builder-workspace/.derivedData/Build/Intermediates.noindex/EagerLinkingTBDs/Debug-watchos -L/Users/builder/builds/o86TiJKT/3/finestructure/swiftpackageindex-builder/spi-builder-workspace/.derivedData/Build/Products/Debug-watchos -L/Applications/Xcode-14.3.1.app/Contents/Developer/Platforms/WatchOS.platform/Developer/usr/lib -F/Users/builder/builds/o86TiJKT/3/finestructure/swiftpackageindex-builder/spi-builder-workspace/.derivedData/Build/Intermediates.noindex/EagerLinkingTBDs/Debug-watchos -F/Users/builder/builds/o86TiJKT/3/finestructure/swiftpackageindex-builder/spi-builder-workspace/.derivedData/Build/Products/Debug-watchos/PackageFrameworks -F/Users/builder/builds/o86TiJKT/3/finestructure/swiftpackageindex-builder/spi-builder-workspace/.derivedData/Build/Products/Debug-watchos -iframework /Applications/Xcode-14.3.1.app/Contents/Developer/Platforms/WatchOS.platform/Developer/Library/Frameworks -iframework /Applications/Xcode-14.3.1.app/Contents/Developer/Platforms/WatchOS.platform/Developer/SDKs/WatchOS9.4.sdk/Developer/Library/Frameworks -filelist /Users/builder/builds/o86TiJKT/3/finestructure/swiftpackageindex-builder/spi-builder-workspace/.derivedData/Build/Intermediates.noindex/swift-scrypt.build/Debug-watchos/Scrypt.build/Objects-normal/arm64/Scrypt.LinkFileList -nostdlib -Xlinker -object_path_lto -Xlinker /Users/builder/builds/o86TiJKT/3/finestructure/swiftpackageindex-builder/spi-builder-workspace/.derivedData/Build/Intermediates.noindex/swift-scrypt.build/Debug-watchos/Scrypt.build/Objects-normal/arm64/Scrypt_lto.o -Xlinker -export_dynamic -Xlinker -no_deduplicate -fobjc-link-runtime -L/Applications/Xcode-14.3.1.app/Contents/Developer/Toolchains/XcodeDefault.xctoolchain/usr/lib/swift/watchos -L/usr/lib/swift -Xlinker -add_ast_path -Xlinker /Users/builder/builds/o86TiJKT/3/finestructure/swiftpackageindex-builder/spi-builder-workspace/.derivedData/Build/Intermediates.noindex/swift-scrypt.build/Debug-watchos/Scrypt.build/Objects-normal/arm64/Scrypt.swiftmodule -Xlinker -dependency_info -Xlinker /Users/builder/builds/o86TiJKT/3/finestructure/swiftpackageindex-builder/spi-builder-workspace/.derivedData/Build/Intermediates.noindex/swift-scrypt.build/Debug-watchos/Scrypt.build/Objects-normal/arm64/Scrypt_dependency_info.dat -o /Users/builder/builds/o86TiJKT/3/finestructure/swiftpackageindex-builder/spi-builder-workspace/.derivedData/Build/Intermediates.noindex/swift-scrypt.build/Debug-watchos/Scrypt.build/Objects-normal/arm64/Binary/Scrypt.o
CreateUniversalBinary /Users/builder/builds/o86TiJKT/3/finestructure/swiftpackageindex-builder/spi-builder-workspace/.derivedData/Build/Products/Debug-watchos/Scrypt.o normal arm64\ armv7k\ arm64_32 (in target 'Scrypt' from project 'swift-scrypt')
    cd /Users/builder/builds/o86TiJKT/3/finestructure/swiftpackageindex-builder/spi-builder-workspace
    /Applications/Xcode-14.3.1.app/Contents/Developer/Toolchains/XcodeDefault.xctoolchain/usr/bin/lipo -create /Users/builder/builds/o86TiJKT/3/finestructure/swiftpackageindex-builder/spi-builder-workspace/.derivedData/Build/Intermediates.noindex/swift-scrypt.build/Debug-watchos/Scrypt.build/Objects-normal/arm64/Binary/Scrypt.o /Users/builder/builds/o86TiJKT/3/finestructure/swiftpackageindex-builder/spi-builder-workspace/.derivedData/Build/Intermediates.noindex/swift-scrypt.build/Debug-watchos/Scrypt.build/Objects-normal/armv7k/Binary/Scrypt.o /Users/builder/builds/o86TiJKT/3/finestructure/swiftpackageindex-builder/spi-builder-workspace/.derivedData/Build/Intermediates.noindex/swift-scrypt.build/Debug-watchos/Scrypt.build/Objects-normal/arm64_32/Binary/Scrypt.o -output /Users/builder/builds/o86TiJKT/3/finestructure/swiftpackageindex-builder/spi-builder-workspace/.derivedData/Build/Products/Debug-watchos/Scrypt.o
RegisterExecutionPolicyException /Users/builder/builds/o86TiJKT/3/finestructure/swiftpackageindex-builder/spi-builder-workspace/.derivedData/Build/Products/Debug-watchos/Scrypt.o (in target 'Scrypt' from project 'swift-scrypt')
    cd /Users/builder/builds/o86TiJKT/3/finestructure/swiftpackageindex-builder/spi-builder-workspace
    builtin-RegisterExecutionPolicyException /Users/builder/builds/o86TiJKT/3/finestructure/swiftpackageindex-builder/spi-builder-workspace/.derivedData/Build/Products/Debug-watchos/Scrypt.o
WriteAuxiliaryFile /Users/builder/builds/o86TiJKT/3/finestructure/swiftpackageindex-builder/spi-builder-workspace/.derivedData/Build/Intermediates.noindex/swift-scrypt.build/Debug-watchos/ScryptTests.build/Objects-normal/armv7k/ScryptTests.LinkFileList (in target 'ScryptTests' from project 'swift-scrypt')
    cd /Users/builder/builds/o86TiJKT/3/finestructure/swiftpackageindex-builder/spi-builder-workspace
    write-file /Users/builder/builds/o86TiJKT/3/finestructure/swiftpackageindex-builder/spi-builder-workspace/.derivedData/Build/Intermediates.noindex/swift-scrypt.build/Debug-watchos/ScryptTests.build/Objects-normal/armv7k/ScryptTests.LinkFileList
WriteAuxiliaryFile /Users/builder/builds/o86TiJKT/3/finestructure/swiftpackageindex-builder/spi-builder-workspace/.derivedData/Build/Intermediates.noindex/swift-scrypt.build/Debug-watchos/ScryptTests.build/Objects-normal/arm64_32/ScryptTests.LinkFileList (in target 'ScryptTests' from project 'swift-scrypt')
    cd /Users/builder/builds/o86TiJKT/3/finestructure/swiftpackageindex-builder/spi-builder-workspace
    write-file /Users/builder/builds/o86TiJKT/3/finestructure/swiftpackageindex-builder/spi-builder-workspace/.derivedData/Build/Intermediates.noindex/swift-scrypt.build/Debug-watchos/ScryptTests.build/Objects-normal/arm64_32/ScryptTests.LinkFileList
WriteAuxiliaryFile /Users/builder/builds/o86TiJKT/3/finestructure/swiftpackageindex-builder/spi-builder-workspace/.derivedData/Build/Intermediates.noindex/swift-scrypt.build/Debug-watchos/ScryptTests.build/Objects-normal/arm64/ScryptTests.LinkFileList (in target 'ScryptTests' from project 'swift-scrypt')
    cd /Users/builder/builds/o86TiJKT/3/finestructure/swiftpackageindex-builder/spi-builder-workspace
    write-file /Users/builder/builds/o86TiJKT/3/finestructure/swiftpackageindex-builder/spi-builder-workspace/.derivedData/Build/Intermediates.noindex/swift-scrypt.build/Debug-watchos/ScryptTests.build/Objects-normal/arm64/ScryptTests.LinkFileList
WriteAuxiliaryFile /Users/builder/builds/o86TiJKT/3/finestructure/swiftpackageindex-builder/spi-builder-workspace/.derivedData/Build/Intermediates.noindex/swift-scrypt.build/Debug-watchos/ScryptTests.build/empty-ScryptTests.plist (in target 'ScryptTests' from project 'swift-scrypt')
    cd /Users/builder/builds/o86TiJKT/3/finestructure/swiftpackageindex-builder/spi-builder-workspace
    write-file /Users/builder/builds/o86TiJKT/3/finestructure/swiftpackageindex-builder/spi-builder-workspace/.derivedData/Build/Intermediates.noindex/swift-scrypt.build/Debug-watchos/ScryptTests.build/empty-ScryptTests.plist
ProcessInfoPlistFile /Users/builder/builds/o86TiJKT/3/finestructure/swiftpackageindex-builder/spi-builder-workspace/.derivedData/Build/Products/Debug-watchos/ScryptTests.xctest/Info.plist /Users/builder/builds/o86TiJKT/3/finestructure/swiftpackageindex-builder/spi-builder-workspace/.derivedData/Build/Intermediates.noindex/swift-scrypt.build/Debug-watchos/ScryptTests.build/empty-ScryptTests.plist (in target 'ScryptTests' from project 'swift-scrypt')
    cd /Users/builder/builds/o86TiJKT/3/finestructure/swiftpackageindex-builder/spi-builder-workspace
    builtin-infoPlistUtility /Users/builder/builds/o86TiJKT/3/finestructure/swiftpackageindex-builder/spi-builder-workspace/.derivedData/Build/Intermediates.noindex/swift-scrypt.build/Debug-watchos/ScryptTests.build/empty-ScryptTests.plist -producttype com.apple.product-type.bundle.unit-test -expandbuildsettings -format binary -platform watchos -o /Users/builder/builds/o86TiJKT/3/finestructure/swiftpackageindex-builder/spi-builder-workspace/.derivedData/Build/Products/Debug-watchos/ScryptTests.xctest/Info.plist
SwiftEmitModule normal arm64 Emitting\ module\ for\ ScryptTests (in target 'ScryptTests' from project 'swift-scrypt')
    cd /Users/builder/builds/o86TiJKT/3/finestructure/swiftpackageindex-builder/spi-builder-workspace
    builtin-swiftTaskExecution -- /Applications/Xcode-14.3.1.app/Contents/Developer/Toolchains/XcodeDefault.xctoolchain/usr/bin/swift-frontend -frontend -emit-module -experimental-skip-non-inlinable-function-bodies-without-types /Users/builder/builds/o86TiJKT/3/finestructure/swiftpackageindex-builder/spi-builder-workspace/Tests/ScryptTests/ScryptTests.swift /Users/builder/builds/o86TiJKT/3/finestructure/swiftpackageindex-builder/spi-builder-workspace/Tests/ScryptTests/XCTestManifests.swift -target arm64-apple-watchos4.0 -Xllvm -aarch64-use-tbi -enable-objc-interop -sdk /Applications/Xcode-14.3.1.app/Contents/Developer/Platforms/WatchOS.platform/Developer/SDKs/WatchOS9.4.sdk -I /Users/builder/builds/o86TiJKT/3/finestructure/swiftpackageindex-builder/spi-builder-workspace/.derivedData/Build/Products/Debug-watchos -I /Applications/Xcode-14.3.1.app/Contents/Developer/Platforms/WatchOS.platform/Developer/usr/lib -F /Users/builder/builds/o86TiJKT/3/finestructure/swiftpackageindex-builder/spi-builder-workspace/.derivedData/Build/Products/Debug-watchos/PackageFrameworks -F /Users/builder/builds/o86TiJKT/3/finestructure/swiftpackageindex-builder/spi-builder-workspace/.derivedData/Build/Products/Debug-watchos/PackageFrameworks -F /Users/builder/builds/o86TiJKT/3/finestructure/swiftpackageindex-builder/spi-builder-workspace/.derivedData/Build/Products/Debug-watchos -F /Applications/Xcode-14.3.1.app/Contents/Developer/Platforms/WatchOS.platform/Developer/Library/Frameworks -F /Applications/Xcode-14.3.1.app/Contents/Developer/Platforms/WatchOS.platform/Developer/SDKs/WatchOS9.4.sdk/Developer/Library/Frameworks -no-color-diagnostics -enable-testing -g -module-cache-path /Users/builder/builds/o86TiJKT/3/finestructure/swiftpackageindex-builder/spi-builder-workspace/.derivedData/ModuleCache.noindex -swift-version 5 -enforce-exclusivity\=checked -Onone -D SWIFT_PACKAGE -D DEBUG -D Xcode -serialize-debugging-options -empty-abi-descriptor -Xcc -working-directory -Xcc /Users/builder/builds/o86TiJKT/3/finestructure/swiftpackageindex-builder/spi-builder-workspace -resource-dir /Applications/Xcode-14.3.1.app/Contents/Developer/Toolchains/XcodeDefault.xctoolchain/usr/lib/swift -enable-anonymous-context-mangled-names -Xcc -ivfsstatcache -Xcc /Users/builder/builds/o86TiJKT/3/finestructure/swiftpackageindex-builder/spi-builder-workspace/.derivedData/SDKStatCaches.noindex/watchos9.4-20T248-.sdkstatcache -Xcc -I/Users/builder/builds/o86TiJKT/3/finestructure/swiftpackageindex-builder/spi-builder-workspace/Sources/libscrypt/include -Xcc -I/Users/builder/builds/o86TiJKT/3/finestructure/swiftpackageindex-builder/spi-builder-workspace/.derivedData/Build/Products/Debug-watchos/include -Xcc -I/Users/builder/builds/o86TiJKT/3/finestructure/swiftpackageindex-builder/spi-builder-workspace/.derivedData/Build/Intermediates.noindex/swift-scrypt.build/Debug-watchos/ScryptTests.build/DerivedSources-normal/arm64 -Xcc -I/Users/builder/builds/o86TiJKT/3/finestructure/swiftpackageindex-builder/spi-builder-workspace/.derivedData/Build/Intermediates.noindex/swift-scrypt.build/Debug-watchos/ScryptTests.build/DerivedSources/arm64 -Xcc -I/Users/builder/builds/o86TiJKT/3/finestructure/swiftpackageindex-builder/spi-builder-workspace/.derivedData/Build/Intermediates.noindex/swift-scrypt.build/Debug-watchos/ScryptTests.build/DerivedSources -Xcc -DSWIFT_PACKAGE -Xcc -DDEBUG\=1 -module-name ScryptTests -disable-clang-spi -target-sdk-version 9.4 -target-sdk-name watchos9.4 -emit-module-doc-path /Users/builder/builds/o86TiJKT/3/finestructure/swiftpackageindex-builder/spi-builder-workspace/.derivedData/Build/Intermediates.noindex/swift-scrypt.build/Debug-watchos/ScryptTests.build/Objects-normal/arm64/ScryptTests.swiftdoc -emit-module-source-info-path /Users/builder/builds/o86TiJKT/3/finestructure/swiftpackageindex-builder/spi-builder-workspace/.derivedData/Build/Intermediates.noindex/swift-scrypt.build/Debug-watchos/ScryptTests.build/Objects-normal/arm64/ScryptTests.swiftsourceinfo -serialize-diagnostics-path /Users/builder/builds/o86TiJKT/3/finestructure/swiftpackageindex-builder/spi-builder-workspace/.derivedData/Build/Intermediates.noindex/swift-scrypt.build/Debug-watchos/ScryptTests.build/Objects-normal/arm64/ScryptTests-master-emit-module.dia -emit-dependencies-path /Users/builder/builds/o86TiJKT/3/finestructure/swiftpackageindex-builder/spi-builder-workspace/.derivedData/Build/Intermediates.noindex/swift-scrypt.build/Debug-watchos/ScryptTests.build/Objects-normal/arm64/ScryptTests-master-emit-module.d -o /Users/builder/builds/o86TiJKT/3/finestructure/swiftpackageindex-builder/spi-builder-workspace/.derivedData/Build/Intermediates.noindex/swift-scrypt.build/Debug-watchos/ScryptTests.build/Objects-normal/arm64/ScryptTests.swiftmodule -emit-abi-descriptor-path /Users/builder/builds/o86TiJKT/3/finestructure/swiftpackageindex-builder/spi-builder-workspace/.derivedData/Build/Intermediates.noindex/swift-scrypt.build/Debug-watchos/ScryptTests.build/Objects-normal/arm64/ScryptTests.abi.json
SwiftEmitModule normal arm64_32 Emitting\ module\ for\ ScryptTests (in target 'ScryptTests' from project 'swift-scrypt')
    cd /Users/builder/builds/o86TiJKT/3/finestructure/swiftpackageindex-builder/spi-builder-workspace
    builtin-swiftTaskExecution -- /Applications/Xcode-14.3.1.app/Contents/Developer/Toolchains/XcodeDefault.xctoolchain/usr/bin/swift-frontend -frontend -emit-module -experimental-skip-non-inlinable-function-bodies-without-types /Users/builder/builds/o86TiJKT/3/finestructure/swiftpackageindex-builder/spi-builder-workspace/Tests/ScryptTests/ScryptTests.swift /Users/builder/builds/o86TiJKT/3/finestructure/swiftpackageindex-builder/spi-builder-workspace/Tests/ScryptTests/XCTestManifests.swift -target arm64_32-apple-watchos4.0 -enable-objc-interop -sdk /Applications/Xcode-14.3.1.app/Contents/Developer/Platforms/WatchOS.platform/Developer/SDKs/WatchOS9.4.sdk -I /Users/builder/builds/o86TiJKT/3/finestructure/swiftpackageindex-builder/spi-builder-workspace/.derivedData/Build/Products/Debug-watchos -I /Applications/Xcode-14.3.1.app/Contents/Developer/Platforms/WatchOS.platform/Developer/usr/lib -F /Users/builder/builds/o86TiJKT/3/finestructure/swiftpackageindex-builder/spi-builder-workspace/.derivedData/Build/Products/Debug-watchos/PackageFrameworks -F /Users/builder/builds/o86TiJKT/3/finestructure/swiftpackageindex-builder/spi-builder-workspace/.derivedData/Build/Products/Debug-watchos/PackageFrameworks -F /Users/builder/builds/o86TiJKT/3/finestructure/swiftpackageindex-builder/spi-builder-workspace/.derivedData/Build/Products/Debug-watchos -F /Applications/Xcode-14.3.1.app/Contents/Developer/Platforms/WatchOS.platform/Developer/Library/Frameworks -F /Applications/Xcode-14.3.1.app/Contents/Developer/Platforms/WatchOS.platform/Developer/SDKs/WatchOS9.4.sdk/Developer/Library/Frameworks -no-color-diagnostics -enable-testing -g -module-cache-path /Users/builder/builds/o86TiJKT/3/finestructure/swiftpackageindex-builder/spi-builder-workspace/.derivedData/ModuleCache.noindex -swift-version 5 -enforce-exclusivity\=checked -Onone -D SWIFT_PACKAGE -D DEBUG -D Xcode -serialize-debugging-options -empty-abi-descriptor -Xcc -working-directory -Xcc /Users/builder/builds/o86TiJKT/3/finestructure/swiftpackageindex-builder/spi-builder-workspace -resource-dir /Applications/Xcode-14.3.1.app/Contents/Developer/Toolchains/XcodeDefault.xctoolchain/usr/lib/swift -enable-anonymous-context-mangled-names -Xcc -ivfsstatcache -Xcc /Users/builder/builds/o86TiJKT/3/finestructure/swiftpackageindex-builder/spi-builder-workspace/.derivedData/SDKStatCaches.noindex/watchos9.4-20T248-.sdkstatcache -Xcc -I/Users/builder/builds/o86TiJKT/3/finestructure/swiftpackageindex-builder/spi-builder-workspace/Sources/libscrypt/include -Xcc -I/Users/builder/builds/o86TiJKT/3/finestructure/swiftpackageindex-builder/spi-builder-workspace/.derivedData/Build/Products/Debug-watchos/include -Xcc -I/Users/builder/builds/o86TiJKT/3/finestructure/swiftpackageindex-builder/spi-builder-workspace/.derivedData/Build/Intermediates.noindex/swift-scrypt.build/Debug-watchos/ScryptTests.build/DerivedSources-normal/arm64_32 -Xcc -I/Users/builder/builds/o86TiJKT/3/finestructure/swiftpackageindex-builder/spi-builder-workspace/.derivedData/Build/Intermediates.noindex/swift-scrypt.build/Debug-watchos/ScryptTests.build/DerivedSources/arm64_32 -Xcc -I/Users/builder/builds/o86TiJKT/3/finestructure/swiftpackageindex-builder/spi-builder-workspace/.derivedData/Build/Intermediates.noindex/swift-scrypt.build/Debug-watchos/ScryptTests.build/DerivedSources -Xcc -DSWIFT_PACKAGE -Xcc -DDEBUG\=1 -module-name ScryptTests -disable-clang-spi -target-sdk-version 9.4 -target-sdk-name watchos9.4 -emit-module-doc-path /Users/builder/builds/o86TiJKT/3/finestructure/swiftpackageindex-builder/spi-builder-workspace/.derivedData/Build/Intermediates.noindex/swift-scrypt.build/Debug-watchos/ScryptTests.build/Objects-normal/arm64_32/ScryptTests.swiftdoc -emit-module-source-info-path /Users/builder/builds/o86TiJKT/3/finestructure/swiftpackageindex-builder/spi-builder-workspace/.derivedData/Build/Intermediates.noindex/swift-scrypt.build/Debug-watchos/ScryptTests.build/Objects-normal/arm64_32/ScryptTests.swiftsourceinfo -serialize-diagnostics-path /Users/builder/builds/o86TiJKT/3/finestructure/swiftpackageindex-builder/spi-builder-workspace/.derivedData/Build/Intermediates.noindex/swift-scrypt.build/Debug-watchos/ScryptTests.build/Objects-normal/arm64_32/ScryptTests-master-emit-module.dia -emit-dependencies-path /Users/builder/builds/o86TiJKT/3/finestructure/swiftpackageindex-builder/spi-builder-workspace/.derivedData/Build/Intermediates.noindex/swift-scrypt.build/Debug-watchos/ScryptTests.build/Objects-normal/arm64_32/ScryptTests-master-emit-module.d -o /Users/builder/builds/o86TiJKT/3/finestructure/swiftpackageindex-builder/spi-builder-workspace/.derivedData/Build/Intermediates.noindex/swift-scrypt.build/Debug-watchos/ScryptTests.build/Objects-normal/arm64_32/ScryptTests.swiftmodule -emit-abi-descriptor-path /Users/builder/builds/o86TiJKT/3/finestructure/swiftpackageindex-builder/spi-builder-workspace/.derivedData/Build/Intermediates.noindex/swift-scrypt.build/Debug-watchos/ScryptTests.build/Objects-normal/arm64_32/ScryptTests.abi.json
SwiftCompile normal arm64 Compiling\ ScryptTests.swift /Users/builder/builds/o86TiJKT/3/finestructure/swiftpackageindex-builder/spi-builder-workspace/Tests/ScryptTests/ScryptTests.swift (in target 'ScryptTests' from project 'swift-scrypt')
    cd /Users/builder/builds/o86TiJKT/3/finestructure/swiftpackageindex-builder/spi-builder-workspace
    builtin-swiftTaskExecution -- /Applications/Xcode-14.3.1.app/Contents/Developer/Toolchains/XcodeDefault.xctoolchain/usr/bin/swift-frontend -frontend -c -primary-file /Users/builder/builds/o86TiJKT/3/finestructure/swiftpackageindex-builder/spi-builder-workspace/Tests/ScryptTests/ScryptTests.swift /Users/builder/builds/o86TiJKT/3/finestructure/swiftpackageindex-builder/spi-builder-workspace/Tests/ScryptTests/XCTestManifests.swift -emit-dependencies-path /Users/builder/builds/o86TiJKT/3/finestructure/swiftpackageindex-builder/spi-builder-workspace/.derivedData/Build/Intermediates.noindex/swift-scrypt.build/Debug-watchos/ScryptTests.build/Objects-normal/arm64/ScryptTests.d -emit-reference-dependencies-path /Users/builder/builds/o86TiJKT/3/finestructure/swiftpackageindex-builder/spi-builder-workspace/.derivedData/Build/Intermediates.noindex/swift-scrypt.build/Debug-watchos/ScryptTests.build/Objects-normal/arm64/ScryptTests.swiftdeps -serialize-diagnostics-path /Users/builder/builds/o86TiJKT/3/finestructure/swiftpackageindex-builder/spi-builder-workspace/.derivedData/Build/Intermediates.noindex/swift-scrypt.build/Debug-watchos/ScryptTests.build/Objects-normal/arm64/ScryptTests.dia -target arm64-apple-watchos4.0 -Xllvm -aarch64-use-tbi -enable-objc-interop -sdk /Applications/Xcode-14.3.1.app/Contents/Developer/Platforms/WatchOS.platform/Developer/SDKs/WatchOS9.4.sdk -I /Users/builder/builds/o86TiJKT/3/finestructure/swiftpackageindex-builder/spi-builder-workspace/.derivedData/Build/Products/Debug-watchos -I /Applications/Xcode-14.3.1.app/Contents/Developer/Platforms/WatchOS.platform/Developer/usr/lib -F /Users/builder/builds/o86TiJKT/3/finestructure/swiftpackageindex-builder/spi-builder-workspace/.derivedData/Build/Products/Debug-watchos/PackageFrameworks -F /Users/builder/builds/o86TiJKT/3/finestructure/swiftpackageindex-builder/spi-builder-workspace/.derivedData/Build/Products/Debug-watchos/PackageFrameworks -F /Users/builder/builds/o86TiJKT/3/finestructure/swiftpackageindex-builder/spi-builder-workspace/.derivedData/Build/Products/Debug-watchos -F /Applications/Xcode-14.3.1.app/Contents/Developer/Platforms/WatchOS.platform/Developer/Library/Frameworks -F /Applications/Xcode-14.3.1.app/Contents/Developer/Platforms/WatchOS.platform/Developer/SDKs/WatchOS9.4.sdk/Developer/Library/Frameworks -no-color-diagnostics -enable-testing -g -module-cache-path /Users/builder/builds/o86TiJKT/3/finestructure/swiftpackageindex-builder/spi-builder-workspace/.derivedData/ModuleCache.noindex -swift-version 5 -enforce-exclusivity\=checked -Onone -D SWIFT_PACKAGE -D DEBUG -D Xcode -serialize-debugging-options -empty-abi-descriptor -Xcc -working-directory -Xcc /Users/builder/builds/o86TiJKT/3/finestructure/swiftpackageindex-builder/spi-builder-workspace -resource-dir /Applications/Xcode-14.3.1.app/Contents/Developer/Toolchains/XcodeDefault.xctoolchain/usr/lib/swift -enable-anonymous-context-mangled-names -Xcc -ivfsstatcache -Xcc /Users/builder/builds/o86TiJKT/3/finestructure/swiftpackageindex-builder/spi-builder-workspace/.derivedData/SDKStatCaches.noindex/watchos9.4-20T248-.sdkstatcache -Xcc -I/Users/builder/builds/o86TiJKT/3/finestructure/swiftpackageindex-builder/spi-builder-workspace/Sources/libscrypt/include -Xcc -I/Users/builder/builds/o86TiJKT/3/finestructure/swiftpackageindex-builder/spi-builder-workspace/.derivedData/Build/Products/Debug-watchos/include -Xcc -I/Users/builder/builds/o86TiJKT/3/finestructure/swiftpackageindex-builder/spi-builder-workspace/.derivedData/Build/Intermediates.noindex/swift-scrypt.build/Debug-watchos/ScryptTests.build/DerivedSources-normal/arm64 -Xcc -I/Users/builder/builds/o86TiJKT/3/finestructure/swiftpackageindex-builder/spi-builder-workspace/.derivedData/Build/Intermediates.noindex/swift-scrypt.build/Debug-watchos/ScryptTests.build/DerivedSources/arm64 -Xcc -I/Users/builder/builds/o86TiJKT/3/finestructure/swiftpackageindex-builder/spi-builder-workspace/.derivedData/Build/Intermediates.noindex/swift-scrypt.build/Debug-watchos/ScryptTests.build/DerivedSources -Xcc -DSWIFT_PACKAGE -Xcc -DDEBUG\=1 -module-name ScryptTests -frontend-parseable-output -disable-clang-spi -target-sdk-version 9.4 -target-sdk-name watchos9.4 -o /Users/builder/builds/o86TiJKT/3/finestructure/swiftpackageindex-builder/spi-builder-workspace/.derivedData/Build/Intermediates.noindex/swift-scrypt.build/Debug-watchos/ScryptTests.build/Objects-normal/arm64/ScryptTests.o -index-unit-output-path /swift-scrypt.build/Debug-watchos/ScryptTests.build/Objects-normal/arm64/ScryptTests.o -index-store-path /Users/builder/builds/o86TiJKT/3/finestructure/swiftpackageindex-builder/spi-builder-workspace/.derivedData/Index.noindex/DataStore -index-system-modules
SwiftCompile normal arm64 /Users/builder/builds/o86TiJKT/3/finestructure/swiftpackageindex-builder/spi-builder-workspace/Tests/ScryptTests/ScryptTests.swift (in target 'ScryptTests' from project 'swift-scrypt')
    cd /Users/builder/builds/o86TiJKT/3/finestructure/swiftpackageindex-builder/spi-builder-workspace
    /Applications/Xcode-14.3.1.app/Contents/Developer/Toolchains/XcodeDefault.xctoolchain/usr/bin/swift-frontend -c -primary-file /Users/builder/builds/o86TiJKT/3/finestructure/swiftpackageindex-builder/spi-builder-workspace/Tests/ScryptTests/ScryptTests.swift /Users/builder/builds/o86TiJKT/3/finestructure/swiftpackageindex-builder/spi-builder-workspace/Tests/ScryptTests/XCTestManifests.swift -emit-dependencies-path /Users/builder/builds/o86TiJKT/3/finestructure/swiftpackageindex-builder/spi-builder-workspace/.derivedData/Build/Intermediates.noindex/swift-scrypt.build/Debug-watchos/ScryptTests.build/Objects-normal/arm64/ScryptTests.d -emit-reference-dependencies-path /Users/builder/builds/o86TiJKT/3/finestructure/swiftpackageindex-builder/spi-builder-workspace/.derivedData/Build/Intermediates.noindex/swift-scrypt.build/Debug-watchos/ScryptTests.build/Objects-normal/arm64/ScryptTests.swiftdeps -serialize-diagnostics-path /Users/builder/builds/o86TiJKT/3/finestructure/swiftpackageindex-builder/spi-builder-workspace/.derivedData/Build/Intermediates.noindex/swift-scrypt.build/Debug-watchos/ScryptTests.build/Objects-normal/arm64/ScryptTests.dia -target arm64-apple-watchos4.0 -Xllvm -aarch64-use-tbi -enable-objc-interop -sdk /Applications/Xcode-14.3.1.app/Contents/Developer/Platforms/WatchOS.platform/Developer/SDKs/WatchOS9.4.sdk -I /Users/builder/builds/o86TiJKT/3/finestructure/swiftpackageindex-builder/spi-builder-workspace/.derivedData/Build/Products/Debug-watchos -I /Applications/Xcode-14.3.1.app/Contents/Developer/Platforms/WatchOS.platform/Developer/usr/lib -F /Users/builder/builds/o86TiJKT/3/finestructure/swiftpackageindex-builder/spi-builder-workspace/.derivedData/Build/Products/Debug-watchos/PackageFrameworks -F /Users/builder/builds/o86TiJKT/3/finestructure/swiftpackageindex-builder/spi-builder-workspace/.derivedData/Build/Products/Debug-watchos/PackageFrameworks -F /Users/builder/builds/o86TiJKT/3/finestructure/swiftpackageindex-builder/spi-builder-workspace/.derivedData/Build/Products/Debug-watchos -F /Applications/Xcode-14.3.1.app/Contents/Developer/Platforms/WatchOS.platform/Developer/Library/Frameworks -F /Applications/Xcode-14.3.1.app/Contents/Developer/Platforms/WatchOS.platform/Developer/SDKs/WatchOS9.4.sdk/Developer/Library/Frameworks -no-color-diagnostics -enable-testing -g -module-cache-path /Users/builder/builds/o86TiJKT/3/finestructure/swiftpackageindex-builder/spi-builder-workspace/.derivedData/ModuleCache.noindex -swift-version 5 -enforce-exclusivity\=checked -Onone -D SWIFT_PACKAGE -D DEBUG -D Xcode -serialize-debugging-options -empty-abi-descriptor -Xcc -working-directory -Xcc /Users/builder/builds/o86TiJKT/3/finestructure/swiftpackageindex-builder/spi-builder-workspace -resource-dir /Applications/Xcode-14.3.1.app/Contents/Developer/Toolchains/XcodeDefault.xctoolchain/usr/lib/swift -enable-anonymous-context-mangled-names -Xcc -ivfsstatcache -Xcc /Users/builder/builds/o86TiJKT/3/finestructure/swiftpackageindex-builder/spi-builder-workspace/.derivedData/SDKStatCaches.noindex/watchos9.4-20T248-.sdkstatcache -Xcc -I/Users/builder/builds/o86TiJKT/3/finestructure/swiftpackageindex-builder/spi-builder-workspace/Sources/libscrypt/include -Xcc -I/Users/builder/builds/o86TiJKT/3/finestructure/swiftpackageindex-builder/spi-builder-workspace/.derivedData/Build/Products/Debug-watchos/include -Xcc -I/Users/builder/builds/o86TiJKT/3/finestructure/swiftpackageindex-builder/spi-builder-workspace/.derivedData/Build/Intermediates.noindex/swift-scrypt.build/Debug-watchos/ScryptTests.build/DerivedSources-normal/arm64 -Xcc -I/Users/builder/builds/o86TiJKT/3/finestructure/swiftpackageindex-builder/spi-builder-workspace/.derivedData/Build/Intermediates.noindex/swift-scrypt.build/Debug-watchos/ScryptTests.build/DerivedSources/arm64 -Xcc -I/Users/builder/builds/o86TiJKT/3/finestructure/swiftpackageindex-builder/spi-builder-workspace/.derivedData/Build/Intermediates.noindex/swift-scrypt.build/Debug-watchos/ScryptTests.build/DerivedSources -Xcc -DSWIFT_PACKAGE -Xcc -DDEBUG\=1 -module-name ScryptTests -frontend-parseable-output -disable-clang-spi -target-sdk-version 9.4 -target-sdk-name watchos9.4 -o /Users/builder/builds/o86TiJKT/3/finestructure/swiftpackageindex-builder/spi-builder-workspace/.derivedData/Build/Intermediates.noindex/swift-scrypt.build/Debug-watchos/ScryptTests.build/Objects-normal/arm64/ScryptTests.o -index-unit-output-path /swift-scrypt.build/Debug-watchos/ScryptTests.build/Objects-normal/arm64/ScryptTests.o -index-store-path /Users/builder/builds/o86TiJKT/3/finestructure/swiftpackageindex-builder/spi-builder-workspace/.derivedData/Index.noindex/DataStore -index-system-modules
SwiftCompile normal arm64_32 Compiling\ XCTestManifests.swift /Users/builder/builds/o86TiJKT/3/finestructure/swiftpackageindex-builder/spi-builder-workspace/Tests/ScryptTests/XCTestManifests.swift (in target 'ScryptTests' from project 'swift-scrypt')
    cd /Users/builder/builds/o86TiJKT/3/finestructure/swiftpackageindex-builder/spi-builder-workspace
    builtin-swiftTaskExecution -- /Applications/Xcode-14.3.1.app/Contents/Developer/Toolchains/XcodeDefault.xctoolchain/usr/bin/swift-frontend -frontend -c /Users/builder/builds/o86TiJKT/3/finestructure/swiftpackageindex-builder/spi-builder-workspace/Tests/ScryptTests/ScryptTests.swift -primary-file /Users/builder/builds/o86TiJKT/3/finestructure/swiftpackageindex-builder/spi-builder-workspace/Tests/ScryptTests/XCTestManifests.swift -emit-dependencies-path /Users/builder/builds/o86TiJKT/3/finestructure/swiftpackageindex-builder/spi-builder-workspace/.derivedData/Build/Intermediates.noindex/swift-scrypt.build/Debug-watchos/ScryptTests.build/Objects-normal/arm64_32/XCTestManifests.d -emit-reference-dependencies-path /Users/builder/builds/o86TiJKT/3/finestructure/swiftpackageindex-builder/spi-builder-workspace/.derivedData/Build/Intermediates.noindex/swift-scrypt.build/Debug-watchos/ScryptTests.build/Objects-normal/arm64_32/XCTestManifests.swiftdeps -serialize-diagnostics-path /Users/builder/builds/o86TiJKT/3/finestructure/swiftpackageindex-builder/spi-builder-workspace/.derivedData/Build/Intermediates.noindex/swift-scrypt.build/Debug-watchos/ScryptTests.build/Objects-normal/arm64_32/XCTestManifests.dia -target arm64_32-apple-watchos4.0 -enable-objc-interop -sdk /Applications/Xcode-14.3.1.app/Contents/Developer/Platforms/WatchOS.platform/Developer/SDKs/WatchOS9.4.sdk -I /Users/builder/builds/o86TiJKT/3/finestructure/swiftpackageindex-builder/spi-builder-workspace/.derivedData/Build/Products/Debug-watchos -I /Applications/Xcode-14.3.1.app/Contents/Developer/Platforms/WatchOS.platform/Developer/usr/lib -F /Users/builder/builds/o86TiJKT/3/finestructure/swiftpackageindex-builder/spi-builder-workspace/.derivedData/Build/Products/Debug-watchos/PackageFrameworks -F /Users/builder/builds/o86TiJKT/3/finestructure/swiftpackageindex-builder/spi-builder-workspace/.derivedData/Build/Products/Debug-watchos/PackageFrameworks -F /Users/builder/builds/o86TiJKT/3/finestructure/swiftpackageindex-builder/spi-builder-workspace/.derivedData/Build/Products/Debug-watchos -F /Applications/Xcode-14.3.1.app/Contents/Developer/Platforms/WatchOS.platform/Developer/Library/Frameworks -F /Applications/Xcode-14.3.1.app/Contents/Developer/Platforms/WatchOS.platform/Developer/SDKs/WatchOS9.4.sdk/Developer/Library/Frameworks -no-color-diagnostics -enable-testing -g -module-cache-path /Users/builder/builds/o86TiJKT/3/finestructure/swiftpackageindex-builder/spi-builder-workspace/.derivedData/ModuleCache.noindex -swift-version 5 -enforce-exclusivity\=checked -Onone -D SWIFT_PACKAGE -D DEBUG -D Xcode -serialize-debugging-options -empty-abi-descriptor -Xcc -working-directory -Xcc /Users/builder/builds/o86TiJKT/3/finestructure/swiftpackageindex-builder/spi-builder-workspace -resource-dir /Applications/Xcode-14.3.1.app/Contents/Developer/Toolchains/XcodeDefault.xctoolchain/usr/lib/swift -enable-anonymous-context-mangled-names -Xcc -ivfsstatcache -Xcc /Users/builder/builds/o86TiJKT/3/finestructure/swiftpackageindex-builder/spi-builder-workspace/.derivedData/SDKStatCaches.noindex/watchos9.4-20T248-.sdkstatcache -Xcc -I/Users/builder/builds/o86TiJKT/3/finestructure/swiftpackageindex-builder/spi-builder-workspace/Sources/libscrypt/include -Xcc -I/Users/builder/builds/o86TiJKT/3/finestructure/swiftpackageindex-builder/spi-builder-workspace/.derivedData/Build/Products/Debug-watchos/include -Xcc -I/Users/builder/builds/o86TiJKT/3/finestructure/swiftpackageindex-builder/spi-builder-workspace/.derivedData/Build/Intermediates.noindex/swift-scrypt.build/Debug-watchos/ScryptTests.build/DerivedSources-normal/arm64_32 -Xcc -I/Users/builder/builds/o86TiJKT/3/finestructure/swiftpackageindex-builder/spi-builder-workspace/.derivedData/Build/Intermediates.noindex/swift-scrypt.build/Debug-watchos/ScryptTests.build/DerivedSources/arm64_32 -Xcc -I/Users/builder/builds/o86TiJKT/3/finestructure/swiftpackageindex-builder/spi-builder-workspace/.derivedData/Build/Intermediates.noindex/swift-scrypt.build/Debug-watchos/ScryptTests.build/DerivedSources -Xcc -DSWIFT_PACKAGE -Xcc -DDEBUG\=1 -module-name ScryptTests -frontend-parseable-output -disable-clang-spi -target-sdk-version 9.4 -target-sdk-name watchos9.4 -o /Users/builder/builds/o86TiJKT/3/finestructure/swiftpackageindex-builder/spi-builder-workspace/.derivedData/Build/Intermediates.noindex/swift-scrypt.build/Debug-watchos/ScryptTests.build/Objects-normal/arm64_32/XCTestManifests.o -index-unit-output-path /swift-scrypt.build/Debug-watchos/ScryptTests.build/Objects-normal/arm64_32/XCTestManifests.o -index-store-path /Users/builder/builds/o86TiJKT/3/finestructure/swiftpackageindex-builder/spi-builder-workspace/.derivedData/Index.noindex/DataStore -index-system-modules
SwiftCompile normal arm64_32 /Users/builder/builds/o86TiJKT/3/finestructure/swiftpackageindex-builder/spi-builder-workspace/Tests/ScryptTests/XCTestManifests.swift (in target 'ScryptTests' from project 'swift-scrypt')
    cd /Users/builder/builds/o86TiJKT/3/finestructure/swiftpackageindex-builder/spi-builder-workspace
    /Applications/Xcode-14.3.1.app/Contents/Developer/Toolchains/XcodeDefault.xctoolchain/usr/bin/swift-frontend -c /Users/builder/builds/o86TiJKT/3/finestructure/swiftpackageindex-builder/spi-builder-workspace/Tests/ScryptTests/ScryptTests.swift -primary-file /Users/builder/builds/o86TiJKT/3/finestructure/swiftpackageindex-builder/spi-builder-workspace/Tests/ScryptTests/XCTestManifests.swift -emit-dependencies-path /Users/builder/builds/o86TiJKT/3/finestructure/swiftpackageindex-builder/spi-builder-workspace/.derivedData/Build/Intermediates.noindex/swift-scrypt.build/Debug-watchos/ScryptTests.build/Objects-normal/arm64_32/XCTestManifests.d -emit-reference-dependencies-path /Users/builder/builds/o86TiJKT/3/finestructure/swiftpackageindex-builder/spi-builder-workspace/.derivedData/Build/Intermediates.noindex/swift-scrypt.build/Debug-watchos/ScryptTests.build/Objects-normal/arm64_32/XCTestManifests.swiftdeps -serialize-diagnostics-path /Users/builder/builds/o86TiJKT/3/finestructure/swiftpackageindex-builder/spi-builder-workspace/.derivedData/Build/Intermediates.noindex/swift-scrypt.build/Debug-watchos/ScryptTests.build/Objects-normal/arm64_32/XCTestManifests.dia -target arm64_32-apple-watchos4.0 -enable-objc-interop -sdk /Applications/Xcode-14.3.1.app/Contents/Developer/Platforms/WatchOS.platform/Developer/SDKs/WatchOS9.4.sdk -I /Users/builder/builds/o86TiJKT/3/finestructure/swiftpackageindex-builder/spi-builder-workspace/.derivedData/Build/Products/Debug-watchos -I /Applications/Xcode-14.3.1.app/Contents/Developer/Platforms/WatchOS.platform/Developer/usr/lib -F /Users/builder/builds/o86TiJKT/3/finestructure/swiftpackageindex-builder/spi-builder-workspace/.derivedData/Build/Products/Debug-watchos/PackageFrameworks -F /Users/builder/builds/o86TiJKT/3/finestructure/swiftpackageindex-builder/spi-builder-workspace/.derivedData/Build/Products/Debug-watchos/PackageFrameworks -F /Users/builder/builds/o86TiJKT/3/finestructure/swiftpackageindex-builder/spi-builder-workspace/.derivedData/Build/Products/Debug-watchos -F /Applications/Xcode-14.3.1.app/Contents/Developer/Platforms/WatchOS.platform/Developer/Library/Frameworks -F /Applications/Xcode-14.3.1.app/Contents/Developer/Platforms/WatchOS.platform/Developer/SDKs/WatchOS9.4.sdk/Developer/Library/Frameworks -no-color-diagnostics -enable-testing -g -module-cache-path /Users/builder/builds/o86TiJKT/3/finestructure/swiftpackageindex-builder/spi-builder-workspace/.derivedData/ModuleCache.noindex -swift-version 5 -enforce-exclusivity\=checked -Onone -D SWIFT_PACKAGE -D DEBUG -D Xcode -serialize-debugging-options -empty-abi-descriptor -Xcc -working-directory -Xcc /Users/builder/builds/o86TiJKT/3/finestructure/swiftpackageindex-builder/spi-builder-workspace -resource-dir /Applications/Xcode-14.3.1.app/Contents/Developer/Toolchains/XcodeDefault.xctoolchain/usr/lib/swift -enable-anonymous-context-mangled-names -Xcc -ivfsstatcache -Xcc /Users/builder/builds/o86TiJKT/3/finestructure/swiftpackageindex-builder/spi-builder-workspace/.derivedData/SDKStatCaches.noindex/watchos9.4-20T248-.sdkstatcache -Xcc -I/Users/builder/builds/o86TiJKT/3/finestructure/swiftpackageindex-builder/spi-builder-workspace/Sources/libscrypt/include -Xcc -I/Users/builder/builds/o86TiJKT/3/finestructure/swiftpackageindex-builder/spi-builder-workspace/.derivedData/Build/Products/Debug-watchos/include -Xcc -I/Users/builder/builds/o86TiJKT/3/finestructure/swiftpackageindex-builder/spi-builder-workspace/.derivedData/Build/Intermediates.noindex/swift-scrypt.build/Debug-watchos/ScryptTests.build/DerivedSources-normal/arm64_32 -Xcc -I/Users/builder/builds/o86TiJKT/3/finestructure/swiftpackageindex-builder/spi-builder-workspace/.derivedData/Build/Intermediates.noindex/swift-scrypt.build/Debug-watchos/ScryptTests.build/DerivedSources/arm64_32 -Xcc -I/Users/builder/builds/o86TiJKT/3/finestructure/swiftpackageindex-builder/spi-builder-workspace/.derivedData/Build/Intermediates.noindex/swift-scrypt.build/Debug-watchos/ScryptTests.build/DerivedSources -Xcc -DSWIFT_PACKAGE -Xcc -DDEBUG\=1 -module-name ScryptTests -frontend-parseable-output -disable-clang-spi -target-sdk-version 9.4 -target-sdk-name watchos9.4 -o /Users/builder/builds/o86TiJKT/3/finestructure/swiftpackageindex-builder/spi-builder-workspace/.derivedData/Build/Intermediates.noindex/swift-scrypt.build/Debug-watchos/ScryptTests.build/Objects-normal/arm64_32/XCTestManifests.o -index-unit-output-path /swift-scrypt.build/Debug-watchos/ScryptTests.build/Objects-normal/arm64_32/XCTestManifests.o -index-store-path /Users/builder/builds/o86TiJKT/3/finestructure/swiftpackageindex-builder/spi-builder-workspace/.derivedData/Index.noindex/DataStore -index-system-modules
SwiftCompile normal arm64 Compiling\ XCTestManifests.swift /Users/builder/builds/o86TiJKT/3/finestructure/swiftpackageindex-builder/spi-builder-workspace/Tests/ScryptTests/XCTestManifests.swift (in target 'ScryptTests' from project 'swift-scrypt')
    cd /Users/builder/builds/o86TiJKT/3/finestructure/swiftpackageindex-builder/spi-builder-workspace
    builtin-swiftTaskExecution -- /Applications/Xcode-14.3.1.app/Contents/Developer/Toolchains/XcodeDefault.xctoolchain/usr/bin/swift-frontend -frontend -c /Users/builder/builds/o86TiJKT/3/finestructure/swiftpackageindex-builder/spi-builder-workspace/Tests/ScryptTests/ScryptTests.swift -primary-file /Users/builder/builds/o86TiJKT/3/finestructure/swiftpackageindex-builder/spi-builder-workspace/Tests/ScryptTests/XCTestManifests.swift -emit-dependencies-path /Users/builder/builds/o86TiJKT/3/finestructure/swiftpackageindex-builder/spi-builder-workspace/.derivedData/Build/Intermediates.noindex/swift-scrypt.build/Debug-watchos/ScryptTests.build/Objects-normal/arm64/XCTestManifests.d -emit-reference-dependencies-path /Users/builder/builds/o86TiJKT/3/finestructure/swiftpackageindex-builder/spi-builder-workspace/.derivedData/Build/Intermediates.noindex/swift-scrypt.build/Debug-watchos/ScryptTests.build/Objects-normal/arm64/XCTestManifests.swiftdeps -serialize-diagnostics-path /Users/builder/builds/o86TiJKT/3/finestructure/swiftpackageindex-builder/spi-builder-workspace/.derivedData/Build/Intermediates.noindex/swift-scrypt.build/Debug-watchos/ScryptTests.build/Objects-normal/arm64/XCTestManifests.dia -target arm64-apple-watchos4.0 -Xllvm -aarch64-use-tbi -enable-objc-interop -sdk /Applications/Xcode-14.3.1.app/Contents/Developer/Platforms/WatchOS.platform/Developer/SDKs/WatchOS9.4.sdk -I /Users/builder/builds/o86TiJKT/3/finestructure/swiftpackageindex-builder/spi-builder-workspace/.derivedData/Build/Products/Debug-watchos -I /Applications/Xcode-14.3.1.app/Contents/Developer/Platforms/WatchOS.platform/Developer/usr/lib -F /Users/builder/builds/o86TiJKT/3/finestructure/swiftpackageindex-builder/spi-builder-workspace/.derivedData/Build/Products/Debug-watchos/PackageFrameworks -F /Users/builder/builds/o86TiJKT/3/finestructure/swiftpackageindex-builder/spi-builder-workspace/.derivedData/Build/Products/Debug-watchos/PackageFrameworks -F /Users/builder/builds/o86TiJKT/3/finestructure/swiftpackageindex-builder/spi-builder-workspace/.derivedData/Build/Products/Debug-watchos -F /Applications/Xcode-14.3.1.app/Contents/Developer/Platforms/WatchOS.platform/Developer/Library/Frameworks -F /Applications/Xcode-14.3.1.app/Contents/Developer/Platforms/WatchOS.platform/Developer/SDKs/WatchOS9.4.sdk/Developer/Library/Frameworks -no-color-diagnostics -enable-testing -g -module-cache-path /Users/builder/builds/o86TiJKT/3/finestructure/swiftpackageindex-builder/spi-builder-workspace/.derivedData/ModuleCache.noindex -swift-version 5 -enforce-exclusivity\=checked -Onone -D SWIFT_PACKAGE -D DEBUG -D Xcode -serialize-debugging-options -empty-abi-descriptor -Xcc -working-directory -Xcc /Users/builder/builds/o86TiJKT/3/finestructure/swiftpackageindex-builder/spi-builder-workspace -resource-dir /Applications/Xcode-14.3.1.app/Contents/Developer/Toolchains/XcodeDefault.xctoolchain/usr/lib/swift -enable-anonymous-context-mangled-names -Xcc -ivfsstatcache -Xcc /Users/builder/builds/o86TiJKT/3/finestructure/swiftpackageindex-builder/spi-builder-workspace/.derivedData/SDKStatCaches.noindex/watchos9.4-20T248-.sdkstatcache -Xcc -I/Users/builder/builds/o86TiJKT/3/finestructure/swiftpackageindex-builder/spi-builder-workspace/Sources/libscrypt/include -Xcc -I/Users/builder/builds/o86TiJKT/3/finestructure/swiftpackageindex-builder/spi-builder-workspace/.derivedData/Build/Products/Debug-watchos/include -Xcc -I/Users/builder/builds/o86TiJKT/3/finestructure/swiftpackageindex-builder/spi-builder-workspace/.derivedData/Build/Intermediates.noindex/swift-scrypt.build/Debug-watchos/ScryptTests.build/DerivedSources-normal/arm64 -Xcc -I/Users/builder/builds/o86TiJKT/3/finestructure/swiftpackageindex-builder/spi-builder-workspace/.derivedData/Build/Intermediates.noindex/swift-scrypt.build/Debug-watchos/ScryptTests.build/DerivedSources/arm64 -Xcc -I/Users/builder/builds/o86TiJKT/3/finestructure/swiftpackageindex-builder/spi-builder-workspace/.derivedData/Build/Intermediates.noindex/swift-scrypt.build/Debug-watchos/ScryptTests.build/DerivedSources -Xcc -DSWIFT_PACKAGE -Xcc -DDEBUG\=1 -module-name ScryptTests -frontend-parseable-output -disable-clang-spi -target-sdk-version 9.4 -target-sdk-name watchos9.4 -o /Users/builder/builds/o86TiJKT/3/finestructure/swiftpackageindex-builder/spi-builder-workspace/.derivedData/Build/Intermediates.noindex/swift-scrypt.build/Debug-watchos/ScryptTests.build/Objects-normal/arm64/XCTestManifests.o -index-unit-output-path /swift-scrypt.build/Debug-watchos/ScryptTests.build/Objects-normal/arm64/XCTestManifests.o -index-store-path /Users/builder/builds/o86TiJKT/3/finestructure/swiftpackageindex-builder/spi-builder-workspace/.derivedData/Index.noindex/DataStore -index-system-modules
SwiftCompile normal arm64 /Users/builder/builds/o86TiJKT/3/finestructure/swiftpackageindex-builder/spi-builder-workspace/Tests/ScryptTests/XCTestManifests.swift (in target 'ScryptTests' from project 'swift-scrypt')
    cd /Users/builder/builds/o86TiJKT/3/finestructure/swiftpackageindex-builder/spi-builder-workspace
    /Applications/Xcode-14.3.1.app/Contents/Developer/Toolchains/XcodeDefault.xctoolchain/usr/bin/swift-frontend -c /Users/builder/builds/o86TiJKT/3/finestructure/swiftpackageindex-builder/spi-builder-workspace/Tests/ScryptTests/ScryptTests.swift -primary-file /Users/builder/builds/o86TiJKT/3/finestructure/swiftpackageindex-builder/spi-builder-workspace/Tests/ScryptTests/XCTestManifests.swift -emit-dependencies-path /Users/builder/builds/o86TiJKT/3/finestructure/swiftpackageindex-builder/spi-builder-workspace/.derivedData/Build/Intermediates.noindex/swift-scrypt.build/Debug-watchos/ScryptTests.build/Objects-normal/arm64/XCTestManifests.d -emit-reference-dependencies-path /Users/builder/builds/o86TiJKT/3/finestructure/swiftpackageindex-builder/spi-builder-workspace/.derivedData/Build/Intermediates.noindex/swift-scrypt.build/Debug-watchos/ScryptTests.build/Objects-normal/arm64/XCTestManifests.swiftdeps -serialize-diagnostics-path /Users/builder/builds/o86TiJKT/3/finestructure/swiftpackageindex-builder/spi-builder-workspace/.derivedData/Build/Intermediates.noindex/swift-scrypt.build/Debug-watchos/ScryptTests.build/Objects-normal/arm64/XCTestManifests.dia -target arm64-apple-watchos4.0 -Xllvm -aarch64-use-tbi -enable-objc-interop -sdk /Applications/Xcode-14.3.1.app/Contents/Developer/Platforms/WatchOS.platform/Developer/SDKs/WatchOS9.4.sdk -I /Users/builder/builds/o86TiJKT/3/finestructure/swiftpackageindex-builder/spi-builder-workspace/.derivedData/Build/Products/Debug-watchos -I /Applications/Xcode-14.3.1.app/Contents/Developer/Platforms/WatchOS.platform/Developer/usr/lib -F /Users/builder/builds/o86TiJKT/3/finestructure/swiftpackageindex-builder/spi-builder-workspace/.derivedData/Build/Products/Debug-watchos/PackageFrameworks -F /Users/builder/builds/o86TiJKT/3/finestructure/swiftpackageindex-builder/spi-builder-workspace/.derivedData/Build/Products/Debug-watchos/PackageFrameworks -F /Users/builder/builds/o86TiJKT/3/finestructure/swiftpackageindex-builder/spi-builder-workspace/.derivedData/Build/Products/Debug-watchos -F /Applications/Xcode-14.3.1.app/Contents/Developer/Platforms/WatchOS.platform/Developer/Library/Frameworks -F /Applications/Xcode-14.3.1.app/Contents/Developer/Platforms/WatchOS.platform/Developer/SDKs/WatchOS9.4.sdk/Developer/Library/Frameworks -no-color-diagnostics -enable-testing -g -module-cache-path /Users/builder/builds/o86TiJKT/3/finestructure/swiftpackageindex-builder/spi-builder-workspace/.derivedData/ModuleCache.noindex -swift-version 5 -enforce-exclusivity\=checked -Onone -D SWIFT_PACKAGE -D DEBUG -D Xcode -serialize-debugging-options -empty-abi-descriptor -Xcc -working-directory -Xcc /Users/builder/builds/o86TiJKT/3/finestructure/swiftpackageindex-builder/spi-builder-workspace -resource-dir /Applications/Xcode-14.3.1.app/Contents/Developer/Toolchains/XcodeDefault.xctoolchain/usr/lib/swift -enable-anonymous-context-mangled-names -Xcc -ivfsstatcache -Xcc /Users/builder/builds/o86TiJKT/3/finestructure/swiftpackageindex-builder/spi-builder-workspace/.derivedData/SDKStatCaches.noindex/watchos9.4-20T248-.sdkstatcache -Xcc -I/Users/builder/builds/o86TiJKT/3/finestructure/swiftpackageindex-builder/spi-builder-workspace/Sources/libscrypt/include -Xcc -I/Users/builder/builds/o86TiJKT/3/finestructure/swiftpackageindex-builder/spi-builder-workspace/.derivedData/Build/Products/Debug-watchos/include -Xcc -I/Users/builder/builds/o86TiJKT/3/finestructure/swiftpackageindex-builder/spi-builder-workspace/.derivedData/Build/Intermediates.noindex/swift-scrypt.build/Debug-watchos/ScryptTests.build/DerivedSources-normal/arm64 -Xcc -I/Users/builder/builds/o86TiJKT/3/finestructure/swiftpackageindex-builder/spi-builder-workspace/.derivedData/Build/Intermediates.noindex/swift-scrypt.build/Debug-watchos/ScryptTests.build/DerivedSources/arm64 -Xcc -I/Users/builder/builds/o86TiJKT/3/finestructure/swiftpackageindex-builder/spi-builder-workspace/.derivedData/Build/Intermediates.noindex/swift-scrypt.build/Debug-watchos/ScryptTests.build/DerivedSources -Xcc -DSWIFT_PACKAGE -Xcc -DDEBUG\=1 -module-name ScryptTests -frontend-parseable-output -disable-clang-spi -target-sdk-version 9.4 -target-sdk-name watchos9.4 -o /Users/builder/builds/o86TiJKT/3/finestructure/swiftpackageindex-builder/spi-builder-workspace/.derivedData/Build/Intermediates.noindex/swift-scrypt.build/Debug-watchos/ScryptTests.build/Objects-normal/arm64/XCTestManifests.o -index-unit-output-path /swift-scrypt.build/Debug-watchos/ScryptTests.build/Objects-normal/arm64/XCTestManifests.o -index-store-path /Users/builder/builds/o86TiJKT/3/finestructure/swiftpackageindex-builder/spi-builder-workspace/.derivedData/Index.noindex/DataStore -index-system-modules
SwiftCompile normal armv7k Compiling\ ScryptTests.swift /Users/builder/builds/o86TiJKT/3/finestructure/swiftpackageindex-builder/spi-builder-workspace/Tests/ScryptTests/ScryptTests.swift (in target 'ScryptTests' from project 'swift-scrypt')
    cd /Users/builder/builds/o86TiJKT/3/finestructure/swiftpackageindex-builder/spi-builder-workspace
    builtin-swiftTaskExecution -- /Applications/Xcode-14.3.1.app/Contents/Developer/Toolchains/XcodeDefault.xctoolchain/usr/bin/swift-frontend -frontend -c -primary-file /Users/builder/builds/o86TiJKT/3/finestructure/swiftpackageindex-builder/spi-builder-workspace/Tests/ScryptTests/ScryptTests.swift /Users/builder/builds/o86TiJKT/3/finestructure/swiftpackageindex-builder/spi-builder-workspace/Tests/ScryptTests/XCTestManifests.swift -emit-dependencies-path /Users/builder/builds/o86TiJKT/3/finestructure/swiftpackageindex-builder/spi-builder-workspace/.derivedData/Build/Intermediates.noindex/swift-scrypt.build/Debug-watchos/ScryptTests.build/Objects-normal/armv7k/ScryptTests.d -emit-reference-dependencies-path /Users/builder/builds/o86TiJKT/3/finestructure/swiftpackageindex-builder/spi-builder-workspace/.derivedData/Build/Intermediates.noindex/swift-scrypt.build/Debug-watchos/ScryptTests.build/Objects-normal/armv7k/ScryptTests.swiftdeps -serialize-diagnostics-path /Users/builder/builds/o86TiJKT/3/finestructure/swiftpackageindex-builder/spi-builder-workspace/.derivedData/Build/Intermediates.noindex/swift-scrypt.build/Debug-watchos/ScryptTests.build/Objects-normal/armv7k/ScryptTests.dia -target armv7k-apple-watchos4.0 -enable-objc-interop -sdk /Applications/Xcode-14.3.1.app/Contents/Developer/Platforms/WatchOS.platform/Developer/SDKs/WatchOS9.4.sdk -I /Users/builder/builds/o86TiJKT/3/finestructure/swiftpackageindex-builder/spi-builder-workspace/.derivedData/Build/Products/Debug-watchos -I /Applications/Xcode-14.3.1.app/Contents/Developer/Platforms/WatchOS.platform/Developer/usr/lib -F /Users/builder/builds/o86TiJKT/3/finestructure/swiftpackageindex-builder/spi-builder-workspace/.derivedData/Build/Products/Debug-watchos/PackageFrameworks -F /Users/builder/builds/o86TiJKT/3/finestructure/swiftpackageindex-builder/spi-builder-workspace/.derivedData/Build/Products/Debug-watchos/PackageFrameworks -F /Users/builder/builds/o86TiJKT/3/finestructure/swiftpackageindex-builder/spi-builder-workspace/.derivedData/Build/Products/Debug-watchos -F /Applications/Xcode-14.3.1.app/Contents/Developer/Platforms/WatchOS.platform/Developer/Library/Frameworks -F /Applications/Xcode-14.3.1.app/Contents/Developer/Platforms/WatchOS.platform/Developer/SDKs/WatchOS9.4.sdk/Developer/Library/Frameworks -no-color-diagnostics -enable-testing -g -module-cache-path /Users/builder/builds/o86TiJKT/3/finestructure/swiftpackageindex-builder/spi-builder-workspace/.derivedData/ModuleCache.noindex -swift-version 5 -enforce-exclusivity\=checked -Onone -D SWIFT_PACKAGE -D DEBUG -D Xcode -serialize-debugging-options -empty-abi-descriptor -Xcc -working-directory -Xcc /Users/builder/builds/o86TiJKT/3/finestructure/swiftpackageindex-builder/spi-builder-workspace -resource-dir /Applications/Xcode-14.3.1.app/Contents/Developer/Toolchains/XcodeDefault.xctoolchain/usr/lib/swift -enable-anonymous-context-mangled-names -Xcc -ivfsstatcache -Xcc /Users/builder/builds/o86TiJKT/3/finestructure/swiftpackageindex-builder/spi-builder-workspace/.derivedData/SDKStatCaches.noindex/watchos9.4-20T248-.sdkstatcache -Xcc -I/Users/builder/builds/o86TiJKT/3/finestructure/swiftpackageindex-builder/spi-builder-workspace/Sources/libscrypt/include -Xcc -I/Users/builder/builds/o86TiJKT/3/finestructure/swiftpackageindex-builder/spi-builder-workspace/.derivedData/Build/Products/Debug-watchos/include -Xcc -I/Users/builder/builds/o86TiJKT/3/finestructure/swiftpackageindex-builder/spi-builder-workspace/.derivedData/Build/Intermediates.noindex/swift-scrypt.build/Debug-watchos/ScryptTests.build/DerivedSources-normal/armv7k -Xcc -I/Users/builder/builds/o86TiJKT/3/finestructure/swiftpackageindex-builder/spi-builder-workspace/.derivedData/Build/Intermediates.noindex/swift-scrypt.build/Debug-watchos/ScryptTests.build/DerivedSources/armv7k -Xcc -I/Users/builder/builds/o86TiJKT/3/finestructure/swiftpackageindex-builder/spi-builder-workspace/.derivedData/Build/Intermediates.noindex/swift-scrypt.build/Debug-watchos/ScryptTests.build/DerivedSources -Xcc -DSWIFT_PACKAGE -Xcc -DDEBUG\=1 -module-name ScryptTests -frontend-parseable-output -disable-clang-spi -target-sdk-version 9.4 -target-sdk-name watchos9.4 -o /Users/builder/builds/o86TiJKT/3/finestructure/swiftpackageindex-builder/spi-builder-workspace/.derivedData/Build/Intermediates.noindex/swift-scrypt.build/Debug-watchos/ScryptTests.build/Objects-normal/armv7k/ScryptTests.o -index-unit-output-path /swift-scrypt.build/Debug-watchos/ScryptTests.build/Objects-normal/armv7k/ScryptTests.o -index-store-path /Users/builder/builds/o86TiJKT/3/finestructure/swiftpackageindex-builder/spi-builder-workspace/.derivedData/Index.noindex/DataStore -index-system-modules
SwiftCompile normal armv7k /Users/builder/builds/o86TiJKT/3/finestructure/swiftpackageindex-builder/spi-builder-workspace/Tests/ScryptTests/ScryptTests.swift (in target 'ScryptTests' from project 'swift-scrypt')
    cd /Users/builder/builds/o86TiJKT/3/finestructure/swiftpackageindex-builder/spi-builder-workspace
    /Applications/Xcode-14.3.1.app/Contents/Developer/Toolchains/XcodeDefault.xctoolchain/usr/bin/swift-frontend -c -primary-file /Users/builder/builds/o86TiJKT/3/finestructure/swiftpackageindex-builder/spi-builder-workspace/Tests/ScryptTests/ScryptTests.swift /Users/builder/builds/o86TiJKT/3/finestructure/swiftpackageindex-builder/spi-builder-workspace/Tests/ScryptTests/XCTestManifests.swift -emit-dependencies-path /Users/builder/builds/o86TiJKT/3/finestructure/swiftpackageindex-builder/spi-builder-workspace/.derivedData/Build/Intermediates.noindex/swift-scrypt.build/Debug-watchos/ScryptTests.build/Objects-normal/armv7k/ScryptTests.d -emit-reference-dependencies-path /Users/builder/builds/o86TiJKT/3/finestructure/swiftpackageindex-builder/spi-builder-workspace/.derivedData/Build/Intermediates.noindex/swift-scrypt.build/Debug-watchos/ScryptTests.build/Objects-normal/armv7k/ScryptTests.swiftdeps -serialize-diagnostics-path /Users/builder/builds/o86TiJKT/3/finestructure/swiftpackageindex-builder/spi-builder-workspace/.derivedData/Build/Intermediates.noindex/swift-scrypt.build/Debug-watchos/ScryptTests.build/Objects-normal/armv7k/ScryptTests.dia -target armv7k-apple-watchos4.0 -enable-objc-interop -sdk /Applications/Xcode-14.3.1.app/Contents/Developer/Platforms/WatchOS.platform/Developer/SDKs/WatchOS9.4.sdk -I /Users/builder/builds/o86TiJKT/3/finestructure/swiftpackageindex-builder/spi-builder-workspace/.derivedData/Build/Products/Debug-watchos -I /Applications/Xcode-14.3.1.app/Contents/Developer/Platforms/WatchOS.platform/Developer/usr/lib -F /Users/builder/builds/o86TiJKT/3/finestructure/swiftpackageindex-builder/spi-builder-workspace/.derivedData/Build/Products/Debug-watchos/PackageFrameworks -F /Users/builder/builds/o86TiJKT/3/finestructure/swiftpackageindex-builder/spi-builder-workspace/.derivedData/Build/Products/Debug-watchos/PackageFrameworks -F /Users/builder/builds/o86TiJKT/3/finestructure/swiftpackageindex-builder/spi-builder-workspace/.derivedData/Build/Products/Debug-watchos -F /Applications/Xcode-14.3.1.app/Contents/Developer/Platforms/WatchOS.platform/Developer/Library/Frameworks -F /Applications/Xcode-14.3.1.app/Contents/Developer/Platforms/WatchOS.platform/Developer/SDKs/WatchOS9.4.sdk/Developer/Library/Frameworks -no-color-diagnostics -enable-testing -g -module-cache-path /Users/builder/builds/o86TiJKT/3/finestructure/swiftpackageindex-builder/spi-builder-workspace/.derivedData/ModuleCache.noindex -swift-version 5 -enforce-exclusivity\=checked -Onone -D SWIFT_PACKAGE -D DEBUG -D Xcode -serialize-debugging-options -empty-abi-descriptor -Xcc -working-directory -Xcc /Users/builder/builds/o86TiJKT/3/finestructure/swiftpackageindex-builder/spi-builder-workspace -resource-dir /Applications/Xcode-14.3.1.app/Contents/Developer/Toolchains/XcodeDefault.xctoolchain/usr/lib/swift -enable-anonymous-context-mangled-names -Xcc -ivfsstatcache -Xcc /Users/builder/builds/o86TiJKT/3/finestructure/swiftpackageindex-builder/spi-builder-workspace/.derivedData/SDKStatCaches.noindex/watchos9.4-20T248-.sdkstatcache -Xcc -I/Users/builder/builds/o86TiJKT/3/finestructure/swiftpackageindex-builder/spi-builder-workspace/Sources/libscrypt/include -Xcc -I/Users/builder/builds/o86TiJKT/3/finestructure/swiftpackageindex-builder/spi-builder-workspace/.derivedData/Build/Products/Debug-watchos/include -Xcc -I/Users/builder/builds/o86TiJKT/3/finestructure/swiftpackageindex-builder/spi-builder-workspace/.derivedData/Build/Intermediates.noindex/swift-scrypt.build/Debug-watchos/ScryptTests.build/DerivedSources-normal/armv7k -Xcc -I/Users/builder/builds/o86TiJKT/3/finestructure/swiftpackageindex-builder/spi-builder-workspace/.derivedData/Build/Intermediates.noindex/swift-scrypt.build/Debug-watchos/ScryptTests.build/DerivedSources/armv7k -Xcc -I/Users/builder/builds/o86TiJKT/3/finestructure/swiftpackageindex-builder/spi-builder-workspace/.derivedData/Build/Intermediates.noindex/swift-scrypt.build/Debug-watchos/ScryptTests.build/DerivedSources -Xcc -DSWIFT_PACKAGE -Xcc -DDEBUG\=1 -module-name ScryptTests -frontend-parseable-output -disable-clang-spi -target-sdk-version 9.4 -target-sdk-name watchos9.4 -o /Users/builder/builds/o86TiJKT/3/finestructure/swiftpackageindex-builder/spi-builder-workspace/.derivedData/Build/Intermediates.noindex/swift-scrypt.build/Debug-watchos/ScryptTests.build/Objects-normal/armv7k/ScryptTests.o -index-unit-output-path /swift-scrypt.build/Debug-watchos/ScryptTests.build/Objects-normal/armv7k/ScryptTests.o -index-store-path /Users/builder/builds/o86TiJKT/3/finestructure/swiftpackageindex-builder/spi-builder-workspace/.derivedData/Index.noindex/DataStore -index-system-modules
/Users/builder/builds/o86TiJKT/3/finestructure/swiftpackageindex-builder/spi-builder-workspace/Tests/ScryptTests/ScryptTests.swift:31:79: error: integer literal '137438953441' overflows when stored into 'Int'
        XCTAssertThrowsError(try scrypt(password: hello, salt: hello, length: 137_438_953_441))
                                                                              ^
SwiftCompile normal arm64_32 Compiling\ ScryptTests.swift /Users/builder/builds/o86TiJKT/3/finestructure/swiftpackageindex-builder/spi-builder-workspace/Tests/ScryptTests/ScryptTests.swift (in target 'ScryptTests' from project 'swift-scrypt')
    cd /Users/builder/builds/o86TiJKT/3/finestructure/swiftpackageindex-builder/spi-builder-workspace
    builtin-swiftTaskExecution -- /Applications/Xcode-14.3.1.app/Contents/Developer/Toolchains/XcodeDefault.xctoolchain/usr/bin/swift-frontend -frontend -c -primary-file /Users/builder/builds/o86TiJKT/3/finestructure/swiftpackageindex-builder/spi-builder-workspace/Tests/ScryptTests/ScryptTests.swift /Users/builder/builds/o86TiJKT/3/finestructure/swiftpackageindex-builder/spi-builder-workspace/Tests/ScryptTests/XCTestManifests.swift -emit-dependencies-path /Users/builder/builds/o86TiJKT/3/finestructure/swiftpackageindex-builder/spi-builder-workspace/.derivedData/Build/Intermediates.noindex/swift-scrypt.build/Debug-watchos/ScryptTests.build/Objects-normal/arm64_32/ScryptTests.d -emit-reference-dependencies-path /Users/builder/builds/o86TiJKT/3/finestructure/swiftpackageindex-builder/spi-builder-workspace/.derivedData/Build/Intermediates.noindex/swift-scrypt.build/Debug-watchos/ScryptTests.build/Objects-normal/arm64_32/ScryptTests.swiftdeps -serialize-diagnostics-path /Users/builder/builds/o86TiJKT/3/finestructure/swiftpackageindex-builder/spi-builder-workspace/.derivedData/Build/Intermediates.noindex/swift-scrypt.build/Debug-watchos/ScryptTests.build/Objects-normal/arm64_32/ScryptTests.dia -target arm64_32-apple-watchos4.0 -enable-objc-interop -sdk /Applications/Xcode-14.3.1.app/Contents/Developer/Platforms/WatchOS.platform/Developer/SDKs/WatchOS9.4.sdk -I /Users/builder/builds/o86TiJKT/3/finestructure/swiftpackageindex-builder/spi-builder-workspace/.derivedData/Build/Products/Debug-watchos -I /Applications/Xcode-14.3.1.app/Contents/Developer/Platforms/WatchOS.platform/Developer/usr/lib -F /Users/builder/builds/o86TiJKT/3/finestructure/swiftpackageindex-builder/spi-builder-workspace/.derivedData/Build/Products/Debug-watchos/PackageFrameworks -F /Users/builder/builds/o86TiJKT/3/finestructure/swiftpackageindex-builder/spi-builder-workspace/.derivedData/Build/Products/Debug-watchos/PackageFrameworks -F /Users/builder/builds/o86TiJKT/3/finestructure/swiftpackageindex-builder/spi-builder-workspace/.derivedData/Build/Products/Debug-watchos -F /Applications/Xcode-14.3.1.app/Contents/Developer/Platforms/WatchOS.platform/Developer/Library/Frameworks -F /Applications/Xcode-14.3.1.app/Contents/Developer/Platforms/WatchOS.platform/Developer/SDKs/WatchOS9.4.sdk/Developer/Library/Frameworks -no-color-diagnostics -enable-testing -g -module-cache-path /Users/builder/builds/o86TiJKT/3/finestructure/swiftpackageindex-builder/spi-builder-workspace/.derivedData/ModuleCache.noindex -swift-version 5 -enforce-exclusivity\=checked -Onone -D SWIFT_PACKAGE -D DEBUG -D Xcode -serialize-debugging-options -empty-abi-descriptor -Xcc -working-directory -Xcc /Users/builder/builds/o86TiJKT/3/finestructure/swiftpackageindex-builder/spi-builder-workspace -resource-dir /Applications/Xcode-14.3.1.app/Contents/Developer/Toolchains/XcodeDefault.xctoolchain/usr/lib/swift -enable-anonymous-context-mangled-names -Xcc -ivfsstatcache -Xcc /Users/builder/builds/o86TiJKT/3/finestructure/swiftpackageindex-builder/spi-builder-workspace/.derivedData/SDKStatCaches.noindex/watchos9.4-20T248-.sdkstatcache -Xcc -I/Users/builder/builds/o86TiJKT/3/finestructure/swiftpackageindex-builder/spi-builder-workspace/Sources/libscrypt/include -Xcc -I/Users/builder/builds/o86TiJKT/3/finestructure/swiftpackageindex-builder/spi-builder-workspace/.derivedData/Build/Products/Debug-watchos/include -Xcc -I/Users/builder/builds/o86TiJKT/3/finestructure/swiftpackageindex-builder/spi-builder-workspace/.derivedData/Build/Intermediates.noindex/swift-scrypt.build/Debug-watchos/ScryptTests.build/DerivedSources-normal/arm64_32 -Xcc -I/Users/builder/builds/o86TiJKT/3/finestructure/swiftpackageindex-builder/spi-builder-workspace/.derivedData/Build/Intermediates.noindex/swift-scrypt.build/Debug-watchos/ScryptTests.build/DerivedSources/arm64_32 -Xcc -I/Users/builder/builds/o86TiJKT/3/finestructure/swiftpackageindex-builder/spi-builder-workspace/.derivedData/Build/Intermediates.noindex/swift-scrypt.build/Debug-watchos/ScryptTests.build/DerivedSources -Xcc -DSWIFT_PACKAGE -Xcc -DDEBUG\=1 -module-name ScryptTests -frontend-parseable-output -disable-clang-spi -target-sdk-version 9.4 -target-sdk-name watchos9.4 -o /Users/builder/builds/o86TiJKT/3/finestructure/swiftpackageindex-builder/spi-builder-workspace/.derivedData/Build/Intermediates.noindex/swift-scrypt.build/Debug-watchos/ScryptTests.build/Objects-normal/arm64_32/ScryptTests.o -index-unit-output-path /swift-scrypt.build/Debug-watchos/ScryptTests.build/Objects-normal/arm64_32/ScryptTests.o -index-store-path /Users/builder/builds/o86TiJKT/3/finestructure/swiftpackageindex-builder/spi-builder-workspace/.derivedData/Index.noindex/DataStore -index-system-modules
SwiftCompile normal arm64_32 /Users/builder/builds/o86TiJKT/3/finestructure/swiftpackageindex-builder/spi-builder-workspace/Tests/ScryptTests/ScryptTests.swift (in target 'ScryptTests' from project 'swift-scrypt')
    cd /Users/builder/builds/o86TiJKT/3/finestructure/swiftpackageindex-builder/spi-builder-workspace
    /Applications/Xcode-14.3.1.app/Contents/Developer/Toolchains/XcodeDefault.xctoolchain/usr/bin/swift-frontend -c -primary-file /Users/builder/builds/o86TiJKT/3/finestructure/swiftpackageindex-builder/spi-builder-workspace/Tests/ScryptTests/ScryptTests.swift /Users/builder/builds/o86TiJKT/3/finestructure/swiftpackageindex-builder/spi-builder-workspace/Tests/ScryptTests/XCTestManifests.swift -emit-dependencies-path /Users/builder/builds/o86TiJKT/3/finestructure/swiftpackageindex-builder/spi-builder-workspace/.derivedData/Build/Intermediates.noindex/swift-scrypt.build/Debug-watchos/ScryptTests.build/Objects-normal/arm64_32/ScryptTests.d -emit-reference-dependencies-path /Users/builder/builds/o86TiJKT/3/finestructure/swiftpackageindex-builder/spi-builder-workspace/.derivedData/Build/Intermediates.noindex/swift-scrypt.build/Debug-watchos/ScryptTests.build/Objects-normal/arm64_32/ScryptTests.swiftdeps -serialize-diagnostics-path /Users/builder/builds/o86TiJKT/3/finestructure/swiftpackageindex-builder/spi-builder-workspace/.derivedData/Build/Intermediates.noindex/swift-scrypt.build/Debug-watchos/ScryptTests.build/Objects-normal/arm64_32/ScryptTests.dia -target arm64_32-apple-watchos4.0 -enable-objc-interop -sdk /Applications/Xcode-14.3.1.app/Contents/Developer/Platforms/WatchOS.platform/Developer/SDKs/WatchOS9.4.sdk -I /Users/builder/builds/o86TiJKT/3/finestructure/swiftpackageindex-builder/spi-builder-workspace/.derivedData/Build/Products/Debug-watchos -I /Applications/Xcode-14.3.1.app/Contents/Developer/Platforms/WatchOS.platform/Developer/usr/lib -F /Users/builder/builds/o86TiJKT/3/finestructure/swiftpackageindex-builder/spi-builder-workspace/.derivedData/Build/Products/Debug-watchos/PackageFrameworks -F /Users/builder/builds/o86TiJKT/3/finestructure/swiftpackageindex-builder/spi-builder-workspace/.derivedData/Build/Products/Debug-watchos/PackageFrameworks -F /Users/builder/builds/o86TiJKT/3/finestructure/swiftpackageindex-builder/spi-builder-workspace/.derivedData/Build/Products/Debug-watchos -F /Applications/Xcode-14.3.1.app/Contents/Developer/Platforms/WatchOS.platform/Developer/Library/Frameworks -F /Applications/Xcode-14.3.1.app/Contents/Developer/Platforms/WatchOS.platform/Developer/SDKs/WatchOS9.4.sdk/Developer/Library/Frameworks -no-color-diagnostics -enable-testing -g -module-cache-path /Users/builder/builds/o86TiJKT/3/finestructure/swiftpackageindex-builder/spi-builder-workspace/.derivedData/ModuleCache.noindex -swift-version 5 -enforce-exclusivity\=checked -Onone -D SWIFT_PACKAGE -D DEBUG -D Xcode -serialize-debugging-options -empty-abi-descriptor -Xcc -working-directory -Xcc /Users/builder/builds/o86TiJKT/3/finestructure/swiftpackageindex-builder/spi-builder-workspace -resource-dir /Applications/Xcode-14.3.1.app/Contents/Developer/Toolchains/XcodeDefault.xctoolchain/usr/lib/swift -enable-anonymous-context-mangled-names -Xcc -ivfsstatcache -Xcc /Users/builder/builds/o86TiJKT/3/finestructure/swiftpackageindex-builder/spi-builder-workspace/.derivedData/SDKStatCaches.noindex/watchos9.4-20T248-.sdkstatcache -Xcc -I/Users/builder/builds/o86TiJKT/3/finestructure/swiftpackageindex-builder/spi-builder-workspace/Sources/libscrypt/include -Xcc -I/Users/builder/builds/o86TiJKT/3/finestructure/swiftpackageindex-builder/spi-builder-workspace/.derivedData/Build/Products/Debug-watchos/include -Xcc -I/Users/builder/builds/o86TiJKT/3/finestructure/swiftpackageindex-builder/spi-builder-workspace/.derivedData/Build/Intermediates.noindex/swift-scrypt.build/Debug-watchos/ScryptTests.build/DerivedSources-normal/arm64_32 -Xcc -I/Users/builder/builds/o86TiJKT/3/finestructure/swiftpackageindex-builder/spi-builder-workspace/.derivedData/Build/Intermediates.noindex/swift-scrypt.build/Debug-watchos/ScryptTests.build/DerivedSources/arm64_32 -Xcc -I/Users/builder/builds/o86TiJKT/3/finestructure/swiftpackageindex-builder/spi-builder-workspace/.derivedData/Build/Intermediates.noindex/swift-scrypt.build/Debug-watchos/ScryptTests.build/DerivedSources -Xcc -DSWIFT_PACKAGE -Xcc -DDEBUG\=1 -module-name ScryptTests -frontend-parseable-output -disable-clang-spi -target-sdk-version 9.4 -target-sdk-name watchos9.4 -o /Users/builder/builds/o86TiJKT/3/finestructure/swiftpackageindex-builder/spi-builder-workspace/.derivedData/Build/Intermediates.noindex/swift-scrypt.build/Debug-watchos/ScryptTests.build/Objects-normal/arm64_32/ScryptTests.o -index-unit-output-path /swift-scrypt.build/Debug-watchos/ScryptTests.build/Objects-normal/arm64_32/ScryptTests.o -index-store-path /Users/builder/builds/o86TiJKT/3/finestructure/swiftpackageindex-builder/spi-builder-workspace/.derivedData/Index.noindex/DataStore -index-system-modules
/Users/builder/builds/o86TiJKT/3/finestructure/swiftpackageindex-builder/spi-builder-workspace/Tests/ScryptTests/ScryptTests.swift:31:79: error: integer literal '137438953441' overflows when stored into 'Int'
        XCTAssertThrowsError(try scrypt(password: hello, salt: hello, length: 137_438_953_441))
                                                                              ^
SwiftCompile normal armv7k Compiling\ XCTestManifests.swift /Users/builder/builds/o86TiJKT/3/finestructure/swiftpackageindex-builder/spi-builder-workspace/Tests/ScryptTests/XCTestManifests.swift (in target 'ScryptTests' from project 'swift-scrypt')
    cd /Users/builder/builds/o86TiJKT/3/finestructure/swiftpackageindex-builder/spi-builder-workspace
    builtin-swiftTaskExecution -- /Applications/Xcode-14.3.1.app/Contents/Developer/Toolchains/XcodeDefault.xctoolchain/usr/bin/swift-frontend -frontend -c /Users/builder/builds/o86TiJKT/3/finestructure/swiftpackageindex-builder/spi-builder-workspace/Tests/ScryptTests/ScryptTests.swift -primary-file /Users/builder/builds/o86TiJKT/3/finestructure/swiftpackageindex-builder/spi-builder-workspace/Tests/ScryptTests/XCTestManifests.swift -emit-dependencies-path /Users/builder/builds/o86TiJKT/3/finestructure/swiftpackageindex-builder/spi-builder-workspace/.derivedData/Build/Intermediates.noindex/swift-scrypt.build/Debug-watchos/ScryptTests.build/Objects-normal/armv7k/XCTestManifests.d -emit-reference-dependencies-path /Users/builder/builds/o86TiJKT/3/finestructure/swiftpackageindex-builder/spi-builder-workspace/.derivedData/Build/Intermediates.noindex/swift-scrypt.build/Debug-watchos/ScryptTests.build/Objects-normal/armv7k/XCTestManifests.swiftdeps -serialize-diagnostics-path /Users/builder/builds/o86TiJKT/3/finestructure/swiftpackageindex-builder/spi-builder-workspace/.derivedData/Build/Intermediates.noindex/swift-scrypt.build/Debug-watchos/ScryptTests.build/Objects-normal/armv7k/XCTestManifests.dia -target armv7k-apple-watchos4.0 -enable-objc-interop -sdk /Applications/Xcode-14.3.1.app/Contents/Developer/Platforms/WatchOS.platform/Developer/SDKs/WatchOS9.4.sdk -I /Users/builder/builds/o86TiJKT/3/finestructure/swiftpackageindex-builder/spi-builder-workspace/.derivedData/Build/Products/Debug-watchos -I /Applications/Xcode-14.3.1.app/Contents/Developer/Platforms/WatchOS.platform/Developer/usr/lib -F /Users/builder/builds/o86TiJKT/3/finestructure/swiftpackageindex-builder/spi-builder-workspace/.derivedData/Build/Products/Debug-watchos/PackageFrameworks -F /Users/builder/builds/o86TiJKT/3/finestructure/swiftpackageindex-builder/spi-builder-workspace/.derivedData/Build/Products/Debug-watchos/PackageFrameworks -F /Users/builder/builds/o86TiJKT/3/finestructure/swiftpackageindex-builder/spi-builder-workspace/.derivedData/Build/Products/Debug-watchos -F /Applications/Xcode-14.3.1.app/Contents/Developer/Platforms/WatchOS.platform/Developer/Library/Frameworks -F /Applications/Xcode-14.3.1.app/Contents/Developer/Platforms/WatchOS.platform/Developer/SDKs/WatchOS9.4.sdk/Developer/Library/Frameworks -no-color-diagnostics -enable-testing -g -module-cache-path /Users/builder/builds/o86TiJKT/3/finestructure/swiftpackageindex-builder/spi-builder-workspace/.derivedData/ModuleCache.noindex -swift-version 5 -enforce-exclusivity\=checked -Onone -D SWIFT_PACKAGE -D DEBUG -D Xcode -serialize-debugging-options -empty-abi-descriptor -Xcc -working-directory -Xcc /Users/builder/builds/o86TiJKT/3/finestructure/swiftpackageindex-builder/spi-builder-workspace -resource-dir /Applications/Xcode-14.3.1.app/Contents/Developer/Toolchains/XcodeDefault.xctoolchain/usr/lib/swift -enable-anonymous-context-mangled-names -Xcc -ivfsstatcache -Xcc /Users/builder/builds/o86TiJKT/3/finestructure/swiftpackageindex-builder/spi-builder-workspace/.derivedData/SDKStatCaches.noindex/watchos9.4-20T248-.sdkstatcache -Xcc -I/Users/builder/builds/o86TiJKT/3/finestructure/swiftpackageindex-builder/spi-builder-workspace/Sources/libscrypt/include -Xcc -I/Users/builder/builds/o86TiJKT/3/finestructure/swiftpackageindex-builder/spi-builder-workspace/.derivedData/Build/Products/Debug-watchos/include -Xcc -I/Users/builder/builds/o86TiJKT/3/finestructure/swiftpackageindex-builder/spi-builder-workspace/.derivedData/Build/Intermediates.noindex/swift-scrypt.build/Debug-watchos/ScryptTests.build/DerivedSources-normal/armv7k -Xcc -I/Users/builder/builds/o86TiJKT/3/finestructure/swiftpackageindex-builder/spi-builder-workspace/.derivedData/Build/Intermediates.noindex/swift-scrypt.build/Debug-watchos/ScryptTests.build/DerivedSources/armv7k -Xcc -I/Users/builder/builds/o86TiJKT/3/finestructure/swiftpackageindex-builder/spi-builder-workspace/.derivedData/Build/Intermediates.noindex/swift-scrypt.build/Debug-watchos/ScryptTests.build/DerivedSources -Xcc -DSWIFT_PACKAGE -Xcc -DDEBUG\=1 -module-name ScryptTests -frontend-parseable-output -disable-clang-spi -target-sdk-version 9.4 -target-sdk-name watchos9.4 -o /Users/builder/builds/o86TiJKT/3/finestructure/swiftpackageindex-builder/spi-builder-workspace/.derivedData/Build/Intermediates.noindex/swift-scrypt.build/Debug-watchos/ScryptTests.build/Objects-normal/armv7k/XCTestManifests.o -index-unit-output-path /swift-scrypt.build/Debug-watchos/ScryptTests.build/Objects-normal/armv7k/XCTestManifests.o -index-store-path /Users/builder/builds/o86TiJKT/3/finestructure/swiftpackageindex-builder/spi-builder-workspace/.derivedData/Index.noindex/DataStore -index-system-modules
SwiftCompile normal armv7k /Users/builder/builds/o86TiJKT/3/finestructure/swiftpackageindex-builder/spi-builder-workspace/Tests/ScryptTests/XCTestManifests.swift (in target 'ScryptTests' from project 'swift-scrypt')
    cd /Users/builder/builds/o86TiJKT/3/finestructure/swiftpackageindex-builder/spi-builder-workspace
    /Applications/Xcode-14.3.1.app/Contents/Developer/Toolchains/XcodeDefault.xctoolchain/usr/bin/swift-frontend -c /Users/builder/builds/o86TiJKT/3/finestructure/swiftpackageindex-builder/spi-builder-workspace/Tests/ScryptTests/ScryptTests.swift -primary-file /Users/builder/builds/o86TiJKT/3/finestructure/swiftpackageindex-builder/spi-builder-workspace/Tests/ScryptTests/XCTestManifests.swift -emit-dependencies-path /Users/builder/builds/o86TiJKT/3/finestructure/swiftpackageindex-builder/spi-builder-workspace/.derivedData/Build/Intermediates.noindex/swift-scrypt.build/Debug-watchos/ScryptTests.build/Objects-normal/armv7k/XCTestManifests.d -emit-reference-dependencies-path /Users/builder/builds/o86TiJKT/3/finestructure/swiftpackageindex-builder/spi-builder-workspace/.derivedData/Build/Intermediates.noindex/swift-scrypt.build/Debug-watchos/ScryptTests.build/Objects-normal/armv7k/XCTestManifests.swiftdeps -serialize-diagnostics-path /Users/builder/builds/o86TiJKT/3/finestructure/swiftpackageindex-builder/spi-builder-workspace/.derivedData/Build/Intermediates.noindex/swift-scrypt.build/Debug-watchos/ScryptTests.build/Objects-normal/armv7k/XCTestManifests.dia -target armv7k-apple-watchos4.0 -enable-objc-interop -sdk /Applications/Xcode-14.3.1.app/Contents/Developer/Platforms/WatchOS.platform/Developer/SDKs/WatchOS9.4.sdk -I /Users/builder/builds/o86TiJKT/3/finestructure/swiftpackageindex-builder/spi-builder-workspace/.derivedData/Build/Products/Debug-watchos -I /Applications/Xcode-14.3.1.app/Contents/Developer/Platforms/WatchOS.platform/Developer/usr/lib -F /Users/builder/builds/o86TiJKT/3/finestructure/swiftpackageindex-builder/spi-builder-workspace/.derivedData/Build/Products/Debug-watchos/PackageFrameworks -F /Users/builder/builds/o86TiJKT/3/finestructure/swiftpackageindex-builder/spi-builder-workspace/.derivedData/Build/Products/Debug-watchos/PackageFrameworks -F /Users/builder/builds/o86TiJKT/3/finestructure/swiftpackageindex-builder/spi-builder-workspace/.derivedData/Build/Products/Debug-watchos -F /Applications/Xcode-14.3.1.app/Contents/Developer/Platforms/WatchOS.platform/Developer/Library/Frameworks -F /Applications/Xcode-14.3.1.app/Contents/Developer/Platforms/WatchOS.platform/Developer/SDKs/WatchOS9.4.sdk/Developer/Library/Frameworks -no-color-diagnostics -enable-testing -g -module-cache-path /Users/builder/builds/o86TiJKT/3/finestructure/swiftpackageindex-builder/spi-builder-workspace/.derivedData/ModuleCache.noindex -swift-version 5 -enforce-exclusivity\=checked -Onone -D SWIFT_PACKAGE -D DEBUG -D Xcode -serialize-debugging-options -empty-abi-descriptor -Xcc -working-directory -Xcc /Users/builder/builds/o86TiJKT/3/finestructure/swiftpackageindex-builder/spi-builder-workspace -resource-dir /Applications/Xcode-14.3.1.app/Contents/Developer/Toolchains/XcodeDefault.xctoolchain/usr/lib/swift -enable-anonymous-context-mangled-names -Xcc -ivfsstatcache -Xcc /Users/builder/builds/o86TiJKT/3/finestructure/swiftpackageindex-builder/spi-builder-workspace/.derivedData/SDKStatCaches.noindex/watchos9.4-20T248-.sdkstatcache -Xcc -I/Users/builder/builds/o86TiJKT/3/finestructure/swiftpackageindex-builder/spi-builder-workspace/Sources/libscrypt/include -Xcc -I/Users/builder/builds/o86TiJKT/3/finestructure/swiftpackageindex-builder/spi-builder-workspace/.derivedData/Build/Products/Debug-watchos/include -Xcc -I/Users/builder/builds/o86TiJKT/3/finestructure/swiftpackageindex-builder/spi-builder-workspace/.derivedData/Build/Intermediates.noindex/swift-scrypt.build/Debug-watchos/ScryptTests.build/DerivedSources-normal/armv7k -Xcc -I/Users/builder/builds/o86TiJKT/3/finestructure/swiftpackageindex-builder/spi-builder-workspace/.derivedData/Build/Intermediates.noindex/swift-scrypt.build/Debug-watchos/ScryptTests.build/DerivedSources/armv7k -Xcc -I/Users/builder/builds/o86TiJKT/3/finestructure/swiftpackageindex-builder/spi-builder-workspace/.derivedData/Build/Intermediates.noindex/swift-scrypt.build/Debug-watchos/ScryptTests.build/DerivedSources -Xcc -DSWIFT_PACKAGE -Xcc -DDEBUG\=1 -module-name ScryptTests -frontend-parseable-output -disable-clang-spi -target-sdk-version 9.4 -target-sdk-name watchos9.4 -o /Users/builder/builds/o86TiJKT/3/finestructure/swiftpackageindex-builder/spi-builder-workspace/.derivedData/Build/Intermediates.noindex/swift-scrypt.build/Debug-watchos/ScryptTests.build/Objects-normal/armv7k/XCTestManifests.o -index-unit-output-path /swift-scrypt.build/Debug-watchos/ScryptTests.build/Objects-normal/armv7k/XCTestManifests.o -index-store-path /Users/builder/builds/o86TiJKT/3/finestructure/swiftpackageindex-builder/spi-builder-workspace/.derivedData/Index.noindex/DataStore -index-system-modules
SwiftDriverJobDiscovery normal arm64 Emitting module for ScryptTests (in target 'ScryptTests' from project 'swift-scrypt')
SwiftDriverJobDiscovery normal arm64_32 Emitting module for ScryptTests (in target 'ScryptTests' from project 'swift-scrypt')
SwiftDriver\ Compilation\ Requirements ScryptTests normal arm64_32 com.apple.xcode.tools.swift.compiler (in target 'ScryptTests' from project 'swift-scrypt')
    cd /Users/builder/builds/o86TiJKT/3/finestructure/swiftpackageindex-builder/spi-builder-workspace
    builtin-Swift-Compilation-Requirements -- /Applications/Xcode-14.3.1.app/Contents/Developer/Toolchains/XcodeDefault.xctoolchain/usr/bin/swiftc -module-name ScryptTests -Onone -enforce-exclusivity\=checked @/Users/builder/builds/o86TiJKT/3/finestructure/swiftpackageindex-builder/spi-builder-workspace/.derivedData/Build/Intermediates.noindex/swift-scrypt.build/Debug-watchos/ScryptTests.build/Objects-normal/arm64_32/ScryptTests.SwiftFileList -DSWIFT_PACKAGE -DDEBUG -DXcode -sdk /Applications/Xcode-14.3.1.app/Contents/Developer/Platforms/WatchOS.platform/Developer/SDKs/WatchOS9.4.sdk -target arm64_32-apple-watchos4.0 -g -module-cache-path /Users/builder/builds/o86TiJKT/3/finestructure/swiftpackageindex-builder/spi-builder-workspace/.derivedData/ModuleCache.noindex -Xfrontend -serialize-debugging-options -enable-testing -index-store-path /Users/builder/builds/o86TiJKT/3/finestructure/swiftpackageindex-builder/spi-builder-workspace/.derivedData/Index.noindex/DataStore -swift-version 5 -I /Users/builder/builds/o86TiJKT/3/finestructure/swiftpackageindex-builder/spi-builder-workspace/.derivedData/Build/Products/Debug-watchos -I /Applications/Xcode-14.3.1.app/Contents/Developer/Platforms/WatchOS.platform/Developer/usr/lib -F /Users/builder/builds/o86TiJKT/3/finestructure/swiftpackageindex-builder/spi-builder-workspace/.derivedData/Build/Products/Debug-watchos/PackageFrameworks -F /Users/builder/builds/o86TiJKT/3/finestructure/swiftpackageindex-builder/spi-builder-workspace/.derivedData/Build/Products/Debug-watchos/PackageFrameworks -F /Users/builder/builds/o86TiJKT/3/finestructure/swiftpackageindex-builder/spi-builder-workspace/.derivedData/Build/Products/Debug-watchos -F /Applications/Xcode-14.3.1.app/Contents/Developer/Platforms/WatchOS.platform/Developer/Library/Frameworks -F /Applications/Xcode-14.3.1.app/Contents/Developer/Platforms/WatchOS.platform/Developer/SDKs/WatchOS9.4.sdk/Developer/Library/Frameworks -c -j8 -enable-batch-mode -incremental -Xcc -ivfsstatcache -Xcc /Users/builder/builds/o86TiJKT/3/finestructure/swiftpackageindex-builder/spi-builder-workspace/.derivedData/SDKStatCaches.noindex/watchos9.4-20T248-.sdkstatcache -output-file-map /Users/builder/builds/o86TiJKT/3/finestructure/swiftpackageindex-builder/spi-builder-workspace/.derivedData/Build/Intermediates.noindex/swift-scrypt.build/Debug-watchos/ScryptTests.build/Objects-normal/arm64_32/ScryptTests-OutputFileMap.json -use-frontend-parseable-output -save-temps -no-color-diagnostics -serialize-diagnostics -emit-dependencies -emit-module -emit-module-path /Users/builder/builds/o86TiJKT/3/finestructure/swiftpackageindex-builder/spi-builder-workspace/.derivedData/Build/Intermediates.noindex/swift-scrypt.build/Debug-watchos/ScryptTests.build/Objects-normal/arm64_32/ScryptTests.swiftmodule -Xcc -I/Users/builder/builds/o86TiJKT/3/finestructure/swiftpackageindex-builder/spi-builder-workspace/Sources/libscrypt/include -Xcc -I/Users/builder/builds/o86TiJKT/3/finestructure/swiftpackageindex-builder/spi-builder-workspace/.derivedData/Build/Products/Debug-watchos/include -Xcc -I/Users/builder/builds/o86TiJKT/3/finestructure/swiftpackageindex-builder/spi-builder-workspace/.derivedData/Build/Intermediates.noindex/swift-scrypt.build/Debug-watchos/ScryptTests.build/DerivedSources-normal/arm64_32 -Xcc -I/Users/builder/builds/o86TiJKT/3/finestructure/swiftpackageindex-builder/spi-builder-workspace/.derivedData/Build/Intermediates.noindex/swift-scrypt.build/Debug-watchos/ScryptTests.build/DerivedSources/arm64_32 -Xcc -I/Users/builder/builds/o86TiJKT/3/finestructure/swiftpackageindex-builder/spi-builder-workspace/.derivedData/Build/Intermediates.noindex/swift-scrypt.build/Debug-watchos/ScryptTests.build/DerivedSources -Xcc -DSWIFT_PACKAGE -Xcc -DDEBUG\=1 -working-directory /Users/builder/builds/o86TiJKT/3/finestructure/swiftpackageindex-builder/spi-builder-workspace -experimental-emit-module-separately -disable-cmo
SwiftDriver\ Compilation\ Requirements ScryptTests normal arm64 com.apple.xcode.tools.swift.compiler (in target 'ScryptTests' from project 'swift-scrypt')
    cd /Users/builder/builds/o86TiJKT/3/finestructure/swiftpackageindex-builder/spi-builder-workspace
    builtin-Swift-Compilation-Requirements -- /Applications/Xcode-14.3.1.app/Contents/Developer/Toolchains/XcodeDefault.xctoolchain/usr/bin/swiftc -module-name ScryptTests -Onone -enforce-exclusivity\=checked @/Users/builder/builds/o86TiJKT/3/finestructure/swiftpackageindex-builder/spi-builder-workspace/.derivedData/Build/Intermediates.noindex/swift-scrypt.build/Debug-watchos/ScryptTests.build/Objects-normal/arm64/ScryptTests.SwiftFileList -DSWIFT_PACKAGE -DDEBUG -DXcode -sdk /Applications/Xcode-14.3.1.app/Contents/Developer/Platforms/WatchOS.platform/Developer/SDKs/WatchOS9.4.sdk -target arm64-apple-watchos4.0 -g -module-cache-path /Users/builder/builds/o86TiJKT/3/finestructure/swiftpackageindex-builder/spi-builder-workspace/.derivedData/ModuleCache.noindex -Xfrontend -serialize-debugging-options -enable-testing -index-store-path /Users/builder/builds/o86TiJKT/3/finestructure/swiftpackageindex-builder/spi-builder-workspace/.derivedData/Index.noindex/DataStore -swift-version 5 -I /Users/builder/builds/o86TiJKT/3/finestructure/swiftpackageindex-builder/spi-builder-workspace/.derivedData/Build/Products/Debug-watchos -I /Applications/Xcode-14.3.1.app/Contents/Developer/Platforms/WatchOS.platform/Developer/usr/lib -F /Users/builder/builds/o86TiJKT/3/finestructure/swiftpackageindex-builder/spi-builder-workspace/.derivedData/Build/Products/Debug-watchos/PackageFrameworks -F /Users/builder/builds/o86TiJKT/3/finestructure/swiftpackageindex-builder/spi-builder-workspace/.derivedData/Build/Products/Debug-watchos/PackageFrameworks -F /Users/builder/builds/o86TiJKT/3/finestructure/swiftpackageindex-builder/spi-builder-workspace/.derivedData/Build/Products/Debug-watchos -F /Applications/Xcode-14.3.1.app/Contents/Developer/Platforms/WatchOS.platform/Developer/Library/Frameworks -F /Applications/Xcode-14.3.1.app/Contents/Developer/Platforms/WatchOS.platform/Developer/SDKs/WatchOS9.4.sdk/Developer/Library/Frameworks -c -j8 -enable-batch-mode -incremental -Xcc -ivfsstatcache -Xcc /Users/builder/builds/o86TiJKT/3/finestructure/swiftpackageindex-builder/spi-builder-workspace/.derivedData/SDKStatCaches.noindex/watchos9.4-20T248-.sdkstatcache -output-file-map /Users/builder/builds/o86TiJKT/3/finestructure/swiftpackageindex-builder/spi-builder-workspace/.derivedData/Build/Intermediates.noindex/swift-scrypt.build/Debug-watchos/ScryptTests.build/Objects-normal/arm64/ScryptTests-OutputFileMap.json -use-frontend-parseable-output -save-temps -no-color-diagnostics -serialize-diagnostics -emit-dependencies -emit-module -emit-module-path /Users/builder/builds/o86TiJKT/3/finestructure/swiftpackageindex-builder/spi-builder-workspace/.derivedData/Build/Intermediates.noindex/swift-scrypt.build/Debug-watchos/ScryptTests.build/Objects-normal/arm64/ScryptTests.swiftmodule -Xcc -I/Users/builder/builds/o86TiJKT/3/finestructure/swiftpackageindex-builder/spi-builder-workspace/Sources/libscrypt/include -Xcc -I/Users/builder/builds/o86TiJKT/3/finestructure/swiftpackageindex-builder/spi-builder-workspace/.derivedData/Build/Products/Debug-watchos/include -Xcc -I/Users/builder/builds/o86TiJKT/3/finestructure/swiftpackageindex-builder/spi-builder-workspace/.derivedData/Build/Intermediates.noindex/swift-scrypt.build/Debug-watchos/ScryptTests.build/DerivedSources-normal/arm64 -Xcc -I/Users/builder/builds/o86TiJKT/3/finestructure/swiftpackageindex-builder/spi-builder-workspace/.derivedData/Build/Intermediates.noindex/swift-scrypt.build/Debug-watchos/ScryptTests.build/DerivedSources/arm64 -Xcc -I/Users/builder/builds/o86TiJKT/3/finestructure/swiftpackageindex-builder/spi-builder-workspace/.derivedData/Build/Intermediates.noindex/swift-scrypt.build/Debug-watchos/ScryptTests.build/DerivedSources -Xcc -DSWIFT_PACKAGE -Xcc -DDEBUG\=1 -working-directory /Users/builder/builds/o86TiJKT/3/finestructure/swiftpackageindex-builder/spi-builder-workspace -experimental-emit-module-separately -disable-cmo
Copy /Users/builder/builds/o86TiJKT/3/finestructure/swiftpackageindex-builder/spi-builder-workspace/.derivedData/Build/Products/Debug-watchos/ScryptTests.swiftmodule/arm64_32-apple-watchos.swiftdoc /Users/builder/builds/o86TiJKT/3/finestructure/swiftpackageindex-builder/spi-builder-workspace/.derivedData/Build/Intermediates.noindex/swift-scrypt.build/Debug-watchos/ScryptTests.build/Objects-normal/arm64_32/ScryptTests.swiftdoc (in target 'ScryptTests' from project 'swift-scrypt')
    cd /Users/builder/builds/o86TiJKT/3/finestructure/swiftpackageindex-builder/spi-builder-workspace
    builtin-copy -exclude .DS_Store -exclude CVS -exclude .svn -exclude .git -exclude .hg -resolve-src-symlinks -rename /Users/builder/builds/o86TiJKT/3/finestructure/swiftpackageindex-builder/spi-builder-workspace/.derivedData/Build/Intermediates.noindex/swift-scrypt.build/Debug-watchos/ScryptTests.build/Objects-normal/arm64_32/ScryptTests.swiftdoc /Users/builder/builds/o86TiJKT/3/finestructure/swiftpackageindex-builder/spi-builder-workspace/.derivedData/Build/Products/Debug-watchos/ScryptTests.swiftmodule/arm64_32-apple-watchos.swiftdoc
Copy /Users/builder/builds/o86TiJKT/3/finestructure/swiftpackageindex-builder/spi-builder-workspace/.derivedData/Build/Products/Debug-watchos/ScryptTests.swiftmodule/arm64_32-apple-watchos.swiftmodule /Users/builder/builds/o86TiJKT/3/finestructure/swiftpackageindex-builder/spi-builder-workspace/.derivedData/Build/Intermediates.noindex/swift-scrypt.build/Debug-watchos/ScryptTests.build/Objects-normal/arm64_32/ScryptTests.swiftmodule (in target 'ScryptTests' from project 'swift-scrypt')
    cd /Users/builder/builds/o86TiJKT/3/finestructure/swiftpackageindex-builder/spi-builder-workspace
    builtin-copy -exclude .DS_Store -exclude CVS -exclude .svn -exclude .git -exclude .hg -resolve-src-symlinks -rename /Users/builder/builds/o86TiJKT/3/finestructure/swiftpackageindex-builder/spi-builder-workspace/.derivedData/Build/Intermediates.noindex/swift-scrypt.build/Debug-watchos/ScryptTests.build/Objects-normal/arm64_32/ScryptTests.swiftmodule /Users/builder/builds/o86TiJKT/3/finestructure/swiftpackageindex-builder/spi-builder-workspace/.derivedData/Build/Products/Debug-watchos/ScryptTests.swiftmodule/arm64_32-apple-watchos.swiftmodule
Copy /Users/builder/builds/o86TiJKT/3/finestructure/swiftpackageindex-builder/spi-builder-workspace/.derivedData/Build/Products/Debug-watchos/ScryptTests.swiftmodule/arm64_32-apple-watchos.abi.json /Users/builder/builds/o86TiJKT/3/finestructure/swiftpackageindex-builder/spi-builder-workspace/.derivedData/Build/Intermediates.noindex/swift-scrypt.build/Debug-watchos/ScryptTests.build/Objects-normal/arm64_32/ScryptTests.abi.json (in target 'ScryptTests' from project 'swift-scrypt')
    cd /Users/builder/builds/o86TiJKT/3/finestructure/swiftpackageindex-builder/spi-builder-workspace
    builtin-copy -exclude .DS_Store -exclude CVS -exclude .svn -exclude .git -exclude .hg -resolve-src-symlinks -rename /Users/builder/builds/o86TiJKT/3/finestructure/swiftpackageindex-builder/spi-builder-workspace/.derivedData/Build/Intermediates.noindex/swift-scrypt.build/Debug-watchos/ScryptTests.build/Objects-normal/arm64_32/ScryptTests.abi.json /Users/builder/builds/o86TiJKT/3/finestructure/swiftpackageindex-builder/spi-builder-workspace/.derivedData/Build/Products/Debug-watchos/ScryptTests.swiftmodule/arm64_32-apple-watchos.abi.json
Copy /Users/builder/builds/o86TiJKT/3/finestructure/swiftpackageindex-builder/spi-builder-workspace/.derivedData/Build/Products/Debug-watchos/ScryptTests.swiftmodule/arm64-apple-watchos.swiftmodule /Users/builder/builds/o86TiJKT/3/finestructure/swiftpackageindex-builder/spi-builder-workspace/.derivedData/Build/Intermediates.noindex/swift-scrypt.build/Debug-watchos/ScryptTests.build/Objects-normal/arm64/ScryptTests.swiftmodule (in target 'ScryptTests' from project 'swift-scrypt')
    cd /Users/builder/builds/o86TiJKT/3/finestructure/swiftpackageindex-builder/spi-builder-workspace
    builtin-copy -exclude .DS_Store -exclude CVS -exclude .svn -exclude .git -exclude .hg -resolve-src-symlinks -rename /Users/builder/builds/o86TiJKT/3/finestructure/swiftpackageindex-builder/spi-builder-workspace/.derivedData/Build/Intermediates.noindex/swift-scrypt.build/Debug-watchos/ScryptTests.build/Objects-normal/arm64/ScryptTests.swiftmodule /Users/builder/builds/o86TiJKT/3/finestructure/swiftpackageindex-builder/spi-builder-workspace/.derivedData/Build/Products/Debug-watchos/ScryptTests.swiftmodule/arm64-apple-watchos.swiftmodule
Copy /Users/builder/builds/o86TiJKT/3/finestructure/swiftpackageindex-builder/spi-builder-workspace/.derivedData/Build/Products/Debug-watchos/ScryptTests.swiftmodule/arm64-apple-watchos.swiftdoc /Users/builder/builds/o86TiJKT/3/finestructure/swiftpackageindex-builder/spi-builder-workspace/.derivedData/Build/Intermediates.noindex/swift-scrypt.build/Debug-watchos/ScryptTests.build/Objects-normal/arm64/ScryptTests.swiftdoc (in target 'ScryptTests' from project 'swift-scrypt')
    cd /Users/builder/builds/o86TiJKT/3/finestructure/swiftpackageindex-builder/spi-builder-workspace
    builtin-copy -exclude .DS_Store -exclude CVS -exclude .svn -exclude .git -exclude .hg -resolve-src-symlinks -rename /Users/builder/builds/o86TiJKT/3/finestructure/swiftpackageindex-builder/spi-builder-workspace/.derivedData/Build/Intermediates.noindex/swift-scrypt.build/Debug-watchos/ScryptTests.build/Objects-normal/arm64/ScryptTests.swiftdoc /Users/builder/builds/o86TiJKT/3/finestructure/swiftpackageindex-builder/spi-builder-workspace/.derivedData/Build/Products/Debug-watchos/ScryptTests.swiftmodule/arm64-apple-watchos.swiftdoc
Copy /Users/builder/builds/o86TiJKT/3/finestructure/swiftpackageindex-builder/spi-builder-workspace/.derivedData/Build/Products/Debug-watchos/ScryptTests.swiftmodule/arm64-apple-watchos.abi.json /Users/builder/builds/o86TiJKT/3/finestructure/swiftpackageindex-builder/spi-builder-workspace/.derivedData/Build/Intermediates.noindex/swift-scrypt.build/Debug-watchos/ScryptTests.build/Objects-normal/arm64/ScryptTests.abi.json (in target 'ScryptTests' from project 'swift-scrypt')
    cd /Users/builder/builds/o86TiJKT/3/finestructure/swiftpackageindex-builder/spi-builder-workspace
    builtin-copy -exclude .DS_Store -exclude CVS -exclude .svn -exclude .git -exclude .hg -resolve-src-symlinks -rename /Users/builder/builds/o86TiJKT/3/finestructure/swiftpackageindex-builder/spi-builder-workspace/.derivedData/Build/Intermediates.noindex/swift-scrypt.build/Debug-watchos/ScryptTests.build/Objects-normal/arm64/ScryptTests.abi.json /Users/builder/builds/o86TiJKT/3/finestructure/swiftpackageindex-builder/spi-builder-workspace/.derivedData/Build/Products/Debug-watchos/ScryptTests.swiftmodule/arm64-apple-watchos.abi.json
Copy /Users/builder/builds/o86TiJKT/3/finestructure/swiftpackageindex-builder/spi-builder-workspace/.derivedData/Build/Products/Debug-watchos/ScryptTests.swiftmodule/Project/arm64_32-apple-watchos.swiftsourceinfo /Users/builder/builds/o86TiJKT/3/finestructure/swiftpackageindex-builder/spi-builder-workspace/.derivedData/Build/Intermediates.noindex/swift-scrypt.build/Debug-watchos/ScryptTests.build/Objects-normal/arm64_32/ScryptTests.swiftsourceinfo (in target 'ScryptTests' from project 'swift-scrypt')
    cd /Users/builder/builds/o86TiJKT/3/finestructure/swiftpackageindex-builder/spi-builder-workspace
    builtin-copy -exclude .DS_Store -exclude CVS -exclude .svn -exclude .git -exclude .hg -resolve-src-symlinks -rename /Users/builder/builds/o86TiJKT/3/finestructure/swiftpackageindex-builder/spi-builder-workspace/.derivedData/Build/Intermediates.noindex/swift-scrypt.build/Debug-watchos/ScryptTests.build/Objects-normal/arm64_32/ScryptTests.swiftsourceinfo /Users/builder/builds/o86TiJKT/3/finestructure/swiftpackageindex-builder/spi-builder-workspace/.derivedData/Build/Products/Debug-watchos/ScryptTests.swiftmodule/Project/arm64_32-apple-watchos.swiftsourceinfo
Copy /Users/builder/builds/o86TiJKT/3/finestructure/swiftpackageindex-builder/spi-builder-workspace/.derivedData/Build/Products/Debug-watchos/ScryptTests.swiftmodule/Project/arm64-apple-watchos.swiftsourceinfo /Users/builder/builds/o86TiJKT/3/finestructure/swiftpackageindex-builder/spi-builder-workspace/.derivedData/Build/Intermediates.noindex/swift-scrypt.build/Debug-watchos/ScryptTests.build/Objects-normal/arm64/ScryptTests.swiftsourceinfo (in target 'ScryptTests' from project 'swift-scrypt')
    cd /Users/builder/builds/o86TiJKT/3/finestructure/swiftpackageindex-builder/spi-builder-workspace
    builtin-copy -exclude .DS_Store -exclude CVS -exclude .svn -exclude .git -exclude .hg -resolve-src-symlinks -rename /Users/builder/builds/o86TiJKT/3/finestructure/swiftpackageindex-builder/spi-builder-workspace/.derivedData/Build/Intermediates.noindex/swift-scrypt.build/Debug-watchos/ScryptTests.build/Objects-normal/arm64/ScryptTests.swiftsourceinfo /Users/builder/builds/o86TiJKT/3/finestructure/swiftpackageindex-builder/spi-builder-workspace/.derivedData/Build/Products/Debug-watchos/ScryptTests.swiftmodule/Project/arm64-apple-watchos.swiftsourceinfo
2024-02-22 22:30:42.370 xcodebuild[67439:7391096] DVTCoreDeviceEnabledState: DVTCoreDeviceEnabledState_Disabled set via user default (DVTEnableCoreDevice=disabled)
** BUILD FAILED **
The following build commands failed:
	SwiftCompile normal armv7k Compiling\ ScryptTests.swift /Users/builder/builds/o86TiJKT/3/finestructure/swiftpackageindex-builder/spi-builder-workspace/Tests/ScryptTests/ScryptTests.swift (in target 'ScryptTests' from project 'swift-scrypt')
	SwiftCompile normal armv7k /Users/builder/builds/o86TiJKT/3/finestructure/swiftpackageindex-builder/spi-builder-workspace/Tests/ScryptTests/ScryptTests.swift (in target 'ScryptTests' from project 'swift-scrypt')
	SwiftCompile normal arm64_32 Compiling\ ScryptTests.swift /Users/builder/builds/o86TiJKT/3/finestructure/swiftpackageindex-builder/spi-builder-workspace/Tests/ScryptTests/ScryptTests.swift (in target 'ScryptTests' from project 'swift-scrypt')
	SwiftCompile normal arm64_32 /Users/builder/builds/o86TiJKT/3/finestructure/swiftpackageindex-builder/spi-builder-workspace/Tests/ScryptTests/ScryptTests.swift (in target 'ScryptTests' from project 'swift-scrypt')
(4 failures)
BUILD FAILURE 5.8 watchOS

Build Machine: Mac 5