The Swift Package Index logo.Swift Package Index

Build Information

Failed to build UXCamSwiftUI, reference main (5e50dd), with Swift 6.3 for watchOS using Xcode 26.4 on 12 Aug 2026 00:29:37 UTC.

Build Command

env DEVELOPER_DIR=/Applications/Xcode-26.4.0.app xcrun xcodebuild -IDEClonedSourcePackagesDirPathOverride=$PWD/.dependencies -skipMacroValidation -skipPackagePluginValidation -derivedDataPath $PWD/.derivedData build -scheme UXCamSwiftUI -destination generic/platform=watchOS

Build Log

========================================
RunAll
========================================
Builder version: undefined version: run 'make version' to update
Interrupt handler set up.
========================================
Checkout
========================================
Clone URL: https://github.com/uxcam/uxcam-ios-swiftui.git
Reference: main
Initialized empty Git repository in /Users/admin/builder/spi-builder-workspace/.git/
From https://github.com/uxcam/uxcam-ios-swiftui
 * branch            main       -> FETCH_HEAD
 * [new branch]      main       -> origin/main
HEAD is now at 5e50dd7 docs: add SwiftUI repository migration notice (#16)
Cloned https://github.com/uxcam/uxcam-ios-swiftui.git
Revision (git rev-parse @):
5e50dd748229ed165fac3614b1993dab8fe0ed8d
SUCCESS checkout https://github.com/uxcam/uxcam-ios-swiftui.git at main
========================================
Build
========================================
Selected platform:         watchOS
Swift version:             6.3
Building package at path:  $PWD
https://github.com/uxcam/uxcam-ios-swiftui.git
Command line invocation:
    /Applications/Xcode-26.4.0.app/Contents/Developer/usr/bin/xcodebuild -IDEClonedSourcePackagesDirPathOverride=/Users/admin/builder/spi-builder-workspace/.dependencies -resolvePackageDependencies
Resolve Package Graph
Fetching from https://github.com/uxcam/uxcam-ios-sdk
Creating working copy of package ‘uxcam-ios-sdk’
Checking out 3.9.0 of package ‘uxcam-ios-sdk’
Resolve Package Graph
Resolved source packages:
  UXCam: https://github.com/uxcam/uxcam-ios-sdk @ 3.9.0
  UXCamSwiftUI: /Users/admin/builder/spi-builder-workspace
resolved source packages: UXCam, UXCamSwiftUI
2026-08-11 20:29:06.386 xcodebuild[541:3114] [MT] IDERunDestination: Supported platforms for the buildables in the current scheme is empty.
{
  "dependencies" : [
    {
      "identity" : "uxcam-ios-sdk",
      "requirement" : {
        "exact" : [
          "3.9.0"
        ]
      },
      "type" : "sourceControl",
      "url" : "https://github.com/uxcam/uxcam-ios-sdk"
    }
  ],
  "manifest_display_name" : "UXCamSwiftUI",
  "name" : "UXCamSwiftUI",
  "path" : "/Users/admin/builder/spi-builder-workspace",
  "platforms" : [
    {
      "name" : "ios",
      "version" : "13.0"
    }
  ],
  "products" : [
    {
      "name" : "UXCamSwiftUI",
      "targets" : [
        "UXCamSwiftUI",
        "UXCamSwiftUIWrapper"
      ],
      "type" : {
        "library" : [
          "automatic"
        ]
      }
    }
  ],
  "targets" : [
    {
      "c99name" : "UXCamSwiftUIWrapper",
      "module_type" : "SwiftTarget",
      "name" : "UXCamSwiftUIWrapper",
      "path" : "UXCamSwiftUIWrapper",
      "product_dependencies" : [
        "UXCam"
      ],
      "product_memberships" : [
        "UXCamSwiftUI"
      ],
      "sources" : [
        "EmptyFile.swift"
      ],
      "type" : "library"
    },
    {
      "c99name" : "UXCamSwiftUI",
      "module_type" : "BinaryTarget",
      "name" : "UXCamSwiftUI",
      "path" : "remote/archive/UXCamSwiftUI.xcframework.zip",
      "product_memberships" : [
        "UXCamSwiftUI"
      ],
      "sources" : [
      ],
      "type" : "binary"
    }
  ],
  "tools_version" : "5.3"
}
{
  "workspace" : {
    "name" : "spi-builder-workspace",
    "schemes" : [
      "UXCamSwiftUI"
    ]
  }
}
2026-08-11 20:29:30.213 xcodebuild[783:5099] [MT] IDERunDestination: Supported platforms for the buildables in the current scheme is empty.
Running build ...
env DEVELOPER_DIR=/Applications/Xcode-26.4.0.app xcrun xcodebuild -IDEClonedSourcePackagesDirPathOverride=$PWD/.dependencies -skipMacroValidation -skipPackagePluginValidation -derivedDataPath $PWD/.derivedData build -scheme UXCamSwiftUI -destination generic/platform=watchOS
Command line invocation:
    /Applications/Xcode-26.4.0.app/Contents/Developer/usr/bin/xcodebuild -IDEClonedSourcePackagesDirPathOverride=/Users/admin/builder/spi-builder-workspace/.dependencies -skipMacroValidation -skipPackagePluginValidation -derivedDataPath /Users/admin/builder/spi-builder-workspace/.derivedData build -scheme UXCamSwiftUI -destination generic/platform=watchOS
Resolve Package Graph
Resolve Package Graph
Resolved source packages:
  UXCam: https://github.com/uxcam/uxcam-ios-sdk @ 3.9.0
  UXCamSwiftUI: /Users/admin/builder/spi-builder-workspace
ComputePackagePrebuildTargetDependencyGraph
Prepare packages
CreateBuildRequest
SendProjectDescription
CreateBuildOperation
ComputeTargetDependencyGraph
note: Building targets in dependency order
note: Target dependency graph (4 targets)
    Target 'UXCamSwiftUI' in project 'UXCamSwiftUI'
        ➜ Explicit dependency on target 'UXCamSwiftUIWrapper' in project 'UXCamSwiftUI'
        ➜ Explicit dependency on target 'UXCam' in project 'UXCam'
    Target 'UXCamSwiftUIWrapper' in project 'UXCamSwiftUI'
        ➜ Explicit dependency on target 'UXCam' in project 'UXCam'
    Target 'UXCam' in project 'UXCam'
        ➜ Explicit dependency on target 'UXCamWrapper' in project 'UXCam'
    Target 'UXCamWrapper' in project 'UXCam' (no dependencies)
GatherProvisioningInputs
CreateBuildDescription
ExecuteExternalTool /Applications/Xcode-26.4.0.app/Contents/Developer/Toolchains/XcodeDefault.xctoolchain/usr/bin/clang -v -E -dM -isysroot /Applications/Xcode-26.4.0.app/Contents/Developer/Platforms/WatchOS.platform/Developer/SDKs/WatchOS26.4.sdk -x c -c /dev/null
ExecuteExternalTool /Applications/Xcode-26.4.0.app/Contents/Developer/Toolchains/XcodeDefault.xctoolchain/usr/bin/swiftc --version
ExecuteExternalTool /Applications/Xcode-26.4.0.app/Contents/Developer/Toolchains/XcodeDefault.xctoolchain/usr/bin/ld -version_details
Build description signature: a120780b9ceeedf421c9fa325513e3fc
Build description path: /Users/admin/builder/spi-builder-workspace/.derivedData/Build/Intermediates.noindex/XCBuildData/a120780b9ceeedf421c9fa325513e3fc.xcbuilddata
/Users/admin/builder/spi-builder-workspace/.dependencies/artifacts/uxcam-ios-sdk/UXCam/UXCam.xcframework:1:1: error: While building for watchOS, no library for this platform was found in '/Users/admin/builder/spi-builder-workspace/.dependencies/artifacts/uxcam-ios-sdk/UXCam/UXCam.xcframework'. (in target 'UXCamSwiftUIWrapper' from project 'UXCamSwiftUI')
/Users/admin/builder/spi-builder-workspace/.dependencies/artifacts/uxcam-ios-sdk/UXCam/UXCam.xcframework:1:1: error: While building for watchOS, no library for this platform was found in '/Users/admin/builder/spi-builder-workspace/.dependencies/artifacts/uxcam-ios-sdk/UXCam/UXCam.xcframework'. (in target 'UXCam' from project 'UXCam')
/Users/admin/builder/spi-builder-workspace/.dependencies/artifacts/spi-builder-workspace/UXCamSwiftUI/UXCamSwiftUI.xcframework:1:1: error: While building for watchOS, no library for this platform was found in '/Users/admin/builder/spi-builder-workspace/.dependencies/artifacts/spi-builder-workspace/UXCamSwiftUI/UXCamSwiftUI.xcframework'. (in target 'UXCamSwiftUI' from project 'UXCamSwiftUI')
/Users/admin/builder/spi-builder-workspace/.dependencies/artifacts/uxcam-ios-sdk/UXCam/UXCam.xcframework:1:1: error: While building for watchOS, no library for this platform was found in '/Users/admin/builder/spi-builder-workspace/.dependencies/artifacts/uxcam-ios-sdk/UXCam/UXCam.xcframework'. (in target 'UXCamSwiftUI' from project 'UXCamSwiftUI')
/Users/admin/builder/spi-builder-workspace/.dependencies/artifacts/uxcam-ios-sdk/UXCam/UXCam.xcframework:1:1: error: While building for watchOS, no library for this platform was found in '/Users/admin/builder/spi-builder-workspace/.dependencies/artifacts/uxcam-ios-sdk/UXCam/UXCam.xcframework'. (in target 'UXCamSwiftUI' from project 'UXCamSwiftUI')
2026-08-11 20:29:32.586 xcodebuild[791:5200] [MT] IDERunDestination: Supported platforms for the buildables in the current scheme is empty.
** BUILD FAILED **
The following build commands failed:
	Building workspace spi-builder-workspace with scheme UXCamSwiftUI
(1 failure)
Command line invocation:
    /Applications/Xcode-26.4.0.app/Contents/Developer/usr/bin/xcodebuild -IDEClonedSourcePackagesDirPathOverride=/Users/admin/builder/spi-builder-workspace/.dependencies -resolvePackageDependencies
Resolve Package Graph
Resolved source packages:
  UXCam: https://github.com/uxcam/uxcam-ios-sdk @ 3.9.0
  UXCamSwiftUI: /Users/admin/builder/spi-builder-workspace
resolved source packages: UXCam, UXCamSwiftUI
2026-08-11 20:29:35.195 xcodebuild[815:5352] [MT] IDERunDestination: Supported platforms for the buildables in the current scheme is empty.
{
  "dependencies" : [
    {
      "identity" : "uxcam-ios-sdk",
      "requirement" : {
        "exact" : [
          "3.9.0"
        ]
      },
      "type" : "sourceControl",
      "url" : "https://github.com/uxcam/uxcam-ios-sdk"
    }
  ],
  "manifest_display_name" : "UXCamSwiftUI",
  "name" : "UXCamSwiftUI",
  "path" : "/Users/admin/builder/spi-builder-workspace",
  "platforms" : [
    {
      "name" : "ios",
      "version" : "13.0"
    }
  ],
  "products" : [
    {
      "name" : "UXCamSwiftUI",
      "targets" : [
        "UXCamSwiftUI",
        "UXCamSwiftUIWrapper"
      ],
      "type" : {
        "library" : [
          "automatic"
        ]
      }
    }
  ],
  "targets" : [
    {
      "c99name" : "UXCamSwiftUIWrapper",
      "module_type" : "SwiftTarget",
      "name" : "UXCamSwiftUIWrapper",
      "path" : "UXCamSwiftUIWrapper",
      "product_dependencies" : [
        "UXCam"
      ],
      "product_memberships" : [
        "UXCamSwiftUI"
      ],
      "sources" : [
        "EmptyFile.swift"
      ],
      "type" : "library"
    },
    {
      "c99name" : "UXCamSwiftUI",
      "module_type" : "BinaryTarget",
      "name" : "UXCamSwiftUI",
      "path" : "remote/archive/UXCamSwiftUI.xcframework.zip",
      "product_memberships" : [
        "UXCamSwiftUI"
      ],
      "sources" : [
      ],
      "type" : "binary"
    }
  ],
  "tools_version" : "5.3"
}
{
  "workspace" : {
    "name" : "spi-builder-workspace",
    "schemes" : [
      "UXCamSwiftUI"
    ]
  }
}
2026-08-11 20:29:36.311 xcodebuild[825:5421] [MT] IDERunDestination: Supported platforms for the buildables in the current scheme is empty.
Running build ...
env DEVELOPER_DIR=/Applications/Xcode-26.4.0.app xcrun xcodebuild -IDEClonedSourcePackagesDirPathOverride=$PWD/.dependencies -skipMacroValidation -skipPackagePluginValidation -derivedDataPath $PWD/.derivedData build -scheme UXCamSwiftUI -destination generic/platform=watchOS
Command line invocation:
    /Applications/Xcode-26.4.0.app/Contents/Developer/usr/bin/xcodebuild -IDEClonedSourcePackagesDirPathOverride=/Users/admin/builder/spi-builder-workspace/.dependencies -skipMacroValidation -skipPackagePluginValidation -derivedDataPath /Users/admin/builder/spi-builder-workspace/.derivedData build -scheme UXCamSwiftUI -destination generic/platform=watchOS
Resolve Package Graph
Resolved source packages:
  UXCam: https://github.com/uxcam/uxcam-ios-sdk @ 3.9.0
  UXCamSwiftUI: /Users/admin/builder/spi-builder-workspace
ComputePackagePrebuildTargetDependencyGraph
Prepare packages
CreateBuildRequest
SendProjectDescription
CreateBuildOperation
ComputeTargetDependencyGraph
note: Building targets in dependency order
note: Target dependency graph (4 targets)
    Target 'UXCamSwiftUI' in project 'UXCamSwiftUI'
        ➜ Explicit dependency on target 'UXCamSwiftUIWrapper' in project 'UXCamSwiftUI'
        ➜ Explicit dependency on target 'UXCam' in project 'UXCam'
    Target 'UXCamSwiftUIWrapper' in project 'UXCamSwiftUI'
        ➜ Explicit dependency on target 'UXCam' in project 'UXCam'
    Target 'UXCam' in project 'UXCam'
        ➜ Explicit dependency on target 'UXCamWrapper' in project 'UXCam'
    Target 'UXCamWrapper' in project 'UXCam' (no dependencies)
GatherProvisioningInputs
CreateBuildDescription
/Users/admin/builder/spi-builder-workspace/.dependencies/artifacts/spi-builder-workspace/UXCamSwiftUI/UXCamSwiftUI.xcframework:1:1: error: While building for watchOS, no library for this platform was found in '/Users/admin/builder/spi-builder-workspace/.dependencies/artifacts/spi-builder-workspace/UXCamSwiftUI/UXCamSwiftUI.xcframework'. (in target 'UXCamSwiftUI' from project 'UXCamSwiftUI')
/Users/admin/builder/spi-builder-workspace/.dependencies/artifacts/uxcam-ios-sdk/UXCam/UXCam.xcframework:1:1: error: While building for watchOS, no library for this platform was found in '/Users/admin/builder/spi-builder-workspace/.dependencies/artifacts/uxcam-ios-sdk/UXCam/UXCam.xcframework'. (in target 'UXCamSwiftUI' from project 'UXCamSwiftUI')
/Users/admin/builder/spi-builder-workspace/.dependencies/artifacts/uxcam-ios-sdk/UXCam/UXCam.xcframework:1:1: error: While building for watchOS, no library for this platform was found in '/Users/admin/builder/spi-builder-workspace/.dependencies/artifacts/uxcam-ios-sdk/UXCam/UXCam.xcframework'. (in target 'UXCamSwiftUI' from project 'UXCamSwiftUI')
/Users/admin/builder/spi-builder-workspace/.dependencies/artifacts/uxcam-ios-sdk/UXCam/UXCam.xcframework:1:1: error: While building for watchOS, no library for this platform was found in '/Users/admin/builder/spi-builder-workspace/.dependencies/artifacts/uxcam-ios-sdk/UXCam/UXCam.xcframework'. (in target 'UXCamSwiftUIWrapper' from project 'UXCamSwiftUI')
/Users/admin/builder/spi-builder-workspace/.dependencies/artifacts/uxcam-ios-sdk/UXCam/UXCam.xcframework:1:1: error: While building for watchOS, no library for this platform was found in '/Users/admin/builder/spi-builder-workspace/.dependencies/artifacts/uxcam-ios-sdk/UXCam/UXCam.xcframework'. (in target 'UXCam' from project 'UXCam')
2026-08-11 20:29:37.169 xcodebuild[828:5456] [MT] IDERunDestination: Supported platforms for the buildables in the current scheme is empty.
** BUILD FAILED **
The following build commands failed:
	Building workspace spi-builder-workspace with scheme UXCamSwiftUI
(1 failure)
BUILD FAILURE 6.3 watchOS