The Swift Package Index logo.Swift Package Index

Build Information

Failed to build GoogleCloudBatchV1, reference 0.5.0 (09a228), with Swift 6.2 for Android on 10 Oct 2026 22:28:34 UTC.

Build Command

bash -c docker run --pull=always --rm -v "checkouts-54344849-1":/host -w "$PWD" -e JAVA_HOME="/root/.sdkman/candidates/java/current" -e SPI_BUILD="1" -e SPI_PROCESSING="1" registry.gitlab.com/saguaro1/spi-images:android-6.2-latest swift build --swift-sdk aarch64-unknown-linux-android28 2>&1

Build Log

========================================
RunAll
========================================
Builder version: 5.1.1
Interrupt handler set up.
========================================
Checkout
========================================
Clone URL: https://github.com/googleapis/swift-google-cloud-batch-v1.git
Reference: 0.5.0
Initialized empty Git repository in /host/spi-builder-workspace/.git/
hint: Using 'master' as the name for the initial branch. This default branch name
hint: is subject to change. To configure the initial branch name to use in all
hint: of your new repositories, which will suppress this warning, call:
hint:
hint: 	git config --global init.defaultBranch <name>
hint:
hint: Names commonly chosen instead of 'master' are 'main', 'trunk' and
hint: 'development'. The just-created branch can be renamed via this command:
hint:
hint: 	git branch -m <name>
From https://github.com/googleapis/swift-google-cloud-batch-v1
 * tag               0.5.0      -> FETCH_HEAD
HEAD is now at 09a2285 chore: release circa 2026-10-07 (#1382)
Cloned https://github.com/googleapis/swift-google-cloud-batch-v1.git
Revision (git rev-parse @):
09a22859414834b9cc514335628f933c08e74d47
SPI manifest file found: $PWD/.spi.yml
SUCCESS checkout https://github.com/googleapis/swift-google-cloud-batch-v1.git at 0.5.0
========================================
Build
========================================
Selected platform:         android
Swift version:             6.2
Building package at path:  $PWD
https://github.com/googleapis/swift-google-cloud-batch-v1.git
Running build ...
bash -c docker run --pull=always --rm -v "checkouts-54344849-1":/host -w "$PWD" -e JAVA_HOME="/root/.sdkman/candidates/java/current" -e SPI_BUILD="1" -e SPI_PROCESSING="1" registry.gitlab.com/saguaro1/spi-images:android-6.2-latest swift build --swift-sdk aarch64-unknown-linux-android28 2>&1
android-6.2-latest: Pulling from saguaro1/spi-images
Digest: sha256:a839c9ce201f1dacc8eb056626ec7ab0a1c6d53d7b77c83feda395f4507c51be
Status: Image is up to date for registry.gitlab.com/saguaro1/spi-images:android-6.2-latest
Fetching https://github.com/googleapis/swift-google-rpc
Fetching https://github.com/googleapis/swift-google-longrunning
Fetching https://github.com/googleapis/swift-google-wkt
Fetching https://github.com/googleapis/swift-google-gax
Fetching https://github.com/googleapis/swift-google-cloud-location
Fetching https://github.com/apple/swift-log
[1/8257] Fetching swift-log
[2/8809] Fetching swift-log, swift-google-cloud-location
[883/10557] Fetching swift-log, swift-google-cloud-location, swift-google-gax
[4872/11580] Fetching swift-log, swift-google-cloud-location, swift-google-gax, swift-google-wkt
[10239/12002] Fetching swift-log, swift-google-cloud-location, swift-google-gax, swift-google-wkt, swift-google-rpc
[10749/12621] Fetching swift-log, swift-google-cloud-location, swift-google-gax, swift-google-wkt, swift-google-rpc, swift-google-longrunning
Fetched https://github.com/googleapis/swift-google-gax from cache (0.44s)
Fetching https://github.com/googleapis/swift-google-auth
[9650/10873] Fetching swift-log, swift-google-cloud-location, swift-google-wkt, swift-google-rpc, swift-google-longrunning
Fetched https://github.com/apple/swift-log from cache (0.49s)
[1775/2616] Fetching swift-google-cloud-location, swift-google-wkt, swift-google-rpc, swift-google-longrunning
Fetched https://github.com/googleapis/swift-google-rpc from cache (0.54s)
[1898/2194] Fetching swift-google-cloud-location, swift-google-wkt, swift-google-longrunning
Fetched https://github.com/googleapis/swift-google-longrunning from cache (0.59s)
Fetched https://github.com/googleapis/swift-google-cloud-location from cache (0.59s)
Fetched https://github.com/googleapis/swift-google-wkt from cache (0.59s)
[1/1023] Fetching swift-google-auth
Fetched https://github.com/googleapis/swift-google-auth from cache (0.38s)
Computing version for https://github.com/googleapis/swift-google-wkt
Computed https://github.com/googleapis/swift-google-wkt at 0.5.0 (0.96s)
Fetching https://github.com/swift-extras/swift-extras-base64
[1/954] Fetching swift-extras-base64
Fetched https://github.com/swift-extras/swift-extras-base64 from cache (0.43s)
Computing version for https://github.com/googleapis/swift-google-rpc
Computed https://github.com/googleapis/swift-google-rpc at 0.5.0 (0.57s)
Computing version for https://github.com/googleapis/swift-google-longrunning
Computed https://github.com/googleapis/swift-google-longrunning at 0.5.0 (0.14s)
Computing version for https://github.com/googleapis/swift-google-gax
Computed https://github.com/googleapis/swift-google-gax at 0.5.0 (0.14s)
Fetching https://github.com/apple/swift-nio
Fetching https://github.com/swift-server/async-http-client.git
[1/16464] Fetching async-http-client
[16465/102838] Fetching async-http-client, swift-nio
Fetched https://github.com/swift-server/async-http-client.git from cache (4.07s)
Fetched https://github.com/apple/swift-nio from cache (4.11s)
Computing version for https://github.com/googleapis/swift-google-cloud-location
Computed https://github.com/googleapis/swift-google-cloud-location at 0.5.0 (4.26s)
Computing version for https://github.com/googleapis/swift-google-auth
Computed https://github.com/googleapis/swift-google-auth at 0.5.0 (0.13s)
Fetching https://github.com/vapor/jwt-kit.git
Fetching https://github.com/apple/swift-system.git
[1/7241] Fetching swift-system
Fetched https://github.com/apple/swift-system.git from cache (0.67s)
[1/10254] Fetching jwt-kit
Fetched https://github.com/vapor/jwt-kit.git from cache (1.65s)
Computing version for https://github.com/swift-extras/swift-extras-base64
Computed https://github.com/swift-extras/swift-extras-base64 at 1.2.0 (1.78s)
Computing version for https://github.com/swift-server/async-http-client.git
Computed https://github.com/swift-server/async-http-client.git at 1.36.2 (0.16s)
Fetching https://github.com/apple/swift-service-context.git
Fetching https://github.com/apple/swift-algorithms.git
Fetching https://github.com/apple/swift-distributed-tracing.git
Fetching https://github.com/apple/swift-configuration.git
Fetching https://github.com/apple/swift-atomics.git
Fetching https://github.com/apple/swift-nio-transport-services.git
[1/1500] Fetching swift-service-context
[16/3389] Fetching swift-service-context, swift-atomics
[410/9553] Fetching swift-service-context, swift-atomics, swift-algorithms
[1605/13481] Fetching swift-service-context, swift-atomics, swift-algorithms, swift-configuration
[2026/16348] Fetching swift-service-context, swift-atomics, swift-algorithms, swift-configuration, swift-nio-transport-services
Fetched https://github.com/apple/swift-service-context.git from cache (0.43s)
[7197/14848] Fetching swift-atomics, swift-algorithms, swift-configuration, swift-nio-transport-services
Fetching https://github.com/apple/swift-nio-extras.git
[9962/21399] Fetching swift-atomics, swift-algorithms, swift-configuration, swift-nio-transport-services, swift-distributed-tracing
Fetched https://github.com/apple/swift-atomics.git from cache (0.78s)
Fetched https://github.com/apple/swift-algorithms.git from cache (0.78s)
Fetching https://github.com/apple/swift-nio-ssl.git
Fetched https://github.com/apple/swift-configuration.git from cache (0.78s)
Fetched https://github.com/apple/swift-distributed-tracing.git from cache (0.78s)
Fetched https://github.com/apple/swift-nio-transport-services.git from cache (0.78s)
Fetching https://github.com/apple/swift-nio-http2.git
[1/6703] Fetching swift-nio-extras
Fetched https://github.com/apple/swift-nio-extras.git from cache (0.53s)
[1/16861] Fetching swift-nio-ssl
[3036/29155] Fetching swift-nio-ssl, swift-nio-http2
Fetched https://github.com/apple/swift-nio-http2.git from cache (1.11s)
Fetched https://github.com/apple/swift-nio-ssl.git from cache (1.23s)
Computing version for https://github.com/apple/swift-service-context.git
Computed https://github.com/apple/swift-service-context.git at 1.3.0 (2.15s)
Computing version for https://github.com/apple/swift-algorithms.git
Computed https://github.com/apple/swift-algorithms.git at 1.2.1 (0.86s)
Fetching https://github.com/apple/swift-numerics.git
[1/6728] Fetching swift-numerics
Fetched https://github.com/apple/swift-numerics.git from cache (0.50s)
Computing version for https://github.com/apple/swift-log
Computed https://github.com/apple/swift-log at 1.16.1 (0.64s)
Computing version for https://github.com/apple/swift-distributed-tracing.git
Computed https://github.com/apple/swift-distributed-tracing.git at 1.5.0 (0.14s)
Computing version for https://github.com/apple/swift-atomics.git
Computed https://github.com/apple/swift-atomics.git at 1.3.1 (0.13s)
Computing version for https://github.com/apple/swift-numerics.git
Computed https://github.com/apple/swift-numerics.git at 1.1.1 (0.12s)
Computing version for https://github.com/apple/swift-nio
Computed https://github.com/apple/swift-nio at 2.104.0 (0.32s)
Fetching https://github.com/apple/swift-collections.git
[1/28703] Fetching swift-collections
Fetched https://github.com/apple/swift-collections.git from cache (1.30s)
Computing version for https://github.com/apple/swift-configuration.git
Computed https://github.com/apple/swift-configuration.git at 1.2.2 (2.08s)
Fetching https://github.com/swift-server/swift-service-lifecycle
[1/2867] Fetching swift-service-lifecycle
Fetched https://github.com/swift-server/swift-service-lifecycle from cache (0.60s)
Computing version for https://github.com/apple/swift-nio-transport-services.git
Computed https://github.com/apple/swift-nio-transport-services.git at 1.28.0 (0.75s)
Computing version for https://github.com/swift-server/swift-service-lifecycle
Computed https://github.com/swift-server/swift-service-lifecycle at 2.12.1 (0.13s)
Fetching https://github.com/apple/swift-async-algorithms.git
[1/6820] Fetching swift-async-algorithms
Fetched https://github.com/apple/swift-async-algorithms.git from cache (0.73s)
Computing version for https://github.com/apple/swift-async-algorithms.git
Computed https://github.com/apple/swift-async-algorithms.git at 1.1.7 (0.92s)
Computing version for https://github.com/apple/swift-collections.git
Computed https://github.com/apple/swift-collections.git at 1.7.2 (0.22s)
Computing version for https://github.com/apple/swift-nio-http2.git
Computed https://github.com/apple/swift-nio-http2.git at 1.46.0 (0.15s)
Computing version for https://github.com/vapor/jwt-kit.git
Computed https://github.com/vapor/jwt-kit.git at 5.7.1 (0.13s)
Fetching https://github.com/apple/swift-crypto.git
Fetching https://github.com/apple/swift-certificates.git
[1/18629] Fetching swift-crypto
[560/26238] Fetching swift-crypto, swift-certificates
Fetched https://github.com/apple/swift-certificates.git from cache (0.54s)
[2050/18629] Fetching swift-crypto
Fetched https://github.com/apple/swift-crypto.git from cache (1.22s)
Computing version for https://github.com/apple/swift-crypto.git
Computed https://github.com/apple/swift-crypto.git at 4.5.2 (1.81s)
Fetching https://github.com/apple/swift-asn1.git
[1/2009] Fetching swift-asn1
Fetched https://github.com/apple/swift-asn1.git from cache (0.46s)
Computing version for https://github.com/apple/swift-asn1.git
Computed https://github.com/apple/swift-asn1.git at 1.7.3 (0.63s)
Computing version for https://github.com/apple/swift-certificates.git
Computed https://github.com/apple/swift-certificates.git at 1.21.0 (0.19s)
Computing version for https://github.com/apple/swift-nio-ssl.git
Computed https://github.com/apple/swift-nio-ssl.git at 2.37.5 (0.17s)
Computing version for https://github.com/apple/swift-system.git
Computed https://github.com/apple/swift-system.git at 1.8.1 (0.16s)
Computing version for https://github.com/apple/swift-nio-extras.git
Computed https://github.com/apple/swift-nio-extras.git at 1.35.1 (0.25s)
Fetching https://github.com/apple/swift-http-structured-headers.git
Fetching https://github.com/apple/swift-http-types.git
[1/1939] Fetching swift-http-types
[1940/3192] Fetching swift-http-types, swift-http-structured-headers
Fetched https://github.com/apple/swift-http-types.git from cache (0.38s)
[226/1253] Fetching swift-http-structured-headers
Fetched https://github.com/apple/swift-http-structured-headers.git from cache (0.54s)
Computing version for https://github.com/apple/swift-http-structured-headers.git
Computed https://github.com/apple/swift-http-structured-headers.git at 1.7.0 (0.69s)
Computing version for https://github.com/apple/swift-http-types.git
Computed https://github.com/apple/swift-http-types.git at 1.8.0 (0.17s)
Creating working copy for https://github.com/apple/swift-distributed-tracing.git
Working copy of https://github.com/apple/swift-distributed-tracing.git resolved at 1.5.0
Creating working copy for https://github.com/swift-extras/swift-extras-base64
Working copy of https://github.com/swift-extras/swift-extras-base64 resolved at 1.2.0
Creating working copy for https://github.com/swift-server/async-http-client.git
Working copy of https://github.com/swift-server/async-http-client.git resolved at 1.36.2
Creating working copy for https://github.com/apple/swift-nio
Working copy of https://github.com/apple/swift-nio resolved at 2.104.0
Creating working copy for https://github.com/apple/swift-configuration.git
Working copy of https://github.com/apple/swift-configuration.git resolved at 1.2.2
Creating working copy for https://github.com/apple/swift-nio-transport-services.git
Working copy of https://github.com/apple/swift-nio-transport-services.git resolved at 1.28.0
Creating working copy for https://github.com/apple/swift-atomics.git
Working copy of https://github.com/apple/swift-atomics.git resolved at 1.3.1
Creating working copy for https://github.com/apple/swift-algorithms.git
Working copy of https://github.com/apple/swift-algorithms.git resolved at 1.2.1
Creating working copy for https://github.com/googleapis/swift-google-rpc
Working copy of https://github.com/googleapis/swift-google-rpc resolved at 0.5.0
Creating working copy for https://github.com/googleapis/swift-google-cloud-location
Working copy of https://github.com/googleapis/swift-google-cloud-location resolved at 0.5.0
Creating working copy for https://github.com/googleapis/swift-google-auth
Working copy of https://github.com/googleapis/swift-google-auth resolved at 0.5.0
Creating working copy for https://github.com/apple/swift-crypto.git
Working copy of https://github.com/apple/swift-crypto.git resolved at 4.5.2
Creating working copy for https://github.com/apple/swift-log
Working copy of https://github.com/apple/swift-log resolved at 1.16.1
Creating working copy for https://github.com/apple/swift-collections.git
Working copy of https://github.com/apple/swift-collections.git resolved at 1.7.2
Creating working copy for https://github.com/apple/swift-asn1.git
Working copy of https://github.com/apple/swift-asn1.git resolved at 1.7.3
Creating working copy for https://github.com/apple/swift-http-structured-headers.git
Working copy of https://github.com/apple/swift-http-structured-headers.git resolved at 1.7.0
Creating working copy for https://github.com/googleapis/swift-google-wkt
Working copy of https://github.com/googleapis/swift-google-wkt resolved at 0.5.0
Creating working copy for https://github.com/apple/swift-nio-ssl.git
Working copy of https://github.com/apple/swift-nio-ssl.git resolved at 2.37.5
Creating working copy for https://github.com/apple/swift-service-context.git
Working copy of https://github.com/apple/swift-service-context.git resolved at 1.3.0
Creating working copy for https://github.com/apple/swift-system.git
Working copy of https://github.com/apple/swift-system.git resolved at 1.8.1
Creating working copy for https://github.com/apple/swift-async-algorithms.git
Working copy of https://github.com/apple/swift-async-algorithms.git resolved at 1.1.7
Creating working copy for https://github.com/apple/swift-certificates.git
Working copy of https://github.com/apple/swift-certificates.git resolved at 1.21.0
Creating working copy for https://github.com/vapor/jwt-kit.git
Working copy of https://github.com/vapor/jwt-kit.git resolved at 5.7.1
Creating working copy for https://github.com/googleapis/swift-google-longrunning
Working copy of https://github.com/googleapis/swift-google-longrunning resolved at 0.5.0
Creating working copy for https://github.com/googleapis/swift-google-gax
Working copy of https://github.com/googleapis/swift-google-gax resolved at 0.5.0
Creating working copy for https://github.com/apple/swift-nio-http2.git
Working copy of https://github.com/apple/swift-nio-http2.git resolved at 1.46.0
Creating working copy for https://github.com/apple/swift-numerics.git
Working copy of https://github.com/apple/swift-numerics.git resolved at 1.1.1
Creating working copy for https://github.com/apple/swift-http-types.git
Working copy of https://github.com/apple/swift-http-types.git resolved at 1.8.0
Creating working copy for https://github.com/apple/swift-nio-extras.git
Working copy of https://github.com/apple/swift-nio-extras.git resolved at 1.35.1
Creating working copy for https://github.com/swift-server/swift-service-lifecycle
Working copy of https://github.com/swift-server/swift-service-lifecycle resolved at 2.12.1
Building for debugging...
[0/942] Compiling sqrt.cc
[1/942] Compiling f_string.cc
[2/942] Compiling buf.cc
[2/942] Write sources
[7/942] Compiling _NumericsShims _NumericsShims.c
[8/942] Write sources
[41/942] Compiling _AtomicsShims.c
[42/942] Write sources
[47/942] Compiling p_ed25519.cc
[48/942] Compiling SimpleFIPS202.c
[49/942] Compiling CXKCPShims shims.c
[50/942] Compiling KeccakSponge.c
[51/942] Write swift-version--11D90AFD9DD3AB2.txt
[52/942] Compiling KeccakHash.c
[53/942] Compiling asn1_compat.cc
[54/942] Compiling p_ec_asn1.cc
[55/942] Compiling p_ed25519_asn1.cc
[56/942] Compiling CSystem shims.c
[57/973] Compiling a_gentm.cc
[58/1018] Compiling KeccakP-1600-opt64.c
[60/1029] Compiling _NIOBase64 Base64.swift
[61/1029] Emitting module _NIOBase64
[63/1030] Compiling RealModule Float16+Real.swift
[64/1031] Emitting module ServiceContextModule
[65/1049] Compiling ServiceContextModule ServiceContextKey.swift
[66/1054] Compiling ServiceContextModule ServiceContext.swift
[67/1054] Compiling RealModule RelaxedArithmetic.swift
[68/1060] Compiling InternalCollectionsUtilities Strideable+LimitHelpers.swift
[69/1060] Compiling InternalCollectionsUtilities String+Padding.swift
[71/1062] Compiling Logging Logger+With.swift
[72/1066] Compiling _NIODataStructures PriorityQueue.swift
[73/1068] Emitting module SwiftASN1
[74/1068] Compiling RealModule Float80+Real.swift
[75/1068] Compiling RealModule Real.swift
[76/1068] Compiling RealModule RealFunctions.swift
[77/1068] Compiling InternalCollectionsUtilities Iterable+CopyContents.swift
[78/1068] Compiling InternalCollectionsUtilities Iterable+Equality.swift
[79/1068] Compiling InternalCollectionsUtilities UnsafeMutablePointer+Extras.swift
[80/1068] Compiling InternalCollectionsUtilities UnsafeMutableRawBufferPointer+Extras.swift
[81/1068] Compiling InternalCollectionsUtilities UnsafePointer+Extras.swift
[82/1071] Compiling InternalCollectionsUtilities Integer rank.swift
[83/1071] Compiling _CertificateInternals _TinyArray.swift
[84/1071] Compiling InternalCollectionsUtilities UInt+first and last set bit.swift
[85/1071] Compiling InternalCollectionsUtilities UInt+reversed.swift
[86/1071] Compiling Logging Logger.swift
[87/1071] Compiling InternalCollectionsUtilities Descriptions.swift
[88/1071] Compiling InternalCollectionsUtilities FixedWidthInteger+roundUpToPowerOfTwo.swift
[89/1071] Compiling InternalCollectionsUtilities BorrowingIteratorProtocol+Equality.swift
[90/1071] Compiling InternalCollectionsUtilities BorrowingIteratorProtocol+Extras.swift
[91/1071] Compiling InternalCollectionsUtilities Debugging.swift
[92/1071] Emitting module _CertificateInternals
[93/1071] Compiling Logging LoggingSystem.swift
[98/1072] Emitting module RealModule
[102/1073] Emitting module SystemPackage
[106/1078] Compiling Logging Logger+Attributes.swift
[107/1078] Emitting module _NIODataStructures
[108/1078] Compiling _NIODataStructures Heap.swift
[109/1078] Compiling InternalCollectionsUtilities UnsafeRawBufferPointer+Extras.swift
[110/1078] Compiling InternalCollectionsUtilities _SortedCollection.swift
[111/1078] Compiling InternalCollectionsUtilities _UniqueCollection.swift
[111/1081] Wrapping AST for _NIOBase64 for debugging
[113/1084] Compiling _NIODataStructures _TinyArray.swift
[114/1085] Compiling Instrumentation MultiplexInstrument.swift
[114/1085] Wrapping AST for _CertificateInternals for debugging
[116/1085] Wrapping AST for ServiceContextModule for debugging
[117/1085] Compiling CNIOWindows shim.c
[119/1085] Compiling Instrumentation NoOpInstrument.swift
[119/1085] Wrapping AST for RealModule for debugging
[120/1085] Compiling CNIOWindows WSAStartup.c
[121/1085] Wrapping AST for _NIODataStructures for debugging
[122/1085] Compiling CNIOWASI CNIOWASI.c
[123/1085] Compiling CNIOPosix event_loop_id.c
[124/1085] Compiling CNIOOpenBSD shim.c
[125/1085] Compiling CNIOLinux liburing_shims.c
[126/1085] Compiling CNIOLinux shim.c
[127/1085] Compiling CNIOLLHTTP c_nio_http.c
[136/1085] Compiling CNIOLLHTTP c_nio_api.c
[137/1085] Compiling CNIOFreeBSD shim.c
[139/1085] Emitting module InternalCollectionsUtilities
[142/1085] Compiling InternalCollectionsUtilities LifetimeOverride.swift
[143/1085] Compiling InternalCollectionsUtilities MutableRef.swift
[143/1085] Compiling CNIOExtrasZlib zutil.c
[144/1085] Compiling CNIOLLHTTP c_nio_llhttp.c
[145/1085] Compiling CNIOExtrasZlib inftrees.c
[146/1085] Compiling CNIOExtrasZlib trees.c
[147/1085] Compiling CNIOExtrasZlib inflate.c
[148/1085] Compiling CNIOExtrasZlib inffast.c
[150/1085] Compiling SwiftASN1 DER.swift
[151/1085] Compiling SwiftASN1 Errors.swift
[151/1085] Compiling CNIOExtrasZlib crc32.c
[152/1085] Compiling CNIOExtrasZlib deflate.c
[154/1085] Compiling SystemPackage SystemString.swift
[155/1085] Compiling SystemPackage Util+StringArray.swift
[156/1085] Compiling SystemPackage Util.swift
[157/1085] Compiling SystemPackage UtilConsumers.swift
[158/1085] Compiling SystemPackage WinSDK+Overlay.swift
[158/1085] Compiling CNIODarwin shim.c
[159/1085] Compiling CNIOExtrasZlib adler32.c
[160/1085] Compiling fiat_p256_adx_sqr.S
[162/1085] Compiling InternalCollectionsUtilities _UnsafeBitSet+_Word.swift
[163/1085] Compiling InternalCollectionsUtilities _UnsafeBitSet.swift
[164/1085] Compiling InternalCollectionsUtilities UnsafeBufferPointer+Extras.swift
[165/1085] Compiling InternalCollectionsUtilities UnsafeMutableBufferPointer+Extras.swift
[168/1085] Compiling InternalCollectionsUtilities RandomAccessCollection+Offsets.swift
[169/1085] Compiling InternalCollectionsUtilities Span+Extras.swift
[172/1085] Compiling InternalCollectionsUtilities TemporaryAllocation.swift
[173/1085] Compiling InternalCollectionsUtilities _UnsafeBitSet+Index.swift
[173/1086] Compiling fiat_p256_adx_mul.S
[175/1086] Compiling fiat_curve25519_adx_square.S
[176/1086] Compiling fiat_curve25519_adx_mul.S
[177/1086] Compiling CNIOBoringSSLShims shims.c
[179/1090] Compiling SpanPreview InputSpan.swift
[179/1090] Wrapping AST for InternalCollectionsUtilities for debugging
[181/1090] Compiling SpanPreview OutputSpan+InputSpanHelpers.swift
[182/1090] Emitting module SpanPreview
[183/1090] Compiling SpanPreview MutableSpan+InputSpanHelpers.swift
[185/1091] Compiling ExtrasBase64 Base32.swift
[186/1091] Compiling ExtrasBase64 Base32+Span.swift
[198/1092] Compiling Instrumentation InstrumentationSystem.swift
[199/1092] Emitting module Instrumentation
[200/1092] Compiling Instrumentation Instrument.swift
[201/1092] Compiling Instrumentation Locks.swift
[228/1093] Compiling SystemPackage RawIORequest.swift
[229/1093] Compiling SystemPackage Backcompat.swift
[230/1093] Compiling SystemPackage CInterop.swift
[231/1093] Compiling SystemPackage Constants.swift
[232/1093] Compiling SystemPackage Exports.swift
[233/1093] Compiling SystemPackage Mocking.swift
[235/1094] Compiling Logging MetadataProvider.swift
[239/1094] Emitting module Logging
[240/1145] Wrapping AST for SwiftASN1 for debugging
[241/1145] Wrapping AST for SystemPackage for debugging
[242/1145] Wrapping AST for Logging for debugging
[243/1145] Wrapping AST for SpanPreview for debugging
[244/1145] Wrapping AST for Instrumentation for debugging
[246/1145] Compiling Tracing InstrumentationSystem+Tracing.swift
[247/1146] Emitting module Tracing
[248/1146] Compiling Tracing WithTracer.swift
[248/1146] Compiling tls_record.cc
[250/1146] Compiling Tracing TracingTime.swift
[251/1146] Compiling Tracing TracerProtocol.swift
[252/1146] Compiling DequeModule UniqueDeque+Consumption.swift
[253/1146] Compiling DequeModule UniqueDeque+ContainerOperations.swift
[254/1146] Compiling DequeModule UniqueDeque+Deprecations.swift
[255/1146] Compiling DequeModule UniqueDeque+Descriptions.swift
[256/1146] Compiling DequeModule UniqueDeque+Equatable.swift
[257/1146] Compiling DequeModule UniqueDeque+Hashable.swift
[258/1146] Compiling DequeModule UniqueDeque+Initializers.swift
[259/1146] Compiling DequeModule UniqueDeque+Insertions.swift
[260/1146] Compiling DequeModule UniqueDeque+Iterable.swift
[261/1146] Compiling DequeModule UniqueDeque+Prepend.swift
[262/1146] Compiling DequeModule UniqueDeque+Removals.swift
[263/1151] Compiling Tracing Tracer.swift
[264/1151] Compiling Tracing TracerProtocol+Legacy.swift
[264/1151] Compiling tls13_server.cc
[266/1151] Compiling DequeModule _DequeBuffer.swift
[267/1151] Compiling DequeModule _DequeBufferHeader.swift
[268/1151] Compiling DequeModule RigidDeque+Append.swift
[269/1151] Compiling DequeModule RigidDeque+Consumption.swift
[270/1151] Compiling DequeModule RigidDeque+ContainerOperations.swift
[271/1151] Compiling DequeModule RigidDeque+Deprecations.swift
[271/1151] Compiling tls_method.cc
[273/1151] Compiling DequeModule RigidDeque+Descriptions.swift
[274/1151] Compiling DequeModule RigidDeque+Equatable.swift
[275/1151] Compiling DequeModule RigidDeque+Hashable.swift
[276/1151] Compiling DequeModule RigidDeque+Initializers.swift
[277/1151] Compiling DequeModule RigidDeque+Insertions.swift
[278/1151] Compiling DequeModule RigidDeque+Iterable.swift
[279/1151] Compiling DequeModule RigidDeque+Prepend.swift
[280/1151] Compiling DequeModule RigidDeque+Removals.swift
[281/1151] Compiling DequeModule RigidDeque+Replacements.swift
[282/1151] Compiling DequeModule RigidDeque+Testing.swift
[283/1151] Compiling DequeModule RigidDeque.swift
[284/1151] Compiling DequeModule UniqueDeque+Append.swift
[285/1151] Compiling Tracing NoOpTracer.swift
[286/1151] Compiling Tracing SpanProtocol.swift
[288/1152] Compiling DequeModule Deque+Extras.swift
[289/1152] Compiling DequeModule Deque+Hashable.swift
[290/1152] Compiling DequeModule Deque+Testing.swift
[291/1152] Compiling DequeModule Deque._Storage.swift
[292/1152] Compiling DequeModule Deque._UnsafeHandle.swift
[293/1152] Compiling DequeModule Deque.swift
[293/1152] Compiling tls13_enc.cc
[294/1152] Wrapping AST for Tracing for debugging
[295/1152] Compiling t1_enc.cc
[296/1152] Compiling tls13_client.cc
[297/1152] Compiling tls13_both.cc
[298/1152] Compiling ssl_x509.cc
[299/1152] Compiling ssl_versions.cc
[300/1152] Compiling ssl_transcript.cc
[302/1152] Compiling DequeModule Deque+Codable.swift
[303/1152] Compiling DequeModule Deque+Collection.swift
[304/1152] Compiling DequeModule Deque+CustomReflectable.swift
[305/1152] Compiling DequeModule Deque+Descriptions.swift
[306/1152] Compiling DequeModule Deque+Equatable.swift
[307/1152] Compiling DequeModule Deque+ExpressibleByArrayLiteral.swift
[308/1152] Emitting module DequeModule
[308/1152] Compiling ssl_stat.cc
[309/1152] Compiling ssl_session.cc
[311/1152] Emitting module ExtrasBase64
[311/1152] Compiling ssl_privkey.cc
[313/1152] Compiling DequeModule UniqueDeque+Replacements.swift
[314/1152] Compiling DequeModule UniqueDeque.swift
[315/1152] Compiling DequeModule _DequeSlot.swift
[316/1152] Compiling DequeModule _UnsafeDequeHandle.swift
[317/1152] Compiling DequeModule _UnsafeDequeSegments.swift
[318/1153] Compiling ssl_lib.cc
[319/1153] Compiling ssl_key_share.cc
[320/1153] Wrapping AST for DequeModule for debugging
[321/1153] Compiling ssl_file.cc
[323/1196] Compiling Configuration Deprecations.swift
[324/1196] Compiling Configuration ExpressibleByConfigInt.swift
[325/1196] Compiling Configuration ExpressibleByConfigString.swift
[326/1196] Compiling Configuration CLIKeyEncoder.swift
[327/1196] Compiling Configuration ConfigKeyEncoder.swift
[328/1196] Compiling Configuration DotSeparatorKeyDecoder.swift
[328/1201] Compiling ssl_credential.cc
[329/1201] Compiling ssl_cipher.cc
[331/1201] Compiling ExtrasBase64 Base64+Span.swift
[332/1201] Compiling ExtrasBase64 Base64.swift
[333/1202] Compiling ssl_cert.cc
[334/1202] Compiling ssl_buffer.cc
[335/1202] Wrapping AST for ExtrasBase64 for debugging
[337/1233] Compiling Configuration EnvironmentKeyEncoder.swift
[338/1233] Compiling Configuration EnvironmentVariablesProvider.swift
[339/1233] Compiling Configuration CommonProviderFileSystem.swift
[340/1233] Compiling Configuration DirectoryFilesProvider.swift
[341/1233] Compiling Configuration FileProvider.swift
[342/1233] Compiling Configuration FileProviderSnapshot.swift
[343/1233] Compiling Configuration JSONSnapshot.swift
[344/1233] Compiling Configuration PropertyListSnapshot.swift
[345/1233] Compiling Configuration ReloadingFileProvider.swift
[346/1233] Compiling Configuration ReloadingFileProviderMetrics.swift
[347/1233] Compiling Configuration YAMLSnapshot.swift
[348/1233] Compiling Configuration InMemoryProvider.swift
[348/1233] Compiling ssl_aead_ctx.cc
[349/1233] Compiling ssl_asn1.cc
[350/1233] Compiling s3_lib.cc
[351/1233] Compiling s3_both.cc
[352/1233] Compiling s3_pkt.cc
[354/1233] Compiling GoogleWKT WKTFloatValue.swift
[355/1233] Compiling GoogleWKT WKTInt32Value.swift
[356/1233] Compiling GoogleWKT WKTInt64Value.swift
[357/1233] Compiling GoogleWKT WKTRecursive.swift
[358/1237] Compiling GoogleWKT WKTField.swift
[359/1237] Compiling GoogleWKT WKTMethod.swift
[360/1237] Compiling GoogleWKT WKTMixin.swift
[361/1237] Compiling GoogleWKT WKTOption.swift
[362/1237] Compiling GoogleWKT WKTStringValue.swift
[363/1237] Compiling GoogleWKT WKTTimestamp.swift
[364/1237] Compiling GoogleWKT WKTUInt32Value.swift
[365/1237] Compiling GoogleWKT WKTUInt64Value.swift
[366/1237] Compiling GoogleWKT WKTValue.swift
[367/1237] Compiling GoogleWKT WKTApi.swift
[368/1237] Compiling GoogleWKT WKTEnum.swift
[369/1237] Compiling GoogleWKT WKTEnumValue.swift
[370/1237] Compiling GoogleWKT WKTDoubleValue.swift
[371/1237] Compiling GoogleWKT WKTDuration.swift
[372/1237] Compiling GoogleWKT WKTEmpty.swift
[373/1237] Compiling GoogleWKT WKTFieldMask.swift
[374/1237] Compiling GoogleWKT UnknownFields.swift
[375/1237] Compiling GoogleWKT WKTAny.swift
[376/1237] Compiling GoogleWKT WKTAnyError.swift
[377/1237] Compiling GoogleWKT WKTBoolValue.swift
[378/1237] Compiling GoogleWKT WKTBytesValue.swift
[378/1237] Compiling handshake_server.cc
[379/1237] Compiling handshake_client.cc
[381/1237] Compiling GoogleWKT WKTSourceContext.swift
[382/1237] Compiling GoogleWKT WKTSyntax.swift
[383/1237] Compiling GoogleWKT WKTType.swift
[384/1237] Compiling GoogleWKT PackageVersion.swift
[384/1237] Compiling handshake.cc
[386/1237] Emitting module GoogleWKT
[387/1237] Compiling GoogleWKT AnyPackable.swift
[389/1237] Compiling GoogleWKT DecodeToDefault.swift
[390/1237] Compiling GoogleWKT DiscoveryBase64.swift
[391/1237] Compiling GoogleWKT ProtoJSONDecoder.swift
[392/1237] Compiling GoogleWKT ProtoJSONEncoder.swift
[398/1238] Emitting module Configuration
[398/1238] Compiling handoff.cc
[401/1238] Compiling Configuration CombineLatestManyStorage.swift
[402/1238] Compiling Configuration AsyncSequences.swift
[403/1238] Compiling Configuration FoundationExtensions.swift
[404/1238] Compiling Configuration Span.swift
[405/1238] Compiling Configuration ConfigBytesFromStringDecoder.swift
[405/1238] Compiling encrypted_client_hello.cc
[406/1253] Compiling extensions.cc
[407/1253] Wrapping AST for GoogleWKT for debugging
[409/1253] Compiling GoogleRpc BadRequest.swift
[410/1253] Compiling GoogleRpc Code.swift
[411/1253] Emitting module GoogleRpc
[412/1255] Compiling GoogleRpc HttpRequest.swift
[413/1255] Compiling GoogleRpc HttpResponse.swift
[414/1255] Compiling GoogleRpc RequestInfo.swift
[415/1255] Compiling GoogleRpc ResourceInfo.swift
[416/1255] Compiling GoogleRpc DebugInfo.swift
[417/1255] Compiling GoogleRpc ErrorInfo.swift
[418/1255] Compiling GoogleRpc Help.swift
[419/1255] Compiling GoogleRpc HttpHeader.swift
[419/1255] Compiling dtls_method.cc
[429/1255] Compiling GoogleRpc RetryInfo.swift
[430/1255] Compiling GoogleRpc Status.swift
[439/1256] Compiling GoogleRpc PreconditionFailure.swift
[440/1256] Compiling GoogleRpc QuotaFailure.swift
[441/1256] Compiling GoogleRpc LocalizedMessage.swift
[442/1256] Compiling GoogleRpc PackageVersion.swift
[442/1256] Compiling dtls_record.cc
[444/1256] Compiling d1_pkt.cc
[444/1256] Compiling md5-x86_64-linux.S
[446/1256] Wrapping AST for Configuration for debugging
[447/1256] Compiling md5-x86_64-apple.S
[448/1256] Compiling md5-586-linux.S
[448/1256] Compiling d1_lib.cc
[452/1257] Compiling md5-586-apple.S
[454/1257] Compiling chacha20_poly1305_x86_64-apple.S
[455/1257] Compiling d1_srtp.cc
[456/1257] Compiling chacha20_poly1305_x86_64-linux.S
[457/1257] Compiling chacha20_poly1305_armv8-win.S
[458/1257] Compiling chacha20_poly1305_armv8-apple.S
[459/1257] Wrapping AST for GoogleRpc for debugging
[460/1257] Compiling chacha-x86_64-linux.S
[461/1257] Compiling chacha-x86_64-apple.S
[462/1257] Compiling chacha-x86-linux.S
[463/1257] Compiling chacha-x86-apple.S
[464/1257] Compiling chacha20_poly1305_armv8-linux.S
[465/1257] Compiling chacha-armv8-win.S
[466/1257] Compiling chacha-armv8-apple.S
[467/1257] Compiling chacha-armv4-linux.S
[468/1257] Compiling aes128gcmsiv-x86_64-apple.S
[469/1257] Compiling aes128gcmsiv-x86_64-linux.S
[470/1257] Compiling x86_64-mont5-linux.S
[471/1257] Compiling chacha-armv8-linux.S
[472/1257] Compiling x86_64-mont-linux.S
[473/1257] Compiling x86_64-mont5-apple.S
[474/1257] Compiling x86-mont-linux.S
[475/1257] Compiling vpaes-x86_64-linux.S
[476/1257] Compiling x86-mont-apple.S
[477/1257] Compiling x86_64-mont-apple.S
[478/1257] Compiling vpaes-x86_64-apple.S
[479/1257] Compiling vpaes-x86-apple.S
[480/1257] Compiling vpaes-armv8-win.S
[481/1257] Compiling vpaes-x86-linux.S
[482/1257] Compiling vpaes-armv8-linux.S
[483/1257] Compiling vpaes-armv8-apple.S
[484/1257] Compiling vpaes-armv7-linux.S
[485/1257] Compiling sha512-x86_64-apple.S
[486/1257] Compiling sha512-x86_64-linux.S
[487/1257] Compiling sha512-armv8-win.S
[488/1257] Compiling sha512-armv8-apple.S
[489/1257] Compiling sha512-armv4-linux.S
[490/1257] Compiling sha256-x86_64-linux.S
[491/1257] Compiling sha512-586-linux.S
[492/1257] Compiling sha512-586-apple.S
[493/1257] Compiling sha512-armv8-linux.S
[494/1257] Compiling sha256-armv8-win.S
[495/1257] Compiling sha256-x86_64-apple.S
[496/1257] Compiling sha256-armv8-apple.S
[497/1257] Compiling err_data.cc
[498/1257] Compiling sha256-armv4-linux.S
[499/1257] Compiling sha256-armv8-linux.S
[500/1257] Compiling sha256-586-apple.S
[501/1257] Compiling sha256-586-linux.S
[502/1257] Compiling sha1-x86_64-apple.S
[503/1257] Compiling sha1-x86_64-linux.S
[504/1257] Compiling sha1-armv8-win.S
[505/1257] Compiling sha1-armv4-large-linux.S
[506/1257] Compiling sha1-armv8-apple.S
[507/1257] Compiling rsaz-avx2-apple.S
[508/1257] Compiling sha1-586-apple.S
[509/1257] Compiling sha1-armv8-linux.S
[510/1257] Compiling sha1-586-linux.S
[511/1257] Compiling rsaz-avx2-linux.S
[512/1257] Compiling rdrand-x86_64-linux.S
[513/1257] Compiling p256_beeu-x86_64-asm-linux.S
[514/1257] Compiling rdrand-x86_64-apple.S
[515/1257] Compiling p256_beeu-armv8-asm-win.S
[516/1257] Compiling p256_beeu-x86_64-asm-apple.S
[517/1257] Compiling p256_beeu-armv8-asm-linux.S
[518/1257] Compiling p256_beeu-armv8-asm-apple.S
[519/1257] Compiling p256-armv8-asm-win.S
[520/1257] Compiling p256-x86_64-asm-apple.S
[521/1257] Compiling p256-armv8-asm-apple.S
[522/1257] Compiling p256-x86_64-asm-linux.S
[522/1257] Compiling p256-armv8-asm-linux.S
[524/1257] Compiling ghashv8-armv8-win.S
[525/1257] Compiling ghashv8-armv7-linux.S
[526/1257] Compiling ghashv8-armv8-linux.S
[527/1257] Compiling ghashv8-armv8-apple.S
[528/1257] Compiling ghash-x86_64-linux.S
[529/1257] Compiling ghash-x86-apple.S
[530/1257] Compiling ghash-x86-linux.S
[531/1257] Compiling ghash-ssse3-x86_64-linux.S
[532/1257] Compiling ghash-x86_64-apple.S
[533/1257] Compiling ghash-ssse3-x86_64-apple.S
[534/1257] Compiling ghash-ssse3-x86-linux.S
[535/1257] Compiling ghash-ssse3-x86-apple.S
[536/1257] Compiling ghash-neon-armv8-win.S
[537/1257] Compiling ghash-armv4-linux.S
[538/1257] Compiling co-586-linux.S
[539/1257] Compiling ghash-neon-armv8-linux.S
[540/1257] Compiling bsaes-armv7-linux.S
[541/1257] Compiling ghash-neon-armv8-apple.S
[542/1257] Compiling co-586-apple.S
[543/1257] Compiling bn-armv8-win.S
[544/1257] Compiling bn-586-linux.S
[545/1257] Compiling bn-armv8-linux.S
[546/1257] Compiling bn-armv8-apple.S
[546/1257] Compiling bn-586-apple.S
[548/1257] Compiling armv8-mont-win.S
[549/1257] Compiling armv8-mont-linux.S
[550/1257] Compiling armv4-mont-linux.S
[551/1257] Compiling aesv8-gcm-armv8-win.S
[552/1257] Compiling armv8-mont-apple.S
[553/1257] Compiling aesv8-gcm-armv8-apple.S
[554/1257] Compiling aesv8-armv8-win.S
[555/1257] Compiling aesv8-gcm-armv8-linux.S
[556/1257] Compiling aesv8-armv8-apple.S
[557/1257] Compiling aesni-x86_64-linux.S
[558/1257] Compiling aesv8-armv8-linux.S
[559/1257] Compiling aesni-x86_64-apple.S
[560/1257] Compiling aesv8-armv7-linux.S
[561/1257] Compiling aesni-x86-apple.S
[562/1257] Compiling aesni-x86-linux.S
[563/1257] Compiling aesni-gcm-x86_64-apple.S
[563/1257] Compiling aes-gcm-avx2-x86_64-apple.S
[564/1257] Compiling aes-gcm-avx2-x86_64-linux.S
[566/1257] Compiling aesni-gcm-x86_64-linux.S
[567/1257] Compiling aes-gcm-avx10-x86_64-apple.S
[568/1257] Compiling aes-gcm-avx10-x86_64-linux.S
[569/1257] Compiling bio_ssl.cc
[570/1257] Compiling d1_both.cc
[571/1257] Compiling x_sig.cc
[572/1257] Compiling x_x509a.cc
[573/1257] Compiling x_val.cc
[574/1257] Compiling x_spki.cc
[575/1257] Compiling x_x509.cc
[576/1257] Compiling x_req.cc
[577/1257] Compiling x_pubkey.cc
[578/1257] Compiling x_name.cc
[579/1257] Compiling x_crl.cc
[580/1257] Compiling x_exten.cc
[581/1257] Compiling x_attrib.cc
[582/1257] Compiling x_algor.cc
[583/1257] Compiling x509spki.cc
[584/1257] Compiling x_all.cc
[585/1257] Compiling x509rset.cc
[586/1257] Compiling x509name.cc
[587/1257] Compiling x509cset.cc
[588/1257] Compiling x509_vpm.cc
[589/1257] Compiling x509_txt.cc
[590/1257] Compiling x509_v3.cc
[591/1257] Compiling x509_vfy.cc
[592/1257] Compiling x509_trs.cc
[593/1257] Compiling x509_set.cc
[594/1257] Compiling x509_req.cc
[595/1257] Compiling x509_obj.cc
[596/1257] Compiling x509_lu.cc
[597/1257] Compiling x509_def.cc
[598/1257] Compiling x509_d2.cc
[599/1257] Compiling x509_cmp.cc
[600/1257] Compiling x509_ext.cc
[601/1257] Compiling x509_att.cc
[602/1257] Compiling x509.cc
[603/1257] Compiling v3_utl.cc
[604/1257] Compiling v3_prn.cc
[605/1257] Compiling v3_skey.cc
[606/1257] Compiling v3_pmaps.cc
[607/1257] Compiling v3_purp.cc
[608/1257] Compiling v3_pcons.cc
[609/1257] Compiling v3_ocsp.cc
[610/1257] Compiling v3_ncons.cc
[611/1257] Compiling v3_ia5.cc
[612/1257] Compiling v3_lib.cc
[613/1257] Compiling v3_int.cc
[614/1257] Compiling v3_genn.cc
[615/1257] Compiling v3_info.cc
[616/1257] Compiling v3_enum.cc
[617/1257] Compiling v3_extku.cc
[618/1257] Compiling v3_crld.cc
[619/1257] Compiling v3_cpols.cc
[620/1257] Compiling v3_conf.cc
[621/1257] Compiling v3_bitst.cc
[622/1257] Compiling v3_bcons.cc
[623/1257] Compiling v3_alt.cc
[624/1257] Compiling v3_akeya.cc
[625/1257] Compiling v3_akey.cc
[626/1257] Compiling t_x509a.cc
[627/1257] Compiling t_x509.cc
[628/1257] Compiling i2d_pr.cc
[629/1257] Compiling t_req.cc
[630/1257] Compiling t_crl.cc
[631/1257] Compiling rsa_pss.cc
[632/1257] Compiling policy.cc
[633/1257] Compiling name_print.cc
[634/1257] Compiling by_file.cc
[635/1257] Compiling by_dir.cc
[636/1257] Compiling asn1_gen.cc
[637/1257] Compiling algorithm.cc
[638/1257] Compiling a_verify.cc
[639/1257] Compiling a_sign.cc
[640/1257] Compiling voprf.cc
[641/1257] Compiling a_digest.cc
[642/1257] Compiling trust_token.cc
[643/1257] Compiling thread_win.cc
[644/1257] Compiling thread_pthread.cc
[645/1257] Compiling thread_none.cc
[646/1257] Compiling thread.cc
[647/1257] Compiling stack.cc
[648/1257] Compiling sha1.cc
[649/1257] Compiling sha256.cc
[650/1257] Compiling pmbtoken.cc
[651/1257] Compiling spake2plus.cc
[651/1257] Compiling siphash.cc
[653/1257] Compiling sha512.cc
[654/1257] Compiling slhdsa.cc
[655/1257] Compiling rsa_print.cc
[656/1257] Compiling rsa_extra.cc
[657/1257] Compiling refcount.cc
[658/1257] Compiling rsa_crypt.cc
[659/1257] Compiling rc4.cc
[660/1257] Compiling urandom.cc
[661/1257] Compiling windows.cc
[662/1257] Compiling trusty.cc
[663/1257] Compiling rsa_asn1.cc
[664/1257] Compiling rand.cc
[665/1257] Compiling ios.cc
[666/1257] Compiling getentropy.cc
[667/1257] Compiling poly1305_arm_asm.S
[668/1257] Compiling deterministic.cc
[669/1257] Compiling passive.cc
[670/1257] Compiling forkunsafe.cc
[671/1257] Compiling fork_detect.cc
[672/1257] Compiling pool.cc
[673/1257] Compiling poly1305_vec.cc
[674/1257] Compiling poly1305_arm.cc
[675/1257] Compiling poly1305.cc
[676/1257] Compiling pkcs8.cc
[677/1257] Compiling p5_pbev2.cc
[678/1257] Compiling pkcs7_x509.cc
[679/1257] Compiling pkcs8_x509.cc
[680/1257] Compiling pkcs7.cc
[681/1257] Compiling pem_xaux.cc
[682/1257] Compiling pem_pkey.cc
[683/1257] Compiling pem_x509.cc
[684/1257] Compiling mlkem.cc
[685/1257] Compiling pem_pk8.cc
[686/1257] Compiling obj_xref.cc
[687/1257] Compiling pem_oth.cc
[688/1257] Compiling pem_all.cc
[689/1257] Compiling pem_info.cc
[690/1257] Compiling pem_lib.cc
[691/1257] Compiling obj.cc
[692/1257] Compiling poly_rq_mul.S
[693/1257] Compiling mldsa.cc
[694/1257] Compiling fips_shared_support.cc
[695/1257] Compiling mem.cc
[696/1257] Compiling md5.cc
[697/1257] Compiling md4.cc
[698/1257] Compiling lhash.cc
[699/1257] Compiling sign.cc
[700/1257] Compiling hrss.cc
[701/1257] Compiling ex_data.cc
[702/1257] Compiling kyber.cc
[703/1257] Compiling hpke.cc
[704/1257] Compiling scrypt.cc
[705/1257] Compiling print.cc
[706/1257] Compiling pbkdf.cc
[707/1257] Compiling p_x25519.cc
[708/1257] Compiling p_rsa_asn1.cc
[709/1257] Compiling p_x25519_asn1.cc
[710/1257] Compiling p_rsa.cc
[711/1257] Compiling p_hkdf.cc
[712/1257] Compiling p_ed25519.cc
[713/1257] Compiling p_ed25519_asn1.cc
[714/1257] Compiling p_ec_asn1.cc
[715/1257] Compiling p_ec.cc
[716/1257] Compiling p_dh_asn1.cc
[717/1257] Compiling p_dh.cc
[718/1257] Compiling evp_ctx.cc
[719/1257] Compiling p_dsa_asn1.cc
[720/1257] Compiling engine.cc
[721/1257] Compiling evp.cc
[722/1257] Compiling err.cc
[723/1257] Compiling evp_asn1.cc
[724/1257] Compiling ecdh.cc
[725/1257] Compiling ecdsa_asn1.cc
[726/1257] Compiling ec_derive.cc
[727/1257] Compiling hash_to_curve.cc
[728/1257] Compiling dsa.cc
[729/1257] Compiling ec_asn1.cc
[730/1257] Compiling dsa_asn1.cc
[731/1257] Compiling params.cc
[732/1257] Compiling x25519-asm-arm.S
[733/1257] Compiling digest_extra.cc
[734/1257] Compiling bcm.cc
[735/1257] Compiling des.cc
[736/1257] Compiling curve25519_64_adx.cc
[737/1257] Compiling dh_asn1.cc
[738/1257] Compiling spake25519.cc
[739/1257] Compiling curve25519.cc
[740/1257] Compiling crypto.cc
[741/1257] Compiling cpu_intel.cc
[742/1257] Compiling cpu_arm_linux.cc
[743/1257] Compiling cpu_arm_freebsd.cc
[744/1257] Compiling cpu_aarch64_openbsd.cc
[745/1257] Compiling cpu_aarch64_win.cc
[746/1257] Compiling cpu_aarch64_sysreg.cc
[747/1257] Compiling cpu_aarch64_fuchsia.cc
[748/1257] Compiling cpu_aarch64_linux.cc
[749/1257] Compiling cpu_aarch64_apple.cc
[750/1257] Compiling tls_cbc.cc
[751/1257] Compiling conf.cc
[752/1257] Compiling get_cipher.cc
[753/1257] Compiling e_tls.cc
[754/1257] Compiling e_rc4.cc
[755/1257] Compiling e_des.cc
[756/1257] Compiling e_null.cc
[757/1257] Compiling e_rc2.cc
[758/1257] Compiling e_aesgcmsiv.cc
[759/1257] Compiling e_chacha20poly1305.cc
[760/1257] Compiling derive_key.cc
[761/1257] Compiling e_aesctrhmac.cc
[762/1257] Compiling chacha.cc
[763/1257] Compiling buf.cc
[764/1257] Compiling unicode.cc
[765/1257] Compiling ber.cc
[766/1257] Compiling asn1_compat.cc
[767/1257] Compiling cbs.cc
[767/1257] Compiling cbb.cc
[769/1257] Compiling convert.cc
[770/1257] Compiling bn_asn1.cc
[771/1257] Compiling blake2.cc
[772/1257] Compiling socket_helper.cc
[773/1257] Compiling socket.cc
[774/1257] Compiling printf.cc
[775/1257] Compiling hexdump.cc
[776/1257] Compiling file.cc
[777/1257] Compiling pair.cc
[778/1257] Compiling errno.cc
[779/1257] Compiling fd.cc
[780/1257] Compiling connect.cc
[781/1257] Compiling bio_mem.cc
[782/1257] Compiling base64.cc
[783/1257] Compiling tasn_typ.cc
[784/1257] Compiling bio.cc
[785/1257] Compiling tasn_utl.cc
[786/1257] Compiling tasn_new.cc
[787/1257] Compiling tasn_fre.cc
[788/1257] Compiling tasn_enc.cc
[789/1257] Compiling f_string.cc
[790/1257] Compiling posix_time.cc
[791/1257] Compiling asn1_par.cc
[792/1257] Compiling tasn_dec.cc
[793/1257] Compiling f_int.cc
[794/1257] Compiling asn_pack.cc
[795/1257] Compiling a_utctm.cc
[796/1257] Compiling asn1_lib.cc
[797/1257] Compiling a_type.cc
[798/1257] Compiling a_octet.cc
[799/1257] Compiling a_time.cc
[800/1257] Compiling a_object.cc
[801/1257] Compiling a_strnid.cc
[802/1257] Compiling a_strex.cc
[803/1257] Compiling a_i2d_fp.cc
[804/1257] Compiling a_mbstr.cc
[805/1257] Compiling a_d2i_fp.cc
[806/1257] Compiling CGoogleGaxCRC32C CGoogleGaxCRC32C.c
[807/1257] Compiling a_int.cc
[808/1257] Compiling a_dup.cc
[809/1257] Compiling fiat_p256_adx_sqr.S
[810/1257] Compiling fiat_p256_adx_mul.S
[811/1257] Compiling fiat_curve25519_adx_mul.S
[812/1257] Compiling fiat_curve25519_adx_square.S
[813/1257] Compiling md5-x86_64-linux.S
[814/1257] Compiling md5-x86_64-apple.S
[815/1257] Compiling md5-586-linux.S
[816/1257] Compiling md5-586-apple.S
[817/1257] Compiling a_gentm.cc
[818/1257] Compiling chacha20_poly1305_x86_64-linux.S
[819/1257] Compiling chacha20_poly1305_x86_64-apple.S
[820/1257] Compiling chacha20_poly1305_armv8-win.S
[821/1257] Compiling a_bitstr.cc
[822/1257] Compiling chacha20_poly1305_armv8-apple.S
[823/1257] Compiling chacha-x86_64-linux.S
[824/1257] Compiling chacha20_poly1305_armv8-linux.S
[825/1257] Compiling chacha-x86_64-apple.S
[826/1257] Compiling CCryptoBoringSSLShims shims.c
[827/1257] Compiling chacha-armv8-win.S
[828/1257] Compiling chacha-x86-apple.S
[829/1257] Compiling chacha-x86-linux.S
[830/1257] Compiling chacha-armv4-linux.S
[831/1257] Compiling chacha-armv8-apple.S
[832/1257] Compiling aes128gcmsiv-x86_64-linux.S
[833/1257] Compiling x86_64-mont5-linux.S
[834/1257] Compiling a_bool.cc
[835/1257] Compiling chacha-armv8-linux.S
[836/1257] Compiling x86_64-mont-linux.S
[837/1257] Compiling x86_64-mont5-apple.S
[838/1257] Compiling aes128gcmsiv-x86_64-apple.S
[839/1257] Compiling x86-mont-linux.S
[840/1257] Compiling x86_64-mont-apple.S
[841/1257] Compiling vpaes-x86_64-linux.S
[842/1257] Compiling x86-mont-apple.S
[843/1257] Compiling vpaes-x86-apple.S
[844/1257] Compiling vpaes-x86-linux.S
[844/1257] Compiling vpaes-x86_64-apple.S
[846/1257] Compiling vpaes-armv8-win.S
[847/1257] Compiling sha512-x86_64-linux.S
[848/1257] Compiling vpaes-armv7-linux.S
[849/1257] Compiling sha512-x86_64-apple.S
[850/1257] Compiling vpaes-armv8-linux.S
[851/1257] Compiling vpaes-armv8-apple.S
[852/1257] Compiling sha512-armv8-win.S
[853/1257] Compiling err_data.cc
[854/1257] Compiling sha512-armv8-apple.S
[855/1257] Compiling sha512-586-linux.S
[855/1257] Compiling sha512-armv4-linux.S
[857/1257] Compiling sha512-586-apple.S
[858/1257] Compiling sha512-armv8-linux.S
[859/1257] Compiling sha256-x86_64-linux.S
[860/1257] Compiling sha256-x86_64-apple.S
[861/1257] Compiling sha256-armv8-win.S
[862/1257] Compiling sha256-armv8-apple.S
[863/1257] Compiling sha256-armv8-linux.S
[864/1257] Compiling sha256-586-linux.S
[865/1257] Compiling sha256-armv4-linux.S
[866/1257] Compiling sha256-586-apple.S
[867/1257] Compiling sha1-x86_64-linux.S
[868/1257] Compiling sha1-armv8-win.S
[869/1257] Compiling sha1-x86_64-apple.S
[870/1257] Compiling sha1-armv8-apple.S
[871/1257] Compiling sha1-586-apple.S
[872/1257] Compiling sha1-586-linux.S
[873/1257] Compiling sha1-armv8-linux.S
[874/1257] Compiling rsaz-avx2-linux.S
[875/1257] Compiling sha1-armv4-large-linux.S
[876/1257] Compiling rsaz-avx2-apple.S
[877/1257] Compiling p256_beeu-x86_64-asm-linux.S
[878/1257] Compiling rdrand-x86_64-apple.S
[879/1257] Compiling p256_beeu-x86_64-asm-apple.S
[880/1257] Compiling rdrand-x86_64-linux.S
[881/1257] Compiling p256_beeu-armv8-asm-win.S
[882/1257] Compiling p256_beeu-armv8-asm-linux.S
[883/1257] Compiling p256-x86_64-asm-apple.S
[884/1257] Compiling p256_beeu-armv8-asm-apple.S
[885/1257] Compiling p256-armv8-asm-win.S
[886/1257] Compiling p256-x86_64-asm-linux.S
[887/1257] Compiling p256-armv8-asm-linux.S
[888/1257] Compiling ghashv8-armv8-win.S
[889/1257] Compiling ghashv8-armv8-apple.S
[890/1257] Compiling p256-armv8-asm-apple.S
[891/1257] Compiling ghashv8-armv8-linux.S
[892/1257] Compiling ghashv8-armv7-linux.S
[893/1257] Compiling ghash-x86_64-linux.S
[894/1257] Compiling ghash-x86_64-apple.S
[895/1257] Compiling ghash-x86-linux.S
[896/1257] Compiling ghash-x86-apple.S
[897/1257] Compiling ghash-ssse3-x86_64-apple.S
[898/1257] Compiling ghash-ssse3-x86_64-linux.S
[899/1257] Compiling ghash-ssse3-x86-apple.S
[900/1257] Compiling ghash-neon-armv8-win.S
[901/1257] Compiling ghash-ssse3-x86-linux.S
[902/1257] Compiling ghash-neon-armv8-apple.S
[903/1257] Compiling ghash-neon-armv8-linux.S
[904/1257] Compiling co-586-apple.S
[905/1257] Compiling bsaes-armv7-linux.S
[906/1257] Compiling co-586-linux.S
[907/1257] Compiling ghash-armv4-linux.S
[908/1257] Compiling bn-armv8-win.S
[909/1257] Compiling bn-armv8-linux.S
[910/1257] Compiling bn-586-apple.S
[911/1257] Compiling armv8-mont-win.S
[912/1257] Compiling bn-586-linux.S
[913/1257] Compiling armv8-mont-apple.S
[914/1257] Compiling bn-armv8-apple.S
[915/1257] Compiling armv8-mont-linux.S
[916/1257] Compiling armv4-mont-linux.S
[917/1257] Compiling aesv8-gcm-armv8-win.S
[918/1257] Compiling aesv8-gcm-armv8-linux.S
[919/1257] Compiling aesv8-gcm-armv8-apple.S
[920/1257] Compiling aesv8-armv8-win.S
[921/1257] Compiling aesv8-armv7-linux.S
[922/1257] Compiling aesv8-armv8-linux.S
[923/1257] Compiling aesv8-armv8-apple.S
[924/1257] Compiling aesni-x86-linux.S
[925/1257] Compiling aesni-x86_64-linux.S
[926/1257] Compiling aesni-x86_64-apple.S
[927/1257] Compiling aesni-gcm-x86_64-linux.S
[928/1257] Compiling aesni-x86-apple.S
[929/1257] Compiling aesni-gcm-x86_64-apple.S
[930/1257] Compiling aes-gcm-avx512-x86_64-linux.S
[931/1257] Compiling aes-gcm-avx512-x86_64-apple.S
[932/1257] Compiling aes-gcm-avx2-x86_64-apple.S
[933/1257] Compiling aes-gcm-avx2-x86_64-linux.S
[934/1257] Compiling xwing.cc
[935/1257] Compiling x_x509a.cc
[936/1257] Compiling x_sig.cc
[937/1257] Compiling x_req.cc
[938/1257] Compiling x_spki.cc
[939/1257] Compiling x_x509.cc
[940/1257] Compiling c-nioatomics.c
[941/1257] Compiling x_pubkey.cc
[942/1257] Compiling x_crl.cc
[943/1257] Compiling x_attrib.cc
[944/1257] Compiling x_name.cc
[945/1257] Compiling c-atomics.c
[946/1257] Compiling x_exten.cc
[947/1264] Compiling x_all.cc
[949/1264] Compiling NIOConcurrencyHelpers NIOLockedValueBox.swift
[950/1264] Compiling NIOConcurrencyHelpers NIOLock.swift
[951/1264] Compiling NIOConcurrencyHelpers lock.swift
[951/1264] Compiling x_algor.cc
[953/1264] Emitting module NIOConcurrencyHelpers
[954/1264] Compiling NIOConcurrencyHelpers NIOAtomic.swift
[955/1264] Compiling NIOConcurrencyHelpers NIOThreadPoolWorkAvailable.swift
[956/1264] Compiling NIOConcurrencyHelpers atomics.swift
[956/1265] Compiling x509spki.cc
[958/1265] Compiling x509cset.cc
[959/1265] Wrapping AST for NIOConcurrencyHelpers for debugging
[960/1265] Compiling x509rset.cc
[961/1265] Compiling x509name.cc
[962/1265] Compiling x509_vpm.cc
[963/1265] Compiling x509_vfy.cc
[964/1265] Compiling x509_v3.cc
[965/1265] Compiling x509_txt.cc
[966/1265] Compiling x509_req.cc
[967/1265] Compiling x509_trs.cc
[968/1265] Compiling x509_set.cc
[969/1265] Compiling x509_obj.cc
[970/1265] Compiling x509_lu.cc
[971/1265] Compiling x509_ext.cc
[972/1265] Compiling x509_def.cc
[973/1265] Compiling x509_d2.cc
[974/1265] Compiling x509_cmp.cc
[975/1265] Compiling x509.cc
[976/1265] Compiling x509_att.cc
[977/1265] Compiling v3_skey.cc
[978/1265] Compiling v3_utl.cc
[979/1265] Compiling v3_purp.cc
[980/1265] Compiling v3_prn.cc
[981/1265] Compiling v3_pmaps.cc
[982/1265] Compiling v3_ncons.cc
[983/1265] Compiling v3_ocsp.cc
[984/1265] Compiling v3_pcons.cc
[985/1265] Compiling v3_lib.cc
[986/1265] Compiling v3_int.cc
[987/1265] Compiling v3_info.cc
[988/1265] Compiling v3_ia5.cc
[989/1265] Compiling v3_genn.cc
[990/1265] Compiling v3_extku.cc
[991/1265] Compiling v3_enum.cc
[992/1265] Compiling v3_cpols.cc
[993/1265] Compiling v3_crld.cc
[994/1265] Compiling v3_bitst.cc
[995/1265] Compiling v3_conf.cc
[996/1265] Compiling v3_bcons.cc
[997/1265] Compiling v3_alt.cc
[998/1265] Compiling v3_akey.cc
[999/1265] Compiling v3_akeya.cc
[1000/1265] Compiling t_x509a.cc
[1001/1265] Compiling t_x509.cc
[1002/1265] Compiling t_req.cc
[1003/1265] Compiling t_crl.cc
[1004/1265] Compiling rsa_pss.cc
[1005/1265] Compiling i2d_pr.cc
[1006/1265] Compiling by_file.cc
[1007/1265] Compiling policy.cc
[1008/1265] Compiling name_print.cc
[1009/1265] Compiling by_dir.cc
[1010/1265] Compiling algorithm.cc
[1011/1265] Compiling asn1_gen.cc
[1012/1265] Compiling a_verify.cc
[1013/1265] Compiling a_sign.cc
[1014/1265] Compiling a_digest.cc
[1015/1265] Compiling trust_token.cc
[1016/1265] Compiling voprf.cc
[1017/1265] Compiling thread_pthread.cc
[1018/1265] Compiling pmbtoken.cc
[1019/1265] Compiling thread_none.cc
[1020/1265] Compiling thread_win.cc
[1021/1265] Compiling stack.cc
[1022/1265] Compiling thread.cc
[1023/1265] Compiling sha512.cc
[1024/1265] Compiling slhdsa.cc
[1025/1265] Compiling siphash.cc
[1026/1265] Compiling sha256.cc
[1027/1265] Compiling spake2plus.cc
[1028/1265] Compiling sha1.cc
[1029/1265] Compiling rsa_print.cc
[1030/1265] Compiling rsa_extra.cc
[1031/1265] Compiling rc4.cc
[1032/1265] Compiling windows.cc
[1033/1265] Compiling refcount.cc
[1034/1265] Compiling rsa_crypt.cc
[1035/1265] Compiling urandom.cc
[1036/1265] Compiling ios.cc
[1037/1265] Compiling trusty.cc
[1038/1265] Compiling passive.cc
[1039/1265] Compiling rand.cc
[1040/1265] Compiling poly1305_arm_asm.S
[1041/1265] Compiling fork_detect.cc
[1042/1265] Compiling forkunsafe.cc
[1043/1265] Compiling getentropy.cc
[1044/1265] Compiling deterministic.cc
[1045/1265] Compiling rsa_asn1.cc
[1046/1265] Compiling poly1305_vec.cc
[1047/1265] Compiling pool.cc
[1048/1265] Compiling poly1305_arm.cc
[1049/1265] Compiling poly1305.cc
[1050/1265] Compiling pkcs8.cc
[1051/1265] Compiling pkcs7.cc
[1052/1265] Compiling pkcs8_x509.cc
[1053/1265] Compiling p5_pbev2.cc
[1054/1265] Compiling pkcs7_x509.cc
[1055/1265] Compiling pem_pkey.cc
[1056/1265] Compiling pem_xaux.cc
[1057/1265] Compiling pem_x509.cc
[1058/1265] Compiling pem_pk8.cc
[1059/1265] Compiling pem_oth.cc
[1060/1265] Compiling pem_lib.cc
[1061/1265] Compiling mlkem.cc
[1062/1265] Compiling obj_xref.cc
[1063/1265] Compiling mem.cc
[1064/1265] Compiling pem_all.cc
[1065/1265] Compiling pem_info.cc
[1066/1265] Compiling obj.cc
[1067/1265] Compiling poly_rq_mul.S
[1068/1265] Compiling lhash.cc
[1069/1265] Compiling mldsa.cc
[1070/1265] Compiling fips_shared_support.cc
[1071/1265] Compiling md5.cc
[1072/1265] Compiling hpke.cc
[1073/1265] Compiling md4.cc
[1074/1265] Compiling kyber.cc
[1074/1265] Compiling ex_data.cc
[1076/1265] Compiling fuzzer_mode.cc
[1076/1265] Compiling hrss.cc
[1078/1265] Compiling scrypt.cc
[1079/1265] Compiling sign.cc
[1080/1265] Compiling print.cc
[1081/1265] Compiling p_x25519_asn1.cc
[1082/1265] Compiling pbkdf.cc
[1083/1265] Compiling p_rsa_asn1.cc
[1084/1265] Compiling p_rsa.cc
[1085/1265] Compiling p_x25519.cc
[1086/1265] Compiling p_hkdf.cc
[1087/1265] Compiling evp_ctx.cc
[1088/1265] Compiling p_dh_asn1.cc
[1089/1265] Compiling p_dsa_asn1.cc
[1090/1265] Compiling p_ec.cc
[1091/1265] Compiling engine.cc
[1092/1265] Compiling p_dh.cc
[1093/1265] Compiling evp_asn1.cc
[1094/1265] Compiling err.cc
[1095/1265] Compiling ecdsa_p1363.cc
[1096/1265] Compiling ecdh.cc
[1097/1265] Compiling evp.cc
[1098/1265] Compiling ecdsa_asn1.cc
[1099/1265] Compiling ec_derive.cc
[1100/1265] Compiling dsa.cc
[1101/1265] Compiling hash_to_curve.cc
[1102/1265] Compiling ec_asn1.cc
[1103/1265] Compiling dsa_asn1.cc
[1104/1265] Compiling curve25519_64_adx.cc
[1105/1265] Compiling x25519-asm-arm.S
[1106/1265] Compiling digest_extra.cc
[1107/1265] Compiling spake25519.cc
[1108/1265] Compiling des.cc
[1109/1265] Compiling params.cc
[1110/1265] Compiling dh_asn1.cc
[1111/1265] Compiling cpu_arm_linux.cc
[1112/1265] Compiling cpu_intel.cc
[1113/1265] Compiling curve25519.cc
[1114/1265] Compiling crypto.cc
[1115/1265] Compiling cpu_arm_freebsd.cc
[1116/1265] Compiling cpu_aarch64_win.cc
[1117/1265] Compiling cpu_aarch64_sysreg.cc
[1118/1265] Compiling cpu_aarch64_openbsd.cc
[1119/1265] Compiling cpu_aarch64_fuchsia.cc
[1120/1265] Compiling cpu_aarch64_apple.cc
[1121/1265] Compiling cpu_aarch64_linux.cc
[1122/1265] Compiling conf.cc
[1123/1265] Compiling tls_cbc.cc
[1124/1265] Compiling e_tls.cc
[1125/1265] Compiling get_cipher.cc
[1126/1265] Compiling e_rc4.cc
[1127/1265] Compiling e_null.cc
[1128/1265] Compiling e_rc2.cc
[1129/1265] Compiling e_des.cc
[1130/1265] Compiling cms.cc
[1131/1265] Compiling e_chacha20poly1305.cc
[1132/1265] Compiling e_aesgcmsiv.cc
[1133/1265] Compiling derive_key.cc
[1134/1265] Compiling e_aesctrhmac.cc
[1135/1265] Compiling e_aeseax.cc
[1136/1265] Compiling chacha.cc
[1137/1265] Compiling exponentiation.cc
[1138/1265] Compiling unicode.cc
[1139/1265] Compiling div.cc
[1140/1265] Compiling convert.cc
[1141/1265] Compiling cbs.cc
[1142/1265] Compiling ber.cc
[1143/1265] Compiling cbb.cc
[1144/1265] Compiling bn_asn1.cc
[1145/1265] Compiling printf.cc
[1145/1265] Compiling blake2.cc
[1147/1265] Compiling hexdump.cc
[1148/1265] Compiling file.cc
[1149/1265] Compiling pair.cc
[1150/1265] Compiling errno.cc
[1151/1265] Compiling fd.cc
[1152/1265] Compiling bio.cc
[1153/1265] Compiling tasn_typ.cc
[1154/1265] Compiling base64.cc
[1155/1265] Compiling bio_mem.cc
[1156/1265] Compiling tasn_new.cc
[1157/1265] Compiling tasn_fre.cc
[1158/1265] Compiling tasn_utl.cc
[1159/1265] Compiling tasn_dec.cc
[1160/1265] Compiling tasn_enc.cc
[1161/1265] Compiling posix_time.cc
[1162/1265] Compiling f_int.cc
[1163/1265] Compiling asn1_par.cc
[1164/1265] Compiling asn_pack.cc
[1165/1265] Compiling asn1_lib.cc
[1166/1265] Compiling a_time.cc
[1167/1265] Compiling a_octet.cc
[1168/1265] Compiling a_utctm.cc
[1169/1265] Compiling a_type.cc
[1170/1265] Compiling a_strnid.cc
[1171/1265] Compiling a_strex.cc
[1172/1265] Compiling a_mbstr.cc
[1173/1265] Compiling bcm.cc
[1174/1265] Compiling a_dup.cc
[1174/1265] Compiling a_i2d_fp.cc
[1174/1265] Write sources
[1192/1265] Compiling CAsyncHTTPClient CAsyncHTTPClient.c
[1193/1308] Compiling a_object.cc
[1194/1308] Compiling a_bool.cc
[1195/1308] Compiling a_d2i_fp.cc
[1196/1308] Compiling a_int.cc
[1198/1308] Compiling Atomics UnsafeAtomic.swift
[1199/1308] Compiling Atomics UnsafeAtomicLazyReference.swift
[1200/1310] Compiling Atomics ManagedAtomic.swift
[1201/1310] Compiling Algorithms Combinations.swift
[1202/1310] Compiling Algorithms AdjacentPairs.swift
[1203/1310] Compiling Atomics AtomicValue.swift
[1204/1310] Compiling Algorithms Keyed.swift
[1205/1310] Compiling Algorithms MinMax.swift
[1205/1310] Compiling aes.cc
[1207/1310] Compiling Atomics IntegerOperations.swift
[1208/1310] Compiling Atomics Unmanaged extensions.swift
[1208/1310] Compiling a_bitstr.cc
[1210/1318] Compiling Algorithms Split.swift
[1211/1318] Compiling Algorithms Stride.swift
[1212/1318] Compiling Algorithms Suffix.swift
[1213/1321] Compiling Algorithms FirstNonNil.swift
[1214/1321] Compiling Algorithms FlattenCollection.swift
[1215/1321] Compiling Algorithms Grouped.swift
[1216/1321] Compiling Algorithms Joined.swift
[1221/1321] Compiling Algorithms Indexed.swift
[1222/1321] Compiling Algorithms Intersperse.swift
[1223/1321] Compiling Algorithms Compacted.swift
[1224/1321] Compiling Algorithms Cycle.swift
[1225/1321] Compiling Algorithms EitherSequence.swift
[1231/1321] Compiling Algorithms Reductions.swift
[1232/1321] Compiling Algorithms Rotate.swift
[1233/1321] Emitting module CryptoBoringWrapper
[1234/1321] Compiling Algorithms Trim.swift
[1235/1321] Compiling Algorithms Unique.swift
[1236/1321] Compiling Algorithms Windows.swift
[1237/1321] Compiling CryptoBoringWrapper CryptoKitErrors_boring.swift
[1238/1321] Compiling CryptoBoringWrapper RandomBytes.swift
[1239/1321] Compiling CryptoBoringWrapper FiniteFieldArithmeticContext.swift
[1240/1321] Compiling CryptoBoringWrapper BoringSSLAEAD.swift
[1241/1321] Emitting module Atomics
[1242/1321] Compiling CryptoBoringWrapper EllipticCurvePoint.swift
[1243/1321] Compiling CryptoBoringWrapper ArbitraryPrecisionInteger.swift
[1244/1321] Compiling CryptoBoringWrapper EllipticCurve.swift
[1249/1322] Wrapping AST for CryptoBoringWrapper for debugging
[1251/1406] Compiling Crypto ASN1.swift
[1252/1406] Compiling Crypto ASN1Any.swift
[1253/1406] Compiling Crypto ASN1BitString.swift
[1254/1406] Compiling Crypto AES-GCM.swift
[1255/1406] Compiling Crypto AES-GCM_boring.swift
[1256/1406] Compiling Crypto ChaChaPoly_boring.swift
[1257/1407] Wrapping AST for Atomics for debugging
[1258/1407] Emitting module Algorithms
[1260/1472] Wrapping AST for Algorithms for debugging
[1262/1472] Compiling NIOCore NIOCoreSendableMetatype.swift
[1263/1472] Compiling NIOCore NIODecodedAsyncSequence.swift
[1264/1472] Compiling NIOCore NIOLoopBound.swift
[1265/1472] Compiling NIOCore NIOPooledRecvBufferAllocator.swift
[1266/1472] Compiling NIOCore NIOScheduledCallback.swift
[1267/1472] Compiling NIOCore NIOSendable.swift
[1268/1472] Compiling NIOCore NIOSplitLinesMessageDecoder.swift
[1269/1472] Compiling NIOCore NIOTransportAccessibleChannelCore.swift
[1270/1472] Compiling NIOCore RecvByteBufferAllocator.swift
[1271/1480] Emitting module Crypto
[1272/1491] Compiling NIOCore ByteBuffer-hex.swift
[1273/1491] Compiling NIOCore ByteBuffer-int.swift
[1274/1491] Compiling NIOCore ByteBuffer-lengthPrefix.swift
[1275/1491] Compiling NIOCore CircularBuffer.swift
[1276/1491] Compiling NIOCore Codec.swift
[1277/1491] Compiling NIOCore ConvenienceOptionSupport.swift
[1278/1491] Compiling NIOCore DeadChannel.swift
[1279/1491] Compiling NIOCore DispatchQueue+WithFuture.swift
[1280/1491] Compiling NIOCore EventLoop+Deprecated.swift
[1281/1491] Compiling NIOCore EventLoop+SerialExecutor.swift
[1282/1491] Compiling NIOCore EventLoop.swift
[1283/1491] Compiling NIOCore EventLoopFuture+AssumeIsolated.swift
[1284/1491] Compiling NIOCore AddressedEnvelope.swift
[1285/1491] Compiling NIOCore AsyncAwaitSupport.swift
[1286/1491] Compiling NIOCore AsyncChannel.swift
[1287/1491] Compiling NIOCore AsyncChannelHandler.swift
[1288/1491] Compiling NIOCore AsyncChannelInboundStream.swift
[1289/1491] Compiling NIOCore AsyncChannelOutboundWriter.swift
[1290/1491] Compiling NIOCore NIOAsyncSequenceProducer.swift
[1291/1491] Compiling NIOCore NIOAsyncSequenceProducerStrategies.swift
[1292/1491] Compiling NIOCore NIOAsyncWriter.swift
[1293/1491] Compiling NIOCore ByteBuffer-multi-int.swift
[1294/1491] Compiling NIOCore ByteBuffer-quicBinaryEncodingStrategy.swift
[1295/1491] Compiling NIOCore ByteBuffer-views.swift
[1296/1491] Compiling NIOCore IPProtocol.swift
[1297/1491] Compiling NIOCore IntegerBitPacking.swift
[1298/1491] Compiling NIOCore IntegerTypes.swift
[1299/1491] Compiling NIOCore Interfaces.swift
[1300/1491] Compiling NIOCore Linux.swift
[1301/1491] Compiling NIOCore MarkedCircularBuffer.swift
[1302/1491] Compiling NIOCore MulticastChannel.swift
[1303/1491] Compiling NIOCore NIOAny.swift
[1304/1491] Compiling NIOCore NIOCloseOnErrorHandler.swift
[1305/1491] Compiling NIOCore EventLoopFuture+Deprecated.swift
[1306/1491] Compiling NIOCore EventLoopFuture+WithEventLoop.swift
[1307/1491] Compiling NIOCore EventLoopFuture.swift
[1308/1491] Compiling NIOCore FileDescriptor.swift
[1309/1491] Compiling NIOCore FileHandle.swift
[1310/1491] Compiling NIOCore FileRegion.swift
[1311/1491] Compiling NIOCore GlobalSingletons.swift
[1312/1491] Compiling NIOCore IO.swift
[1313/1491] Compiling NIOCore IOData.swift
[1317/1491] Compiling NIOCore SingleStepByteToMessageDecoder.swift
[1318/1491] Compiling NIOCore SocketAddresses.swift
[1319/1491] Compiling NIOCore SocketOptionProvider.swift
[1320/1491] Compiling NIOCore SystemCallHelpers.swift
[1321/1491] Compiling NIOCore TimeAmount+Duration.swift
[1322/1491] Compiling NIOCore TypeAssistedChannelHandler.swift
[1323/1491] Compiling NIOCore UniversalBootstrapSupport.swift
[1324/1491] Compiling NIOCore Utilities.swift
[1325/1491] Compiling Crypto HMAC.swift
[1326/1491] Compiling Crypto MACFunctions.swift
[1327/1491] Compiling Crypto MessageAuthenticationCode.swift
[1328/1491] Compiling Crypto AES.swift
[1329/1491] Compiling Crypto ECDSASignature_boring.swift
[1330/1491] Compiling Crypto ECDSA_boring.swift
[1331/1491] Compiling Crypto EdDSA_boring.swift
[1332/1491] Compiling Crypto MLDSA_boring.swift
[1333/1491] Compiling Crypto MLDSA_wrapper.swift
[1334/1491] Compiling Crypto ECDSA.swift
[1335/1491] Compiling Crypto Ed25519.swift
[1336/1491] Compiling Crypto MLDSA.swift
[1337/1491] Compiling Crypto Signature.swift
[1338/1491] Compiling Crypto CryptoKitErrors_boring.swift
[1339/1491] Compiling Crypto Optional+withUnsafeBytes_boring.swift
[1340/1491] Compiling Crypto RNG_boring.swift
[1341/1491] Compiling Crypto SafeCompare_boring.swift
[1342/1491] Compiling Crypto Zeroization_boring.swift
[1343/1491] Compiling Crypto _CryptoModuleAnchor.swift
[1344/1491] Compiling Crypto PrettyBytes.swift
[1345/1491] Compiling Crypto SafeCompare.swift
[1346/1491] Compiling Crypto SecureBytes.swift
[1347/1491] Compiling Crypto Zeroization.swift
[1381/1491] Compiling NIOCore Channel.swift
[1382/1491] Compiling NIOCore ChannelHandler.swift
[1383/1491] Compiling NIOCore ChannelHandlers.swift
[1384/1491] Compiling NIOCore ChannelInvoker.swift
[1385/1491] Compiling NIOCore ChannelOption.swift
[1386/1491] Compiling NIOCore ChannelPipeline.swift
[1387/1491] Compiling NIOCore NIOThrowingAsyncSequenceProducer.swift
[1388/1491] Compiling NIOCore BSDSocketAPI.swift
[1389/1491] Compiling NIOCore ByteBuffer-aux.swift
[1390/1491] Compiling NIOCore ByteBuffer-binaryEncodedLengthPrefix.swift
[1391/1491] Compiling NIOCore ByteBuffer-conversions.swift
[1392/1491] Compiling NIOCore ByteBuffer-core.swift
[1401/1492] Wrapping AST for Crypto for debugging
[1403/1554] Compiling CryptoExtras Data+Extensions.swift
[1404/1554] Compiling CryptoExtras DigestType.swift
[1405/1554] Compiling CryptoExtras Error.swift
[1406/1554] Compiling CryptoExtras I2OSP.swift
[1407/1554] Compiling CryptoExtras IntegerEncoding.swift
[1408/1554] Compiling CryptoExtras PEMDocument.swift
[1409/1554] Compiling CryptoExtras PrettyBytes.swift
[1410/1554] Compiling CryptoExtras SubjectPublicKeyInfo.swift
[1411/1554] Compiling CryptoExtras ARCServer.swift
[1412/1554] Compiling CryptoExtras ChaCha20CTR_boring.swift
[1413/1554] Compiling CryptoExtras ChaCha20CTR.swift
[1414/1554] Compiling CryptoExtras BoringSSLSHA512256Context.swift
[1415/1554] Compiling CryptoExtras BoringSSLSHA512256HashFunction.swift
[1416/1554] Compiling CryptoExtras SHA512256.swift
[1417/1554] Compiling CryptoExtras SHA512256Digest.swift
[1418/1554] Compiling CryptoExtras Curve25519+PEM.swift
[1419/1554] Compiling CryptoExtras ObjectIdentifier.swift
[1420/1562] Compiling CryptoExtras ThreadOps.swift
[1421/1562] Compiling CryptoExtras ThreadPosix.swift
[1422/1562] Compiling CryptoExtras ThreadSpecific.swift
[1423/1562] Compiling CryptoExtras ThreadWindows.swift
[1424/1562] Compiling CryptoExtras DLEQ.swift
[1425/1562] Compiling CryptoExtras Prover.swift
[1426/1562] Compiling CryptoExtras Verifier.swift
[1427/1562] Compiling CryptoExtras ZKPToolbox.swift
[1428/1562] Compiling CryptoExtras AES_CBC.swift
[1429/1562] Compiling CryptoExtras AES_CFB.swift
[1430/1562] Compiling CryptoExtras AES_CTR.swift
[1431/1562] Compiling CryptoExtras AES_GCM_SIV.swift
[1432/1562] Compiling CryptoExtras Block Function.swift
[1433/1562] Compiling CryptoExtras AES_CBC_boring.swift
[1434/1562] Compiling CryptoExtras AES_CFB_boring.swift
[1435/1562] Compiling CryptoExtras AES_CTR_boring.swift
[1436/1562] Compiling CryptoExtras AES_GCM_SIV_boring.swift
[1437/1562] Compiling CryptoExtras CMAC.swift
[1438/1562] Compiling CryptoExtras ARC+API.swift
[1439/1562] Compiling CryptoExtras ARC.swift
[1440/1562] Compiling CryptoExtras ARCCredential.swift
[1441/1562] Compiling CryptoExtras ARCEncoding.swift
[1442/1562] Compiling CryptoExtras ARCPrecredential.swift
[1443/1562] Compiling CryptoExtras ARCPresentation.swift
[1444/1562] Compiling CryptoExtras ARCRequest.swift
[1445/1562] Compiling CryptoExtras ARCResponse.swift
[1446/1562] Compiling CryptoExtras BoringSSLPassphraseCallbackManager.swift
[1447/1562] Compiling CryptoExtras RSA+BlindSigning.swift
[1448/1562] Compiling CryptoExtras RSA.swift
[1449/1562] Compiling CryptoExtras RSA_boring.swift
[1450/1562] Compiling CryptoExtras Reexport.swift
[1451/1562] Compiling CryptoExtras Zeroization_boring.swift
[1452/1562] Compiling CryptoExtras BoringSSLHelpers.swift
[1453/1562] Compiling CryptoExtras CryptoKitErrors_boring.swift
[1454/1562] Emitting module CryptoExtras
[1455/1562] Compiling CryptoExtras PBKDF2.swift
[1456/1562] Compiling CryptoExtras Scrypt_boring.swift
[1457/1562] Compiling CryptoExtras Scrypt.swift
[1458/1562] Compiling CryptoExtras OPRF.swift
[1459/1562] Compiling CryptoExtras OPRFClient.swift
[1460/1562] Compiling CryptoExtras OPRFServer.swift
[1461/1562] Compiling CryptoExtras VOPRF+API.swift
[1462/1562] Compiling CryptoExtras VOPRFClient.swift
[1463/1562] Compiling CryptoExtras VOPRFServer.swift
[1464/1562] Compiling CryptoExtras PKCS8DERRepresentation.swift
[1465/1562] Compiling CryptoExtras PKCS8PrivateKey.swift
[1466/1562] Compiling CryptoExtras RFC8410AlgorithmIdentifier.swift
[1467/1562] Compiling CryptoExtras ECToolbox_boring.swift
[1468/1562] Compiling CryptoExtras ECToolbox.swift
[1469/1562] Compiling CryptoExtras HashToField.swift
[1470/1562] Compiling CryptoExtras KDF.swift
[1471/1562] Compiling CryptoExtras PBKDF2_boring.swift
[1472/1562] Compiling CryptoExtras PBKDF2_commoncrypto.swift
[1473/1563] Wrapping AST for CryptoExtras for debugging
[1475/1565] Emitting module _CryptoExtras
[1476/1565] Compiling _CryptoExtras Exports.swift
[1477/1566] Wrapping AST for _CryptoExtras for debugging
[1479/1661] Compiling X509 BasicOCSPResponse.swift
[1480/1661] Compiling X509 DirectoryString.swift
[1481/1661] Compiling X509 OCSPCertID.swift
[1482/1661] Compiling X509 OCSPCertStatus.swift
[1483/1661] Compiling X509 PKCS8PrivateKey.swift
[1484/1661] Compiling X509 PromiseAndFuture.swift
[1485/1661] Compiling X509 RDNAttribute.swift
[1486/1661] Compiling X509 RandomNumberGenerator+bytes.swift
[1487/1661] Compiling X509 RelativeDistinguishedName.swift
[1488/1661] Compiling X509 NameConstraints.swift
[1489/1661] Compiling X509 SubjectAlternativeName.swift
[1490/1661] Compiling X509 SubjectKeyIdentifier.swift
[1491/1661] Compiling X509 Extension.swift
[1492/1661] Compiling X509 Extensions.swift
[1493/1661] Compiling X509 ExtensionsBuilder.swift
[1494/1661] Compiling X509 GeneralName.swift
[1495/1661] Compiling X509 Lock.swift
[1496/1661] Compiling X509 LockedValueBox.swift
[1497/1661] Compiling X509 SEC1PrivateKey.swift
[1498/1661] Compiling X509 SecKeyWrapper.swift
[1499/1661] Compiling X509 Signature.swift
[1500/1661] Compiling X509 SignatureAlgorithm.swift
[1501/1661] Compiling X509 AllOfPolicies.swift
[1502/1661] Compiling X509 AnyPolicy.swift
[1503/1661] Compiling X509 CertificateStore.swift
[1504/1661] Compiling X509 CustomCertificateStore.swift
[1505/1661] Compiling X509 CMSIssuerAndSerialNumber.swift
[1506/1661] Emitting module NIOCore
[1507/1669] Wrapping AST for NIOCore for debugging
[1509/1719] Compiling NIOFoundationEssentialsCompat Codable+ByteBuffer.swift
[1510/1719] Compiling NIOEmbedded AsyncTestingChannel.swift
[1511/1719] Emitting module NIOEmbedded
[1512/1719] Emitting module NIOFoundationEssentialsCompat
[1513/1719] Compiling NIOFoundationEssentialsCompat ByteBuffer-foundation.swift
[1515/1720] Compiling NIOEmbedded Embedded.swift
[1516/1720] Compiling NIOEmbedded AsyncTestingEventLoop.swift
[1516/1721] Wrapping AST for NIOFoundationEssentialsCompat for debugging
[1519/1721] Compiling NIOPosix SelectorUring.swift
[1520/1721] Compiling NIOPosix PipeChannel.swift
[1521/1721] Compiling NIOPosix PipePair.swift
[1522/1721] Compiling NIOPosix Pool.swift
[1523/1721] Compiling NIOPosix PosixSingletons+ConcurrencyTakeOver.swift
[1524/1721] Compiling NIOPosix PosixSingletons.swift
[1525/1721] Compiling NIOPosix RawSocketBootstrap.swift
[1526/1721] Compiling NIOPosix Resolver.swift
[1527/1721] Compiling NIOPosix MultiThreadedEventLoopGroup.swift
[1528/1721] Compiling NIOPosix NIOPosixSendableMetatype.swift
[1529/1721] Compiling NIOPosix NIORandomizedDNSResolver.swift
[1530/1721] Compiling NIOPosix NIOThreadPool.swift
[1531/1721] Compiling NIOPosix NonBlockingFileIO.swift
[1531/1734] Wrapping AST for NIOEmbedded for debugging
[1533/1734] Compiling NIOPosix PendingDatagramWritesManager.swift
[1534/1734] Compiling NIOPosix PendingWritesManager.swift
[1535/1734] Compiling NIOPosix BSDSocketAPICommon.swift
[1536/1734] Compiling NIOPosix BSDSocketAPIPosix.swift
[1537/1734] Compiling NIOPosix BSDSocketAPIWindows.swift
[1538/1734] Compiling NIOPosix BaseSocket.swift
[1539/1734] Compiling NIOPosix BaseSocketChannel+AccessibleTransport.swift
[1540/1734] Compiling NIOPosix BaseSocketChannel+SocketOptionProvider.swift
[1541/1734] Compiling NIOPosix BaseSocketChannel.swift
[1542/1734] Compiling NIOPosix BaseStreamSocketChannel.swift
[1543/1734] Compiling NIOPosix Bootstrap.swift
[1544/1734] Compiling NIOPosix ControlMessage.swift
[1545/1734] Compiling NIOPosix DatagramVectorReadManager.swift
[1546/1734] Compiling NIOPosix Errors+Any.swift
[1547/1734] Compiling NIOPosix FileDescriptor.swift
[1548/1734] Compiling NIOPosix GetaddrinfoResolver.swift
[1549/1734] Compiling NIOPosix SelectorWSAPoll.swift
[1550/1734] Compiling NIOPosix ServerSocket.swift
[1551/1734] Compiling NIOPosix Socket.swift
[1552/1734] Compiling NIOPosix SocketChannel.swift
[1553/1734] Compiling NIOPosix SocketProtocols.swift
[1554/1734] Compiling NIOPosix StructuredConcurrencyHelpers.swift
[1555/1734] Compiling NIOPosix System.swift
[1556/1734] Compiling X509 OCSPSingleRequest.swift
[1557/1734] Compiling X509 OCSPSingleResponse.swift
[1558/1734] Compiling X509 OCSPTBSRequest.swift
[1559/1734] Compiling X509 OCSPVersion.swift
[1560/1734] Compiling X509 OneOfPolicies.swift
[1561/1734] Compiling X509 PolicyBuilder.swift
[1562/1734] Compiling X509 BasicConstraintsPolicy.swift
[1563/1734] Compiling X509 DNSNames.swift
[1564/1734] Compiling X509 ExpiryPolicy.swift
[1565/1734] Compiling X509 IPConstraints.swift
[1566/1734] Compiling X509 NameConstraintsPolicy.swift
[1567/1734] Compiling X509 RFC5280Policy.swift
[1568/1734] Compiling X509 URIConstraints.swift
[1569/1734] Compiling X509 VersionPolicy.swift
[1570/1734] Compiling X509 ServerIdentityPolicy.swift
[1571/1734] Compiling X509 TrustRootLoading.swift
[1572/1734] Compiling X509 UnverifiedChain.swift
[1573/1734] Compiling X509 DomainComponent.swift
[1574/1734] Compiling X509 EmailAddress.swift
[1575/1734] Compiling X509 LocalityName.swift
[1576/1734] Compiling X509 OrganizationName.swift
[1577/1734] Compiling X509 OrganizationalUnitName.swift
[1578/1734] Compiling X509 StateOrProvinceName.swift
[1579/1734] Compiling X509 StreetAddress.swift
[1580/1734] Compiling X509 Error.swift
[1581/1734] Compiling X509 AuthorityInformationAccess.swift
[1582/1734] Compiling X509 AuthorityKeyIdentifier.swift
[1583/1734] Compiling X509 BasicConstraints.swift
[1584/1734] Compiling X509 ExtendedKeyUsage.swift
[1585/1734] Compiling X509 ExtensionIdentifiers.swift
[1586/1734] Compiling X509 KeyUsage.swift
[1587/1734] Compiling X509 CSRAttribute.swift
[1588/1734] Compiling X509 CSRAttributes.swift
[1589/1734] Compiling X509 CSRVersion.swift
[1590/1734] Compiling X509 CertificateSigningRequest.swift
[1591/1734] Compiling X509 CertificationRequestInfo.swift
[1592/1734] Compiling X509 ExtensionRequest.swift
[1593/1734] Compiling X509 Certificate.swift
[1594/1734] Compiling X509 CertificatePrivateKey.swift
[1595/1734] Compiling X509 CertificatePublicKey.swift
[1596/1734] Compiling X509 CertificateSerialNumber.swift
[1597/1734] Compiling X509 CertificateVersion.swift
[1598/1734] Compiling X509 CMSAttribute.swift
[1599/1734] Compiling X509 CMSContentInfo.swift
[1600/1734] Compiling X509 CMSEncapsulatedContentInfo.swift
[1601/1734] Compiling NIOPosix HappyEyeballs.swift
[1602/1734] Compiling NIOPosix IO.swift
[1603/1734] Compiling NIOPosix IntegerBitPacking.swift
[1604/1734] Compiling NIOPosix IntegerTypes.swift
[1605/1734] Compiling NIOPosix Linux.swift
[1606/1734] Compiling NIOPosix LinuxCPUSet.swift
[1607/1734] Compiling NIOPosix LinuxUring.swift
[1608/1734] Compiling NIOPosix Selectable.swift
[1609/1734] Compiling NIOPosix SelectableChannel.swift
[1610/1734] Compiling NIOPosix SelectableEventLoop.swift
[1611/1734] Compiling NIOPosix SelectorEpoll.swift
[1612/1734] Compiling NIOPosix SelectorGeneric.swift
[1613/1734] Compiling NIOPosix SelectorKqueue.swift
[1635/1741] Emitting module X509
[1636/1741] Compiling NIOPosix Thread.swift
[1637/1741] Compiling NIOPosix ThreadPosix.swift
[1638/1741] Compiling NIOPosix ThreadWindows.swift
[1639/1741] Compiling NIOPosix Utilities.swift
[1640/1741] Compiling NIOPosix VsockAddress.swift
[1641/1741] Compiling NIOPosix VsockChannelEvents.swift
[1642/1741] Compiling NIOPosix Windows.swift
[1664/1741] Emitting module NIOPosix
[1672/1742] Wrapping AST for NIOPosix for debugging
[1674/1744] Emitting module NIO
[1675/1744] Compiling NIO Exports.swift
[1677/1768] Compiling X509 ValidatedCertificateChain.swift
[1678/1768] Compiling X509 VerificationDiagnostic.swift
[1679/1768] Compiling X509 Verifier.swift
[1680/1768] Compiling X509 VerifierPolicy.swift
[1681/1768] Compiling X509 AlgorithmIdentifier.swift
[1682/1768] Compiling X509 ECDSASignature.swift
[1683/1768] Compiling X509 RSAPKCS1PublicKey.swift
[1684/1768] Compiling X509 SubjectPublicKeyInfo.swift
[1685/1768] Compiling X509 TBSCertificate.swift
[1686/1768] Compiling X509 Time.swift
[1687/1768] Compiling X509 TimeCalculations.swift
[1688/1768] Compiling X509 Validity.swift
[1689/1768] Compiling X509 X509SendableMetatype.swift
[1689/1768] Wrapping AST for NIO for debugging
[1692/1785] Compiling NIOHTTP1 ByteCollectionUtils.swift
[1693/1785] Compiling NIOHTTP1 HTTPDecoder.swift
[1694/1786] Compiling NIOFoundationCompat Exports.swift
[1695/1786] Compiling NIOFoundationCompat WaitSpinningRunLoop.swift
[1696/1786] Compiling NIOFoundationCompat JSONSerialization+ByteBuffer.swift
[1697/1786] Emitting module NIOFoundationCompat
[1698/1786] Emitting module NIOSOCKS
[1699/1787] Compiling NIOTLS ProtocolNegotiationHandlerStateMachine.swift
[1700/1787] Compiling NIOTLS TLSEvents.swift
[1700/1787] Wrapping AST for X509 for debugging
[1703/1787] Emitting module NIOTLS
[1704/1787] Compiling NIOSOCKS SOCKSResponse.swift
[1704/1854] Wrapping AST for NIOFoundationCompat for debugging
[1706/1854] Compiling NIOSOCKS ClientStateMachine.swift
[1707/1854] Compiling NIOSOCKS SelectedAuthenticationMethod.swift
[1708/1854] Compiling NIOSOCKS ServerStateMachine.swift
[1709/1854] Compiling NIOTLS SNIHandler.swift
[1710/1854] Compiling NIOTLS NIOTypedApplicationProtocolNegotiationHandler.swift
[1711/1854] Compiling NIOTLS ApplicationProtocolNegotiationHandler.swift
[1713/1855] Compiling JWTKit JWTMultiValueClaim.swift
[1714/1855] Compiling JWTKit JWTUnixEpochClaim.swift
[1714/1857] Wrapping AST for NIOTLS for debugging
[1716/1857] Compiling JWTKit IssuerClaim.swift
[1717/1857] Compiling JWTKit JWTClaim.swift
[1718/1857] Compiling JWTKit GoogleHostedDomainClaim.swift
[1719/1857] Compiling JWTKit IDClaim.swift
[1720/1857] Compiling JWTKit IssuedAtClaim.swift
[1721/1887] Compiling NIOSSL ObjectIdentifier.swift
[1722/1887] Compiling NIOSSL PosixPort.swift
[1723/1887] Compiling NIOSSL CustomPrivateKey.swift
[1724/1887] Compiling NIOSSL FreeBSDCABundle.swift
[1725/1887] Compiling NIOSSL IdentityVerification.swift
[1726/1887] Compiling NIOSSL NIOSSLServerHandler.swift
[1728/1888] Compiling NIOSSL NIOSSLHandler.swift
[1729/1888] Compiling NIOSSL SSLContext.swift
[1729/1888] Wrapping AST for NIOSOCKS for debugging
[1731/1888] Compiling NIOSSL SSLErrors.swift
[1732/1888] Compiling NIOSSL SSLInit.swift
[1733/1888] Compiling JWTKit ECDSASigningAlgorithm.swift
[1734/1888] Compiling JWTKit JWTKeyCollection+ECDSA.swift
[1735/1888] Compiling JWTKit P256+CurveType.swift
[1736/1888] Compiling JWTKit P384+CurveType.swift
[1737/1888] Compiling JWTKit P521+CurveType.swift
[1738/1888] Compiling JWTKit EdDSA.swift
[1739/1888] Compiling JWTKit EdDSACurve.swift
[1740/1888] Compiling JWTKit EdDSAError.swift
[1741/1888] Compiling JWTKit EdDSASigner.swift
[1742/1888] Compiling JWTKit JWTKeyCollection+EdDSA.swift
[1743/1888] Compiling JWTKit JWTSerializer.swift
[1744/1888] Compiling JWTKit JWTSigner.swift
[1745/1888] Compiling JWTKit JWTKeyCollection+MLDSA.swift
[1746/1888] Compiling JWTKit MLDSA.swift
[1747/1888] Compiling JWTKit MLDSA65+MLDSAKey.swift
[1748/1888] Compiling JWTKit MLDSA87+MLDSAKey.swift
[1749/1888] Compiling JWTKit MLDSAError.swift
[1750/1888] Compiling JWTKit MLDSAKey.swift
[1751/1888] Compiling JWTKit MLDSASigner.swift
[1752/1897] Compiling NIOSSL AndroidCABundle.swift
[1753/1897] Compiling NIOSSL ByteBufferBIO.swift
[1760/1897] Compiling NIOSSL SSLCallbacks.swift
[1761/1897] Compiling NIOSSL LinuxCABundle.swift
[1762/1897] Compiling NIOSSL SSLPKCS12Bundle.swift
[1763/1897] Compiling NIOSSL SSLCertificate.swift
[1764/1897] Compiling NIOSSL NIOSSLClientHandler.swift
[1765/1897] Compiling NIOSSL NIOSSLHandler+Configuration.swift
[1766/1897] Emitting module JWTKit
[1767/1897] Compiling JWTKit MLDSAType.swift
[1768/1897] Compiling JWTKit JWTKeyCollection+UnsecuredNone.swift
[1769/1897] Compiling JWTKit UnsecuredNoneSigner.swift
[1770/1897] Compiling JWTKit JWTKeyCollection+RSA.swift
[1771/1897] Compiling JWTKit RSA.swift
[1772/1897] Compiling JWTKit RSAError.swift
[1773/1897] Compiling JWTKit RSASigner.swift
[1774/1897] Compiling JWTKit Base64URL.swift
[1775/1897] Compiling JWTKit CryptoSigner.swift
[1776/1897] Compiling JWTKit HMAC.swift
[1777/1897] Compiling JWTKit HMACError.swift
[1778/1897] Compiling JWTKit HMACSigner.swift
[1779/1897] Compiling JWTKit JWTKeyCollection+HMAC.swift
[1780/1897] Compiling JWTKit Insecure.swift
[1781/1897] Compiling JWTKit JWK.swift
[1782/1897] Compiling JWTKit JWKIdentifier.swift
[1783/1897] Compiling JWTKit JWKS.swift
[1784/1897] Compiling JWTKit JWKSigner.swift
[1785/1897] Emitting module NIOHTTP1
[1797/1897] Compiling NIOSSL SSLCertificateExtensions.swift
[1798/1897] Compiling NIOSSL SSLCertificateName.swift
[1799/1897] Compiling NIOSSL SSLConnection.swift
[1800/1897] Compiling NIOSSL SSLPrivateKey.swift
[1801/1897] Compiling NIOSSL SSLPublicKey.swift
[1802/1897] Compiling NIOSSL SecurityFrameworkCertificateVerification.swift
[1803/1897] Compiling NIOSSL String+unsafeUninitializedCapacity.swift
[1804/1897] Compiling NIOSSL SubjectAlternativeName.swift
[1805/1897] Compiling NIOSSL NIOSSLSecureBytes.swift
[1806/1897] Compiling NIOSSL RNG.swift
[1807/1897] Compiling NIOSSL SafeCompare.swift
[1808/1904] Wrapping AST for NIOHTTP1 for debugging
[1810/1915] Compiling NIOHPACK HPACKEncoder.swift
[1811/1915] Compiling NIOHPACK HPACKErrors.swift
[1812/1915] Compiling NIOHPACK DynamicHeaderTable.swift
[1813/1915] Compiling NIOHPACK HPACKDecoder.swift
[1814/1915] Compiling NIOHPACK HPACKHeader.swift
[1815/1919] Compiling JWTKit CustomizedJSONCoders.swift
[1816/1919] Compiling JWTKit Utilities.swift
[1817/1919] Compiling JWTKit AppleIdentityToken.swift
[1818/1919] Compiling JWTKit FirebaseAuthIdentityToken.swift
[1819/1919] Compiling JWTKit GoogleIdentityToken.swift
[1820/1919] Compiling JWTKit MicrosoftIdentityToken.swift
[1821/1919] Compiling JWTKit EmptyPolicy.swift
[1822/1919] Compiling JWTKit ValidationTimePayload.swift
[1823/1919] Compiling JWTKit X5CVerifier.swift
[1824/1920] Wrapping AST for JWTKit for debugging
[1826/1920] Compiling NIOHPACK IntegerCoding.swift
[1827/1920] Compiling NIOHPACK IndexedHeaderTable.swift
[1836/1921] Compiling NIOHTTPCompression HTTPDecompression.swift
[1837/1921] Compiling NIOHTTPCompression HTTPDecompressor.swift
[1838/1921] Compiling NIOHPACK HuffmanTables.swift
[1839/1921] Emitting module NIOHTTPCompression
[1840/1921] Compiling NIOHTTPCompression HTTPCompression.swift
[1841/1921] Compiling NIOHTTPCompression HTTPResponseCompressor.swift
[1842/1921] Compiling NIOHTTPCompression HTTPRequestCompressor.swift
[1843/1922] Compiling NIOHPACK StaticHeaderTable.swift
[1844/1922] Compiling NIOHPACK HuffmanCoding.swift
[1845/1922] Wrapping AST for NIOHTTPCompression for debugging
[1848/1922] Compiling NIOHPACK HeaderTables.swift
[1853/1922] Emitting module NIOHPACK
[1855/1923] Emitting module NIOSSL
[1859/1923] Wrapping AST for NIOHPACK for debugging
[1861/1986] Compiling NIOHTTP2 HTTP2FrameEncoder.swift
[1862/1986] Compiling NIOHTTP2 ConnectionStateMachine.swift
[1863/1986] Compiling NIOHTTP2 ConnectionStreamsState.swift
[1864/1986] Compiling NIOHTTP2 MayReceiveFrames.swift
[1865/1986] Compiling NIOHTTP2 HTTP2Error.swift
[1866/1986] Compiling NIOHTTP2 HTTP2ErrorCode.swift
[1867/1986] Compiling NIOHTTP2 HTTP2FlowControlWindow.swift
[1868/1986] Compiling NIOHTTP2 HTTP2Frame.swift
[1869/1986] Compiling NIOHTTP2 HTTP2ChannelHandler+InlineStreamMultiplexer.swift
[1870/1986] Compiling NIOHTTP2 HTTP2ChannelHandler.swift
[1871/1986] Compiling NIOHTTP2 HTTP2CommonInboundStreamMultiplexer.swift
[1872/1986] Compiling NIOHTTP2 HTTP2ConnectionStateChange.swift
[1873/1986] Compiling NIOHTTP2 MaySendFrames.swift
[1874/1986] Compiling NIOHTTP2 SendingDataState.swift
[1875/1986] Compiling NIOHTTP2 SendingGoawayState.swift
[1876/1986] Compiling NIOHTTP2 SendingHeadersState.swift
[1877/1986] Compiling NIOHTTP2 SendingPushPromiseState.swift
[1878/1986] Compiling NIOHTTP2 SendingRstStreamState.swift
[1879/1986] Compiling NIOHTTP2 SendingWindowUpdateState.swift
[1880/1986] Compiling NIOHTTP2 HTTP2SettingsState.swift
[1881/1986] Compiling NIOHTTP2 HasExtendedConnectSettings.swift
[1882/1994] Compiling NIOHTTP2 HTTP2UserEvents.swift
[1883/1994] Compiling NIOHTTP2 InboundEventBuffer.swift
[1884/1994] Compiling NIOHTTP2 InboundWindowManager.swift
[1885/1994] Compiling NIOHTTP2 MultiplexerAbstractChannel.swift
[1886/1995] Wrapping AST for NIOSSL for debugging
[1888/1995] Emitting module NIOHTTP2
[1889/1995] Compiling NIOHTTP2 NIOHTTP2ServerConnectionManagementHandler.swift
[1890/1995] Compiling NIOHTTP2 StreamChannelFlowController.swift
[1891/1995] Compiling NIOHTTP2 StreamChannelList.swift
[1892/1995] Compiling NIOHTTP2 StreamMap.swift
[1893/1995] Compiling NIOHTTP2 StreamStateMachine.swift
[1894/1995] Compiling NIOHTTP2 Timer.swift
[1895/1995] Compiling NIOHTTP2 UnsafeTransfer.swift
[1896/1995] Compiling NIOHTTP2 WatermarkedFlowController.swift
[1900/1995] Compiling NIOHTTP2 ReceivingDataState.swift
[1901/1995] Compiling NIOHTTP2 ReceivingGoAwayState.swift
[1902/1995] Compiling NIOHTTP2 ReceivingHeadersState.swift
[1903/1995] Compiling NIOHTTP2 ReceivingPushPromiseState.swift
[1904/1995] Compiling NIOHTTP2 ReceivingRstStreamState.swift
[1905/1995] Compiling NIOHTTP2 ReceivingWindowUpdateState.swift
[1915/1995] Compiling NIOHTTP2 DOSHeuristics.swift
[1916/1995] Compiling NIOHTTP2 Error+Any.swift
[1917/1995] Compiling NIOHTTP2 ConcurrentStreamBuffer.swift
[1918/1995] Compiling NIOHTTP2 ControlFrameBuffer.swift
[1919/1995] Compiling NIOHTTP2 OutboundFlowControlBuffer.swift
[1920/1995] Compiling NIOHTTP2 OutboundFrameBuffer.swift
[1921/1995] Compiling NIOHTTP2 GlitchesMonitor.swift
[1922/1995] Compiling NIOHTTP2 HPACKHeaders+Validation.swift
[1923/1995] Compiling NIOHTTP2 HTTP2ChannelHandler+InboundStreamMultiplexer.swift
[1924/1995] Compiling NIOHTTP2 HasFlowControlWindows.swift
[1925/1995] Compiling NIOHTTP2 HasLocalSettings.swift
[1926/1995] Compiling NIOHTTP2 HasRemoteSettings.swift
[1927/1995] Compiling NIOHTTP2 LocallyQuiescingState.swift
[1928/1995] Compiling NIOHTTP2 QuiescingState.swift
[1929/1995] Compiling NIOHTTP2 RemotelyQuiescingState.swift
[1930/1995] Compiling NIOHTTP2 SendAndReceiveGoawayState.swift
[1931/1995] Compiling NIOHTTP2 StateMachineResult.swift
[1932/1995] Compiling NIOHTTP2 ContentLengthVerifier.swift
[1933/1995] Compiling NIOHTTP2 HTTP2FrameParser.swift
[1934/1995] Compiling NIOHTTP2 HTTP2PingData.swift
[1935/1995] Compiling NIOHTTP2 HTTP2PipelineHelpers.swift
[1936/1995] Compiling NIOHTTP2 HTTP2Settings.swift
[1937/1995] Compiling NIOHTTP2 HTTP2Stream.swift
[1938/1995] Compiling NIOHTTP2 HTTP2StreamChannel+OutboundStreamMultiplexer.swift
[1939/1995] Compiling NIOHTTP2 HTTP2StreamChannel.swift
[1940/1995] Compiling NIOHTTP2 HTTP2StreamDelegate.swift
[1941/1995] Compiling NIOHTTP2 HTTP2StreamID.swift
[1942/1995] Compiling NIOHTTP2 HTTP2StreamMultiplexer.swift
[1943/1995] Compiling NIOHTTP2 HTTP2ToHTTP1Codec.swift
[1948/1995] Compiling NIOHTTP2 NIOHTTP2FrameDelegate.swift
[1949/1995] Compiling NIOHTTP2 NIOHTTP2ServerConnectionManagementHandler+StateMachine.swift
[1950/1996] Wrapping AST for NIOHTTP2 for debugging
[1952/2060] Compiling AsyncHTTPClient AnyAsyncSequence.swift
[1953/2060] Compiling AsyncHTTPClient AnyAsyncSequenceProucerDelete.swift
[1954/2060] Compiling AsyncHTTPClient AsyncLazySequence.swift
[1955/2060] Compiling AsyncHTTPClient HTTPClient+execute.swift
[1956/2060] Compiling AsyncHTTPClient HTTPClient+shutdown.swift
[1957/2060] Compiling AsyncHTTPClient HTTPClient+tracing.swift
[1958/2060] Compiling AsyncHTTPClient HTTPClientRequest+Prepared.swift
[1959/2060] Compiling AsyncHTTPClient HTTPClientRequest+auth.swift
[1960/2060] Compiling AsyncHTTPClient HTTPClientRequest.swift
[1961/2068] Emitting module AsyncHTTPClient
[1962/2068] Compiling AsyncHTTPClient RequestValidation.swift
[1963/2068] Compiling AsyncHTTPClient SSLContextCache.swift
[1964/2068] Compiling AsyncHTTPClient Scheme.swift
[1965/2068] Compiling AsyncHTTPClient Singleton.swift
[1966/2068] Compiling AsyncHTTPClient StringConvertibleInstances.swift
[1967/2068] Compiling AsyncHTTPClient StructuredConcurrencyHelpers.swift
[1968/2068] Compiling AsyncHTTPClient TracingSupport.swift
[1969/2068] Compiling AsyncHTTPClient Utils.swift
[1970/2068] Compiling AsyncHTTPClient DeconstructedURL.swift
[1971/2068] Compiling AsyncHTTPClient FileDownloadDelegate.swift
[1972/2068] Compiling AsyncHTTPClient FoundationExtensions.swift
[1973/2068] Compiling AsyncHTTPClient HTTPClient+HTTPCookie.swift
[1974/2068] Compiling AsyncHTTPClient HTTPClient+Proxy.swift
[1975/2068] Compiling AsyncHTTPClient HTTPClient+StructuredConcurrency.swift
[1976/2068] Compiling AsyncHTTPClient HTTPClient.swift
[1977/2068] Compiling AsyncHTTPClient HTTPClientConfiguration+SwiftConfiguration.swift
[1978/2068] Compiling AsyncHTTPClient HTTPHandler.swift
[1979/2068] Compiling AsyncHTTPClient LRUCache.swift
[1980/2068] Compiling AsyncHTTPClient NIOLoopBound+Execute.swift
[1981/2068] Compiling AsyncHTTPClient NWErrorHandler.swift
[1982/2068] Compiling AsyncHTTPClient NWWaitingHandler.swift
[1983/2068] Compiling AsyncHTTPClient TLSConfiguration.swift
[1984/2068] Compiling AsyncHTTPClient RedirectState.swift
[1985/2068] Compiling AsyncHTTPClient RequestBag+StateMachine.swift
[1986/2068] Compiling AsyncHTTPClient RequestBag+Tracing.swift
[1987/2068] Compiling AsyncHTTPClient RequestBag.swift
[1988/2068] Compiling AsyncHTTPClient RequestOptions.swift
[1989/2068] Compiling AsyncHTTPClient HTTPConnectionPool+Backoff.swift
[1990/2068] Compiling AsyncHTTPClient HTTPConnectionPool+HTTP1Connections.swift
[1991/2068] Compiling AsyncHTTPClient HTTPConnectionPool+HTTP1StateMachine.swift
[1992/2068] Compiling AsyncHTTPClient HTTPConnectionPool+HTTP2Connections.swift
[1993/2068] Compiling AsyncHTTPClient HTTPConnectionPool+HTTP2StateMachine.swift
[1994/2068] Compiling AsyncHTTPClient HTTPConnectionPool+RequestQueue.swift
[1995/2068] Compiling AsyncHTTPClient HTTPConnectionPool+StateMachine.swift
[1996/2068] Compiling AsyncHTTPClient ConnectionTarget.swift
[1997/2068] Compiling AsyncHTTPClient HTTPClientResponse.swift
[1998/2068] Compiling AsyncHTTPClient SingleIteratorPrecondition.swift
[1999/2068] Compiling AsyncHTTPClient Transaction+StateMachine.swift
[2000/2068] Compiling AsyncHTTPClient Transaction.swift
[2001/2068] Compiling AsyncHTTPClient Base64.swift
[2002/2068] Compiling AsyncHTTPClient BasicAuth.swift
[2003/2068] Compiling AsyncHTTPClient BestEffortHashableTLSConfiguration.swift
[2004/2068] Compiling AsyncHTTPClient Configuration+BrowserLike.swift
[2005/2068] Compiling AsyncHTTPClient ConnectionPool.swift
[2006/2068] Compiling AsyncHTTPClient HTTPConnectionEvent.swift
[2007/2068] Compiling AsyncHTTPClient HTTPConnectionPool+Factory.swift
[2008/2068] Compiling AsyncHTTPClient HTTPConnectionPool+Manager.swift
[2009/2068] Compiling AsyncHTTPClient HTTPConnectionPool.swift
[2010/2068] Compiling AsyncHTTPClient HTTPExecutableRequest.swift
[2011/2068] Compiling AsyncHTTPClient HTTPRequestStateMachine+Demand.swift
[2012/2068] Compiling AsyncHTTPClient HTTPRequestStateMachine.swift
[2013/2068] Compiling AsyncHTTPClient RequestBodyLength.swift
[2014/2068] Compiling AsyncHTTPClient RequestFramingMetadata.swift
[2015/2068] Compiling AsyncHTTPClient HTTP1ProxyConnectHandler.swift
[2016/2068] Compiling AsyncHTTPClient SOCKSEventsHandler.swift
[2017/2068] Compiling AsyncHTTPClient TLSEventsHandler.swift
[2018/2068] Compiling AsyncHTTPClient HTTP1ClientChannelHandler.swift
[2019/2068] Compiling AsyncHTTPClient HTTP1Connection.swift
[2020/2068] Compiling AsyncHTTPClient HTTP1ConnectionStateMachine.swift
[2021/2068] Compiling AsyncHTTPClient HTTP2ClientRequestHandler.swift
[2022/2068] Compiling AsyncHTTPClient HTTP2Connection.swift
[2023/2068] Compiling AsyncHTTPClient HTTP2IdleHandler.swift
[2024/2069] Wrapping AST for AsyncHTTPClient for debugging
[2026/2092] Compiling GoogleAuth UserAccountData.swift
[2027/2092] Compiling GoogleAuth UserAccountTokenProvider.swift
[2028/2092] Compiling GoogleAuth UserCredentials.swift
[2029/2095] Compiling GoogleAuth CredentialParserRegistry.swift
[2030/2095] Compiling GoogleAuth Credentials.swift
[2031/2095] Compiling GoogleAuth CredentialsError.swift
[2032/2095] Compiling GoogleAuth ServiceAccountCredentials.swift
[2033/2095] Compiling GoogleAuth ServiceAccountData.swift
[2034/2095] Compiling GoogleAuth ServiceAccountTokenProvider.swift
[2035/2095] Compiling GoogleAuth AnonymousCredentials.swift
[2036/2095] Compiling GoogleAuth ApiKeyCredentials.swift
[2037/2095] Compiling GoogleAuth ExternalAccountCredentials.swift
[2038/2095] Compiling GoogleAuth SubjectTokenProvider.swift
[2039/2095] Compiling GoogleAuth MDSAccessTokenProvider.swift
[2040/2095] Compiling GoogleAuth MDSCredentials.swift
[2041/2095] Compiling GoogleAuth AuthHTTPClient.swift
[2042/2095] Compiling GoogleAuth AuthHTTPError.swift
[2043/2095] Compiling GoogleAuth RetryEngine.swift
[2044/2095] Compiling GoogleAuth ADC.swift
[2045/2095] Compiling GoogleAuth ADCPath.swift
[2046/2095] Compiling GoogleAuth ADCResolver.swift
[2047/2095] Compiling GoogleAuth AuthHeaders.swift
[2048/2095] Emitting module GoogleAuth
[2049/2095] Compiling GoogleAuth STSHandler.swift
[2050/2095] Compiling GoogleAuth TokenCache.swift
[2051/2095] Compiling GoogleAuth PackageVersion.swift
[2052/2096] Wrapping AST for GoogleAuth for debugging
[2054/2154] Compiling GoogleGax Pagination.swift
/host/spi-builder-workspace/.build/checkouts/swift-google-gax/Sources/GoogleGax/Pagination.swift:44:22: error: cannot convert '@Sendable (String) async throws -> (response: ResponseType, items: [Item], nextToken: String)' to 'nonisolated(nonsending) @Sendable (String) async throws -> (response: ResponseType, items: [Item], nextToken: String)' because crossing of an isolation boundary requires parameter and result types to conform to 'Sendable' protocol
 42 |   ) where ResponseType: _PaginatedResponse<Item> {
 43 |     self.initialPageToken = initialPageToken ?? ""
 44 |     self.fetchPage = { token in
    |                      |- error: cannot convert '@Sendable (String) async throws -> (response: ResponseType, items: [Item], nextToken: String)' to 'nonisolated(nonsending) @Sendable (String) async throws -> (response: ResponseType, items: [Item], nextToken: String)' because crossing of an isolation boundary requires parameter and result types to conform to 'Sendable' protocol
    |                      `- note: type 'Item' does not conform to 'Sendable' protocol
 45 |       let response = try await listRpc(token)
 46 |       return (response, response._getPaginatedItems(), response._nextPageToken())
[2055/2154] Compiling GoogleGax PollingBackoffPolicy.swift
/host/spi-builder-workspace/.build/checkouts/swift-google-gax/Sources/GoogleGax/Pagination.swift:44:22: error: cannot convert '@Sendable (String) async throws -> (response: ResponseType, items: [Item], nextToken: String)' to 'nonisolated(nonsending) @Sendable (String) async throws -> (response: ResponseType, items: [Item], nextToken: String)' because crossing of an isolation boundary requires parameter and result types to conform to 'Sendable' protocol
 42 |   ) where ResponseType: _PaginatedResponse<Item> {
 43 |     self.initialPageToken = initialPageToken ?? ""
 44 |     self.fetchPage = { token in
    |                      |- error: cannot convert '@Sendable (String) async throws -> (response: ResponseType, items: [Item], nextToken: String)' to 'nonisolated(nonsending) @Sendable (String) async throws -> (response: ResponseType, items: [Item], nextToken: String)' because crossing of an isolation boundary requires parameter and result types to conform to 'Sendable' protocol
    |                      `- note: type 'Item' does not conform to 'Sendable' protocol
 45 |       let response = try await listRpc(token)
 46 |       return (response, response._getPaginatedItems(), response._nextPageToken())
[2056/2154] Compiling GoogleGax PollingErrorPolicy.swift
/host/spi-builder-workspace/.build/checkouts/swift-google-gax/Sources/GoogleGax/Pagination.swift:44:22: error: cannot convert '@Sendable (String) async throws -> (response: ResponseType, items: [Item], nextToken: String)' to 'nonisolated(nonsending) @Sendable (String) async throws -> (response: ResponseType, items: [Item], nextToken: String)' because crossing of an isolation boundary requires parameter and result types to conform to 'Sendable' protocol
 42 |   ) where ResponseType: _PaginatedResponse<Item> {
 43 |     self.initialPageToken = initialPageToken ?? ""
 44 |     self.fetchPage = { token in
    |                      |- error: cannot convert '@Sendable (String) async throws -> (response: ResponseType, items: [Item], nextToken: String)' to 'nonisolated(nonsending) @Sendable (String) async throws -> (response: ResponseType, items: [Item], nextToken: String)' because crossing of an isolation boundary requires parameter and result types to conform to 'Sendable' protocol
    |                      `- note: type 'Item' does not conform to 'Sendable' protocol
 45 |       let response = try await listRpc(token)
 46 |       return (response, response._getPaginatedItems(), response._nextPageToken())
[2057/2154] Compiling GoogleGax PollingResult.swift
/host/spi-builder-workspace/.build/checkouts/swift-google-gax/Sources/GoogleGax/Pagination.swift:44:22: error: cannot convert '@Sendable (String) async throws -> (response: ResponseType, items: [Item], nextToken: String)' to 'nonisolated(nonsending) @Sendable (String) async throws -> (response: ResponseType, items: [Item], nextToken: String)' because crossing of an isolation boundary requires parameter and result types to conform to 'Sendable' protocol
 42 |   ) where ResponseType: _PaginatedResponse<Item> {
 43 |     self.initialPageToken = initialPageToken ?? ""
 44 |     self.fetchPage = { token in
    |                      |- error: cannot convert '@Sendable (String) async throws -> (response: ResponseType, items: [Item], nextToken: String)' to 'nonisolated(nonsending) @Sendable (String) async throws -> (response: ResponseType, items: [Item], nextToken: String)' because crossing of an isolation boundary requires parameter and result types to conform to 'Sendable' protocol
    |                      `- note: type 'Item' does not conform to 'Sendable' protocol
 45 |       let response = try await listRpc(token)
 46 |       return (response, response._getPaginatedItems(), response._nextPageToken())
[2058/2154] Compiling GoogleGax PollingState.swift
/host/spi-builder-workspace/.build/checkouts/swift-google-gax/Sources/GoogleGax/Pagination.swift:44:22: error: cannot convert '@Sendable (String) async throws -> (response: ResponseType, items: [Item], nextToken: String)' to 'nonisolated(nonsending) @Sendable (String) async throws -> (response: ResponseType, items: [Item], nextToken: String)' because crossing of an isolation boundary requires parameter and result types to conform to 'Sendable' protocol
 42 |   ) where ResponseType: _PaginatedResponse<Item> {
 43 |     self.initialPageToken = initialPageToken ?? ""
 44 |     self.fetchPage = { token in
    |                      |- error: cannot convert '@Sendable (String) async throws -> (response: ResponseType, items: [Item], nextToken: String)' to 'nonisolated(nonsending) @Sendable (String) async throws -> (response: ResponseType, items: [Item], nextToken: String)' because crossing of an isolation boundary requires parameter and result types to conform to 'Sendable' protocol
    |                      `- note: type 'Item' does not conform to 'Sendable' protocol
 45 |       let response = try await listRpc(token)
 46 |       return (response, response._getPaginatedItems(), response._nextPageToken())
[2059/2154] Compiling GoogleGax ProtobufConversionError.swift
/host/spi-builder-workspace/.build/checkouts/swift-google-gax/Sources/GoogleGax/Pagination.swift:44:22: error: cannot convert '@Sendable (String) async throws -> (response: ResponseType, items: [Item], nextToken: String)' to 'nonisolated(nonsending) @Sendable (String) async throws -> (response: ResponseType, items: [Item], nextToken: String)' because crossing of an isolation boundary requires parameter and result types to conform to 'Sendable' protocol
 42 |   ) where ResponseType: _PaginatedResponse<Item> {
 43 |     self.initialPageToken = initialPageToken ?? ""
 44 |     self.fetchPage = { token in
    |                      |- error: cannot convert '@Sendable (String) async throws -> (response: ResponseType, items: [Item], nextToken: String)' to 'nonisolated(nonsending) @Sendable (String) async throws -> (response: ResponseType, items: [Item], nextToken: String)' because crossing of an isolation boundary requires parameter and result types to conform to 'Sendable' protocol
    |                      `- note: type 'Item' does not conform to 'Sendable' protocol
 45 |       let response = try await listRpc(token)
 46 |       return (response, response._getPaginatedItems(), response._nextPageToken())
[2060/2154] Compiling GoogleGax QueryParameter.swift
/host/spi-builder-workspace/.build/checkouts/swift-google-gax/Sources/GoogleGax/Pagination.swift:44:22: error: cannot convert '@Sendable (String) async throws -> (response: ResponseType, items: [Item], nextToken: String)' to 'nonisolated(nonsending) @Sendable (String) async throws -> (response: ResponseType, items: [Item], nextToken: String)' because crossing of an isolation boundary requires parameter and result types to conform to 'Sendable' protocol
 42 |   ) where ResponseType: _PaginatedResponse<Item> {
 43 |     self.initialPageToken = initialPageToken ?? ""
 44 |     self.fetchPage = { token in
    |                      |- error: cannot convert '@Sendable (String) async throws -> (response: ResponseType, items: [Item], nextToken: String)' to 'nonisolated(nonsending) @Sendable (String) async throws -> (response: ResponseType, items: [Item], nextToken: String)' because crossing of an isolation boundary requires parameter and result types to conform to 'Sendable' protocol
    |                      `- note: type 'Item' does not conform to 'Sendable' protocol
 45 |       let response = try await listRpc(token)
 46 |       return (response, response._getPaginatedItems(), response._nextPageToken())
[2061/2154] Compiling GoogleGax RequestError.swift
/host/spi-builder-workspace/.build/checkouts/swift-google-gax/Sources/GoogleGax/Pagination.swift:44:22: error: cannot convert '@Sendable (String) async throws -> (response: ResponseType, items: [Item], nextToken: String)' to 'nonisolated(nonsending) @Sendable (String) async throws -> (response: ResponseType, items: [Item], nextToken: String)' because crossing of an isolation boundary requires parameter and result types to conform to 'Sendable' protocol
 42 |   ) where ResponseType: _PaginatedResponse<Item> {
 43 |     self.initialPageToken = initialPageToken ?? ""
 44 |     self.fetchPage = { token in
    |                      |- error: cannot convert '@Sendable (String) async throws -> (response: ResponseType, items: [Item], nextToken: String)' to 'nonisolated(nonsending) @Sendable (String) async throws -> (response: ResponseType, items: [Item], nextToken: String)' because crossing of an isolation boundary requires parameter and result types to conform to 'Sendable' protocol
    |                      `- note: type 'Item' does not conform to 'Sendable' protocol
 45 |       let response = try await listRpc(token)
 46 |       return (response, response._getPaginatedItems(), response._nextPageToken())
[2062/2154] Compiling GoogleGax AIP194+PollingErrorPolicy.swift
[2063/2154] Compiling GoogleGax AIP194+RetryPolicy.swift
[2064/2154] Compiling GoogleGax AIP194.swift
[2065/2154] Compiling GoogleGax AdaptiveThrottler.swift
[2066/2154] Compiling GoogleGax AlwaysPoll.swift
[2067/2154] Compiling GoogleGax AlwaysRetry.swift
[2068/2154] Compiling GoogleGax ApiClientHeader.swift
[2069/2154] Compiling GoogleGax BackoffPolicy.swift
[2070/2154] Compiling GoogleGax BasePollingErrorPolicy.swift
[2071/2162] Emitting module GoogleGax
[2072/2162] Compiling GoogleGax LimitedAttemptCount+PollingErrorPolicy.swift
[2073/2162] Compiling GoogleGax LimitedAttemptCount+RetryPolicy.swift
[2074/2162] Compiling GoogleGax LimitedAttemptCount.swift
[2075/2162] Compiling GoogleGax LimitedElapsedTime+PollingErrorPolicy.swift
[2076/2162] Compiling GoogleGax LimitedElapsedTime+RetryPolicy.swift
[2077/2162] Compiling GoogleGax LimitedElapsedTime.swift
[2078/2162] Compiling GoogleGax LongRunningOperations.swift
[2079/2162] Compiling GoogleGax NeverRetry.swift
[2080/2162] Compiling GoogleGax RequestOptions.swift
[2081/2162] Compiling GoogleGax RetryLoop.swift
[2082/2162] Compiling GoogleGax RetryPolicy.swift
[2083/2162] Compiling GoogleGax RetryResult.swift
[2084/2162] Compiling GoogleGax RetryState.swift
[2085/2162] Compiling GoogleGax RetryThrottler.swift
[2086/2162] Compiling GoogleGax RetryThrottlerError.swift
[2087/2162] Compiling GoogleGax RoutingMatcher.swift
[2088/2162] Compiling GoogleGax ContinueOnIO.swift
[2089/2162] Compiling GoogleGax CredentialsProtocol.swift
[2090/2162] Compiling GoogleGax ErrorWrapper.swift
[2091/2162] Compiling GoogleGax ExponentialBackoff+BackoffPolicy.swift
[2092/2162] Compiling GoogleGax ExponentialBackoff+PollingBackoffPolicy.swift
[2093/2162] Compiling GoogleGax ExponentialBackoff.swift
[2094/2162] Compiling GoogleGax HTTPClient.swift
[2095/2162] Compiling GoogleGax HTTPClientHolder.swift
[2096/2162] Compiling GoogleGax HTTPClientProtocol.swift
[2097/2162] Compiling GoogleGax HTTPClientRequest.swift
[2098/2162] Compiling GoogleGax HTTPClientResponse.swift
[2099/2162] Compiling GoogleGax HTTPHeaders.swift
[2100/2162] Compiling GoogleGax HTTPResponseBody.swift
[2101/2162] Compiling GoogleGax HeaderNames.swift
[2102/2162] Compiling GoogleGax Host.swift
[2103/2162] Compiling GoogleGax InProgressResult.swift
[2104/2162] Compiling GoogleGax BaseRetryPolicy.swift
[2105/2162] Compiling GoogleGax BindingError.swift
[2106/2162] Compiling GoogleGax CRC32C.swift
[2107/2162] Compiling GoogleGax CircuitBreaker.swift
[2108/2162] Compiling GoogleGax ClientError.swift
[2109/2162] Compiling GoogleGax ClientOptions.swift
[2110/2162] Compiling GoogleGax ContinueOnIO+PollingErrorPolicy.swift
[2111/2162] Compiling GoogleGax ContinueOnIO+RetryPolicy.swift
[2112/2162] Compiling GoogleGax ServiceError.swift
[2113/2162] Compiling GoogleGax StatusDetail.swift
[2114/2162] Compiling GoogleGax StrictIdempotency.swift
[2115/2162] Compiling GoogleGax ThrottleResult.swift
[2116/2162] Compiling GoogleGax TooManyRequests+PollingErrorPolicy.swift
[2117/2162] Compiling GoogleGax TooManyRequests+RetryPolicy.swift
[2118/2162] Compiling GoogleGax TooManyRequests.swift
[2119/2162] Compiling GoogleGax PackageVersion.swift
BUILD FAILURE 6.2 android