Build Information
Failed to build Wax, reference 0.1.47 (e4587f), with Swift 6.2 for Android on 28 Sep 2026 04:40:26 UTC.
Build Command
bash -c docker run --pull=always --rm -v "checkouts-54344847-0":/host -w "$PWD" -e JAVA_HOME="/root/.sdkman/candidates/java/current" -e SPI_BUILD="1" -e SPI_PROCESSING="1" registry.gitlab.com/saguaro1/spi-images:android-6.2-latest swift build --swift-sdk aarch64-unknown-linux-android28 2>&1Build Log
========================================
RunAll
========================================
Builder version: 5.1.0
Interrupt handler set up.
========================================
Checkout
========================================
Clone URL: https://github.com/christopherkarani/Wax.git
Reference: 0.1.47
Initialized empty Git repository in /host/spi-builder-workspace/.git/
hint: Using 'master' as the name for the initial branch. This default branch name
hint: is subject to change. To configure the initial branch name to use in all
hint: of your new repositories, which will suppress this warning, call:
hint:
hint: git config --global init.defaultBranch <name>
hint:
hint: Names commonly chosen instead of 'master' are 'main', 'trunk' and
hint: 'development'. The just-created branch can be renamed via this command:
hint:
hint: git branch -m <name>
From https://github.com/christopherkarani/Wax
* tag 0.1.47 -> FETCH_HEAD
HEAD is now at e4587f8 release: waxmcp v0.1.47
Cloned https://github.com/christopherkarani/Wax.git
Revision (git rev-parse @):
e4587f8cebb76aa92ece008253f13c66b756e68b
SUCCESS checkout https://github.com/christopherkarani/Wax.git at 0.1.47
========================================
Build
========================================
Selected platform: android
Swift version: 6.2
Building package at path: $PWD
https://github.com/christopherkarani/Wax.git
Running build ...
bash -c docker run --pull=always --rm -v "checkouts-54344847-0":/host -w "$PWD" -e JAVA_HOME="/root/.sdkman/candidates/java/current" -e SPI_BUILD="1" -e SPI_PROCESSING="1" registry.gitlab.com/saguaro1/spi-images:android-6.2-latest swift build --swift-sdk aarch64-unknown-linux-android28 2>&1
android-6.2-latest: Pulling from saguaro1/spi-images
Digest: sha256:f47b2a33897778fb58ca39c1139e193fa7f391fa362fe0d23c00db9747030994
Status: Image is up to date for registry.gitlab.com/saguaro1/spi-images:android-6.2-latest
Fetching https://github.com/apple/swift-argument-parser.git
Fetching https://github.com/swiftlang/swift-testing
Fetching https://github.com/swiftlang/swift-docc-plugin
Fetching https://github.com/apple/swift-crypto.git
Fetching https://github.com/apple/swift-log.git
Fetching https://github.com/groue/GRDB.swift.git
[1/18562] Fetching swift-crypto
[187/26727] Fetching swift-crypto, swift-log
[4360/29072] Fetching swift-crypto, swift-log, swift-docc-plugin
[9515/143066] Fetching swift-crypto, swift-log, swift-docc-plugin, grdb.swift
Fetched https://github.com/swiftlang/swift-docc-plugin from cache (0.61s)
Fetching https://github.com/christopherkarani/MetalANNS.git
[21607/140721] Fetching swift-crypto, swift-log, grdb.swift
[25373/184553] Fetching swift-crypto, swift-log, grdb.swift, swift-testing
[33934/203500] Fetching swift-crypto, swift-log, grdb.swift, swift-testing, swift-argument-parser
[93755/206069] Fetching swift-crypto, swift-log, grdb.swift, swift-testing, swift-argument-parser, metalanns
Fetched https://github.com/christopherkarani/MetalANNS.git from cache (0.67s)
[105696/203500] Fetching swift-crypto, swift-log, grdb.swift, swift-testing, swift-argument-parser
Fetched https://github.com/apple/swift-log.git from cache (8.43s)
Fetched https://github.com/apple/swift-argument-parser.git from cache (8.43s)
Fetched https://github.com/apple/swift-crypto.git from cache (8.45s)
Fetched https://github.com/swiftlang/swift-testing from cache (8.45s)
Fetched https://github.com/groue/GRDB.swift.git from cache (8.55s)
Computing version for https://github.com/christopherkarani/MetalANNS.git
Computed https://github.com/christopherkarani/MetalANNS.git at 0.3.0 (8.70s)
Computing version for https://github.com/swiftlang/swift-testing
Computed https://github.com/swiftlang/swift-testing at 0.99.0 (0.57s)
Fetching https://github.com/swiftlang/swift-syntax.git
[1/80069] Fetching swift-syntax
Fetched https://github.com/swiftlang/swift-syntax.git from cache (3.47s)
Computing version for https://github.com/swiftlang/swift-syntax.git
Computed https://github.com/swiftlang/swift-syntax.git at 600.0.1 (4.62s)
Computing version for https://github.com/swiftlang/swift-docc-plugin
Computed https://github.com/swiftlang/swift-docc-plugin at 1.5.0 (0.17s)
Fetching https://github.com/swiftlang/swift-docc-symbolkit
[1/3831] Fetching swift-docc-symbolkit
Fetched https://github.com/swiftlang/swift-docc-symbolkit from cache (0.59s)
Computing version for https://github.com/swiftlang/swift-docc-symbolkit
Computed https://github.com/swiftlang/swift-docc-symbolkit at 1.0.0 (0.79s)
Computing version for https://github.com/apple/swift-argument-parser.git
Computed https://github.com/apple/swift-argument-parser.git at 1.8.2 (0.15s)
Computing version for https://github.com/groue/GRDB.swift.git
Computed https://github.com/groue/GRDB.swift.git at 7.11.1 (0.92s)
Computing version for https://github.com/apple/swift-crypto.git
Computed https://github.com/apple/swift-crypto.git at 3.15.1 (0.41s)
Fetching https://github.com/apple/swift-asn1.git
[1/1986] Fetching swift-asn1
Fetched https://github.com/apple/swift-asn1.git from cache (0.56s)
Computing version for https://github.com/apple/swift-asn1.git
Computed https://github.com/apple/swift-asn1.git at 1.7.3 (0.74s)
Computing version for https://github.com/apple/swift-log.git
Computed https://github.com/apple/swift-log.git at 1.15.1 (0.15s)
Creating working copy for https://github.com/christopherkarani/MetalANNS.git
Working copy of https://github.com/christopherkarani/MetalANNS.git resolved at 0.3.0
Creating working copy for https://github.com/swiftlang/swift-docc-plugin
Working copy of https://github.com/swiftlang/swift-docc-plugin resolved at 1.5.0
Creating working copy for https://github.com/apple/swift-log.git
Working copy of https://github.com/apple/swift-log.git resolved at 1.15.1
Creating working copy for https://github.com/apple/swift-argument-parser.git
Working copy of https://github.com/apple/swift-argument-parser.git resolved at 1.8.2
Creating working copy for https://github.com/apple/swift-crypto.git
Working copy of https://github.com/apple/swift-crypto.git resolved at 3.15.1
Creating working copy for https://github.com/swiftlang/swift-syntax.git
Working copy of https://github.com/swiftlang/swift-syntax.git resolved at 600.0.1
Creating working copy for https://github.com/swiftlang/swift-docc-symbolkit
Working copy of https://github.com/swiftlang/swift-docc-symbolkit resolved at 1.0.0
Creating working copy for https://github.com/swiftlang/swift-testing
Working copy of https://github.com/swiftlang/swift-testing resolved at 0.99.0
Creating working copy for https://github.com/apple/swift-asn1.git
Working copy of https://github.com/apple/swift-asn1.git resolved at 1.7.3
Creating working copy for https://github.com/groue/GRDB.swift.git
Working copy of https://github.com/groue/GRDB.swift.git resolved at 7.11.1
Downloading package prebuilt https://download.swift.org/prebuilts/swift-syntax/600.0.1/swift-6.2-RELEASE-MacroSupport-ubuntu_jammy_x86_64.tar.gz
Downloaded https://download.swift.org/prebuilts/swift-syntax/600.0.1/swift-6.2-RELEASE-MacroSupport-ubuntu_jammy_x86_64.tar.gz (0.22s)
[1/1] Compiling plugin Swift-DocC Preview
[2/2] Compiling plugin Swift-DocC
[3/3] Compiling plugin GenerateManual
[4/4] Compiling plugin GenerateDoccReference
Building for debugging...
[4/415] Write sources
[15/415] Copying TopKReduction.metal
[16/415] Copying CosineDistance.metal
[17/415] Copying bert_tokenizer_vocab.txt
[18/415] Copying cl100k_base.tiktoken
[19/415] Copying PrivacyInfo.xcprivacy
[20/415] Copying Info.plist
[21/415] Write sources
[23/415] Copying snowflake-arctic-embed-s.mlmodelc
[24/415] Copying all-MiniLM-L6-v2.mlmodelc
[25/415] Compiling fiat_p256_adx_sqr.S
[26/415] Compiling fiat_p256_adx_mul.S
[27/415] Compiling fiat_curve25519_adx_square.S
[28/415] Compiling fiat_curve25519_adx_mul.S
[29/415] Compiling md5-x86_64-linux.S
[30/415] Compiling md5-586-linux.S
[31/415] Compiling md5-x86_64-apple.S
[32/415] Compiling md5-586-apple.S
[33/415] Compiling chacha20_poly1305_x86_64-linux.S
[34/415] Compiling CCryptoBoringSSLShims shims.c
[35/415] Compiling chacha20_poly1305_x86_64-apple.S
[36/415] Compiling chacha20_poly1305_armv8-win.S
[37/415] Compiling chacha20_poly1305_armv8-apple.S
[38/415] Compiling chacha20_poly1305_armv8-linux.S
[39/415] Compiling chacha-x86_64-apple.S
[40/415] Compiling chacha-x86_64-linux.S
[41/415] Compiling chacha-x86-linux.S
[42/415] Compiling chacha-x86-apple.S
[43/415] Compiling chacha-armv8-win.S
[44/415] Compiling chacha-armv8-apple.S
[45/415] Compiling chacha-armv8-linux.S
[46/415] Compiling chacha-armv4-linux.S
[47/415] Compiling aes128gcmsiv-x86_64-linux.S
[48/415] Compiling x86_64-mont5-linux.S
[49/415] Compiling aes128gcmsiv-x86_64-apple.S
[50/415] Compiling err_data.cc
[51/415] Compiling p_hkdf.cc
[52/415] Compiling p_ed25519.cc
[53/415] Compiling p_ed25519_asn1.cc
[54/415] Compiling x86_64-mont-linux.S
[55/415] Write swift-version--11D90AFD9DD3AB2.txt
[56/415] Compiling p_rsa.cc
[57/415] Compiling x86_64-mont5-apple.S
[58/415] Compiling x86_64-mont-apple.S
[59/415] Compiling x86-mont-linux.S
[60/415] Compiling x86-mont-apple.S
[61/415] Compiling vpaes-x86_64-linux.S
[62/415] Compiling vpaes-x86_64-apple.S
[63/415] Compiling vpaes-x86-linux.S
[64/415] Compiling vpaes-x86-apple.S
[65/415] Compiling vpaes-armv8-win.S
[66/419] Compiling vpaes-armv7-linux.S
[67/419] Compiling sha512-x86_64-linux.S
[68/419] Compiling vpaes-armv8-apple.S
[69/419] Compiling vpaes-armv8-linux.S
[70/419] Compiling sha512-armv8-win.S
[71/420] Compiling sha512-x86_64-apple.S
[72/440] Compiling sha512-armv8-apple.S
[73/441] Compiling sha512-586-linux.S
[74/441] Compiling sha512-armv4-linux.S
[75/441] Compiling sha512-armv8-linux.S
[76/461] Compiling sha256-x86_64-linux.S
[77/477] Compiling sha512-586-apple.S
[78/524] Compiling sha256-armv8-apple.S
[79/525] Compiling sha256-armv8-win.S
[80/536] Compiling sha256-x86_64-apple.S
[81/560] Compiling sha256-armv8-linux.S
[82/567] Compiling sha256-armv4-linux.S
[83/567] Compiling sha256-586-linux.S
[84/567] Compiling sha256-586-apple.S
[85/567] Compiling sha1-x86_64-apple.S
[86/567] Compiling sha1-x86_64-linux.S
[87/567] Compiling sha1-armv8-win.S
[88/567] Compiling sha1-armv8-apple.S
[89/567] Compiling sha1-armv8-linux.S
[89/567] Compiling sha1-586-linux.S
[89/567] Compiling sha1-armv4-large-linux.S
[92/567] Compiling rsaz-avx2-linux.S
[93/567] Compiling rsaz-avx2-apple.S
[94/567] Compiling sha1-586-apple.S
[95/567] Compiling rdrand-x86_64-linux.S
[96/567] Compiling rdrand-x86_64-apple.S
[97/567] Compiling p256_beeu-x86_64-asm-linux.S
[98/567] Compiling p256_beeu-x86_64-asm-apple.S
[99/567] Compiling p256_beeu-armv8-asm-win.S
[100/567] Compiling p256_beeu-armv8-asm-linux.S
[101/567] Compiling p256_beeu-armv8-asm-apple.S
[102/567] Compiling p256-x86_64-asm-linux.S
[103/567] Compiling p256-x86_64-asm-apple.S
[104/567] Compiling p256-armv8-asm-win.S
[105/567] Compiling p256-armv8-asm-apple.S
[106/567] Compiling p256-armv8-asm-linux.S
[107/567] Compiling ghashv8-armv7-linux.S
[108/567] Compiling ghashv8-armv8-win.S
[109/567] Compiling ghashv8-armv8-linux.S
[110/567] Compiling ghashv8-armv8-apple.S
[111/567] Compiling ghash-x86_64-linux.S
[112/567] Compiling ghash-x86-apple.S
[113/567] Compiling ghash-x86-linux.S
[114/567] Compiling ghash-x86_64-apple.S
[115/567] Compiling ghash-ssse3-x86_64-linux.S
[116/567] Compiling ghash-ssse3-x86_64-apple.S
[117/567] Compiling ghash-ssse3-x86-linux.S
[118/567] Compiling ghash-ssse3-x86-apple.S
[119/567] Compiling ghash-neon-armv8-apple.S
[120/567] Compiling ghash-neon-armv8-win.S
[121/567] Compiling ghash-armv4-linux.S
[122/567] Compiling ghash-neon-armv8-linux.S
[123/567] Compiling co-586-linux.S
[124/567] Compiling co-586-apple.S
[125/567] Compiling bsaes-armv7-linux.S
[126/567] Compiling bn-armv8-win.S
[127/567] Compiling bn-armv8-linux.S
[128/567] Compiling bn-armv8-apple.S
[129/567] Compiling bn-586-linux.S
[130/567] Compiling bn-586-apple.S
[131/567] Compiling armv8-mont-win.S
[132/567] Compiling armv8-mont-apple.S
[132/567] Compiling armv4-mont-linux.S
[134/567] Compiling aesv8-gcm-armv8-win.S
[134/567] Compiling armv8-mont-linux.S
[136/567] Compiling aesv8-gcm-armv8-apple.S
[137/567] Compiling aesv8-gcm-armv8-linux.S
[138/567] Compiling aesv8-armv8-win.S
[138/567] Compiling aesv8-armv7-linux.S
[140/567] Compiling aesv8-armv8-apple.S
[140/567] Compiling aesv8-armv8-linux.S
[142/567] Compiling aesni-x86_64-linux.S
[143/567] Compiling aesni-x86_64-apple.S
[144/567] Compiling aesni-x86-linux.S
[145/567] Compiling aesni-x86-apple.S
[146/567] Compiling aesni-gcm-x86_64-apple.S
[147/567] Compiling aesni-gcm-x86_64-linux.S
[148/567] Compiling aes-gcm-avx512-x86_64-apple.S
[149/567] Compiling aes-gcm-avx512-x86_64-linux.S
[150/567] Compiling aes-gcm-avx2-x86_64-linux.S
[151/567] Compiling aes-gcm-avx2-x86_64-apple.S
[152/567] Compiling xwing.cc
[153/567] Compiling x_sig.cc
[154/567] Compiling x_spki.cc
[155/567] Compiling x_x509.cc
[156/567] Compiling x_x509a.cc
[157/567] Compiling x_req.cc
[158/567] Compiling x_crl.cc
[159/567] Compiling x_name.cc
[160/567] Compiling x_exten.cc
[161/567] Compiling x_pubkey.cc
[162/567] Compiling x_all.cc
[163/567] Compiling x_attrib.cc
[164/567] Compiling x_algor.cc
[165/567] Compiling x509cset.cc
[166/567] Compiling x509_vpm.cc
[167/567] Compiling x509spki.cc
[168/567] Compiling x509_v3.cc
[169/567] Compiling x509name.cc
[170/567] Compiling x509rset.cc
[171/567] Compiling x509_txt.cc
[172/567] Compiling x509_vfy.cc
[173/567] Compiling x509_set.cc
[174/567] Compiling x509_trs.cc
[175/567] Compiling x509_lu.cc
[176/567] Compiling x509_obj.cc
[177/567] Compiling x509_req.cc
[178/567] Compiling x509_ext.cc
[179/567] Compiling x509_def.cc
[180/567] Compiling x509_d2.cc
[181/567] Compiling x509.cc
[182/567] Compiling x509_cmp.cc
[183/567] Compiling x509_att.cc
[184/567] Compiling v3_utl.cc
[185/567] Compiling v3_skey.cc
[186/567] Compiling v3_pcons.cc
[187/567] Compiling v3_purp.cc
[188/567] Compiling v3_prn.cc
[189/567] Compiling v3_pmaps.cc
[190/567] Compiling v3_ocsp.cc
[191/567] Compiling v3_info.cc
[192/567] Compiling v3_ncons.cc
[193/567] Compiling v3_lib.cc
[194/567] Compiling v3_ia5.cc
[195/567] Compiling v3_int.cc
[196/567] Compiling v3_genn.cc
[197/567] Compiling v3_crld.cc
[198/567] Compiling v3_conf.cc
[199/567] Compiling v3_enum.cc
[200/567] Compiling v3_cpols.cc
[201/567] Compiling v3_extku.cc
[202/567] Compiling v3_bitst.cc
[203/567] Compiling v3_bcons.cc
[204/567] Compiling v3_akeya.cc
[205/567] Compiling v3_alt.cc
[206/567] Compiling t_x509a.cc
[207/567] Compiling v3_akey.cc
[208/567] Compiling t_x509.cc
[209/567] Compiling t_req.cc
[210/567] Compiling t_crl.cc
[211/567] Compiling rsa_pss.cc
[212/567] Compiling policy.cc
[213/567] Compiling name_print.cc
[214/567] Compiling i2d_pr.cc
[215/567] Compiling by_file.cc
[216/567] Compiling by_dir.cc
[217/567] Compiling asn1_gen.cc
[218/567] Compiling algorithm.cc
[219/567] Compiling a_verify.cc
[220/567] Compiling a_sign.cc
[221/567] Compiling voprf.cc
[222/567] Compiling a_digest.cc
[223/567] Compiling thread_win.cc
[224/567] Compiling trust_token.cc
[225/567] Compiling pmbtoken.cc
[226/567] Compiling thread_pthread.cc
[227/567] Compiling thread_none.cc
[229/567] Compiling WaxBertTokenizer resource_bundle_accessor.swift
[229/567] Compiling thread.cc
[231/567] Emitting module WaxBertTokenizer
[232/567] Compiling WaxBertTokenizer BertTokenizer.swift
[233/567] Compiling WaxBertTokenizer BundleResolver.swift
[234/568] Compiling stack.cc
[235/568] Compiling spake2plus.cc
[236/568] Compiling sha512.cc
[237/568] Wrapping AST for WaxBertTokenizer for debugging
error: emit-module command failed with exit code 1 (use -v to see invocation)
[239/568] Emitting module GRDB
<module-includes>:1:10: note: in file included from <module-includes>:1:
1 | #include "shim.h"
| `- note: in file included from <module-includes>:1:
2 |
/host/spi-builder-workspace/.build/checkouts/GRDB.swift/Sources/GRDBSQLite/shim.h:1:10: error: 'sqlite3.h' file not found
1 | #include <sqlite3.h>
| `- error: 'sqlite3.h' file not found
2 |
3 | typedef void(*_errorLogCallback)(void *pArg, int iErrCode, const char *zMsg);
/host/spi-builder-workspace/.build/checkouts/GRDB.swift/GRDB/Core/Configuration.swift:10:8: error: could not build C module 'GRDBSQLite'
8 | import SQLCipher
9 | #else // Default SPM trait must be the default. It impossible to detect from Xcode.
10 | import GRDBSQLite
| `- error: could not build C module 'GRDBSQLite'
11 | #endif
12 |
[240/568] Compiling GRDB DatabaseValueConvertible.swift
<module-includes>:1:10: note: in file included from <module-includes>:1:
1 | #include "shim.h"
| `- note: in file included from <module-includes>:1:
2 |
/host/spi-builder-workspace/.build/checkouts/GRDB.swift/Sources/GRDBSQLite/shim.h:1:10: error: 'sqlite3.h' file not found
1 | #include <sqlite3.h>
| `- error: 'sqlite3.h' file not found
2 |
3 | typedef void(*_errorLogCallback)(void *pArg, int iErrCode, const char *zMsg);
/host/spi-builder-workspace/.build/checkouts/GRDB.swift/GRDB/Core/Configuration.swift:10:8: error: could not build C module 'GRDBSQLite'
8 | import SQLCipher
9 | #else // Default SPM trait must be the default. It impossible to detect from Xcode.
10 | import GRDBSQLite
| `- error: could not build C module 'GRDBSQLite'
11 | #endif
12 |
[241/568] Compiling GRDB DatabaseWriter.swift
<module-includes>:1:10: note: in file included from <module-includes>:1:
1 | #include "shim.h"
| `- note: in file included from <module-includes>:1:
2 |
/host/spi-builder-workspace/.build/checkouts/GRDB.swift/Sources/GRDBSQLite/shim.h:1:10: error: 'sqlite3.h' file not found
1 | #include <sqlite3.h>
| `- error: 'sqlite3.h' file not found
2 |
3 | typedef void(*_errorLogCallback)(void *pArg, int iErrCode, const char *zMsg);
/host/spi-builder-workspace/.build/checkouts/GRDB.swift/GRDB/Core/Configuration.swift:10:8: error: could not build C module 'GRDBSQLite'
8 | import SQLCipher
9 | #else // Default SPM trait must be the default. It impossible to detect from Xcode.
10 | import GRDBSQLite
| `- error: could not build C module 'GRDBSQLite'
11 | #endif
12 |
[242/568] Compiling GRDB DispatchQueueActor.swift
<module-includes>:1:10: note: in file included from <module-includes>:1:
1 | #include "shim.h"
| `- note: in file included from <module-includes>:1:
2 |
/host/spi-builder-workspace/.build/checkouts/GRDB.swift/Sources/GRDBSQLite/shim.h:1:10: error: 'sqlite3.h' file not found
1 | #include <sqlite3.h>
| `- error: 'sqlite3.h' file not found
2 |
3 | typedef void(*_errorLogCallback)(void *pArg, int iErrCode, const char *zMsg);
/host/spi-builder-workspace/.build/checkouts/GRDB.swift/GRDB/Core/Configuration.swift:10:8: error: could not build C module 'GRDBSQLite'
8 | import SQLCipher
9 | #else // Default SPM trait must be the default. It impossible to detect from Xcode.
10 | import GRDBSQLite
| `- error: could not build C module 'GRDBSQLite'
11 | #endif
12 |
[243/568] Compiling GRDB FetchRequest.swift
<module-includes>:1:10: note: in file included from <module-includes>:1:
1 | #include "shim.h"
| `- note: in file included from <module-includes>:1:
2 |
/host/spi-builder-workspace/.build/checkouts/GRDB.swift/Sources/GRDBSQLite/shim.h:1:10: error: 'sqlite3.h' file not found
1 | #include <sqlite3.h>
| `- error: 'sqlite3.h' file not found
2 |
3 | typedef void(*_errorLogCallback)(void *pArg, int iErrCode, const char *zMsg);
/host/spi-builder-workspace/.build/checkouts/GRDB.swift/GRDB/Core/Configuration.swift:10:8: error: could not build C module 'GRDBSQLite'
8 | import SQLCipher
9 | #else // Default SPM trait must be the default. It impossible to detect from Xcode.
10 | import GRDBSQLite
| `- error: could not build C module 'GRDBSQLite'
11 | #endif
12 |
[244/568] Compiling GRDB Row.swift
<module-includes>:1:10: note: in file included from <module-includes>:1:
1 | #include "shim.h"
| `- note: in file included from <module-includes>:1:
2 |
/host/spi-builder-workspace/.build/checkouts/GRDB.swift/Sources/GRDBSQLite/shim.h:1:10: error: 'sqlite3.h' file not found
1 | #include <sqlite3.h>
| `- error: 'sqlite3.h' file not found
2 |
3 | typedef void(*_errorLogCallback)(void *pArg, int iErrCode, const char *zMsg);
/host/spi-builder-workspace/.build/checkouts/GRDB.swift/GRDB/Core/Configuration.swift:10:8: error: could not build C module 'GRDBSQLite'
8 | import SQLCipher
9 | #else // Default SPM trait must be the default. It impossible to detect from Xcode.
10 | import GRDBSQLite
| `- error: could not build C module 'GRDBSQLite'
11 | #endif
12 |
[245/568] Compiling GRDB RowAdapter.swift
<module-includes>:1:10: note: in file included from <module-includes>:1:
1 | #include "shim.h"
| `- note: in file included from <module-includes>:1:
2 |
/host/spi-builder-workspace/.build/checkouts/GRDB.swift/Sources/GRDBSQLite/shim.h:1:10: error: 'sqlite3.h' file not found
1 | #include <sqlite3.h>
| `- error: 'sqlite3.h' file not found
2 |
3 | typedef void(*_errorLogCallback)(void *pArg, int iErrCode, const char *zMsg);
/host/spi-builder-workspace/.build/checkouts/GRDB.swift/GRDB/Core/Configuration.swift:10:8: error: could not build C module 'GRDBSQLite'
8 | import SQLCipher
9 | #else // Default SPM trait must be the default. It impossible to detect from Xcode.
10 | import GRDBSQLite
| `- error: could not build C module 'GRDBSQLite'
11 | #endif
12 |
[246/568] Compiling GRDB RowDecodingError.swift
<module-includes>:1:10: note: in file included from <module-includes>:1:
1 | #include "shim.h"
| `- note: in file included from <module-includes>:1:
2 |
/host/spi-builder-workspace/.build/checkouts/GRDB.swift/Sources/GRDBSQLite/shim.h:1:10: error: 'sqlite3.h' file not found
1 | #include <sqlite3.h>
| `- error: 'sqlite3.h' file not found
2 |
3 | typedef void(*_errorLogCallback)(void *pArg, int iErrCode, const char *zMsg);
/host/spi-builder-workspace/.build/checkouts/GRDB.swift/GRDB/Core/Configuration.swift:10:8: error: could not build C module 'GRDBSQLite'
8 | import SQLCipher
9 | #else // Default SPM trait must be the default. It impossible to detect from Xcode.
10 | import GRDBSQLite
| `- error: could not build C module 'GRDBSQLite'
11 | #endif
12 |
[247/568] Compiling GRDB SQL.swift
<module-includes>:1:10: note: in file included from <module-includes>:1:
1 | #include "shim.h"
| `- note: in file included from <module-includes>:1:
2 |
/host/spi-builder-workspace/.build/checkouts/GRDB.swift/Sources/GRDBSQLite/shim.h:1:10: error: 'sqlite3.h' file not found
1 | #include <sqlite3.h>
| `- error: 'sqlite3.h' file not found
2 |
3 | typedef void(*_errorLogCallback)(void *pArg, int iErrCode, const char *zMsg);
/host/spi-builder-workspace/.build/checkouts/GRDB.swift/GRDB/Core/Configuration.swift:10:8: error: could not build C module 'GRDBSQLite'
8 | import SQLCipher
9 | #else // Default SPM trait must be the default. It impossible to detect from Xcode.
10 | import GRDBSQLite
| `- error: could not build C module 'GRDBSQLite'
11 | #endif
12 |
[248/568] Compiling GRDB SQLInterpolation.swift
<module-includes>:1:10: note: in file included from <module-includes>:1:
1 | #include "shim.h"
| `- note: in file included from <module-includes>:1:
2 |
/host/spi-builder-workspace/.build/checkouts/GRDB.swift/Sources/GRDBSQLite/shim.h:1:10: error: 'sqlite3.h' file not found
1 | #include <sqlite3.h>
| `- error: 'sqlite3.h' file not found
2 |
3 | typedef void(*_errorLogCallback)(void *pArg, int iErrCode, const char *zMsg);
/host/spi-builder-workspace/.build/checkouts/GRDB.swift/GRDB/Core/Configuration.swift:10:8: error: could not build C module 'GRDBSQLite'
8 | import SQLCipher
9 | #else // Default SPM trait must be the default. It impossible to detect from Xcode.
10 | import GRDBSQLite
| `- error: could not build C module 'GRDBSQLite'
11 | #endif
12 |
[249/568] Compiling GRDB SQLRequest.swift
<module-includes>:1:10: note: in file included from <module-includes>:1:
1 | #include "shim.h"
| `- note: in file included from <module-includes>:1:
2 |
/host/spi-builder-workspace/.build/checkouts/GRDB.swift/Sources/GRDBSQLite/shim.h:1:10: error: 'sqlite3.h' file not found
1 | #include <sqlite3.h>
| `- error: 'sqlite3.h' file not found
2 |
3 | typedef void(*_errorLogCallback)(void *pArg, int iErrCode, const char *zMsg);
/host/spi-builder-workspace/.build/checkouts/GRDB.swift/GRDB/Core/Configuration.swift:10:8: error: could not build C module 'GRDBSQLite'
8 | import SQLCipher
9 | #else // Default SPM trait must be the default. It impossible to detect from Xcode.
10 | import GRDBSQLite
| `- error: could not build C module 'GRDBSQLite'
11 | #endif
12 |
[250/568] Compiling GRDB SchedulingWatchdog.swift
<module-includes>:1:10: note: in file included from <module-includes>:1:
1 | #include "shim.h"
| `- note: in file included from <module-includes>:1:
2 |
/host/spi-builder-workspace/.build/checkouts/GRDB.swift/Sources/GRDBSQLite/shim.h:1:10: error: 'sqlite3.h' file not found
1 | #include <sqlite3.h>
| `- error: 'sqlite3.h' file not found
2 |
3 | typedef void(*_errorLogCallback)(void *pArg, int iErrCode, const char *zMsg);
/host/spi-builder-workspace/.build/checkouts/GRDB.swift/GRDB/Core/Configuration.swift:10:8: error: could not build C module 'GRDBSQLite'
8 | import SQLCipher
9 | #else // Default SPM trait must be the default. It impossible to detect from Xcode.
10 | import GRDBSQLite
| `- error: could not build C module 'GRDBSQLite'
11 | #endif
12 |
[251/568] Compiling GRDB SerializedDatabase.swift
<module-includes>:1:10: note: in file included from <module-includes>:1:
1 | #include "shim.h"
| `- note: in file included from <module-includes>:1:
2 |
/host/spi-builder-workspace/.build/checkouts/GRDB.swift/Sources/GRDBSQLite/shim.h:1:10: error: 'sqlite3.h' file not found
1 | #include <sqlite3.h>
| `- error: 'sqlite3.h' file not found
2 |
3 | typedef void(*_errorLogCallback)(void *pArg, int iErrCode, const char *zMsg);
/host/spi-builder-workspace/.build/checkouts/GRDB.swift/GRDB/Core/Configuration.swift:10:8: error: could not build C module 'GRDBSQLite'
8 | import SQLCipher
9 | #else // Default SPM trait must be the default. It impossible to detect from Xcode.
10 | import GRDBSQLite
| `- error: could not build C module 'GRDBSQLite'
11 | #endif
12 |
[252/568] Compiling GRDB Statement.swift
<module-includes>:1:10: note: in file included from <module-includes>:1:
1 | #include "shim.h"
| `- note: in file included from <module-includes>:1:
2 |
/host/spi-builder-workspace/.build/checkouts/GRDB.swift/Sources/GRDBSQLite/shim.h:1:10: error: 'sqlite3.h' file not found
1 | #include <sqlite3.h>
| `- error: 'sqlite3.h' file not found
2 |
3 | typedef void(*_errorLogCallback)(void *pArg, int iErrCode, const char *zMsg);
/host/spi-builder-workspace/.build/checkouts/GRDB.swift/GRDB/Core/Configuration.swift:10:8: error: could not build C module 'GRDBSQLite'
8 | import SQLCipher
9 | #else // Default SPM trait must be the default. It impossible to detect from Xcode.
10 | import GRDBSQLite
| `- error: could not build C module 'GRDBSQLite'
11 | #endif
12 |
[253/568] Compiling GRDB StatementAuthorizer.swift
<module-includes>:1:10: note: in file included from <module-includes>:1:
1 | #include "shim.h"
| `- note: in file included from <module-includes>:1:
2 |
/host/spi-builder-workspace/.build/checkouts/GRDB.swift/Sources/GRDBSQLite/shim.h:1:10: error: 'sqlite3.h' file not found
1 | #include <sqlite3.h>
| `- error: 'sqlite3.h' file not found
2 |
3 | typedef void(*_errorLogCallback)(void *pArg, int iErrCode, const char *zMsg);
/host/spi-builder-workspace/.build/checkouts/GRDB.swift/GRDB/Core/Configuration.swift:10:8: error: could not build C module 'GRDBSQLite'
8 | import SQLCipher
9 | #else // Default SPM trait must be the default. It impossible to detect from Xcode.
10 | import GRDBSQLite
| `- error: could not build C module 'GRDBSQLite'
11 | #endif
12 |
[254/568] Compiling GRDB StatementColumnConvertible.swift
<module-includes>:1:10: note: in file included from <module-includes>:1:
1 | #include "shim.h"
| `- note: in file included from <module-includes>:1:
2 |
/host/spi-builder-workspace/.build/checkouts/GRDB.swift/Sources/GRDBSQLite/shim.h:1:10: error: 'sqlite3.h' file not found
1 | #include <sqlite3.h>
| `- error: 'sqlite3.h' file not found
2 |
3 | typedef void(*_errorLogCallback)(void *pArg, int iErrCode, const char *zMsg);
/host/spi-builder-workspace/.build/checkouts/GRDB.swift/GRDB/Core/Configuration.swift:10:8: error: could not build C module 'GRDBSQLite'
8 | import SQLCipher
9 | #else // Default SPM trait must be the default. It impossible to detect from Xcode.
10 | import GRDBSQLite
| `- error: could not build C module 'GRDBSQLite'
11 | #endif
12 |
[255/568] Compiling GRDB CGFloat.swift
<module-includes>:1:10: note: in file included from <module-includes>:1:
1 | #include "shim.h"
| `- note: in file included from <module-includes>:1:
2 |
/host/spi-builder-workspace/.build/checkouts/GRDB.swift/Sources/GRDBSQLite/shim.h:1:10: error: 'sqlite3.h' file not found
1 | #include <sqlite3.h>
| `- error: 'sqlite3.h' file not found
2 |
3 | typedef void(*_errorLogCallback)(void *pArg, int iErrCode, const char *zMsg);
/host/spi-builder-workspace/.build/checkouts/GRDB.swift/GRDB/Core/Configuration.swift:10:8: error: could not build C module 'GRDBSQLite'
8 | import SQLCipher
9 | #else // Default SPM trait must be the default. It impossible to detect from Xcode.
10 | import GRDBSQLite
| `- error: could not build C module 'GRDBSQLite'
11 | #endif
12 |
[256/568] Compiling GRDB Data.swift
<module-includes>:1:10: note: in file included from <module-includes>:1:
1 | #include "shim.h"
| `- note: in file included from <module-includes>:1:
2 |
/host/spi-builder-workspace/.build/checkouts/GRDB.swift/Sources/GRDBSQLite/shim.h:1:10: error: 'sqlite3.h' file not found
1 | #include <sqlite3.h>
| `- error: 'sqlite3.h' file not found
2 |
3 | typedef void(*_errorLogCallback)(void *pArg, int iErrCode, const char *zMsg);
/host/spi-builder-workspace/.build/checkouts/GRDB.swift/GRDB/Core/Configuration.swift:10:8: error: could not build C module 'GRDBSQLite'
8 | import SQLCipher
9 | #else // Default SPM trait must be the default. It impossible to detect from Xcode.
10 | import GRDBSQLite
| `- error: could not build C module 'GRDBSQLite'
11 | #endif
12 |
[257/568] Compiling GRDB DatabaseDateComponents.swift
<module-includes>:1:10: note: in file included from <module-includes>:1:
1 | #include "shim.h"
| `- note: in file included from <module-includes>:1:
2 |
/host/spi-builder-workspace/.build/checkouts/GRDB.swift/Sources/GRDBSQLite/shim.h:1:10: error: 'sqlite3.h' file not found
1 | #include <sqlite3.h>
| `- error: 'sqlite3.h' file not found
2 |
3 | typedef void(*_errorLogCallback)(void *pArg, int iErrCode, const char *zMsg);
/host/spi-builder-workspace/.build/checkouts/GRDB.swift/GRDB/Core/Configuration.swift:10:8: error: could not build C module 'GRDBSQLite'
8 | import SQLCipher
9 | #else // Default SPM trait must be the default. It impossible to detect from Xcode.
10 | import GRDBSQLite
| `- error: could not build C module 'GRDBSQLite'
11 | #endif
12 |
[258/568] Compiling GRDB DatabaseValueConvertible+ReferenceConvertible.swift
<module-includes>:1:10: note: in file included from <module-includes>:1:
1 | #include "shim.h"
| `- note: in file included from <module-includes>:1:
2 |
/host/spi-builder-workspace/.build/checkouts/GRDB.swift/Sources/GRDBSQLite/shim.h:1:10: error: 'sqlite3.h' file not found
1 | #include <sqlite3.h>
| `- error: 'sqlite3.h' file not found
2 |
3 | typedef void(*_errorLogCallback)(void *pArg, int iErrCode, const char *zMsg);
/host/spi-builder-workspace/.build/checkouts/GRDB.swift/GRDB/Core/Configuration.swift:10:8: error: could not build C module 'GRDBSQLite'
8 | import SQLCipher
9 | #else // Default SPM trait must be the default. It impossible to detect from Xcode.
10 | import GRDBSQLite
| `- error: could not build C module 'GRDBSQLite'
11 | #endif
12 |
[259/568] Compiling GRDB Date.swift
<module-includes>:1:10: note: in file included from <module-includes>:1:
1 | #include "shim.h"
| `- note: in file included from <module-includes>:1:
2 |
/host/spi-builder-workspace/.build/checkouts/GRDB.swift/Sources/GRDBSQLite/shim.h:1:10: error: 'sqlite3.h' file not found
1 | #include <sqlite3.h>
| `- error: 'sqlite3.h' file not found
2 |
3 | typedef void(*_errorLogCallback)(void *pArg, int iErrCode, const char *zMsg);
/host/spi-builder-workspace/.build/checkouts/GRDB.swift/GRDB/Core/Configuration.swift:10:8: error: could not build C module 'GRDBSQLite'
8 | import SQLCipher
9 | #else // Default SPM trait must be the default. It impossible to detect from Xcode.
10 | import GRDBSQLite
| `- error: could not build C module 'GRDBSQLite'
11 | #endif
12 |
[260/568] Compiling GRDB Decimal.swift
<module-includes>:1:10: note: in file included from <module-includes>:1:
1 | #include "shim.h"
| `- note: in file included from <module-includes>:1:
2 |
/host/spi-builder-workspace/.build/checkouts/GRDB.swift/Sources/GRDBSQLite/shim.h:1:10: error: 'sqlite3.h' file not found
1 | #include <sqlite3.h>
| `- error: 'sqlite3.h' file not found
2 |
3 | typedef void(*_errorLogCallback)(void *pArg, int iErrCode, const char *zMsg);
/host/spi-builder-workspace/.build/checkouts/GRDB.swift/GRDB/Core/Configuration.swift:10:8: error: could not build C module 'GRDBSQLite'
8 | import SQLCipher
9 | #else // Default SPM trait must be the default. It impossible to detect from Xcode.
10 | import GRDBSQLite
| `- error: could not build C module 'GRDBSQLite'
11 | #endif
12 |
[261/568] Compiling GRDB JSONDumpFormat.swift
<module-includes>:1:10: note: in file included from <module-includes>:1:
1 | #include "shim.h"
| `- note: in file included from <module-includes>:1:
2 |
/host/spi-builder-workspace/.build/checkouts/GRDB.swift/Sources/GRDBSQLite/shim.h:1:10: error: 'sqlite3.h' file not found
1 | #include <sqlite3.h>
| `- error: 'sqlite3.h' file not found
2 |
3 | typedef void(*_errorLogCallback)(void *pArg, int iErrCode, const char *zMsg);
/host/spi-builder-workspace/.build/checkouts/GRDB.swift/GRDB/Core/Configuration.swift:10:8: error: could not build C module 'GRDBSQLite'
8 | import SQLCipher
9 | #else // Default SPM trait must be the default. It impossible to detect from Xcode.
10 | import GRDBSQLite
| `- error: could not build C module 'GRDBSQLite'
11 | #endif
12 |
[262/568] Compiling GRDB LineDumpFormat.swift
<module-includes>:1:10: note: in file included from <module-includes>:1:
1 | #include "shim.h"
| `- note: in file included from <module-includes>:1:
2 |
/host/spi-builder-workspace/.build/checkouts/GRDB.swift/Sources/GRDBSQLite/shim.h:1:10: error: 'sqlite3.h' file not found
1 | #include <sqlite3.h>
| `- error: 'sqlite3.h' file not found
2 |
3 | typedef void(*_errorLogCallback)(void *pArg, int iErrCode, const char *zMsg);
/host/spi-builder-workspace/.build/checkouts/GRDB.swift/GRDB/Core/Configuration.swift:10:8: error: could not build C module 'GRDBSQLite'
8 | import SQLCipher
9 | #else // Default SPM trait must be the default. It impossible to detect from Xcode.
10 | import GRDBSQLite
| `- error: could not build C module 'GRDBSQLite'
11 | #endif
12 |
[263/568] Compiling GRDB ListDumpFormat.swift
<module-includes>:1:10: note: in file included from <module-includes>:1:
1 | #include "shim.h"
| `- note: in file included from <module-includes>:1:
2 |
/host/spi-builder-workspace/.build/checkouts/GRDB.swift/Sources/GRDBSQLite/shim.h:1:10: error: 'sqlite3.h' file not found
1 | #include <sqlite3.h>
| `- error: 'sqlite3.h' file not found
2 |
3 | typedef void(*_errorLogCallback)(void *pArg, int iErrCode, const char *zMsg);
/host/spi-builder-workspace/.build/checkouts/GRDB.swift/GRDB/Core/Configuration.swift:10:8: error: could not build C module 'GRDBSQLite'
8 | import SQLCipher
9 | #else // Default SPM trait must be the default. It impossible to detect from Xcode.
10 | import GRDBSQLite
| `- error: could not build C module 'GRDBSQLite'
11 | #endif
12 |
[264/568] Compiling GRDB QuoteDumpFormat.swift
<module-includes>:1:10: note: in file included from <module-includes>:1:
1 | #include "shim.h"
| `- note: in file included from <module-includes>:1:
2 |
/host/spi-builder-workspace/.build/checkouts/GRDB.swift/Sources/GRDBSQLite/shim.h:1:10: error: 'sqlite3.h' file not found
1 | #include <sqlite3.h>
| `- error: 'sqlite3.h' file not found
2 |
3 | typedef void(*_errorLogCallback)(void *pArg, int iErrCode, const char *zMsg);
/host/spi-builder-workspace/.build/checkouts/GRDB.swift/GRDB/Core/Configuration.swift:10:8: error: could not build C module 'GRDBSQLite'
8 | import SQLCipher
9 | #else // Default SPM trait must be the default. It impossible to detect from Xcode.
10 | import GRDBSQLite
| `- error: could not build C module 'GRDBSQLite'
11 | #endif
12 |
[265/568] Compiling GRDB FTS3.swift
<module-includes>:1:10: note: in file included from <module-includes>:1:
1 | #include "shim.h"
| `- note: in file included from <module-includes>:1:
2 |
/host/spi-builder-workspace/.build/checkouts/GRDB.swift/Sources/GRDBSQLite/shim.h:1:10: error: 'sqlite3.h' file not found
1 | #include <sqlite3.h>
| `- error: 'sqlite3.h' file not found
2 |
3 | typedef void(*_errorLogCallback)(void *pArg, int iErrCode, const char *zMsg);
/host/spi-builder-workspace/.build/checkouts/GRDB.swift/GRDB/Core/Configuration.swift:10:8: error: could not build C module 'GRDBSQLite'
8 | import SQLCipher
9 | #else // Default SPM trait must be the default. It impossible to detect from Xcode.
10 | import GRDBSQLite
| `- error: could not build C module 'GRDBSQLite'
11 | #endif
12 |
[266/568] Compiling GRDB FTS3Pattern.swift
<module-includes>:1:10: note: in file included from <module-includes>:1:
1 | #include "shim.h"
| `- note: in file included from <module-includes>:1:
2 |
/host/spi-builder-workspace/.build/checkouts/GRDB.swift/Sources/GRDBSQLite/shim.h:1:10: error: 'sqlite3.h' file not found
1 | #include <sqlite3.h>
| `- error: 'sqlite3.h' file not found
2 |
3 | typedef void(*_errorLogCallback)(void *pArg, int iErrCode, const char *zMsg);
/host/spi-builder-workspace/.build/checkouts/GRDB.swift/GRDB/Core/Configuration.swift:10:8: error: could not build C module 'GRDBSQLite'
8 | import SQLCipher
9 | #else // Default SPM trait must be the default. It impossible to detect from Xcode.
10 | import GRDBSQLite
| `- error: could not build C module 'GRDBSQLite'
11 | #endif
12 |
[267/568] Compiling GRDB FTS3TokenizerDescriptor.swift
<module-includes>:1:10: note: in file included from <module-includes>:1:
1 | #include "shim.h"
| `- note: in file included from <module-includes>:1:
2 |
/host/spi-builder-workspace/.build/checkouts/GRDB.swift/Sources/GRDBSQLite/shim.h:1:10: error: 'sqlite3.h' file not found
1 | #include <sqlite3.h>
| `- error: 'sqlite3.h' file not found
2 |
3 | typedef void(*_errorLogCallback)(void *pArg, int iErrCode, const char *zMsg);
/host/spi-builder-workspace/.build/checkouts/GRDB.swift/GRDB/Core/Configuration.swift:10:8: error: could not build C module 'GRDBSQLite'
8 | import SQLCipher
9 | #else // Default SPM trait must be the default. It impossible to detect from Xcode.
10 | import GRDBSQLite
| `- error: could not build C module 'GRDBSQLite'
11 | #endif
12 |
[268/568] Compiling GRDB FTS4.swift
<module-includes>:1:10: note: in file included from <module-includes>:1:
1 | #include "shim.h"
| `- note: in file included from <module-includes>:1:
2 |
/host/spi-builder-workspace/.build/checkouts/GRDB.swift/Sources/GRDBSQLite/shim.h:1:10: error: 'sqlite3.h' file not found
1 | #include <sqlite3.h>
| `- error: 'sqlite3.h' file not found
2 |
3 | typedef void(*_errorLogCallback)(void *pArg, int iErrCode, const char *zMsg);
/host/spi-builder-workspace/.build/checkouts/GRDB.swift/GRDB/Core/Configuration.swift:10:8: error: could not build C module 'GRDBSQLite'
8 | import SQLCipher
9 | #else // Default SPM trait must be the default. It impossible to detect from Xcode.
10 | import GRDBSQLite
| `- error: could not build C module 'GRDBSQLite'
11 | #endif
12 |
[269/568] Compiling GRDB FTS5.swift
<module-includes>:1:10: note: in file included from <module-includes>:1:
1 | #include "shim.h"
| `- note: in file included from <module-includes>:1:
2 |
/host/spi-builder-workspace/.build/checkouts/GRDB.swift/Sources/GRDBSQLite/shim.h:1:10: error: 'sqlite3.h' file not found
1 | #include <sqlite3.h>
| `- error: 'sqlite3.h' file not found
2 |
3 | typedef void(*_errorLogCallback)(void *pArg, int iErrCode, const char *zMsg);
/host/spi-builder-workspace/.build/checkouts/GRDB.swift/GRDB/Core/Configuration.swift:10:8: error: could not build C module 'GRDBSQLite'
8 | import SQLCipher
9 | #else // Default SPM trait must be the default. It impossible to detect from Xcode.
10 | import GRDBSQLite
| `- error: could not build C module 'GRDBSQLite'
11 | #endif
12 |
[270/568] Compiling GRDB FTS5CustomTokenizer.swift
<module-includes>:1:10: note: in file included from <module-includes>:1:
1 | #include "shim.h"
| `- note: in file included from <module-includes>:1:
2 |
/host/spi-builder-workspace/.build/checkouts/GRDB.swift/Sources/GRDBSQLite/shim.h:1:10: error: 'sqlite3.h' file not found
1 | #include <sqlite3.h>
| `- error: 'sqlite3.h' file not found
2 |
3 | typedef void(*_errorLogCallback)(void *pArg, int iErrCode, const char *zMsg);
/host/spi-builder-workspace/.build/checkouts/GRDB.swift/GRDB/Core/Configuration.swift:10:8: error: could not build C module 'GRDBSQLite'
8 | import SQLCipher
9 | #else // Default SPM trait must be the default. It impossible to detect from Xcode.
10 | import GRDBSQLite
| `- error: could not build C module 'GRDBSQLite'
11 | #endif
12 |
[271/568] Compiling GRDB FTS5Pattern.swift
<module-includes>:1:10: note: in file included from <module-includes>:1:
1 | #include "shim.h"
| `- note: in file included from <module-includes>:1:
2 |
/host/spi-builder-workspace/.build/checkouts/GRDB.swift/Sources/GRDBSQLite/shim.h:1:10: error: 'sqlite3.h' file not found
1 | #include <sqlite3.h>
| `- error: 'sqlite3.h' file not found
2 |
3 | typedef void(*_errorLogCallback)(void *pArg, int iErrCode, const char *zMsg);
/host/spi-builder-workspace/.build/checkouts/GRDB.swift/GRDB/Core/Configuration.swift:10:8: error: could not build C module 'GRDBSQLite'
8 | import SQLCipher
9 | #else // Default SPM trait must be the default. It impossible to detect from Xcode.
10 | import GRDBSQLite
| `- error: could not build C module 'GRDBSQLite'
11 | #endif
12 |
[272/568] Compiling GRDB FTS5Tokenizer.swift
<module-includes>:1:10: note: in file included from <module-includes>:1:
1 | #include "shim.h"
| `- note: in file included from <module-includes>:1:
2 |
/host/spi-builder-workspace/.build/checkouts/GRDB.swift/Sources/GRDBSQLite/shim.h:1:10: error: 'sqlite3.h' file not found
1 | #include <sqlite3.h>
| `- error: 'sqlite3.h' file not found
2 |
3 | typedef void(*_errorLogCallback)(void *pArg, int iErrCode, const char *zMsg);
/host/spi-builder-workspace/.build/checkouts/GRDB.swift/GRDB/Core/Configuration.swift:10:8: error: could not build C module 'GRDBSQLite'
8 | import SQLCipher
9 | #else // Default SPM trait must be the default. It impossible to detect from Xcode.
10 | import GRDBSQLite
| `- error: could not build C module 'GRDBSQLite'
11 | #endif
12 |
[273/568] Compiling GRDB FTS5TokenizerDescriptor.swift
<module-includes>:1:10: note: in file included from <module-includes>:1:
1 | #include "shim.h"
| `- note: in file included from <module-includes>:1:
2 |
/host/spi-builder-workspace/.build/checkouts/GRDB.swift/Sources/GRDBSQLite/shim.h:1:10: error: 'sqlite3.h' file not found
1 | #include <sqlite3.h>
| `- error: 'sqlite3.h' file not found
2 |
3 | typedef void(*_errorLogCallback)(void *pArg, int iErrCode, const char *zMsg);
/host/spi-builder-workspace/.build/checkouts/GRDB.swift/GRDB/Core/Configuration.swift:10:8: error: could not build C module 'GRDBSQLite'
8 | import SQLCipher
9 | #else // Default SPM trait must be the default. It impossible to detect from Xcode.
10 | import GRDBSQLite
| `- error: could not build C module 'GRDBSQLite'
11 | #endif
12 |
[274/568] Compiling GRDB FTS5WrapperTokenizer.swift
<module-includes>:1:10: note: in file included from <module-includes>:1:
1 | #include "shim.h"
| `- note: in file included from <module-includes>:1:
2 |
/host/spi-builder-workspace/.build/checkouts/GRDB.swift/Sources/GRDBSQLite/shim.h:1:10: error: 'sqlite3.h' file not found
1 | #include <sqlite3.h>
| `- error: 'sqlite3.h' file not found
2 |
3 | typedef void(*_errorLogCallback)(void *pArg, int iErrCode, const char *zMsg);
/host/spi-builder-workspace/.build/checkouts/GRDB.swift/GRDB/Core/Configuration.swift:10:8: error: could not build C module 'GRDBSQLite'
8 | import SQLCipher
9 | #else // Default SPM trait must be the default. It impossible to detect from Xcode.
10 | import GRDBSQLite
| `- error: could not build C module 'GRDBSQLite'
11 | #endif
12 |
[275/568] Compiling GRDB Fixits.swift
<module-includes>:1:10: note: in file included from <module-includes>:1:
1 | #include "shim.h"
| `- note: in file included from <module-includes>:1:
2 |
/host/spi-builder-workspace/.build/checkouts/GRDB.swift/Sources/GRDBSQLite/shim.h:1:10: error: 'sqlite3.h' file not found
1 | #include <sqlite3.h>
| `- error: 'sqlite3.h' file not found
2 |
3 | typedef void(*_errorLogCallback)(void *pArg, int iErrCode, const char *zMsg);
/host/spi-builder-workspace/.build/checkouts/GRDB.swift/GRDB/Core/Configuration.swift:10:8: error: could not build C module 'GRDBSQLite'
8 | import SQLCipher
9 | #else // Default SPM trait must be the default. It impossible to detect from Xcode.
10 | import GRDBSQLite
| `- error: could not build C module 'GRDBSQLite'
11 | #endif
12 |
[276/568] Compiling GRDB JSONColumn.swift
<module-includes>:1:10: note: in file included from <module-includes>:1:
1 | #include "shim.h"
| `- note: in file included from <module-includes>:1:
2 |
/host/spi-builder-workspace/.build/checkouts/GRDB.swift/Sources/GRDBSQLite/shim.h:1:10: error: 'sqlite3.h' file not found
1 | #include <sqlite3.h>
| `- error: 'sqlite3.h' file not found
2 |
3 | typedef void(*_errorLogCallback)(void *pArg, int iErrCode, const char *zMsg);
/host/spi-builder-workspace/.build/checkouts/GRDB.swift/GRDB/Core/Configuration.swift:10:8: error: could not build C module 'GRDBSQLite'
8 | import SQLCipher
9 | #else // Default SPM trait must be the default. It impossible to detect from Xcode.
10 | import GRDBSQLite
| `- error: could not build C module 'GRDBSQLite'
11 | #endif
12 |
[277/568] Compiling GRDB SQLJSONExpressible.swift
<module-includes>:1:10: note: in file included from <module-includes>:1:
1 | #include "shim.h"
| `- note: in file included from <module-includes>:1:
2 |
/host/spi-builder-workspace/.build/checkouts/GRDB.swift/Sources/GRDBSQLite/shim.h:1:10: error: 'sqlite3.h' file not found
1 | #include <sqlite3.h>
| `- error: 'sqlite3.h' file not found
2 |
3 | typedef void(*_errorLogCallback)(void *pArg, int iErrCode, const char *zMsg);
/host/spi-builder-workspace/.build/checkouts/GRDB.swift/GRDB/Core/Configuration.swift:10:8: error: could not build C module 'GRDBSQLite'
8 | import SQLCipher
9 | #else // Default SPM trait must be the default. It impossible to detect from Xcode.
10 | import GRDBSQLite
| `- error: could not build C module 'GRDBSQLite'
11 | #endif
12 |
[278/568] Compiling GRDB SQLJSONFunctions.swift
<module-includes>:1:10: note: in file included from <module-includes>:1:
1 | #include "shim.h"
| `- note: in file included from <module-includes>:1:
2 |
/host/spi-builder-workspace/.build/checkouts/GRDB.swift/Sources/GRDBSQLite/shim.h:1:10: error: 'sqlite3.h' file not found
1 | #include <sqlite3.h>
| `- error: 'sqlite3.h' file not found
2 |
3 | typedef void(*_errorLogCallback)(void *pArg, int iErrCode, const char *zMsg);
/host/spi-builder-workspace/.build/checkouts/GRDB.swift/GRDB/Core/Configuration.swift:10:8: error: could not build C module 'GRDBSQLite'
8 | import SQLCipher
9 | #else // Default SPM trait must be the default. It impossible to detect from Xcode.
10 | import GRDBSQLite
| `- error: could not build C module 'GRDBSQLite'
11 | #endif
12 |
[279/568] Compiling GRDB DatabaseMigrator.swift
<module-includes>:1:10: note: in file included from <module-includes>:1:
1 | #include "shim.h"
| `- note: in file included from <module-includes>:1:
2 |
/host/spi-builder-workspace/.build/checkouts/GRDB.swift/Sources/GRDBSQLite/shim.h:1:10: error: 'sqlite3.h' file not found
1 | #include <sqlite3.h>
| `- error: 'sqlite3.h' file not found
2 |
3 | typedef void(*_errorLogCallback)(void *pArg, int iErrCode, const char *zMsg);
/host/spi-builder-workspace/.build/checkouts/GRDB.swift/GRDB/Core/Configuration.swift:10:8: error: could not build C module 'GRDBSQLite'
8 | import SQLCipher
9 | #else // Default SPM trait must be the default. It impossible to detect from Xcode.
10 | import GRDBSQLite
| `- error: could not build C module 'GRDBSQLite'
11 | #endif
12 |
[280/568] Compiling GRDB Migration.swift
<module-includes>:1:10: note: in file included from <module-includes>:1:
1 | #include "shim.h"
| `- note: in file included from <module-includes>:1:
2 |
/host/spi-builder-workspace/.build/checkouts/GRDB.swift/Sources/GRDBSQLite/shim.h:1:10: error: 'sqlite3.h' file not found
1 | #include <sqlite3.h>
| `- error: 'sqlite3.h' file not found
2 |
3 | typedef void(*_errorLogCallback)(void *pArg, int iErrCode, const char *zMsg);
/host/spi-builder-workspace/.build/checkouts/GRDB.swift/GRDB/Core/Configuration.swift:10:8: error: could not build C module 'GRDBSQLite'
8 | import SQLCipher
9 | #else // Default SPM trait must be the default. It impossible to detect from Xcode.
10 | import GRDBSQLite
| `- error: could not build C module 'GRDBSQLite'
11 | #endif
12 |
[281/568] Compiling GRDB FTS3+QueryInterface.swift
<module-includes>:1:10: note: in file included from <module-includes>:1:
1 | #include "shim.h"
| `- note: in file included from <module-includes>:1:
2 |
/host/spi-builder-workspace/.build/checkouts/GRDB.swift/Sources/GRDBSQLite/shim.h:1:10: error: 'sqlite3.h' file not found
1 | #include <sqlite3.h>
| `- error: 'sqlite3.h' file not found
2 |
3 | typedef void(*_errorLogCallback)(void *pArg, int iErrCode, const char *zMsg);
/host/spi-builder-workspace/.build/checkouts/GRDB.swift/GRDB/Core/Configuration.swift:10:8: error: could not build C module 'GRDBSQLite'
8 | import SQLCipher
9 | #else // Default SPM trait must be the default. It impossible to detect from Xcode.
10 | import GRDBSQLite
| `- error: could not build C module 'GRDBSQLite'
11 | #endif
12 |
[282/568] Compiling GRDB NSData.swift
<module-includes>:1:10: note: in file included from <module-includes>:1:
1 | #include "shim.h"
| `- note: in file included from <module-includes>:1:
2 |
/host/spi-builder-workspace/.build/checkouts/GRDB.swift/Sources/GRDBSQLite/shim.h:1:10: error: 'sqlite3.h' file not found
1 | #include <sqlite3.h>
| `- error: 'sqlite3.h' file not found
2 |
3 | typedef void(*_errorLogCallback)(void *pArg, int iErrCode, const char *zMsg);
/host/spi-builder-workspace/.build/checkouts/GRDB.swift/GRDB/Core/Configuration.swift:10:8: error: could not build C module 'GRDBSQLite'
8 | import SQLCipher
9 | #else // Default SPM trait must be the default. It impossible to detect from Xcode.
10 | import GRDBSQLite
| `- error: could not build C module 'GRDBSQLite'
11 | #endif
12 |
[283/568] Compiling GRDB NSNull.swift
<module-includes>:1:10: note: in file included from <module-includes>:1:
1 | #include "shim.h"
| `- note: in file included from <module-includes>:1:
2 |
/host/spi-builder-workspace/.build/checkouts/GRDB.swift/Sources/GRDBSQLite/shim.h:1:10: error: 'sqlite3.h' file not found
1 | #include <sqlite3.h>
| `- error: 'sqlite3.h' file not found
2 |
3 | typedef void(*_errorLogCallback)(void *pArg, int iErrCode, const char *zMsg);
/host/spi-builder-workspace/.build/checkouts/GRDB.swift/GRDB/Core/Configuration.swift:10:8: error: could not build C module 'GRDBSQLite'
8 | import SQLCipher
9 | #else // Default SPM trait must be the default. It impossible to detect from Xcode.
10 | import GRDBSQLite
| `- error: could not build C module 'GRDBSQLite'
11 | #endif
12 |
[284/568] Compiling GRDB NSNumber.swift
<module-includes>:1:10: note: in file included from <module-includes>:1:
1 | #include "shim.h"
| `- note: in file included from <module-includes>:1:
2 |
/host/spi-builder-workspace/.build/checkouts/GRDB.swift/Sources/GRDBSQLite/shim.h:1:10: error: 'sqlite3.h' file not found
1 | #include <sqlite3.h>
| `- error: 'sqlite3.h' file not found
2 |
3 | typedef void(*_errorLogCallback)(void *pArg, int iErrCode, const char *zMsg);
/host/spi-builder-workspace/.build/checkouts/GRDB.swift/GRDB/Core/Configuration.swift:10:8: error: could not build C module 'GRDBSQLite'
8 | import SQLCipher
9 | #else // Default SPM trait must be the default. It impossible to detect from Xcode.
10 | import GRDBSQLite
| `- error: could not build C module 'GRDBSQLite'
11 | #endif
12 |
[285/568] Compiling GRDB NSString.swift
<module-includes>:1:10: note: in file included from <module-includes>:1:
1 | #include "shim.h"
| `- note: in file included from <module-includes>:1:
2 |
/host/spi-builder-workspace/.build/checkouts/GRDB.swift/Sources/GRDBSQLite/shim.h:1:10: error: 'sqlite3.h' file not found
1 | #include <sqlite3.h>
| `- error: 'sqlite3.h' file not found
2 |
3 | typedef void(*_errorLogCallback)(void *pArg, int iErrCode, const char *zMsg);
/host/spi-builder-workspace/.build/checkouts/GRDB.swift/GRDB/Core/Configuration.swift:10:8: error: could not build C module 'GRDBSQLite'
8 | import SQLCipher
9 | #else // Default SPM trait must be the default. It impossible to detect from Xcode.
10 | import GRDBSQLite
| `- error: could not build C module 'GRDBSQLite'
11 | #endif
12 |
[286/568] Compiling GRDB SQLiteDateParser.swift
<module-includes>:1:10: note: in file included from <module-includes>:1:
1 | #include "shim.h"
| `- note: in file included from <module-includes>:1:
2 |
/host/spi-builder-workspace/.build/checkouts/GRDB.swift/Sources/GRDBSQLite/shim.h:1:10: error: 'sqlite3.h' file not found
1 | #include <sqlite3.h>
| `- error: 'sqlite3.h' file not found
2 |
3 | typedef void(*_errorLogCallback)(void *pArg, int iErrCode, const char *zMsg);
/host/spi-builder-workspace/.build/checkouts/GRDB.swift/GRDB/Core/Configuration.swift:10:8: error: could not build C module 'GRDBSQLite'
8 | import SQLCipher
9 | #else // Default SPM trait must be the default. It impossible to detect from Xcode.
10 | import GRDBSQLite
| `- error: could not build C module 'GRDBSQLite'
11 | #endif
12 |
[287/568] Compiling GRDB URL.swift
<module-includes>:1:10: note: in file included from <module-includes>:1:
1 | #include "shim.h"
| `- note: in file included from <module-includes>:1:
2 |
/host/spi-builder-workspace/.build/checkouts/GRDB.swift/Sources/GRDBSQLite/shim.h:1:10: error: 'sqlite3.h' file not found
1 | #include <sqlite3.h>
| `- error: 'sqlite3.h' file not found
2 |
3 | typedef void(*_errorLogCallback)(void *pArg, int iErrCode, const char *zMsg);
/host/spi-builder-workspace/.build/checkouts/GRDB.swift/GRDB/Core/Configuration.swift:10:8: error: could not build C module 'GRDBSQLite'
8 | import SQLCipher
9 | #else // Default SPM trait must be the default. It impossible to detect from Xcode.
10 | import GRDBSQLite
| `- error: could not build C module 'GRDBSQLite'
11 | #endif
12 |
[288/568] Compiling GRDB UUID.swift
<module-includes>:1:10: note: in file included from <module-includes>:1:
1 | #include "shim.h"
| `- note: in file included from <module-includes>:1:
2 |
/host/spi-builder-workspace/.build/checkouts/GRDB.swift/Sources/GRDBSQLite/shim.h:1:10: error: 'sqlite3.h' file not found
1 | #include <sqlite3.h>
| `- error: 'sqlite3.h' file not found
2 |
3 | typedef void(*_errorLogCallback)(void *pArg, int iErrCode, const char *zMsg);
/host/spi-builder-workspace/.build/checkouts/GRDB.swift/GRDB/Core/Configuration.swift:10:8: error: could not build C module 'GRDBSQLite'
8 | import SQLCipher
9 | #else // Default SPM trait must be the default. It impossible to detect from Xcode.
10 | import GRDBSQLite
| `- error: could not build C module 'GRDBSQLite'
11 | #endif
12 |
[289/568] Compiling GRDB DatabaseValueConvertible+Decodable.swift
<module-includes>:1:10: note: in file included from <module-includes>:1:
1 | #include "shim.h"
| `- note: in file included from <module-includes>:1:
2 |
/host/spi-builder-workspace/.build/checkouts/GRDB.swift/Sources/GRDBSQLite/shim.h:1:10: error: 'sqlite3.h' file not found
1 | #include <sqlite3.h>
| `- error: 'sqlite3.h' file not found
2 |
3 | typedef void(*_errorLogCallback)(void *pArg, int iErrCode, const char *zMsg);
/host/spi-builder-workspace/.build/checkouts/GRDB.swift/GRDB/Core/Configuration.swift:10:8: error: could not build C module 'GRDBSQLite'
8 | import SQLCipher
9 | #else // Default SPM trait must be the default. It impossible to detect from Xcode.
10 | import GRDBSQLite
| `- error: could not build C module 'GRDBSQLite'
11 | #endif
12 |
[290/568] Compiling GRDB DatabaseValueConvertible+Encodable.swift
<module-includes>:1:10: note: in file included from <module-includes>:1:
1 | #include "shim.h"
| `- note: in file included from <module-includes>:1:
2 |
/host/spi-builder-workspace/.build/checkouts/GRDB.swift/Sources/GRDBSQLite/shim.h:1:10: error: 'sqlite3.h' file not found
1 | #include <sqlite3.h>
| `- error: 'sqlite3.h' file not found
2 |
3 | typedef void(*_errorLogCallback)(void *pArg, int iErrCode, const char *zMsg);
/host/spi-builder-workspace/.build/checkouts/GRDB.swift/GRDB/Core/Configuration.swift:10:8: error: could not build C module 'GRDBSQLite'
8 | import SQLCipher
9 | #else // Default SPM trait must be the default. It impossible to detect from Xcode.
10 | import GRDBSQLite
| `- error: could not build C module 'GRDBSQLite'
11 | #endif
12 |
[291/568] Compiling GRDB DatabaseValueConvertible+RawRepresentable.swift
<module-includes>:1:10: note: in file included from <module-includes>:1:
1 | #include "shim.h"
| `- note: in file included from <module-includes>:1:
2 |
/host/spi-builder-workspace/.build/checkouts/GRDB.swift/Sources/GRDBSQLite/shim.h:1:10: error: 'sqlite3.h' file not found
1 | #include <sqlite3.h>
| `- error: 'sqlite3.h' file not found
2 |
3 | typedef void(*_errorLogCallback)(void *pArg, int iErrCode, const char *zMsg);
/host/spi-builder-workspace/.build/checkouts/GRDB.swift/GRDB/Core/Configuration.swift:10:8: error: could not build C module 'GRDBSQLite'
8 | import SQLCipher
9 | #else // Default SPM trait must be the default. It impossible to detect from Xcode.
10 | import GRDBSQLite
| `- error: could not build C module 'GRDBSQLite'
11 | #endif
12 |
[292/568] Compiling GRDB JSONRequiredEncoder.swift
<module-includes>:1:10: note: in file included from <module-includes>:1:
1 | #include "shim.h"
| `- note: in file included from <module-includes>:1:
2 |
/host/spi-builder-workspace/.build/checkouts/GRDB.swift/Sources/GRDBSQLite/shim.h:1:10: error: 'sqlite3.h' file not found
1 | #include <sqlite3.h>
| `- error: 'sqlite3.h' file not found
2 |
3 | typedef void(*_errorLogCallback)(void *pArg, int iErrCode, const char *zMsg);
/host/spi-builder-workspace/.build/checkouts/GRDB.swift/GRDB/Core/Configuration.swift:10:8: error: could not build C module 'GRDBSQLite'
8 | import SQLCipher
9 | #else // Default SPM trait must be the default. It impossible to detect from Xcode.
10 | import GRDBSQLite
| `- error: could not build C module 'GRDBSQLite'
11 | #endif
12 |
[293/568] Compiling GRDB Optional.swift
<module-includes>:1:10: note: in file included from <module-includes>:1:
1 | #include "shim.h"
| `- note: in file included from <module-includes>:1:
2 |
/host/spi-builder-workspace/.build/checkouts/GRDB.swift/Sources/GRDBSQLite/shim.h:1:10: error: 'sqlite3.h' file not found
1 | #include <sqlite3.h>
| `- error: 'sqlite3.h' file not found
2 |
3 | typedef void(*_errorLogCallback)(void *pArg, int iErrCode, const char *zMsg);
/host/spi-builder-workspace/.build/checkouts/GRDB.swift/GRDB/Core/Configuration.swift:10:8: error: could not build C module 'GRDBSQLite'
8 | import SQLCipher
9 | #else // Default SPM trait must be the default. It impossible to detect from Xcode.
10 | import GRDBSQLite
| `- error: could not build C module 'GRDBSQLite'
11 | #endif
12 |
[294/568] Compiling GRDB StandardLibrary.swift
<module-includes>:1:10: note: in file included from <module-includes>:1:
1 | #include "shim.h"
| `- note: in file included from <module-includes>:1:
2 |
/host/spi-builder-workspace/.build/checkouts/GRDB.swift/Sources/GRDBSQLite/shim.h:1:10: error: 'sqlite3.h' file not found
1 | #include <sqlite3.h>
| `- error: 'sqlite3.h' file not found
2 |
3 | typedef void(*_errorLogCallback)(void *pArg, int iErrCode, const char *zMsg);
/host/spi-builder-workspace/.build/checkouts/GRDB.swift/GRDB/Core/Configuration.swift:10:8: error: could not build C module 'GRDBSQLite'
8 | import SQLCipher
9 | #else // Default SPM trait must be the default. It impossible to detect from Xcode.
10 | import GRDBSQLite
| `- error: could not build C module 'GRDBSQLite'
11 | #endif
12 |
[295/568] Compiling GRDB TransactionClock.swift
<module-includes>:1:10: note: in file included from <module-includes>:1:
1 | #include "shim.h"
| `- note: in file included from <module-includes>:1:
2 |
/host/spi-builder-workspace/.build/checkouts/GRDB.swift/Sources/GRDBSQLite/shim.h:1:10: error: 'sqlite3.h' file not found
1 | #include <sqlite3.h>
| `- error: 'sqlite3.h' file not found
2 |
3 | typedef void(*_errorLogCallback)(void *pArg, int iErrCode, const char *zMsg);
/host/spi-builder-workspace/.build/checkouts/GRDB.swift/GRDB/Core/Configuration.swift:10:8: error: could not build C module 'GRDBSQLite'
8 | import SQLCipher
9 | #else // Default SPM trait must be the default. It impossible to detect from Xcode.
10 | import GRDBSQLite
| `- error: could not build C module 'GRDBSQLite'
11 | #endif
12 |
[296/568] Compiling GRDB TransactionObserver.swift
<module-includes>:1:10: note: in file included from <module-includes>:1:
1 | #include "shim.h"
| `- note: in file included from <module-includes>:1:
2 |
/host/spi-builder-workspace/.build/checkouts/GRDB.swift/Sources/GRDBSQLite/shim.h:1:10: error: 'sqlite3.h' file not found
1 | #include <sqlite3.h>
| `- error: 'sqlite3.h' file not found
2 |
3 | typedef void(*_errorLogCallback)(void *pArg, int iErrCode, const char *zMsg);
/host/spi-builder-workspace/.build/checkouts/GRDB.swift/GRDB/Core/Configuration.swift:10:8: error: could not build C module 'GRDBSQLite'
8 | import SQLCipher
9 | #else // Default SPM trait must be the default. It impossible to detect from Xcode.
10 | import GRDBSQLite
| `- error: could not build C module 'GRDBSQLite'
11 | #endif
12 |
[297/568] Compiling GRDB WALSnapshot.swift
<module-includes>:1:10: note: in file included from <module-includes>:1:
1 | #include "shim.h"
| `- note: in file included from <module-includes>:1:
2 |
/host/spi-builder-workspace/.build/checkouts/GRDB.swift/Sources/GRDBSQLite/shim.h:1:10: error: 'sqlite3.h' file not found
1 | #include <sqlite3.h>
| `- error: 'sqlite3.h' file not found
2 |
3 | typedef void(*_errorLogCallback)(void *pArg, int iErrCode, const char *zMsg);
/host/spi-builder-workspace/.build/checkouts/GRDB.swift/GRDB/Core/Configuration.swift:10:8: error: could not build C module 'GRDBSQLite'
8 | import SQLCipher
9 | #else // Default SPM trait must be the default. It impossible to detect from Xcode.
10 | import GRDBSQLite
| `- error: could not build C module 'GRDBSQLite'
11 | #endif
12 |
[298/568] Compiling GRDB WALSnapshotTransaction.swift
<module-includes>:1:10: note: in file included from <module-includes>:1:
1 | #include "shim.h"
| `- note: in file included from <module-includes>:1:
2 |
/host/spi-builder-workspace/.build/checkouts/GRDB.swift/Sources/GRDBSQLite/shim.h:1:10: error: 'sqlite3.h' file not found
1 | #include <sqlite3.h>
| `- error: 'sqlite3.h' file not found
2 |
3 | typedef void(*_errorLogCallback)(void *pArg, int iErrCode, const char *zMsg);
/host/spi-builder-workspace/.build/checkouts/GRDB.swift/GRDB/Core/Configuration.swift:10:8: error: could not build C module 'GRDBSQLite'
8 | import SQLCipher
9 | #else // Default SPM trait must be the default. It impossible to detect from Xcode.
10 | import GRDBSQLite
| `- error: could not build C module 'GRDBSQLite'
11 | #endif
12 |
[299/568] Compiling GRDB Database+Dump.swift
<module-includes>:1:10: note: in file included from <module-includes>:1:
1 | #include "shim.h"
| `- note: in file included from <module-includes>:1:
2 |
/host/spi-builder-workspace/.build/checkouts/GRDB.swift/Sources/GRDBSQLite/shim.h:1:10: error: 'sqlite3.h' file not found
1 | #include <sqlite3.h>
| `- error: 'sqlite3.h' file not found
2 |
3 | typedef void(*_errorLogCallback)(void *pArg, int iErrCode, const char *zMsg);
/host/spi-builder-workspace/.build/checkouts/GRDB.swift/GRDB/Core/Configuration.swift:10:8: error: could not build C module 'GRDBSQLite'
8 | import SQLCipher
9 | #else // Default SPM trait must be the default. It impossible to detect from Xcode.
10 | import GRDBSQLite
| `- error: could not build C module 'GRDBSQLite'
11 | #endif
12 |
[300/568] Compiling GRDB DatabaseReader+dump.swift
<module-includes>:1:10: note: in file included from <module-includes>:1:
1 | #include "shim.h"
| `- note: in file included from <module-includes>:1:
2 |
/host/spi-builder-workspace/.build/checkouts/GRDB.swift/Sources/GRDBSQLite/shim.h:1:10: error: 'sqlite3.h' file not found
1 | #include <sqlite3.h>
| `- error: 'sqlite3.h' file not found
2 |
3 | typedef void(*_errorLogCallback)(void *pArg, int iErrCode, const char *zMsg);
/host/spi-builder-workspace/.build/checkouts/GRDB.swift/GRDB/Core/Configuration.swift:10:8: error: could not build C module 'GRDBSQLite'
8 | import SQLCipher
9 | #else // Default SPM trait must be the default. It impossible to detect from Xcode.
10 | import GRDBSQLite
| `- error: could not build C module 'GRDBSQLite'
11 | #endif
12 |
[301/568] Compiling GRDB DumpFormat.swift
<module-includes>:1:10: note: in file included from <module-includes>:1:
1 | #include "shim.h"
| `- note: in file included from <module-includes>:1:
2 |
/host/spi-builder-workspace/.build/checkouts/GRDB.swift/Sources/GRDBSQLite/shim.h:1:10: error: 'sqlite3.h' file not found
1 | #include <sqlite3.h>
| `- error: 'sqlite3.h' file not found
2 |
3 | typedef void(*_errorLogCallback)(void *pArg, int iErrCode, const char *zMsg);
/host/spi-builder-workspace/.build/checkouts/GRDB.swift/GRDB/Core/Configuration.swift:10:8: error: could not build C module 'GRDBSQLite'
8 | import SQLCipher
9 | #else // Default SPM trait must be the default. It impossible to detect from Xcode.
10 | import GRDBSQLite
| `- error: could not build C module 'GRDBSQLite'
11 | #endif
12 |
[302/568] Compiling GRDB DebugDumpFormat.swift
<module-includes>:1:10: note: in file included from <module-includes>:1:
1 | #include "shim.h"
| `- note: in file included from <module-includes>:1:
2 |
/host/spi-builder-workspace/.build/checkouts/GRDB.swift/Sources/GRDBSQLite/shim.h:1:10: error: 'sqlite3.h' file not found
1 | #include <sqlite3.h>
| `- error: 'sqlite3.h' file not found
2 |
3 | typedef void(*_errorLogCallback)(void *pArg, int iErrCode, const char *zMsg);
/host/spi-builder-workspace/.build/checkouts/GRDB.swift/GRDB/Core/Configuration.swift:10:8: error: could not build C module 'GRDBSQLite'
8 | import SQLCipher
9 | #else // Default SPM trait must be the default. It impossible to detect from Xcode.
10 | import GRDBSQLite
| `- error: could not build C module 'GRDBSQLite'
11 | #endif
12 |
[303/589] Compiling GRDB SQLOrdering.swift
<module-includes>:1:10: note: in file included from <module-includes>:1:
1 | #include "shim.h"
| `- note: in file included from <module-includes>:1:
2 |
/host/spi-builder-workspace/.build/checkouts/GRDB.swift/Sources/GRDBSQLite/shim.h:1:10: error: 'sqlite3.h' file not found
1 | #include <sqlite3.h>
| `- error: 'sqlite3.h' file not found
2 |
3 | typedef void(*_errorLogCallback)(void *pArg, int iErrCode, const char *zMsg);
/host/spi-builder-workspace/.build/checkouts/GRDB.swift/GRDB/Core/Configuration.swift:10:8: error: could not build C module 'GRDBSQLite'
8 | import SQLCipher
9 | #else // Default SPM trait must be the default. It impossible to detect from Xcode.
10 | import GRDBSQLite
| `- error: could not build C module 'GRDBSQLite'
11 | #endif
12 |
[304/589] Compiling GRDB SQLRelation.swift
<module-includes>:1:10: note: in file included from <module-includes>:1:
1 | #include "shim.h"
| `- note: in file included from <module-includes>:1:
2 |
/host/spi-builder-workspace/.build/checkouts/GRDB.swift/Sources/GRDBSQLite/shim.h:1:10: error: 'sqlite3.h' file not found
1 | #include <sqlite3.h>
| `- error: 'sqlite3.h' file not found
2 |
3 | typedef void(*_errorLogCallback)(void *pArg, int iErrCode, const char *zMsg);
/host/spi-builder-workspace/.build/checkouts/GRDB.swift/GRDB/Core/Configuration.swift:10:8: error: could not build C module 'GRDBSQLite'
8 | import SQLCipher
9 | #else // Default SPM trait must be the default. It impossible to detect from Xcode.
10 | import GRDBSQLite
| `- error: could not build C module 'GRDBSQLite'
11 | #endif
12 |
[305/589] Compiling GRDB SQLSelection.swift
<module-includes>:1:10: note: in file included from <module-includes>:1:
1 | #include "shim.h"
| `- note: in file included from <module-includes>:1:
2 |
/host/spi-builder-workspace/.build/checkouts/GRDB.swift/Sources/GRDBSQLite/shim.h:1:10: error: 'sqlite3.h' file not found
1 | #include <sqlite3.h>
| `- error: 'sqlite3.h' file not found
2 |
3 | typedef void(*_errorLogCallback)(void *pArg, int iErrCode, const char *zMsg);
/host/spi-builder-workspace/.build/checkouts/GRDB.swift/GRDB/Core/Configuration.swift:10:8: error: could not build C module 'GRDBSQLite'
8 | import SQLCipher
9 | #else // Default SPM trait must be the default. It impossible to detect from Xcode.
10 | import GRDBSQLite
| `- error: could not build C module 'GRDBSQLite'
11 | #endif
12 |
[306/589] Compiling GRDB SQLSubquery.swift
<module-includes>:1:10: note: in file included from <module-includes>:1:
1 | #include "shim.h"
| `- note: in file included from <module-includes>:1:
2 |
/host/spi-builder-workspace/.build/checkouts/GRDB.swift/Sources/GRDBSQLite/shim.h:1:10: error: 'sqlite3.h' file not found
1 | #include <sqlite3.h>
| `- error: 'sqlite3.h' file not found
2 |
3 | typedef void(*_errorLogCallback)(void *pArg, int iErrCode, const char *zMsg);
/host/spi-builder-workspace/.build/checkouts/GRDB.swift/GRDB/Core/Configuration.swift:10:8: error: could not build C module 'GRDBSQLite'
8 | import SQLCipher
9 | #else // Default SPM trait must be the default. It impossible to detect from Xcode.
10 | import GRDBSQLite
| `- error: could not build C module 'GRDBSQLite'
11 | #endif
12 |
[307/589] Compiling GRDB Table.swift
<module-includes>:1:10: note: in file included from <module-includes>:1:
1 | #include "shim.h"
| `- note: in file included from <module-includes>:1:
2 |
/host/spi-builder-workspace/.build/checkouts/GRDB.swift/Sources/GRDBSQLite/shim.h:1:10: error: 'sqlite3.h' file not found
1 | #include <sqlite3.h>
| `- error: 'sqlite3.h' file not found
2 |
3 | typedef void(*_errorLogCallback)(void *pArg, int iErrCode, const char *zMsg);
/host/spi-builder-workspace/.build/checkouts/GRDB.swift/GRDB/Core/Configuration.swift:10:8: error: could not build C module 'GRDBSQLite'
8 | import SQLCipher
9 | #else // Default SPM trait must be the default. It impossible to detect from Xcode.
10 | import GRDBSQLite
| `- error: could not build C module 'GRDBSQLite'
11 | #endif
12 |
[308/589] Compiling GRDB SQLColumnGenerator.swift
<module-includes>:1:10: note: in file included from <module-includes>:1:
1 | #include "shim.h"
| `- note: in file included from <module-includes>:1:
2 |
/host/spi-builder-workspace/.build/checkouts/GRDB.swift/Sources/GRDBSQLite/shim.h:1:10: error: 'sqlite3.h' file not found
1 | #include <sqlite3.h>
| `- error: 'sqlite3.h' file not found
2 |
3 | typedef void(*_errorLogCallback)(void *pArg, int iErrCode, const char *zMsg);
/host/spi-builder-workspace/.build/checkouts/GRDB.swift/GRDB/Core/Configuration.swift:10:8: error: could not build C module 'GRDBSQLite'
8 | import SQLCipher
9 | #else // Default SPM trait must be the default. It impossible to detect from Xcode.
10 | import GRDBSQLite
| `- error: could not build C module 'GRDBSQLite'
11 | #endif
12 |
[309/589] Compiling GRDB SQLGenerationContext.swift
<module-includes>:1:10: note: in file included from <module-includes>:1:
1 | #include "shim.h"
| `- note: in file included from <module-includes>:1:
2 |
/host/spi-builder-workspace/.build/checkouts/GRDB.swift/Sources/GRDBSQLite/shim.h:1:10: error: 'sqlite3.h' file not found
1 | #include <sqlite3.h>
| `- error: 'sqlite3.h' file not found
2 |
3 | typedef void(*_errorLogCallback)(void *pArg, int iErrCode, const char *zMsg);
/host/spi-builder-workspace/.build/checkouts/GRDB.swift/GRDB/Core/Configuration.swift:10:8: error: could not build C module 'GRDBSQLite'
8 | import SQLCipher
9 | #else // Default SPM trait must be the default. It impossible to detect from Xcode.
10 | import GRDBSQLite
| `- error: could not build C module 'GRDBSQLite'
11 | #endif
12 |
[310/589] Compiling GRDB SQLIndexGenerator.swift
<module-includes>:1:10: note: in file included from <module-includes>:1:
1 | #include "shim.h"
| `- note: in file included from <module-includes>:1:
2 |
/host/spi-builder-workspace/.build/checkouts/GRDB.swift/Sources/GRDBSQLite/shim.h:1:10: error: 'sqlite3.h' file not found
1 | #include <sqlite3.h>
| `- error: 'sqlite3.h' file not found
2 |
3 | typedef void(*_errorLogCallback)(void *pArg, int iErrCode, const char *zMsg);
/host/spi-builder-workspace/.build/checkouts/GRDB.swift/GRDB/Core/Configuration.swift:10:8: error: could not build C module 'GRDBSQLite'
8 | import SQLCipher
9 | #else // Default SPM trait must be the default. It impossible to detect from Xcode.
10 | import GRDBSQLite
| `- error: could not build C module 'GRDBSQLite'
11 | #endif
12 |
[311/589] Compiling GRDB SQLQueryGenerator.swift
<module-includes>:1:10: note: in file included from <module-includes>:1:
1 | #include "shim.h"
| `- note: in file included from <module-includes>:1:
2 |
/host/spi-builder-workspace/.build/checkouts/GRDB.swift/Sources/GRDBSQLite/shim.h:1:10: error: 'sqlite3.h' file not found
1 | #include <sqlite3.h>
| `- error: 'sqlite3.h' file not found
2 |
3 | typedef void(*_errorLogCallback)(void *pArg, int iErrCode, const char *zMsg);
/host/spi-builder-workspace/.build/checkouts/GRDB.swift/GRDB/Core/Configuration.swift:10:8: error: could not build C module 'GRDBSQLite'
8 | import SQLCipher
9 | #else // Default SPM trait must be the default. It impossible to detect from Xcode.
10 | import GRDBSQLite
| `- error: could not build C module 'GRDBSQLite'
11 | #endif
12 |
[312/589] Compiling GRDB SQLTableAlterationGenerator.swift
<module-includes>:1:10: note: in file included from <module-includes>:1:
1 | #include "shim.h"
| `- note: in file included from <module-includes>:1:
2 |
/host/spi-builder-workspace/.build/checkouts/GRDB.swift/Sources/GRDBSQLite/shim.h:1:10: error: 'sqlite3.h' file not found
1 | #include <sqlite3.h>
| `- error: 'sqlite3.h' file not found
2 |
3 | typedef void(*_errorLogCallback)(void *pArg, int iErrCode, const char *zMsg);
/host/spi-builder-workspace/.build/checkouts/GRDB.swift/GRDB/Core/Configuration.swift:10:8: error: could not build C module 'GRDBSQLite'
8 | import SQLCipher
9 | #else // Default SPM trait must be the default. It impossible to detect from Xcode.
10 | import GRDBSQLite
| `- error: could not build C module 'GRDBSQLite'
11 | #endif
12 |
[313/589] Compiling GRDB SQLTableGenerator.swift
<module-includes>:1:10: note: in file included from <module-includes>:1:
1 | #include "shim.h"
| `- note: in file included from <module-includes>:1:
2 |
/host/spi-builder-workspace/.build/checkouts/GRDB.swift/Sources/GRDBSQLite/shim.h:1:10: error: 'sqlite3.h' file not found
1 | #include <sqlite3.h>
| `- error: 'sqlite3.h' file not found
2 |
3 | typedef void(*_errorLogCallback)(void *pArg, int iErrCode, const char *zMsg);
/host/spi-builder-workspace/.build/checkouts/GRDB.swift/GRDB/Core/Configuration.swift:10:8: error: could not build C module 'GRDBSQLite'
8 | import SQLCipher
9 | #else // Default SPM trait must be the default. It impossible to detect from Xcode.
10 | import GRDBSQLite
| `- error: could not build C module 'GRDBSQLite'
11 | #endif
12 |
[314/589] Compiling GRDB TableAlias.swift
<module-includes>:1:10: note: in file included from <module-includes>:1:
1 | #include "shim.h"
| `- note: in file included from <module-includes>:1:
2 |
/host/spi-builder-workspace/.build/checkouts/GRDB.swift/Sources/GRDBSQLite/shim.h:1:10: error: 'sqlite3.h' file not found
1 | #include <sqlite3.h>
| `- error: 'sqlite3.h' file not found
2 |
3 | typedef void(*_errorLogCallback)(void *pArg, int iErrCode, const char *zMsg);
/host/spi-builder-workspace/.build/checkouts/GRDB.swift/GRDB/Core/Configuration.swift:10:8: error: could not build C module 'GRDBSQLite'
8 | import SQLCipher
9 | #else // Default SPM trait must be the default. It impossible to detect from Xcode.
10 | import GRDBSQLite
| `- error: could not build C module 'GRDBSQLite'
11 | #endif
12 |
[315/589] Compiling GRDB SQLInterpolation+QueryInterface.swift
<module-includes>:1:10: note: in file included from <module-includes>:1:
1 | #include "shim.h"
| `- note: in file included from <module-includes>:1:
2 |
/host/spi-builder-workspace/.build/checkouts/GRDB.swift/Sources/GRDBSQLite/shim.h:1:10: error: 'sqlite3.h' file not found
1 | #include <sqlite3.h>
| `- error: 'sqlite3.h' file not found
2 |
3 | typedef void(*_errorLogCallback)(void *pArg, int iErrCode, const char *zMsg);
/host/spi-builder-workspace/.build/checkouts/GRDB.swift/GRDB/Core/Configuration.swift:10:8: error: could not build C module 'GRDBSQLite'
8 | import SQLCipher
9 | #else // Default SPM trait must be the default. It impossible to detect from Xcode.
10 | import GRDBSQLite
| `- error: could not build C module 'GRDBSQLite'
11 | #endif
12 |
[316/589] Compiling GRDB ColumnDefinition.swift
<module-includes>:1:10: note: in file included from <module-includes>:1:
1 | #include "shim.h"
| `- note: in file included from <module-includes>:1:
2 |
/host/spi-builder-workspace/.build/checkouts/GRDB.swift/Sources/GRDBSQLite/shim.h:1:10: error: 'sqlite3.h' file not found
1 | #include <sqlite3.h>
| `- error: 'sqlite3.h' file not found
2 |
3 | typedef void(*_errorLogCallback)(void *pArg, int iErrCode, const char *zMsg);
/host/spi-builder-workspace/.build/checkouts/GRDB.swift/GRDB/Core/Configuration.swift:10:8: error: could not build C module 'GRDBSQLite'
8 | import SQLCipher
9 | #else // Default SPM trait must be the default. It impossible to detect from Xcode.
10 | import GRDBSQLite
| `- error: could not build C module 'GRDBSQLite'
11 | #endif
12 |
[317/589] Compiling GRDB Database+SchemaDefinition.swift
<module-includes>:1:10: note: in file included from <module-includes>:1:
1 | #include "shim.h"
| `- note: in file included from <module-includes>:1:
2 |
/host/spi-builder-workspace/.build/checkouts/GRDB.swift/Sources/GRDBSQLite/shim.h:1:10: error: 'sqlite3.h' file not found
1 | #include <sqlite3.h>
| `- error: 'sqlite3.h' file not found
2 |
3 | typedef void(*_errorLogCallback)(void *pArg, int iErrCode, const char *zMsg);
/host/spi-builder-workspace/.build/checkouts/GRDB.swift/GRDB/Core/Configuration.swift:10:8: error: could not build C module 'GRDBSQLite'
8 | import SQLCipher
9 | #else // Default SPM trait must be the default. It impossible to detect from Xcode.
10 | import GRDBSQLite
| `- error: could not build C module 'GRDBSQLite'
11 | #endif
12 |
[318/589] Compiling GRDB ForeignKeyDefinition.swift
<module-includes>:1:10: note: in file included from <module-includes>:1:
1 | #include "shim.h"
| `- note: in file included from <module-includes>:1:
2 |
/host/spi-builder-workspace/.build/checkouts/GRDB.swift/Sources/GRDBSQLite/shim.h:1:10: error: 'sqlite3.h' file not found
1 | #include <sqlite3.h>
| `- error: 'sqlite3.h' file not found
2 |
3 | typedef void(*_errorLogCallback)(void *pArg, int iErrCode, const char *zMsg);
/host/spi-builder-workspace/.build/checkouts/GRDB.swift/GRDB/Core/Configuration.swift:10:8: error: could not build C module 'GRDBSQLite'
8 | import SQLCipher
9 | #else // Default SPM trait must be the default. It impossible to detect from Xcode.
10 | import GRDBSQLite
| `- error: could not build C module 'GRDBSQLite'
11 | #endif
12 |
[319/589] Compiling GRDB IndexDefinition.swift
<module-includes>:1:10: note: in file included from <module-includes>:1:
1 | #include "shim.h"
| `- note: in file included from <module-includes>:1:
2 |
/host/spi-builder-workspace/.build/checkouts/GRDB.swift/Sources/GRDBSQLite/shim.h:1:10: error: 'sqlite3.h' file not found
1 | #include <sqlite3.h>
| `- error: 'sqlite3.h' file not found
2 |
3 | typedef void(*_errorLogCallback)(void *pArg, int iErrCode, const char *zMsg);
/host/spi-builder-workspace/.build/checkouts/GRDB.swift/GRDB/Core/Configuration.swift:10:8: error: could not build C module 'GRDBSQLite'
8 | import SQLCipher
9 | #else // Default SPM trait must be the default. It impossible to detect from Xcode.
10 | import GRDBSQLite
| `- error: could not build C module 'GRDBSQLite'
11 | #endif
12 |
[320/589] Compiling GRDB TableAlteration.swift
<module-includes>:1:10: note: in file included from <module-includes>:1:
1 | #include "shim.h"
| `- note: in file included from <module-includes>:1:
2 |
/host/spi-builder-workspace/.build/checkouts/GRDB.swift/Sources/GRDBSQLite/shim.h:1:10: error: 'sqlite3.h' file not found
1 | #include <sqlite3.h>
| `- error: 'sqlite3.h' file not found
2 |
3 | typedef void(*_errorLogCallback)(void *pArg, int iErrCode, const char *zMsg);
/host/spi-builder-workspace/.build/checkouts/GRDB.swift/GRDB/Core/Configuration.swift:10:8: error: could not build C module 'GRDBSQLite'
8 | import SQLCipher
9 | #else // Default SPM trait must be the default. It impossible to detect from Xcode.
10 | import GRDBSQLite
| `- error: could not build C module 'GRDBSQLite'
11 | #endif
12 |
[321/589] Compiling GRDB TableDefinition.swift
<module-includes>:1:10: note: in file included from <module-includes>:1:
1 | #include "shim.h"
| `- note: in file included from <module-includes>:1:
2 |
/host/spi-builder-workspace/.build/checkouts/GRDB.swift/Sources/GRDBSQLite/shim.h:1:10: error: 'sqlite3.h' file not found
1 | #include <sqlite3.h>
| `- error: 'sqlite3.h' file not found
2 |
3 | typedef void(*_errorLogCallback)(void *pArg, int iErrCode, const char *zMsg);
/host/spi-builder-workspace/.build/checkouts/GRDB.swift/GRDB/Core/Configuration.swift:10:8: error: could not build C module 'GRDBSQLite'
8 | import SQLCipher
9 | #else // Default SPM trait must be the default. It impossible to detect from Xcode.
10 | import GRDBSQLite
| `- error: could not build C module 'GRDBSQLite'
11 | #endif
12 |
[322/589] Compiling GRDB VirtualTableModule.swift
<module-includes>:1:10: note: in file included from <module-includes>:1:
1 | #include "shim.h"
| `- note: in file included from <module-includes>:1:
2 |
/host/spi-builder-workspace/.build/checkouts/GRDB.swift/Sources/GRDBSQLite/shim.h:1:10: error: 'sqlite3.h' file not found
1 | #include <sqlite3.h>
| `- error: 'sqlite3.h' file not found
2 |
3 | typedef void(*_errorLogCallback)(void *pArg, int iErrCode, const char *zMsg);
/host/spi-builder-workspace/.build/checkouts/GRDB.swift/GRDB/Core/Configuration.swift:10:8: error: could not build C module 'GRDBSQLite'
8 | import SQLCipher
9 | #else // Default SPM trait must be the default. It impossible to detect from Xcode.
10 | import GRDBSQLite
| `- error: could not build C module 'GRDBSQLite'
11 | #endif
12 |
[323/589] Compiling GRDB TableRecord+Association.swift
<module-includes>:1:10: note: in file included from <module-includes>:1:
1 | #include "shim.h"
| `- note: in file included from <module-includes>:1:
2 |
/host/spi-builder-workspace/.build/checkouts/GRDB.swift/Sources/GRDBSQLite/shim.h:1:10: error: 'sqlite3.h' file not found
1 | #include <sqlite3.h>
| `- error: 'sqlite3.h' file not found
2 |
3 | typedef void(*_errorLogCallback)(void *pArg, int iErrCode, const char *zMsg);
/host/spi-builder-workspace/.build/checkouts/GRDB.swift/GRDB/Core/Configuration.swift:10:8: error: could not build C module 'GRDBSQLite'
8 | import SQLCipher
9 | #else // Default SPM trait must be the default. It impossible to detect from Xcode.
10 | import GRDBSQLite
| `- error: could not build C module 'GRDBSQLite'
11 | #endif
12 |
[323/589] Compiling siphash.cc
[325/589] Compiling GRDB FTS5+QueryInterface.swift
<module-includes>:1:10: note: in file included from <module-includes>:1:
1 | #include "shim.h"
| `- note: in file included from <module-includes>:1:
2 |
/host/spi-builder-workspace/.build/checkouts/GRDB.swift/Sources/GRDBSQLite/shim.h:1:10: error: 'sqlite3.h' file not found
1 | #include <sqlite3.h>
| `- error: 'sqlite3.h' file not found
2 |
3 | typedef void(*_errorLogCallback)(void *pArg, int iErrCode, const char *zMsg);
/host/spi-builder-workspace/.build/checkouts/GRDB.swift/GRDB/Core/Configuration.swift:10:8: error: could not build C module 'GRDBSQLite'
8 | import SQLCipher
9 | #else // Default SPM trait must be the default. It impossible to detect from Xcode.
10 | import GRDBSQLite
| `- error: could not build C module 'GRDBSQLite'
11 | #endif
12 |
[326/589] Compiling GRDB ForeignKey.swift
<module-includes>:1:10: note: in file included from <module-includes>:1:
1 | #include "shim.h"
| `- note: in file included from <module-includes>:1:
2 |
/host/spi-builder-workspace/.build/checkouts/GRDB.swift/Sources/GRDBSQLite/shim.h:1:10: error: 'sqlite3.h' file not found
1 | #include <sqlite3.h>
| `- error: 'sqlite3.h' file not found
2 |
3 | typedef void(*_errorLogCallback)(void *pArg, int iErrCode, const char *zMsg);
/host/spi-builder-workspace/.build/checkouts/GRDB.swift/GRDB/Core/Configuration.swift:10:8: error: could not build C module 'GRDBSQLite'
8 | import SQLCipher
9 | #else // Default SPM trait must be the default. It impossible to detect from Xcode.
10 | import GRDBSQLite
| `- error: could not build C module 'GRDBSQLite'
11 | #endif
12 |
[327/589] Compiling GRDB Association.swift
<module-includes>:1:10: note: in file included from <module-includes>:1:
1 | #include "shim.h"
| `- note: in file included from <module-includes>:1:
2 |
/host/spi-builder-workspace/.build/checkouts/GRDB.swift/Sources/GRDBSQLite/shim.h:1:10: error: 'sqlite3.h' file not found
1 | #include <sqlite3.h>
| `- error: 'sqlite3.h' file not found
2 |
3 | typedef void(*_errorLogCallback)(void *pArg, int iErrCode, const char *zMsg);
/host/spi-builder-workspace/.build/checkouts/GRDB.swift/GRDB/Core/Configuration.swift:10:8: error: could not build C module 'GRDBSQLite'
8 | import SQLCipher
9 | #else // Default SPM trait must be the default. It impossible to detect from Xcode.
10 | import GRDBSQLite
| `- error: could not build C module 'GRDBSQLite'
11 | #endif
12 |
[328/589] Compiling GRDB AssociationAggregate.swift
<module-includes>:1:10: note: in file included from <module-includes>:1:
1 | #include "shim.h"
| `- note: in file included from <module-includes>:1:
2 |
/host/spi-builder-workspace/.build/checkouts/GRDB.swift/Sources/GRDBSQLite/shim.h:1:10: error: 'sqlite3.h' file not found
1 | #include <sqlite3.h>
| `- error: 'sqlite3.h' file not found
2 |
3 | typedef void(*_errorLogCallback)(void *pArg, int iErrCode, const char *zMsg);
/host/spi-builder-workspace/.build/checkouts/GRDB.swift/GRDB/Core/Configuration.swift:10:8: error: could not build C module 'GRDBSQLite'
8 | import SQLCipher
9 | #else // Default SPM trait must be the default. It impossible to detect from Xcode.
10 | import GRDBSQLite
| `- error: could not build C module 'GRDBSQLite'
11 | #endif
12 |
[329/589] Compiling GRDB BelongsToAssociation.swift
<module-includes>:1:10: note: in file included from <module-includes>:1:
1 | #include "shim.h"
| `- note: in file included from <module-includes>:1:
2 |
/host/spi-builder-workspace/.build/checkouts/GRDB.swift/Sources/GRDBSQLite/shim.h:1:10: error: 'sqlite3.h' file not found
1 | #include <sqlite3.h>
| `- error: 'sqlite3.h' file not found
2 |
3 | typedef void(*_errorLogCallback)(void *pArg, int iErrCode, const char *zMsg);
/host/spi-builder-workspace/.build/checkouts/GRDB.swift/GRDB/Core/Configuration.swift:10:8: error: could not build C module 'GRDBSQLite'
8 | import SQLCipher
9 | #else // Default SPM trait must be the default. It impossible to detect from Xcode.
10 | import GRDBSQLite
| `- error: could not build C module 'GRDBSQLite'
11 | #endif
12 |
[330/589] Compiling GRDB HasManyAssociation.swift
<module-includes>:1:10: note: in file included from <module-includes>:1:
1 | #include "shim.h"
| `- note: in file included from <module-includes>:1:
2 |
/host/spi-builder-workspace/.build/checkouts/GRDB.swift/Sources/GRDBSQLite/shim.h:1:10: error: 'sqlite3.h' file not found
1 | #include <sqlite3.h>
| `- error: 'sqlite3.h' file not found
2 |
3 | typedef void(*_errorLogCallback)(void *pArg, int iErrCode, const char *zMsg);
/host/spi-builder-workspace/.build/checkouts/GRDB.swift/GRDB/Core/Configuration.swift:10:8: error: could not build C module 'GRDBSQLite'
8 | import SQLCipher
9 | #else // Default SPM trait must be the default. It impossible to detect from Xcode.
10 | import GRDBSQLite
| `- error: could not build C module 'GRDBSQLite'
11 | #endif
12 |
[331/589] Compiling GRDB HasManyThroughAssociation.swift
<module-includes>:1:10: note: in file included from <module-includes>:1:
1 | #include "shim.h"
| `- note: in file included from <module-includes>:1:
2 |
/host/spi-builder-workspace/.build/checkouts/GRDB.swift/Sources/GRDBSQLite/shim.h:1:10: error: 'sqlite3.h' file not found
1 | #include <sqlite3.h>
| `- error: 'sqlite3.h' file not found
2 |
3 | typedef void(*_errorLogCallback)(void *pArg, int iErrCode, const char *zMsg);
/host/spi-builder-workspace/.build/checkouts/GRDB.swift/GRDB/Core/Configuration.swift:10:8: error: could not build C module 'GRDBSQLite'
8 | import SQLCipher
9 | #else // Default SPM trait must be the default. It impossible to detect from Xcode.
10 | import GRDBSQLite
| `- error: could not build C module 'GRDBSQLite'
11 | #endif
12 |
[332/589] Compiling GRDB HasOneAssociation.swift
<module-includes>:1:10: note: in file included from <module-includes>:1:
1 | #include "shim.h"
| `- note: in file included from <module-includes>:1:
2 |
/host/spi-builder-workspace/.build/checkouts/GRDB.swift/Sources/GRDBSQLite/shim.h:1:10: error: 'sqlite3.h' file not found
1 | #include <sqlite3.h>
| `- error: 'sqlite3.h' file not found
2 |
3 | typedef void(*_errorLogCallback)(void *pArg, int iErrCode, const char *zMsg);
/host/spi-builder-workspace/.build/checkouts/GRDB.swift/GRDB/Core/Configuration.swift:10:8: error: could not build C module 'GRDBSQLite'
8 | import SQLCipher
9 | #else // Default SPM trait must be the default. It impossible to detect from Xcode.
10 | import GRDBSQLite
| `- error: could not build C module 'GRDBSQLite'
11 | #endif
12 |
[333/589] Compiling GRDB HasOneThroughAssociation.swift
<module-includes>:1:10: note: in file included from <module-includes>:1:
1 | #include "shim.h"
| `- note: in file included from <module-includes>:1:
2 |
/host/spi-builder-workspace/.build/checkouts/GRDB.swift/Sources/GRDBSQLite/shim.h:1:10: error: 'sqlite3.h' file not found
1 | #include <sqlite3.h>
| `- error: 'sqlite3.h' file not found
2 |
3 | typedef void(*_errorLogCallback)(void *pArg, int iErrCode, const char *zMsg);
/host/spi-builder-workspace/.build/checkouts/GRDB.swift/GRDB/Core/Configuration.swift:10:8: error: could not build C module 'GRDBSQLite'
8 | import SQLCipher
9 | #else // Default SPM trait must be the default. It impossible to detect from Xcode.
10 | import GRDBSQLite
| `- error: could not build C module 'GRDBSQLite'
11 | #endif
12 |
[334/589] Compiling GRDB JoinAssociation.swift
<module-includes>:1:10: note: in file included from <module-includes>:1:
1 | #include "shim.h"
| `- note: in file included from <module-includes>:1:
2 |
/host/spi-builder-workspace/.build/checkouts/GRDB.swift/Sources/GRDBSQLite/shim.h:1:10: error: 'sqlite3.h' file not found
1 | #include <sqlite3.h>
| `- error: 'sqlite3.h' file not found
2 |
3 | typedef void(*_errorLogCallback)(void *pArg, int iErrCode, const char *zMsg);
/host/spi-builder-workspace/.build/checkouts/GRDB.swift/GRDB/Core/Configuration.swift:10:8: error: could not build C module 'GRDBSQLite'
8 | import SQLCipher
9 | #else // Default SPM trait must be the default. It impossible to detect from Xcode.
10 | import GRDBSQLite
| `- error: could not build C module 'GRDBSQLite'
11 | #endif
12 |
[335/589] Compiling GRDB CommonTableExpression.swift
<module-includes>:1:10: note: in file included from <module-includes>:1:
1 | #include "shim.h"
| `- note: in file included from <module-includes>:1:
2 |
/host/spi-builder-workspace/.build/checkouts/GRDB.swift/Sources/GRDBSQLite/shim.h:1:10: error: 'sqlite3.h' file not found
1 | #include <sqlite3.h>
| `- error: 'sqlite3.h' file not found
2 |
3 | typedef void(*_errorLogCallback)(void *pArg, int iErrCode, const char *zMsg);
/host/spi-builder-workspace/.build/checkouts/GRDB.swift/GRDB/Core/Configuration.swift:10:8: error: could not build C module 'GRDBSQLite'
8 | import SQLCipher
9 | #else // Default SPM trait must be the default. It impossible to detect from Xcode.
10 | import GRDBSQLite
| `- error: could not build C module 'GRDBSQLite'
11 | #endif
12 |
[336/589] Compiling GRDB QueryInterfaceRequest.swift
<module-includes>:1:10: note: in file included from <module-includes>:1:
1 | #include "shim.h"
| `- note: in file included from <module-includes>:1:
2 |
/host/spi-builder-workspace/.build/checkouts/GRDB.swift/Sources/GRDBSQLite/shim.h:1:10: error: 'sqlite3.h' file not found
1 | #include <sqlite3.h>
| `- error: 'sqlite3.h' file not found
2 |
3 | typedef void(*_errorLogCallback)(void *pArg, int iErrCode, const char *zMsg);
/host/spi-builder-workspace/.build/checkouts/GRDB.swift/GRDB/Core/Configuration.swift:10:8: error: could not build C module 'GRDBSQLite'
8 | import SQLCipher
9 | #else // Default SPM trait must be the default. It impossible to detect from Xcode.
10 | import GRDBSQLite
| `- error: could not build C module 'GRDBSQLite'
11 | #endif
12 |
[337/589] Compiling GRDB RequestProtocols.swift
<module-includes>:1:10: note: in file included from <module-includes>:1:
1 | #include "shim.h"
| `- note: in file included from <module-includes>:1:
2 |
/host/spi-builder-workspace/.build/checkouts/GRDB.swift/Sources/GRDBSQLite/shim.h:1:10: error: 'sqlite3.h' file not found
1 | #include <sqlite3.h>
| `- error: 'sqlite3.h' file not found
2 |
3 | typedef void(*_errorLogCallback)(void *pArg, int iErrCode, const char *zMsg);
/host/spi-builder-workspace/.build/checkouts/GRDB.swift/GRDB/Core/Configuration.swift:10:8: error: could not build C module 'GRDBSQLite'
8 | import SQLCipher
9 | #else // Default SPM trait must be the default. It impossible to detect from Xcode.
10 | import GRDBSQLite
| `- error: could not build C module 'GRDBSQLite'
11 | #endif
12 |
[338/589] Compiling GRDB Column.swift
<module-includes>:1:10: note: in file included from <module-includes>:1:
1 | #include "shim.h"
| `- note: in file included from <module-includes>:1:
2 |
/host/spi-builder-workspace/.build/checkouts/GRDB.swift/Sources/GRDBSQLite/shim.h:1:10: error: 'sqlite3.h' file not found
1 | #include <sqlite3.h>
| `- error: 'sqlite3.h' file not found
2 |
3 | typedef void(*_errorLogCallback)(void *pArg, int iErrCode, const char *zMsg);
/host/spi-builder-workspace/.build/checkouts/GRDB.swift/GRDB/Core/Configuration.swift:10:8: error: could not build C module 'GRDBSQLite'
8 | import SQLCipher
9 | #else // Default SPM trait must be the default. It impossible to detect from Xcode.
10 | import GRDBSQLite
| `- error: could not build C module 'GRDBSQLite'
11 | #endif
12 |
[339/589] Compiling GRDB DatabasePromise.swift
<module-includes>:1:10: note: in file included from <module-includes>:1:
1 | #include "shim.h"
| `- note: in file included from <module-includes>:1:
2 |
/host/spi-builder-workspace/.build/checkouts/GRDB.swift/Sources/GRDBSQLite/shim.h:1:10: error: 'sqlite3.h' file not found
1 | #include <sqlite3.h>
| `- error: 'sqlite3.h' file not found
2 |
3 | typedef void(*_errorLogCallback)(void *pArg, int iErrCode, const char *zMsg);
/host/spi-builder-workspace/.build/checkouts/GRDB.swift/GRDB/Core/Configuration.swift:10:8: error: could not build C module 'GRDBSQLite'
8 | import SQLCipher
9 | #else // Default SPM trait must be the default. It impossible to detect from Xcode.
10 | import GRDBSQLite
| `- error: could not build C module 'GRDBSQLite'
11 | #endif
12 |
[340/589] Compiling GRDB SQLAssociation.swift
<module-includes>:1:10: note: in file included from <module-includes>:1:
1 | #include "shim.h"
| `- note: in file included from <module-includes>:1:
2 |
/host/spi-builder-workspace/.build/checkouts/GRDB.swift/Sources/GRDBSQLite/shim.h:1:10: error: 'sqlite3.h' file not found
1 | #include <sqlite3.h>
| `- error: 'sqlite3.h' file not found
2 |
3 | typedef void(*_errorLogCallback)(void *pArg, int iErrCode, const char *zMsg);
/host/spi-builder-workspace/.build/checkouts/GRDB.swift/GRDB/Core/Configuration.swift:10:8: error: could not build C module 'GRDBSQLite'
8 | import SQLCipher
9 | #else // Default SPM trait must be the default. It impossible to detect from Xcode.
10 | import GRDBSQLite
| `- error: could not build C module 'GRDBSQLite'
11 | #endif
12 |
[341/589] Compiling GRDB SQLCollection.swift
<module-includes>:1:10: note: in file included from <module-includes>:1:
1 | #include "shim.h"
| `- note: in file included from <module-includes>:1:
2 |
/host/spi-builder-workspace/.build/checkouts/GRDB.swift/Sources/GRDBSQLite/shim.h:1:10: error: 'sqlite3.h' file not found
1 | #include <sqlite3.h>
| `- error: 'sqlite3.h' file not found
2 |
3 | typedef void(*_errorLogCallback)(void *pArg, int iErrCode, const char *zMsg);
/host/spi-builder-workspace/.build/checkouts/GRDB.swift/GRDB/Core/Configuration.swift:10:8: error: could not build C module 'GRDBSQLite'
8 | import SQLCipher
9 | #else // Default SPM trait must be the default. It impossible to detect from Xcode.
10 | import GRDBSQLite
| `- error: could not build C module 'GRDBSQLite'
11 | #endif
12 |
[342/589] Compiling GRDB SQLExpression.swift
<module-includes>:1:10: note: in file included from <module-includes>:1:
1 | #include "shim.h"
| `- note: in file included from <module-includes>:1:
2 |
/host/spi-builder-workspace/.build/checkouts/GRDB.swift/Sources/GRDBSQLite/shim.h:1:10: error: 'sqlite3.h' file not found
1 | #include <sqlite3.h>
| `- error: 'sqlite3.h' file not found
2 |
3 | typedef void(*_errorLogCallback)(void *pArg, int iErrCode, const char *zMsg);
/host/spi-builder-workspace/.build/checkouts/GRDB.swift/GRDB/Core/Configuration.swift:10:8: error: could not build C module 'GRDBSQLite'
8 | import SQLCipher
9 | #else // Default SPM trait must be the default. It impossible to detect from Xcode.
10 | import GRDBSQLite
| `- error: could not build C module 'GRDBSQLite'
11 | #endif
12 |
[343/589] Compiling GRDB SQLForeignKeyRequest.swift
<module-includes>:1:10: note: in file included from <module-includes>:1:
1 | #include "shim.h"
| `- note: in file included from <module-includes>:1:
2 |
/host/spi-builder-workspace/.build/checkouts/GRDB.swift/Sources/GRDBSQLite/shim.h:1:10: error: 'sqlite3.h' file not found
1 | #include <sqlite3.h>
| `- error: 'sqlite3.h' file not found
2 |
3 | typedef void(*_errorLogCallback)(void *pArg, int iErrCode, const char *zMsg);
/host/spi-builder-workspace/.build/checkouts/GRDB.swift/GRDB/Core/Configuration.swift:10:8: error: could not build C module 'GRDBSQLite'
8 | import SQLCipher
9 | #else // Default SPM trait must be the default. It impossible to detect from Xcode.
10 | import GRDBSQLite
| `- error: could not build C module 'GRDBSQLite'
11 | #endif
12 |
[344/589] Compiling GRDB SQLFunctions.swift
<module-includes>:1:10: note: in file included from <module-includes>:1:
1 | #include "shim.h"
| `- note: in file included from <module-includes>:1:
2 |
/host/spi-builder-workspace/.build/checkouts/GRDB.swift/Sources/GRDBSQLite/shim.h:1:10: error: 'sqlite3.h' file not found
1 | #include <sqlite3.h>
| `- error: 'sqlite3.h' file not found
2 |
3 | typedef void(*_errorLogCallback)(void *pArg, int iErrCode, const char *zMsg);
/host/spi-builder-workspace/.build/checkouts/GRDB.swift/GRDB/Core/Configuration.swift:10:8: error: could not build C module 'GRDBSQLite'
8 | import SQLCipher
9 | #else // Default SPM trait must be the default. It impossible to detect from Xcode.
10 | import GRDBSQLite
| `- error: could not build C module 'GRDBSQLite'
11 | #endif
12 |
[345/589] Compiling GRDB SQLOperators.swift
<module-includes>:1:10: note: in file included from <module-includes>:1:
1 | #include "shim.h"
| `- note: in file included from <module-includes>:1:
2 |
/host/spi-builder-workspace/.build/checkouts/GRDB.swift/Sources/GRDBSQLite/shim.h:1:10: error: 'sqlite3.h' file not found
1 | #include <sqlite3.h>
| `- error: 'sqlite3.h' file not found
2 |
3 | typedef void(*_errorLogCallback)(void *pArg, int iErrCode, const char *zMsg);
/host/spi-builder-workspace/.build/checkouts/GRDB.swift/GRDB/Core/Configuration.swift:10:8: error: could not build C module 'GRDBSQLite'
8 | import SQLCipher
9 | #else // Default SPM trait must be the default. It impossible to detect from Xcode.
10 | import GRDBSQLite
| `- error: could not build C module 'GRDBSQLite'
11 | #endif
12 |
[346/589] Compiling GRDB Configuration.swift
<module-includes>:1:10: note: in file included from <module-includes>:1:
1 | #include "shim.h"
| `- note: in file included from <module-includes>:1:
2 |
/host/spi-builder-workspace/.build/checkouts/GRDB.swift/Sources/GRDBSQLite/shim.h:1:10: error: 'sqlite3.h' file not found
1 | #include <sqlite3.h>
| `- error: 'sqlite3.h' file not found
2 |
3 | typedef void(*_errorLogCallback)(void *pArg, int iErrCode, const char *zMsg);
/host/spi-builder-workspace/.build/checkouts/GRDB.swift/GRDB/Core/Configuration.swift:10:8: error: could not build C module 'GRDBSQLite'
8 | import SQLCipher
9 | #else // Default SPM trait must be the default. It impossible to detect from Xcode.
10 | import GRDBSQLite
| `- error: could not build C module 'GRDBSQLite'
11 | #endif
12 |
[347/589] Compiling GRDB Cursor.swift
<module-includes>:1:10: note: in file included from <module-includes>:1:
1 | #include "shim.h"
| `- note: in file included from <module-includes>:1:
2 |
/host/spi-builder-workspace/.build/checkouts/GRDB.swift/Sources/GRDBSQLite/shim.h:1:10: error: 'sqlite3.h' file not found
1 | #include <sqlite3.h>
| `- error: 'sqlite3.h' file not found
2 |
3 | typedef void(*_errorLogCallback)(void *pArg, int iErrCode, const char *zMsg);
/host/spi-builder-workspace/.build/checkouts/GRDB.swift/GRDB/Core/Configuration.swift:10:8: error: could not build C module 'GRDBSQLite'
8 | import SQLCipher
9 | #else // Default SPM trait must be the default. It impossible to detect from Xcode.
10 | import GRDBSQLite
| `- error: could not build C module 'GRDBSQLite'
11 | #endif
12 |
[348/589] Compiling GRDB Database+SQLCipher.swift
<module-includes>:1:10: note: in file included from <module-includes>:1:
1 | #include "shim.h"
| `- note: in file included from <module-includes>:1:
2 |
/host/spi-builder-workspace/.build/checkouts/GRDB.swift/Sources/GRDBSQLite/shim.h:1:10: error: 'sqlite3.h' file not found
1 | #include <sqlite3.h>
| `- error: 'sqlite3.h' file not found
2 |
3 | typedef void(*_errorLogCallback)(void *pArg, int iErrCode, const char *zMsg);
/host/spi-builder-workspace/.build/checkouts/GRDB.swift/GRDB/Core/Configuration.swift:10:8: error: could not build C module 'GRDBSQLite'
8 | import SQLCipher
9 | #else // Default SPM trait must be the default. It impossible to detect from Xcode.
10 | import GRDBSQLite
| `- error: could not build C module 'GRDBSQLite'
11 | #endif
12 |
[349/589] Compiling GRDB Database+Schema.swift
<module-includes>:1:10: note: in file included from <module-includes>:1:
1 | #include "shim.h"
| `- note: in file included from <module-includes>:1:
2 |
/host/spi-builder-workspace/.build/checkouts/GRDB.swift/Sources/GRDBSQLite/shim.h:1:10: error: 'sqlite3.h' file not found
1 | #include <sqlite3.h>
| `- error: 'sqlite3.h' file not found
2 |
3 | typedef void(*_errorLogCallback)(void *pArg, int iErrCode, const char *zMsg);
/host/spi-builder-workspace/.build/checkouts/GRDB.swift/GRDB/Core/Configuration.swift:10:8: error: could not build C module 'GRDBSQLite'
8 | import SQLCipher
9 | #else // Default SPM trait must be the default. It impossible to detect from Xcode.
10 | import GRDBSQLite
| `- error: could not build C module 'GRDBSQLite'
11 | #endif
12 |
[350/589] Compiling GRDB Database+Statements.swift
<module-includes>:1:10: note: in file included from <module-includes>:1:
1 | #include "shim.h"
| `- note: in file included from <module-includes>:1:
2 |
/host/spi-builder-workspace/.build/checkouts/GRDB.swift/Sources/GRDBSQLite/shim.h:1:10: error: 'sqlite3.h' file not found
1 | #include <sqlite3.h>
| `- error: 'sqlite3.h' file not found
2 |
3 | typedef void(*_errorLogCallback)(void *pArg, int iErrCode, const char *zMsg);
/host/spi-builder-workspace/.build/checkouts/GRDB.swift/GRDB/Core/Configuration.swift:10:8: error: could not build C module 'GRDBSQLite'
8 | import SQLCipher
9 | #else // Default SPM trait must be the default. It impossible to detect from Xcode.
10 | import GRDBSQLite
| `- error: could not build C module 'GRDBSQLite'
11 | #endif
12 |
[351/589] Compiling GRDB Database.swift
<module-includes>:1:10: note: in file included from <module-includes>:1:
1 | #include "shim.h"
| `- note: in file included from <module-includes>:1:
2 |
/host/spi-builder-workspace/.build/checkouts/GRDB.swift/Sources/GRDBSQLite/shim.h:1:10: error: 'sqlite3.h' file not found
1 | #include <sqlite3.h>
| `- error: 'sqlite3.h' file not found
2 |
3 | typedef void(*_errorLogCallback)(void *pArg, int iErrCode, const char *zMsg);
/host/spi-builder-workspace/.build/checkouts/GRDB.swift/GRDB/Core/Configuration.swift:10:8: error: could not build C module 'GRDBSQLite'
8 | import SQLCipher
9 | #else // Default SPM trait must be the default. It impossible to detect from Xcode.
10 | import GRDBSQLite
| `- error: could not build C module 'GRDBSQLite'
11 | #endif
12 |
[352/589] Compiling GRDB DatabaseBackupProgress.swift
<module-includes>:1:10: note: in file included from <module-includes>:1:
1 | #include "shim.h"
| `- note: in file included from <module-includes>:1:
2 |
/host/spi-builder-workspace/.build/checkouts/GRDB.swift/Sources/GRDBSQLite/shim.h:1:10: error: 'sqlite3.h' file not found
1 | #include <sqlite3.h>
| `- error: 'sqlite3.h' file not found
2 |
3 | typedef void(*_errorLogCallback)(void *pArg, int iErrCode, const char *zMsg);
/host/spi-builder-workspace/.build/checkouts/GRDB.swift/GRDB/Core/Configuration.swift:10:8: error: could not build C module 'GRDBSQLite'
8 | import SQLCipher
9 | #else // Default SPM trait must be the default. It impossible to detect from Xcode.
10 | import GRDBSQLite
| `- error: could not build C module 'GRDBSQLite'
11 | #endif
12 |
[353/589] Compiling GRDB DatabaseCollation.swift
<module-includes>:1:10: note: in file included from <module-includes>:1:
1 | #include "shim.h"
| `- note: in file included from <module-includes>:1:
2 |
/host/spi-builder-workspace/.build/checkouts/GRDB.swift/Sources/GRDBSQLite/shim.h:1:10: error: 'sqlite3.h' file not found
1 | #include <sqlite3.h>
| `- error: 'sqlite3.h' file not found
2 |
3 | typedef void(*_errorLogCallback)(void *pArg, int iErrCode, const char *zMsg);
/host/spi-builder-workspace/.build/checkouts/GRDB.swift/GRDB/Core/Configuration.swift:10:8: error: could not build C module 'GRDBSQLite'
8 | import SQLCipher
9 | #else // Default SPM trait must be the default. It impossible to detect from Xcode.
10 | import GRDBSQLite
| `- error: could not build C module 'GRDBSQLite'
11 | #endif
12 |
[354/589] Compiling GRDB DatabaseError.swift
<module-includes>:1:10: note: in file included from <module-includes>:1:
1 | #include "shim.h"
| `- note: in file included from <module-includes>:1:
2 |
/host/spi-builder-workspace/.build/checkouts/GRDB.swift/Sources/GRDBSQLite/shim.h:1:10: error: 'sqlite3.h' file not found
1 | #include <sqlite3.h>
| `- error: 'sqlite3.h' file not found
2 |
3 | typedef void(*_errorLogCallback)(void *pArg, int iErrCode, const char *zMsg);
/host/spi-builder-workspace/.build/checkouts/GRDB.swift/GRDB/Core/Configuration.swift:10:8: error: could not build C module 'GRDBSQLite'
8 | import SQLCipher
9 | #else // Default SPM trait must be the default. It impossible to detect from Xcode.
10 | import GRDBSQLite
| `- error: could not build C module 'GRDBSQLite'
11 | #endif
12 |
[355/589] Compiling GRDB DatabaseFunction.swift
<module-includes>:1:10: note: in file included from <module-includes>:1:
1 | #include "shim.h"
| `- note: in file included from <module-includes>:1:
2 |
/host/spi-builder-workspace/.build/checkouts/GRDB.swift/Sources/GRDBSQLite/shim.h:1:10: error: 'sqlite3.h' file not found
1 | #include <sqlite3.h>
| `- error: 'sqlite3.h' file not found
2 |
3 | typedef void(*_errorLogCallback)(void *pArg, int iErrCode, const char *zMsg);
/host/spi-builder-workspace/.build/checkouts/GRDB.swift/GRDB/Core/Configuration.swift:10:8: error: could not build C module 'GRDBSQLite'
8 | import SQLCipher
9 | #else // Default SPM trait must be the default. It impossible to detect from Xcode.
10 | import GRDBSQLite
| `- error: could not build C module 'GRDBSQLite'
11 | #endif
12 |
[356/589] Compiling GRDB DatabasePool.swift
<module-includes>:1:10: note: in file included from <module-includes>:1:
1 | #include "shim.h"
| `- note: in file included from <module-includes>:1:
2 |
/host/spi-builder-workspace/.build/checkouts/GRDB.swift/Sources/GRDBSQLite/shim.h:1:10: error: 'sqlite3.h' file not found
1 | #include <sqlite3.h>
| `- error: 'sqlite3.h' file not found
2 |
3 | typedef void(*_errorLogCallback)(void *pArg, int iErrCode, const char *zMsg);
/host/spi-builder-workspace/.build/checkouts/GRDB.swift/GRDB/Core/Configuration.swift:10:8: error: could not build C module 'GRDBSQLite'
8 | import SQLCipher
9 | #else // Default SPM trait must be the default. It impossible to detect from Xcode.
10 | import GRDBSQLite
| `- error: could not build C module 'GRDBSQLite'
11 | #endif
12 |
[357/589] Compiling GRDB DatabasePublishers.swift
<module-includes>:1:10: note: in file included from <module-includes>:1:
1 | #include "shim.h"
| `- note: in file included from <module-includes>:1:
2 |
/host/spi-builder-workspace/.build/checkouts/GRDB.swift/Sources/GRDBSQLite/shim.h:1:10: error: 'sqlite3.h' file not found
1 | #include <sqlite3.h>
| `- error: 'sqlite3.h' file not found
2 |
3 | typedef void(*_errorLogCallback)(void *pArg, int iErrCode, const char *zMsg);
/host/spi-builder-workspace/.build/checkouts/GRDB.swift/GRDB/Core/Configuration.swift:10:8: error: could not build C module 'GRDBSQLite'
8 | import SQLCipher
9 | #else // Default SPM trait must be the default. It impossible to detect from Xcode.
10 | import GRDBSQLite
| `- error: could not build C module 'GRDBSQLite'
11 | #endif
12 |
[358/589] Compiling GRDB DatabaseQueue.swift
<module-includes>:1:10: note: in file included from <module-includes>:1:
1 | #include "shim.h"
| `- note: in file included from <module-includes>:1:
2 |
/host/spi-builder-workspace/.build/checkouts/GRDB.swift/Sources/GRDBSQLite/shim.h:1:10: error: 'sqlite3.h' file not found
1 | #include <sqlite3.h>
| `- error: 'sqlite3.h' file not found
2 |
3 | typedef void(*_errorLogCallback)(void *pArg, int iErrCode, const char *zMsg);
/host/spi-builder-workspace/.build/checkouts/GRDB.swift/GRDB/Core/Configuration.swift:10:8: error: could not build C module 'GRDBSQLite'
8 | import SQLCipher
9 | #else // Default SPM trait must be the default. It impossible to detect from Xcode.
10 | import GRDBSQLite
| `- error: could not build C module 'GRDBSQLite'
11 | #endif
12 |
[359/589] Compiling GRDB DatabaseReader.swift
<module-includes>:1:10: note: in file included from <module-includes>:1:
1 | #include "shim.h"
| `- note: in file included from <module-includes>:1:
2 |
/host/spi-builder-workspace/.build/checkouts/GRDB.swift/Sources/GRDBSQLite/shim.h:1:10: error: 'sqlite3.h' file not found
1 | #include <sqlite3.h>
| `- error: 'sqlite3.h' file not found
2 |
3 | typedef void(*_errorLogCallback)(void *pArg, int iErrCode, const char *zMsg);
/host/spi-builder-workspace/.build/checkouts/GRDB.swift/GRDB/Core/Configuration.swift:10:8: error: could not build C module 'GRDBSQLite'
8 | import SQLCipher
9 | #else // Default SPM trait must be the default. It impossible to detect from Xcode.
10 | import GRDBSQLite
| `- error: could not build C module 'GRDBSQLite'
11 | #endif
12 |
[360/589] Compiling GRDB DatabaseRegion.swift
<module-includes>:1:10: note: in file included from <module-includes>:1:
1 | #include "shim.h"
| `- note: in file included from <module-includes>:1:
2 |
/host/spi-builder-workspace/.build/checkouts/GRDB.swift/Sources/GRDBSQLite/shim.h:1:10: error: 'sqlite3.h' file not found
1 | #include <sqlite3.h>
| `- error: 'sqlite3.h' file not found
2 |
3 | typedef void(*_errorLogCallback)(void *pArg, int iErrCode, const char *zMsg);
/host/spi-builder-workspace/.build/checkouts/GRDB.swift/GRDB/Core/Configuration.swift:10:8: error: could not build C module 'GRDBSQLite'
8 | import SQLCipher
9 | #else // Default SPM trait must be the default. It impossible to detect from Xcode.
10 | import GRDBSQLite
| `- error: could not build C module 'GRDBSQLite'
11 | #endif
12 |
[361/589] Compiling GRDB DatabaseRegionObservation.swift
<module-includes>:1:10: note: in file included from <module-includes>:1:
1 | #include "shim.h"
| `- note: in file included from <module-includes>:1:
2 |
/host/spi-builder-workspace/.build/checkouts/GRDB.swift/Sources/GRDBSQLite/shim.h:1:10: error: 'sqlite3.h' file not found
1 | #include <sqlite3.h>
| `- error: 'sqlite3.h' file not found
2 |
3 | typedef void(*_errorLogCallback)(void *pArg, int iErrCode, const char *zMsg);
/host/spi-builder-workspace/.build/checkouts/GRDB.swift/GRDB/Core/Configuration.swift:10:8: error: could not build C module 'GRDBSQLite'
8 | import SQLCipher
9 | #else // Default SPM trait must be the default. It impossible to detect from Xcode.
10 | import GRDBSQLite
| `- error: could not build C module 'GRDBSQLite'
11 | #endif
12 |
[362/589] Compiling GRDB DatabaseSchemaCache.swift
<module-includes>:1:10: note: in file included from <module-includes>:1:
1 | #include "shim.h"
| `- note: in file included from <module-includes>:1:
2 |
/host/spi-builder-workspace/.build/checkouts/GRDB.swift/Sources/GRDBSQLite/shim.h:1:10: error: 'sqlite3.h' file not found
1 | #include <sqlite3.h>
| `- error: 'sqlite3.h' file not found
2 |
3 | typedef void(*_errorLogCallback)(void *pArg, int iErrCode, const char *zMsg);
/host/spi-builder-workspace/.build/checkouts/GRDB.swift/GRDB/Core/Configuration.swift:10:8: error: could not build C module 'GRDBSQLite'
8 | import SQLCipher
9 | #else // Default SPM trait must be the default. It impossible to detect from Xcode.
10 | import GRDBSQLite
| `- error: could not build C module 'GRDBSQLite'
11 | #endif
12 |
[363/589] Compiling GRDB DatabaseSchemaSource.swift
<module-includes>:1:10: note: in file included from <module-includes>:1:
1 | #include "shim.h"
| `- note: in file included from <module-includes>:1:
2 |
/host/spi-builder-workspace/.build/checkouts/GRDB.swift/Sources/GRDBSQLite/shim.h:1:10: error: 'sqlite3.h' file not found
1 | #include <sqlite3.h>
| `- error: 'sqlite3.h' file not found
2 |
3 | typedef void(*_errorLogCallback)(void *pArg, int iErrCode, const char *zMsg);
/host/spi-builder-workspace/.build/checkouts/GRDB.swift/GRDB/Core/Configuration.swift:10:8: error: could not build C module 'GRDBSQLite'
8 | import SQLCipher
9 | #else // Default SPM trait must be the default. It impossible to detect from Xcode.
10 | import GRDBSQLite
| `- error: could not build C module 'GRDBSQLite'
11 | #endif
12 |
[364/589] Compiling GRDB DatabaseSnapshot.swift
<module-includes>:1:10: note: in file included from <module-includes>:1:
1 | #include "shim.h"
| `- note: in file included from <module-includes>:1:
2 |
/host/spi-builder-workspace/.build/checkouts/GRDB.swift/Sources/GRDBSQLite/shim.h:1:10: error: 'sqlite3.h' file not found
1 | #include <sqlite3.h>
| `- error: 'sqlite3.h' file not found
2 |
3 | typedef void(*_errorLogCallback)(void *pArg, int iErrCode, const char *zMsg);
/host/spi-builder-workspace/.build/checkouts/GRDB.swift/GRDB/Core/Configuration.swift:10:8: error: could not build C module 'GRDBSQLite'
8 | import SQLCipher
9 | #else // Default SPM trait must be the default. It impossible to detect from Xcode.
10 | import GRDBSQLite
| `- error: could not build C module 'GRDBSQLite'
11 | #endif
12 |
[365/589] Compiling GRDB DatabaseSnapshotPool.swift
<module-includes>:1:10: note: in file included from <module-includes>:1:
1 | #include "shim.h"
| `- note: in file included from <module-includes>:1:
2 |
/host/spi-builder-workspace/.build/checkouts/GRDB.swift/Sources/GRDBSQLite/shim.h:1:10: error: 'sqlite3.h' file not found
1 | #include <sqlite3.h>
| `- error: 'sqlite3.h' file not found
2 |
3 | typedef void(*_errorLogCallback)(void *pArg, int iErrCode, const char *zMsg);
/host/spi-builder-workspace/.build/checkouts/GRDB.swift/GRDB/Core/Configuration.swift:10:8: error: could not build C module 'GRDBSQLite'
8 | import SQLCipher
9 | #else // Default SPM trait must be the default. It impossible to detect from Xcode.
10 | import GRDBSQLite
| `- error: could not build C module 'GRDBSQLite'
11 | #endif
12 |
[366/589] Compiling GRDB DatabaseValue.swift
<module-includes>:1:10: note: in file included from <module-includes>:1:
1 | #include "shim.h"
| `- note: in file included from <module-includes>:1:
2 |
/host/spi-builder-workspace/.build/checkouts/GRDB.swift/Sources/GRDBSQLite/shim.h:1:10: error: 'sqlite3.h' file not found
1 | #include <sqlite3.h>
| `- error: 'sqlite3.h' file not found
2 |
3 | typedef void(*_errorLogCallback)(void *pArg, int iErrCode, const char *zMsg);
/host/spi-builder-workspace/.build/checkouts/GRDB.swift/GRDB/Core/Configuration.swift:10:8: error: could not build C module 'GRDBSQLite'
8 | import SQLCipher
9 | #else // Default SPM trait must be the default. It impossible to detect from Xcode.
10 | import GRDBSQLite
| `- error: could not build C module 'GRDBSQLite'
11 | #endif
12 |
[367/589] Compiling GRDB TableRecord+QueryInterfaceRequest.swift
<module-includes>:1:10: note: in file included from <module-includes>:1:
1 | #include "shim.h"
| `- note: in file included from <module-includes>:1:
2 |
/host/spi-builder-workspace/.build/checkouts/GRDB.swift/Sources/GRDBSQLite/shim.h:1:10: error: 'sqlite3.h' file not found
1 | #include <sqlite3.h>
| `- error: 'sqlite3.h' file not found
2 |
3 | typedef void(*_errorLogCallback)(void *pArg, int iErrCode, const char *zMsg);
/host/spi-builder-workspace/.build/checkouts/GRDB.swift/GRDB/Core/Configuration.swift:10:8: error: could not build C module 'GRDBSQLite'
8 | import SQLCipher
9 | #else // Default SPM trait must be the default. It impossible to detect from Xcode.
10 | import GRDBSQLite
| `- error: could not build C module 'GRDBSQLite'
11 | #endif
12 |
[368/589] Compiling GRDB EncodableRecord+Encodable.swift
<module-includes>:1:10: note: in file included from <module-includes>:1:
1 | #include "shim.h"
| `- note: in file included from <module-includes>:1:
2 |
/host/spi-builder-workspace/.build/checkouts/GRDB.swift/Sources/GRDBSQLite/shim.h:1:10: error: 'sqlite3.h' file not found
1 | #include <sqlite3.h>
| `- error: 'sqlite3.h' file not found
2 |
3 | typedef void(*_errorLogCallback)(void *pArg, int iErrCode, const char *zMsg);
/host/spi-builder-workspace/.build/checkouts/GRDB.swift/GRDB/Core/Configuration.swift:10:8: error: could not build C module 'GRDBSQLite'
8 | import SQLCipher
9 | #else // Default SPM trait must be the default. It impossible to detect from Xcode.
10 | import GRDBSQLite
| `- error: could not build C module 'GRDBSQLite'
11 | #endif
12 |
[369/589] Compiling GRDB EncodableRecord.swift
<module-includes>:1:10: note: in file included from <module-includes>:1:
1 | #include "shim.h"
| `- note: in file included from <module-includes>:1:
2 |
/host/spi-builder-workspace/.build/checkouts/GRDB.swift/Sources/GRDBSQLite/shim.h:1:10: error: 'sqlite3.h' file not found
1 | #include <sqlite3.h>
| `- error: 'sqlite3.h' file not found
2 |
3 | typedef void(*_errorLogCallback)(void *pArg, int iErrCode, const char *zMsg);
/host/spi-builder-workspace/.build/checkouts/GRDB.swift/GRDB/Core/Configuration.swift:10:8: error: could not build C module 'GRDBSQLite'
8 | import SQLCipher
9 | #else // Default SPM trait must be the default. It impossible to detect from Xcode.
10 | import GRDBSQLite
| `- error: could not build C module 'GRDBSQLite'
11 | #endif
12 |
[370/589] Compiling GRDB FetchableRecord+Decodable.swift
<module-includes>:1:10: note: in file included from <module-includes>:1:
1 | #include "shim.h"
| `- note: in file included from <module-includes>:1:
2 |
/host/spi-builder-workspace/.build/checkouts/GRDB.swift/Sources/GRDBSQLite/shim.h:1:10: error: 'sqlite3.h' file not found
1 | #include <sqlite3.h>
| `- error: 'sqlite3.h' file not found
2 |
3 | typedef void(*_errorLogCallback)(void *pArg, int iErrCode, const char *zMsg);
/host/spi-builder-workspace/.build/checkouts/GRDB.swift/GRDB/Core/Configuration.swift:10:8: error: could not build C module 'GRDBSQLite'
8 | import SQLCipher
9 | #else // Default SPM trait must be the default. It impossible to detect from Xcode.
10 | import GRDBSQLite
| `- error: could not build C module 'GRDBSQLite'
11 | #endif
12 |
[371/589] Compiling GRDB FetchableRecord+TableRecord.swift
<module-includes>:1:10: note: in file included from <module-includes>:1:
1 | #include "shim.h"
| `- note: in file included from <module-includes>:1:
2 |
/host/spi-builder-workspace/.build/checkouts/GRDB.swift/Sources/GRDBSQLite/shim.h:1:10: error: 'sqlite3.h' file not found
1 | #include <sqlite3.h>
| `- error: 'sqlite3.h' file not found
2 |
3 | typedef void(*_errorLogCallback)(void *pArg, int iErrCode, const char *zMsg);
/host/spi-builder-workspace/.build/checkouts/GRDB.swift/GRDB/Core/Configuration.swift:10:8: error: could not build C module 'GRDBSQLite'
8 | import SQLCipher
9 | #else // Default SPM trait must be the default. It impossible to detect from Xcode.
10 | import GRDBSQLite
| `- error: could not build C module 'GRDBSQLite'
11 | #endif
12 |
[372/589] Compiling GRDB FetchableRecord.swift
<module-includes>:1:10: note: in file included from <module-includes>:1:
1 | #include "shim.h"
| `- note: in file included from <module-includes>:1:
2 |
/host/spi-builder-workspace/.build/checkouts/GRDB.swift/Sources/GRDBSQLite/shim.h:1:10: error: 'sqlite3.h' file not found
1 | #include <sqlite3.h>
| `- error: 'sqlite3.h' file not found
2 |
3 | typedef void(*_errorLogCallback)(void *pArg, int iErrCode, const char *zMsg);
/host/spi-builder-workspace/.build/checkouts/GRDB.swift/GRDB/Core/Configuration.swift:10:8: error: could not build C module 'GRDBSQLite'
8 | import SQLCipher
9 | #else // Default SPM trait must be the default. It impossible to detect from Xcode.
10 | import GRDBSQLite
| `- error: could not build C module 'GRDBSQLite'
11 | #endif
12 |
[373/589] Compiling GRDB MutablePersistableRecord+DAO.swift
<module-includes>:1:10: note: in file included from <module-includes>:1:
1 | #include "shim.h"
| `- note: in file included from <module-includes>:1:
2 |
/host/spi-builder-workspace/.build/checkouts/GRDB.swift/Sources/GRDBSQLite/shim.h:1:10: error: 'sqlite3.h' file not found
1 | #include <sqlite3.h>
| `- error: 'sqlite3.h' file not found
2 |
3 | typedef void(*_errorLogCallback)(void *pArg, int iErrCode, const char *zMsg);
/host/spi-builder-workspace/.build/checkouts/GRDB.swift/GRDB/Core/Configuration.swift:10:8: error: could not build C module 'GRDBSQLite'
8 | import SQLCipher
9 | #else // Default SPM trait must be the default. It impossible to detect from Xcode.
10 | import GRDBSQLite
| `- error: could not build C module 'GRDBSQLite'
11 | #endif
12 |
[374/589] Compiling GRDB MutablePersistableRecord+Delete.swift
<module-includes>:1:10: note: in file included from <module-includes>:1:
1 | #include "shim.h"
| `- note: in file included from <module-includes>:1:
2 |
/host/spi-builder-workspace/.build/checkouts/GRDB.swift/Sources/GRDBSQLite/shim.h:1:10: error: 'sqlite3.h' file not found
1 | #include <sqlite3.h>
| `- error: 'sqlite3.h' file not found
2 |
3 | typedef void(*_errorLogCallback)(void *pArg, int iErrCode, const char *zMsg);
/host/spi-builder-workspace/.build/checkouts/GRDB.swift/GRDB/Core/Configuration.swift:10:8: error: could not build C module 'GRDBSQLite'
8 | import SQLCipher
9 | #else // Default SPM trait must be the default. It impossible to detect from Xcode.
10 | import GRDBSQLite
| `- error: could not build C module 'GRDBSQLite'
11 | #endif
12 |
[375/589] Compiling GRDB MutablePersistableRecord+Insert.swift
<module-includes>:1:10: note: in file included from <module-includes>:1:
1 | #include "shim.h"
| `- note: in file included from <module-includes>:1:
2 |
/host/spi-builder-workspace/.build/checkouts/GRDB.swift/Sources/GRDBSQLite/shim.h:1:10: error: 'sqlite3.h' file not found
1 | #include <sqlite3.h>
| `- error: 'sqlite3.h' file not found
2 |
3 | typedef void(*_errorLogCallback)(void *pArg, int iErrCode, const char *zMsg);
/host/spi-builder-workspace/.build/checkouts/GRDB.swift/GRDB/Core/Configuration.swift:10:8: error: could not build C module 'GRDBSQLite'
8 | import SQLCipher
9 | #else // Default SPM trait must be the default. It impossible to detect from Xcode.
10 | import GRDBSQLite
| `- error: could not build C module 'GRDBSQLite'
11 | #endif
12 |
[376/589] Compiling GRDB MutablePersistableRecord+Save.swift
<module-includes>:1:10: note: in file included from <module-includes>:1:
1 | #include "shim.h"
| `- note: in file included from <module-includes>:1:
2 |
/host/spi-builder-workspace/.build/checkouts/GRDB.swift/Sources/GRDBSQLite/shim.h:1:10: error: 'sqlite3.h' file not found
1 | #include <sqlite3.h>
| `- error: 'sqlite3.h' file not found
2 |
3 | typedef void(*_errorLogCallback)(void *pArg, int iErrCode, const char *zMsg);
/host/spi-builder-workspace/.build/checkouts/GRDB.swift/GRDB/Core/Configuration.swift:10:8: error: could not build C module 'GRDBSQLite'
8 | import SQLCipher
9 | #else // Default SPM trait must be the default. It impossible to detect from Xcode.
10 | import GRDBSQLite
| `- error: could not build C module 'GRDBSQLite'
11 | #endif
12 |
[377/589] Compiling GRDB MutablePersistableRecord+Update.swift
<module-includes>:1:10: note: in file included from <module-includes>:1:
1 | #include "shim.h"
| `- note: in file included from <module-includes>:1:
2 |
/host/spi-builder-workspace/.build/checkouts/GRDB.swift/Sources/GRDBSQLite/shim.h:1:10: error: 'sqlite3.h' file not found
1 | #include <sqlite3.h>
| `- error: 'sqlite3.h' file not found
2 |
3 | typedef void(*_errorLogCallback)(void *pArg, int iErrCode, const char *zMsg);
/host/spi-builder-workspace/.build/checkouts/GRDB.swift/GRDB/Core/Configuration.swift:10:8: error: could not build C module 'GRDBSQLite'
8 | import SQLCipher
9 | #else // Default SPM trait must be the default. It impossible to detect from Xcode.
10 | import GRDBSQLite
| `- error: could not build C module 'GRDBSQLite'
11 | #endif
12 |
[378/589] Compiling GRDB MutablePersistableRecord+Upsert.swift
<module-includes>:1:10: note: in file included from <module-includes>:1:
1 | #include "shim.h"
| `- note: in file included from <module-includes>:1:
2 |
/host/spi-builder-workspace/.build/checkouts/GRDB.swift/Sources/GRDBSQLite/shim.h:1:10: error: 'sqlite3.h' file not found
1 | #include <sqlite3.h>
| `- error: 'sqlite3.h' file not found
2 |
3 | typedef void(*_errorLogCallback)(void *pArg, int iErrCode, const char *zMsg);
/host/spi-builder-workspace/.build/checkouts/GRDB.swift/GRDB/Core/Configuration.swift:10:8: error: could not build C module 'GRDBSQLite'
8 | import SQLCipher
9 | #else // Default SPM trait must be the default. It impossible to detect from Xcode.
10 | import GRDBSQLite
| `- error: could not build C module 'GRDBSQLite'
11 | #endif
12 |
[379/589] Compiling GRDB MutablePersistableRecord.swift
<module-includes>:1:10: note: in file included from <module-includes>:1:
1 | #include "shim.h"
| `- note: in file included from <module-includes>:1:
2 |
/host/spi-builder-workspace/.build/checkouts/GRDB.swift/Sources/GRDBSQLite/shim.h:1:10: error: 'sqlite3.h' file not found
1 | #include <sqlite3.h>
| `- error: 'sqlite3.h' file not found
2 |
3 | typedef void(*_errorLogCallback)(void *pArg, int iErrCode, const char *zMsg);
/host/spi-builder-workspace/.build/checkouts/GRDB.swift/GRDB/Core/Configuration.swift:10:8: error: could not build C module 'GRDBSQLite'
8 | import SQLCipher
9 | #else // Default SPM trait must be the default. It impossible to detect from Xcode.
10 | import GRDBSQLite
| `- error: could not build C module 'GRDBSQLite'
11 | #endif
12 |
[380/589] Compiling GRDB PersistableRecord+Insert.swift
<module-includes>:1:10: note: in file included from <module-includes>:1:
1 | #include "shim.h"
| `- note: in file included from <module-includes>:1:
2 |
/host/spi-builder-workspace/.build/checkouts/GRDB.swift/Sources/GRDBSQLite/shim.h:1:10: error: 'sqlite3.h' file not found
1 | #include <sqlite3.h>
| `- error: 'sqlite3.h' file not found
2 |
3 | typedef void(*_errorLogCallback)(void *pArg, int iErrCode, const char *zMsg);
/host/spi-builder-workspace/.build/checkouts/GRDB.swift/GRDB/Core/Configuration.swift:10:8: error: could not build C module 'GRDBSQLite'
8 | import SQLCipher
9 | #else // Default SPM trait must be the default. It impossible to detect from Xcode.
10 | import GRDBSQLite
| `- error: could not build C module 'GRDBSQLite'
11 | #endif
12 |
[381/589] Compiling GRDB PersistableRecord+Save.swift
<module-includes>:1:10: note: in file included from <module-includes>:1:
1 | #include "shim.h"
| `- note: in file included from <module-includes>:1:
2 |
/host/spi-builder-workspace/.build/checkouts/GRDB.swift/Sources/GRDBSQLite/shim.h:1:10: error: 'sqlite3.h' file not found
1 | #include <sqlite3.h>
| `- error: 'sqlite3.h' file not found
2 |
3 | typedef void(*_errorLogCallback)(void *pArg, int iErrCode, const char *zMsg);
/host/spi-builder-workspace/.build/checkouts/GRDB.swift/GRDB/Core/Configuration.swift:10:8: error: could not build C module 'GRDBSQLite'
8 | import SQLCipher
9 | #else // Default SPM trait must be the default. It impossible to detect from Xcode.
10 | import GRDBSQLite
| `- error: could not build C module 'GRDBSQLite'
11 | #endif
12 |
[382/589] Compiling GRDB PersistableRecord+Upsert.swift
<module-includes>:1:10: note: in file included from <module-includes>:1:
1 | #include "shim.h"
| `- note: in file included from <module-includes>:1:
2 |
/host/spi-builder-workspace/.build/checkouts/GRDB.swift/Sources/GRDBSQLite/shim.h:1:10: error: 'sqlite3.h' file not found
1 | #include <sqlite3.h>
| `- error: 'sqlite3.h' file not found
2 |
3 | typedef void(*_errorLogCallback)(void *pArg, int iErrCode, const char *zMsg);
/host/spi-builder-workspace/.build/checkouts/GRDB.swift/GRDB/Core/Configuration.swift:10:8: error: could not build C module 'GRDBSQLite'
8 | import SQLCipher
9 | #else // Default SPM trait must be the default. It impossible to detect from Xcode.
10 | import GRDBSQLite
| `- error: could not build C module 'GRDBSQLite'
11 | #endif
12 |
[383/589] Compiling GRDB PersistableRecord.swift
<module-includes>:1:10: note: in file included from <module-includes>:1:
1 | #include "shim.h"
| `- note: in file included from <module-includes>:1:
2 |
/host/spi-builder-workspace/.build/checkouts/GRDB.swift/Sources/GRDBSQLite/shim.h:1:10: error: 'sqlite3.h' file not found
1 | #include <sqlite3.h>
| `- error: 'sqlite3.h' file not found
2 |
3 | typedef void(*_errorLogCallback)(void *pArg, int iErrCode, const char *zMsg);
/host/spi-builder-workspace/.build/checkouts/GRDB.swift/GRDB/Core/Configuration.swift:10:8: error: could not build C module 'GRDBSQLite'
8 | import SQLCipher
9 | #else // Default SPM trait must be the default. It impossible to detect from Xcode.
10 | import GRDBSQLite
| `- error: could not build C module 'GRDBSQLite'
11 | #endif
12 |
[384/589] Compiling GRDB Record.swift
<module-includes>:1:10: note: in file included from <module-includes>:1:
1 | #include "shim.h"
| `- note: in file included from <module-includes>:1:
2 |
/host/spi-builder-workspace/.build/checkouts/GRDB.swift/Sources/GRDBSQLite/shim.h:1:10: error: 'sqlite3.h' file not found
1 | #include <sqlite3.h>
| `- error: 'sqlite3.h' file not found
2 |
3 | typedef void(*_errorLogCallback)(void *pArg, int iErrCode, const char *zMsg);
/host/spi-builder-workspace/.build/checkouts/GRDB.swift/GRDB/Core/Configuration.swift:10:8: error: could not build C module 'GRDBSQLite'
8 | import SQLCipher
9 | #else // Default SPM trait must be the default. It impossible to detect from Xcode.
10 | import GRDBSQLite
| `- error: could not build C module 'GRDBSQLite'
11 | #endif
12 |
[385/589] Compiling GRDB TableRecord.swift
<module-includes>:1:10: note: in file included from <module-includes>:1:
1 | #include "shim.h"
| `- note: in file included from <module-includes>:1:
2 |
/host/spi-builder-workspace/.build/checkouts/GRDB.swift/Sources/GRDBSQLite/shim.h:1:10: error: 'sqlite3.h' file not found
1 | #include <sqlite3.h>
| `- error: 'sqlite3.h' file not found
2 |
3 | typedef void(*_errorLogCallback)(void *pArg, int iErrCode, const char *zMsg);
/host/spi-builder-workspace/.build/checkouts/GRDB.swift/GRDB/Core/Configuration.swift:10:8: error: could not build C module 'GRDBSQLite'
8 | import SQLCipher
9 | #else // Default SPM trait must be the default. It impossible to detect from Xcode.
10 | import GRDBSQLite
| `- error: could not build C module 'GRDBSQLite'
11 | #endif
12 |
[386/589] Compiling GRDB CaseInsensitiveIdentifier.swift
<module-includes>:1:10: note: in file included from <module-includes>:1:
1 | #include "shim.h"
| `- note: in file included from <module-includes>:1:
2 |
/host/spi-builder-workspace/.build/checkouts/GRDB.swift/Sources/GRDBSQLite/shim.h:1:10: error: 'sqlite3.h' file not found
1 | #include <sqlite3.h>
| `- error: 'sqlite3.h' file not found
2 |
3 | typedef void(*_errorLogCallback)(void *pArg, int iErrCode, const char *zMsg);
/host/spi-builder-workspace/.build/checkouts/GRDB.swift/GRDB/Core/Configuration.swift:10:8: error: could not build C module 'GRDBSQLite'
8 | import SQLCipher
9 | #else // Default SPM trait must be the default. It impossible to detect from Xcode.
10 | import GRDBSQLite
| `- error: could not build C module 'GRDBSQLite'
11 | #endif
12 |
[387/589] Compiling GRDB Inflections+English.swift
<module-includes>:1:10: note: in file included from <module-includes>:1:
1 | #include "shim.h"
| `- note: in file included from <module-includes>:1:
2 |
/host/spi-builder-workspace/.build/checkouts/GRDB.swift/Sources/GRDBSQLite/shim.h:1:10: error: 'sqlite3.h' file not found
1 | #include <sqlite3.h>
| `- error: 'sqlite3.h' file not found
2 |
3 | typedef void(*_errorLogCallback)(void *pArg, int iErrCode, const char *zMsg);
/host/spi-builder-workspace/.build/checkouts/GRDB.swift/GRDB/Core/Configuration.swift:10:8: error: could not build C module 'GRDBSQLite'
8 | import SQLCipher
9 | #else // Default SPM trait must be the default. It impossible to detect from Xcode.
10 | import GRDBSQLite
| `- error: could not build C module 'GRDBSQLite'
11 | #endif
12 |
[387/589] Compiling slhdsa.cc
[388/589] Compiling sha256.cc
[389/589] Compiling sha1.cc
[390/589] Compiling rsa_print.cc
[391/589] Compiling rsa_extra.cc
[392/589] Compiling rsa_crypt.cc
[393/589] Compiling refcount.cc
[394/589] Compiling rc4.cc
[395/589] Compiling windows.cc
[396/589] Compiling trusty.cc
[397/589] Compiling urandom.cc
[398/589] Compiling rsa_asn1.cc
[400/589] Compiling GRDB Inflections.swift
<module-includes>:1:10: note: in file included from <module-includes>:1:
1 | #include "shim.h"
| `- note: in file included from <module-includes>:1:
2 |
/host/spi-builder-workspace/.build/checkouts/GRDB.swift/Sources/GRDBSQLite/shim.h:1:10: error: 'sqlite3.h' file not found
1 | #include <sqlite3.h>
| `- error: 'sqlite3.h' file not found
2 |
3 | typedef void(*_errorLogCallback)(void *pArg, int iErrCode, const char *zMsg);
/host/spi-builder-workspace/.build/checkouts/GRDB.swift/GRDB/Core/Configuration.swift:10:8: error: could not build C module 'GRDBSQLite'
8 | import SQLCipher
9 | #else // Default SPM trait must be the default. It impossible to detect from Xcode.
10 | import GRDBSQLite
| `- error: could not build C module 'GRDBSQLite'
11 | #endif
12 |
[401/589] Compiling GRDB Mutex.swift
<module-includes>:1:10: note: in file included from <module-includes>:1:
1 | #include "shim.h"
| `- note: in file included from <module-includes>:1:
2 |
/host/spi-builder-workspace/.build/checkouts/GRDB.swift/Sources/GRDBSQLite/shim.h:1:10: error: 'sqlite3.h' file not found
1 | #include <sqlite3.h>
| `- error: 'sqlite3.h' file not found
2 |
3 | typedef void(*_errorLogCallback)(void *pArg, int iErrCode, const char *zMsg);
/host/spi-builder-workspace/.build/checkouts/GRDB.swift/GRDB/Core/Configuration.swift:10:8: error: could not build C module 'GRDBSQLite'
8 | import SQLCipher
9 | #else // Default SPM trait must be the default. It impossible to detect from Xcode.
10 | import GRDBSQLite
| `- error: could not build C module 'GRDBSQLite'
11 | #endif
12 |
[402/589] Compiling GRDB OnDemandFuture.swift
<module-includes>:1:10: note: in file included from <module-includes>:1:
1 | #include "shim.h"
| `- note: in file included from <module-includes>:1:
2 |
/host/spi-builder-workspace/.build/checkouts/GRDB.swift/Sources/GRDBSQLite/shim.h:1:10: error: 'sqlite3.h' file not found
1 | #include <sqlite3.h>
| `- error: 'sqlite3.h' file not found
2 |
3 | typedef void(*_errorLogCallback)(void *pArg, int iErrCode, const char *zMsg);
/host/spi-builder-workspace/.build/checkouts/GRDB.swift/GRDB/Core/Configuration.swift:10:8: error: could not build C module 'GRDBSQLite'
8 | import SQLCipher
9 | #else // Default SPM trait must be the default. It impossible to detect from Xcode.
10 | import GRDBSQLite
| `- error: could not build C module 'GRDBSQLite'
11 | #endif
12 |
[403/589] Compiling GRDB OrderedDictionary.swift
<module-includes>:1:10: note: in file included from <module-includes>:1:
1 | #include "shim.h"
| `- note: in file included from <module-includes>:1:
2 |
/host/spi-builder-workspace/.build/checkouts/GRDB.swift/Sources/GRDBSQLite/shim.h:1:10: error: 'sqlite3.h' file not found
1 | #include <sqlite3.h>
| `- error: 'sqlite3.h' file not found
2 |
3 | typedef void(*_errorLogCallback)(void *pArg, int iErrCode, const char *zMsg);
/host/spi-builder-workspace/.build/checkouts/GRDB.swift/GRDB/Core/Configuration.swift:10:8: error: could not build C module 'GRDBSQLite'
8 | import SQLCipher
9 | #else // Default SPM trait must be the default. It impossible to detect from Xcode.
10 | import GRDBSQLite
| `- error: could not build C module 'GRDBSQLite'
11 | #endif
12 |
[404/589] Compiling GRDB Pool.swift
<module-includes>:1:10: note: in file included from <module-includes>:1:
1 | #include "shim.h"
| `- note: in file included from <module-includes>:1:
2 |
/host/spi-builder-workspace/.build/checkouts/GRDB.swift/Sources/GRDBSQLite/shim.h:1:10: error: 'sqlite3.h' file not found
1 | #include <sqlite3.h>
| `- error: 'sqlite3.h' file not found
2 |
3 | typedef void(*_errorLogCallback)(void *pArg, int iErrCode, const char *zMsg);
/host/spi-builder-workspace/.build/checkouts/GRDB.swift/GRDB/Core/Configuration.swift:10:8: error: could not build C module 'GRDBSQLite'
8 | import SQLCipher
9 | #else // Default SPM trait must be the default. It impossible to detect from Xcode.
10 | import GRDBSQLite
| `- error: could not build C module 'GRDBSQLite'
11 | #endif
12 |
[405/589] Compiling GRDB ReadWriteLock.swift
<module-includes>:1:10: note: in file included from <module-includes>:1:
1 | #include "shim.h"
| `- note: in file included from <module-includes>:1:
2 |
/host/spi-builder-workspace/.build/checkouts/GRDB.swift/Sources/GRDBSQLite/shim.h:1:10: error: 'sqlite3.h' file not found
1 | #include <sqlite3.h>
| `- error: 'sqlite3.h' file not found
2 |
3 | typedef void(*_errorLogCallback)(void *pArg, int iErrCode, const char *zMsg);
/host/spi-builder-workspace/.build/checkouts/GRDB.swift/GRDB/Core/Configuration.swift:10:8: error: could not build C module 'GRDBSQLite'
8 | import SQLCipher
9 | #else // Default SPM trait must be the default. It impossible to detect from Xcode.
10 | import GRDBSQLite
| `- error: could not build C module 'GRDBSQLite'
11 | #endif
12 |
[406/589] Compiling GRDB ReceiveValuesOn.swift
<module-includes>:1:10: note: in file included from <module-includes>:1:
1 | #include "shim.h"
| `- note: in file included from <module-includes>:1:
2 |
/host/spi-builder-workspace/.build/checkouts/GRDB.swift/Sources/GRDBSQLite/shim.h:1:10: error: 'sqlite3.h' file not found
1 | #include <sqlite3.h>
| `- error: 'sqlite3.h' file not found
2 |
3 | typedef void(*_errorLogCallback)(void *pArg, int iErrCode, const char *zMsg);
/host/spi-builder-workspace/.build/checkouts/GRDB.swift/GRDB/Core/Configuration.swift:10:8: error: could not build C module 'GRDBSQLite'
8 | import SQLCipher
9 | #else // Default SPM trait must be the default. It impossible to detect from Xcode.
10 | import GRDBSQLite
| `- error: could not build C module 'GRDBSQLite'
11 | #endif
12 |
[407/589] Compiling GRDB Refinable.swift
<module-includes>:1:10: note: in file included from <module-includes>:1:
1 | #include "shim.h"
| `- note: in file included from <module-includes>:1:
2 |
/host/spi-builder-workspace/.build/checkouts/GRDB.swift/Sources/GRDBSQLite/shim.h:1:10: error: 'sqlite3.h' file not found
1 | #include <sqlite3.h>
| `- error: 'sqlite3.h' file not found
2 |
3 | typedef void(*_errorLogCallback)(void *pArg, int iErrCode, const char *zMsg);
/host/spi-builder-workspace/.build/checkouts/GRDB.swift/GRDB/Core/Configuration.swift:10:8: error: could not build C module 'GRDBSQLite'
8 | import SQLCipher
9 | #else // Default SPM trait must be the default. It impossible to detect from Xcode.
10 | import GRDBSQLite
| `- error: could not build C module 'GRDBSQLite'
11 | #endif
12 |
[408/589] Compiling GRDB Utils.swift
<module-includes>:1:10: note: in file included from <module-includes>:1:
1 | #include "shim.h"
| `- note: in file included from <module-includes>:1:
2 |
/host/spi-builder-workspace/.build/checkouts/GRDB.swift/Sources/GRDBSQLite/shim.h:1:10: error: 'sqlite3.h' file not found
1 | #include <sqlite3.h>
| `- error: 'sqlite3.h' file not found
2 |
3 | typedef void(*_errorLogCallback)(void *pArg, int iErrCode, const char *zMsg);
/host/spi-builder-workspace/.build/checkouts/GRDB.swift/GRDB/Core/Configuration.swift:10:8: error: could not build C module 'GRDBSQLite'
8 | import SQLCipher
9 | #else // Default SPM trait must be the default. It impossible to detect from Xcode.
10 | import GRDBSQLite
| `- error: could not build C module 'GRDBSQLite'
11 | #endif
12 |
[409/589] Compiling GRDB DatabaseCancellable.swift
<module-includes>:1:10: note: in file included from <module-includes>:1:
1 | #include "shim.h"
| `- note: in file included from <module-includes>:1:
2 |
/host/spi-builder-workspace/.build/checkouts/GRDB.swift/Sources/GRDBSQLite/shim.h:1:10: error: 'sqlite3.h' file not found
1 | #include <sqlite3.h>
| `- error: 'sqlite3.h' file not found
2 |
3 | typedef void(*_errorLogCallback)(void *pArg, int iErrCode, const char *zMsg);
/host/spi-builder-workspace/.build/checkouts/GRDB.swift/GRDB/Core/Configuration.swift:10:8: error: could not build C module 'GRDBSQLite'
8 | import SQLCipher
9 | #else // Default SPM trait must be the default. It impossible to detect from Xcode.
10 | import GRDBSQLite
| `- error: could not build C module 'GRDBSQLite'
11 | #endif
12 |
[410/589] Compiling GRDB ValueConcurrentObserver.swift
<module-includes>:1:10: note: in file included from <module-includes>:1:
1 | #include "shim.h"
| `- note: in file included from <module-includes>:1:
2 |
/host/spi-builder-workspace/.build/checkouts/GRDB.swift/Sources/GRDBSQLite/shim.h:1:10: error: 'sqlite3.h' file not found
1 | #include <sqlite3.h>
| `- error: 'sqlite3.h' file not found
2 |
3 | typedef void(*_errorLogCallback)(void *pArg, int iErrCode, const char *zMsg);
/host/spi-builder-workspace/.build/checkouts/GRDB.swift/GRDB/Core/Configuration.swift:10:8: error: could not build C module 'GRDBSQLite'
8 | import SQLCipher
9 | #else // Default SPM trait must be the default. It impossible to detect from Xcode.
10 | import GRDBSQLite
| `- error: could not build C module 'GRDBSQLite'
11 | #endif
12 |
[411/589] Compiling GRDB ValueWriteOnlyObserver.swift
<module-includes>:1:10: note: in file included from <module-includes>:1:
1 | #include "shim.h"
| `- note: in file included from <module-includes>:1:
2 |
/host/spi-builder-workspace/.build/checkouts/GRDB.swift/Sources/GRDBSQLite/shim.h:1:10: error: 'sqlite3.h' file not found
1 | #include <sqlite3.h>
| `- error: 'sqlite3.h' file not found
2 |
3 | typedef void(*_errorLogCallback)(void *pArg, int iErrCode, const char *zMsg);
/host/spi-builder-workspace/.build/checkouts/GRDB.swift/GRDB/Core/Configuration.swift:10:8: error: could not build C module 'GRDBSQLite'
8 | import SQLCipher
9 | #else // Default SPM trait must be the default. It impossible to detect from Xcode.
10 | import GRDBSQLite
| `- error: could not build C module 'GRDBSQLite'
11 | #endif
12 |
[412/589] Compiling GRDB Fetch.swift
<module-includes>:1:10: note: in file included from <module-includes>:1:
1 | #include "shim.h"
| `- note: in file included from <module-includes>:1:
2 |
/host/spi-builder-workspace/.build/checkouts/GRDB.swift/Sources/GRDBSQLite/shim.h:1:10: error: 'sqlite3.h' file not found
1 | #include <sqlite3.h>
| `- error: 'sqlite3.h' file not found
2 |
3 | typedef void(*_errorLogCallback)(void *pArg, int iErrCode, const char *zMsg);
/host/spi-builder-workspace/.build/checkouts/GRDB.swift/GRDB/Core/Configuration.swift:10:8: error: could not build C module 'GRDBSQLite'
8 | import SQLCipher
9 | #else // Default SPM trait must be the default. It impossible to detect from Xcode.
10 | import GRDBSQLite
| `- error: could not build C module 'GRDBSQLite'
11 | #endif
12 |
[413/589] Compiling GRDB Map.swift
<module-includes>:1:10: note: in file included from <module-includes>:1:
1 | #include "shim.h"
| `- note: in file included from <module-includes>:1:
2 |
/host/spi-builder-workspace/.build/checkouts/GRDB.swift/Sources/GRDBSQLite/shim.h:1:10: error: 'sqlite3.h' file not found
1 | #include <sqlite3.h>
| `- error: 'sqlite3.h' file not found
2 |
3 | typedef void(*_errorLogCallback)(void *pArg, int iErrCode, const char *zMsg);
/host/spi-builder-workspace/.build/checkouts/GRDB.swift/GRDB/Core/Configuration.swift:10:8: error: could not build C module 'GRDBSQLite'
8 | import SQLCipher
9 | #else // Default SPM trait must be the default. It impossible to detect from Xcode.
10 | import GRDBSQLite
| `- error: could not build C module 'GRDBSQLite'
11 | #endif
12 |
[414/589] Compiling GRDB RemoveDuplicates.swift
<module-includes>:1:10: note: in file included from <module-includes>:1:
1 | #include "shim.h"
| `- note: in file included from <module-includes>:1:
2 |
/host/spi-builder-workspace/.build/checkouts/GRDB.swift/Sources/GRDBSQLite/shim.h:1:10: error: 'sqlite3.h' file not found
1 | #include <sqlite3.h>
| `- error: 'sqlite3.h' file not found
2 |
3 | typedef void(*_errorLogCallback)(void *pArg, int iErrCode, const char *zMsg);
/host/spi-builder-workspace/.build/checkouts/GRDB.swift/GRDB/Core/Configuration.swift:10:8: error: could not build C module 'GRDBSQLite'
8 | import SQLCipher
9 | #else // Default SPM trait must be the default. It impossible to detect from Xcode.
10 | import GRDBSQLite
| `- error: could not build C module 'GRDBSQLite'
11 | #endif
12 |
[415/589] Compiling GRDB Trace.swift
<module-includes>:1:10: note: in file included from <module-includes>:1:
1 | #include "shim.h"
| `- note: in file included from <module-includes>:1:
2 |
/host/spi-builder-workspace/.build/checkouts/GRDB.swift/Sources/GRDBSQLite/shim.h:1:10: error: 'sqlite3.h' file not found
1 | #include <sqlite3.h>
| `- error: 'sqlite3.h' file not found
2 |
3 | typedef void(*_errorLogCallback)(void *pArg, int iErrCode, const char *zMsg);
/host/spi-builder-workspace/.build/checkouts/GRDB.swift/GRDB/Core/Configuration.swift:10:8: error: could not build C module 'GRDBSQLite'
8 | import SQLCipher
9 | #else // Default SPM trait must be the default. It impossible to detect from Xcode.
10 | import GRDBSQLite
| `- error: could not build C module 'GRDBSQLite'
11 | #endif
12 |
[416/589] Compiling GRDB ValueReducer.swift
<module-includes>:1:10: note: in file included from <module-includes>:1:
1 | #include "shim.h"
| `- note: in file included from <module-includes>:1:
2 |
/host/spi-builder-workspace/.build/checkouts/GRDB.swift/Sources/GRDBSQLite/shim.h:1:10: error: 'sqlite3.h' file not found
1 | #include <sqlite3.h>
| `- error: 'sqlite3.h' file not found
2 |
3 | typedef void(*_errorLogCallback)(void *pArg, int iErrCode, const char *zMsg);
/host/spi-builder-workspace/.build/checkouts/GRDB.swift/GRDB/Core/Configuration.swift:10:8: error: could not build C module 'GRDBSQLite'
8 | import SQLCipher
9 | #else // Default SPM trait must be the default. It impossible to detect from Xcode.
10 | import GRDBSQLite
| `- error: could not build C module 'GRDBSQLite'
11 | #endif
12 |
[417/589] Compiling GRDB SharedValueObservation.swift
<module-includes>:1:10: note: in file included from <module-includes>:1:
1 | #include "shim.h"
| `- note: in file included from <module-includes>:1:
2 |
/host/spi-builder-workspace/.build/checkouts/GRDB.swift/Sources/GRDBSQLite/shim.h:1:10: error: 'sqlite3.h' file not found
1 | #include <sqlite3.h>
| `- error: 'sqlite3.h' file not found
2 |
3 | typedef void(*_errorLogCallback)(void *pArg, int iErrCode, const char *zMsg);
/host/spi-builder-workspace/.build/checkouts/GRDB.swift/GRDB/Core/Configuration.swift:10:8: error: could not build C module 'GRDBSQLite'
8 | import SQLCipher
9 | #else // Default SPM trait must be the default. It impossible to detect from Xcode.
10 | import GRDBSQLite
| `- error: could not build C module 'GRDBSQLite'
11 | #endif
12 |
[418/589] Compiling GRDB ValueObservation.swift
<module-includes>:1:10: note: in file included from <module-includes>:1:
1 | #include "shim.h"
| `- note: in file included from <module-includes>:1:
2 |
/host/spi-builder-workspace/.build/checkouts/GRDB.swift/Sources/GRDBSQLite/shim.h:1:10: error: 'sqlite3.h' file not found
1 | #include <sqlite3.h>
| `- error: 'sqlite3.h' file not found
2 |
3 | typedef void(*_errorLogCallback)(void *pArg, int iErrCode, const char *zMsg);
/host/spi-builder-workspace/.build/checkouts/GRDB.swift/GRDB/Core/Configuration.swift:10:8: error: could not build C module 'GRDBSQLite'
8 | import SQLCipher
9 | #else // Default SPM trait must be the default. It impossible to detect from Xcode.
10 | import GRDBSQLite
| `- error: could not build C module 'GRDBSQLite'
11 | #endif
12 |
[419/589] Compiling GRDB ValueObservationScheduler.swift
<module-includes>:1:10: note: in file included from <module-includes>:1:
1 | #include "shim.h"
| `- note: in file included from <module-includes>:1:
2 |
/host/spi-builder-workspace/.build/checkouts/GRDB.swift/Sources/GRDBSQLite/shim.h:1:10: error: 'sqlite3.h' file not found
1 | #include <sqlite3.h>
| `- error: 'sqlite3.h' file not found
2 |
3 | typedef void(*_errorLogCallback)(void *pArg, int iErrCode, const char *zMsg);
/host/spi-builder-workspace/.build/checkouts/GRDB.swift/GRDB/Core/Configuration.swift:10:8: error: could not build C module 'GRDBSQLite'
8 | import SQLCipher
9 | #else // Default SPM trait must be the default. It impossible to detect from Xcode.
10 | import GRDBSQLite
| `- error: could not build C module 'GRDBSQLite'
11 | #endif
12 |
[420/589] Compiling GRDB resource_bundle_accessor.swift
<module-includes>:1:10: note: in file included from <module-includes>:1:
1 | #include "shim.h"
| `- note: in file included from <module-includes>:1:
2 |
/host/spi-builder-workspace/.build/checkouts/GRDB.swift/Sources/GRDBSQLite/shim.h:1:10: error: 'sqlite3.h' file not found
1 | #include <sqlite3.h>
| `- error: 'sqlite3.h' file not found
2 |
3 | typedef void(*_errorLogCallback)(void *pArg, int iErrCode, const char *zMsg);
/host/spi-builder-workspace/.build/checkouts/GRDB.swift/GRDB/Core/Configuration.swift:10:8: error: could not build C module 'GRDBSQLite'
8 | import SQLCipher
9 | #else // Default SPM trait must be the default. It impossible to detect from Xcode.
10 | import GRDBSQLite
| `- error: could not build C module 'GRDBSQLite'
11 | #endif
12 |
[420/589] Compiling rand.cc
[421/589] Compiling fork_detect.cc
[421/589] Compiling pool.cc
[421/589] Compiling passive.cc
[421/589] Compiling deterministic.cc
[421/589] Compiling getentropy.cc
[421/589] Compiling ios.cc
[421/589] Compiling forkunsafe.cc
BUILD FAILURE 6.2 android