Build Information
Failed to build ohje, reference main (d8ed7c), with Swift 6.4 for iOS using Xcode 27.0 on 20 Sep 2026 19:21:24 UTC.
Build Command
env DEVELOPER_DIR=/Applications/Xcode-27.0.0-Release.Candidate.app xcrun xcodebuild -IDEClonedSourcePackagesDirPathOverride=$PWD/.dependencies -skipMacroValidation -skipPackagePluginValidation -derivedDataPath $PWD/.derivedData build -scheme ohje -destination generic/platform=iOSBuild Log
ExtractAppIntentsMetadata (in target 'NIOPosix' from project 'swift-nio')
cd /Users/admin/builder/spi-builder-workspace/.dependencies/checkouts/swift-nio
/Applications/Xcode-27.0.0-Release.Candidate.app/Contents/Developer/Toolchains/XcodeDefault.xctoolchain/usr/bin/appintentsmetadataprocessor --toolchain-dir /var/run/com.apple.security.cryptexd/mnt/com.apple.MobileAsset.MetalToolchain-v27.1.266.1.KVzCMB/Metal.xctoolchain --module-name NIOPosix --sdk-root /Applications/Xcode-27.0.0-Release.Candidate.app/Contents/Developer/Platforms/iPhoneOS.platform/Developer/SDKs/iPhoneOS27.0.sdk --xcode-version 27A266a --platform-family iOS --deployment-target 15.0 --bundle-identifier swift-nio.NIOPosix --output /Users/admin/builder/spi-builder-workspace/.derivedData/Build/Products/Debug-iphoneos/NIOPosix.appintents --target-triple arm64-apple-ios15.0 --binary-file /Users/admin/builder/spi-builder-workspace/.derivedData/Build/Products/Debug-iphoneos/NIOPosix.o --dependency-file /Users/admin/builder/spi-builder-workspace/.derivedData/Build/Intermediates.noindex/swift-nio.build/Debug-iphoneos/NIOPosix-t.build/Objects-normal/arm64/NIOPosix_dependency_info.dat --stringsdata-file /Users/admin/builder/spi-builder-workspace/.derivedData/Build/Intermediates.noindex/swift-nio.build/Debug-iphoneos/NIOPosix-t.build/Objects-normal/arm64/ExtractedAppShortcutsMetadata.stringsdata --source-file-list /Users/admin/builder/spi-builder-workspace/.derivedData/Build/Intermediates.noindex/swift-nio.build/Debug-iphoneos/NIOPosix-t.build/Objects-normal/arm64/NIOPosix.SwiftFileList --metadata-file-list /Users/admin/builder/spi-builder-workspace/.derivedData/Build/Intermediates.noindex/swift-nio.build/Debug-iphoneos/NIOPosix-t.build/NIOPosix.DependencyMetadataFileList --static-metadata-file-list /Users/admin/builder/spi-builder-workspace/.derivedData/Build/Intermediates.noindex/swift-nio.build/Debug-iphoneos/NIOPosix-t.build/NIOPosix.DependencyStaticMetadataFileList --swift-const-vals-list /Users/admin/builder/spi-builder-workspace/.derivedData/Build/Intermediates.noindex/swift-nio.build/Debug-iphoneos/NIOPosix-t.build/Objects-normal/arm64/NIOPosix.SwiftConstValuesFileList --force --compile-time-extraction --deployment-aware-processing --no-app-shortcuts-localization
2026-09-20 15:21:13.156 appintentsmetadataprocessor[2488:9722] Starting appintentsmetadataprocessor export
2026-09-20 15:21:13.229 appintentsmetadataprocessor[2488:9722] Extracted no relevant App Intents symbols, skipping writing output
SwiftDriver Ohje normal arm64 com.apple.xcode.tools.swift.compiler (in target 'Ohje-product' from project 'ohje')
cd /Users/admin/builder/spi-builder-workspace/.swiftpm/xcode
builtin-SwiftDriver -- /Applications/Xcode-27.0.0-Release.Candidate.app/Contents/Developer/Toolchains/XcodeDefault.xctoolchain/usr/bin/swiftc -parse-as-library -module-name Ohje -Onone @/Users/admin/builder/spi-builder-workspace/.derivedData/Build/Intermediates.noindex/ohje.build/Debug-iphoneos/Ohje-p.build/Objects-normal/arm64/Ohje.SwiftFileList -DSWIFT_PACKAGE -DDEBUG -Xcc -fmodule-map-file\=/Users/admin/builder/spi-builder-workspace/.derivedData/Build/Intermediates.noindex/GeneratedModuleMaps-iphoneos/CNIOLLHTTP.modulemap -Xcc -fmodule-map-file\=/Users/admin/builder/spi-builder-workspace/.dependencies/checkouts/swift-atomics/Sources/_AtomicsShims/include/module.modulemap -Xcc -fmodule-map-file\=/Users/admin/builder/spi-builder-workspace/.derivedData/Build/Intermediates.noindex/GeneratedModuleMaps-iphoneos/CNIOPosix.modulemap -Xcc -fmodule-map-file\=/Users/admin/builder/spi-builder-workspace/.derivedData/Build/Intermediates.noindex/GeneratedModuleMaps-iphoneos/CNIOWASI.modulemap -Xcc -fmodule-map-file\=/Users/admin/builder/spi-builder-workspace/.dependencies/checkouts/swift-nio/Sources/CNIOWindows/include/module.modulemap -Xcc -fmodule-map-file\=/Users/admin/builder/spi-builder-workspace/.derivedData/Build/Intermediates.noindex/GeneratedModuleMaps-iphoneos/CNIOLinux.modulemap -Xcc -fmodule-map-file\=/Users/admin/builder/spi-builder-workspace/.derivedData/Build/Intermediates.noindex/GeneratedModuleMaps-iphoneos/CNIODarwin.modulemap -Xcc -fmodule-map-file\=/Users/admin/builder/spi-builder-workspace/.derivedData/Build/Intermediates.noindex/GeneratedModuleMaps-iphoneos/CNIOFreeBSD.modulemap -Xcc -fmodule-map-file\=/Users/admin/builder/spi-builder-workspace/.derivedData/Build/Intermediates.noindex/GeneratedModuleMaps-iphoneos/CNIOOpenBSD.modulemap -Xcc -fmodule-map-file\=/Users/admin/builder/spi-builder-workspace/.derivedData/Build/Intermediates.noindex/GeneratedModuleMaps-iphoneos/CNIOAtomics.modulemap -Xcc -fmodule-map-file\=/Users/admin/builder/spi-builder-workspace/.derivedData/Build/Intermediates.noindex/GeneratedModuleMaps-iphoneos/CNIOBoringSSLShims.modulemap -Xcc -fmodule-map-file\=/Users/admin/builder/spi-builder-workspace/.dependencies/checkouts/swift-nio-ssl/Sources/CNIOBoringSSL/include/module.modulemap -Xcc -fmodule-map-file\=/Users/admin/builder/spi-builder-workspace/.dependencies/checkouts/swift-numerics/Sources/_NumericsShims/include/module.modulemap -DXcode -enable-upcoming-feature BareSlashRegexLiterals -plugin-path /Applications/Xcode-27.0.0-Release.Candidate.app/Contents/Developer/Toolchains/XcodeDefault.xctoolchain/usr/lib/swift/host/plugins/testing -enable-experimental-feature DebugDescriptionMacro -sdk /Applications/Xcode-27.0.0-Release.Candidate.app/Contents/Developer/Platforms/iPhoneOS.platform/Developer/SDKs/iPhoneOS27.0.sdk -target arm64-apple-ios15.0 -g -module-cache-path /Users/admin/builder/spi-builder-workspace/.derivedData/ModuleCache.noindex -Xfrontend -serialize-debugging-options -profile-coverage-mapping -profile-generate -enable-testing -index-store-path /Users/admin/builder/spi-builder-workspace/.derivedData/Index.noindex/DataStore -Xcc -D_LIBCPP_HARDENING_MODE\=_LIBCPP_HARDENING_MODE_DEBUG -swift-version 5 -I /Users/admin/builder/spi-builder-workspace/.derivedData/Build/Products/Debug-iphoneos -Isystem /Applications/Xcode-27.0.0-Release.Candidate.app/Contents/Developer/Platforms/iPhoneOS.platform/Developer/usr/lib -F /Users/admin/builder/spi-builder-workspace/.derivedData/Build/Products/Debug-iphoneos/PackageFrameworks -F /Users/admin/builder/spi-builder-workspace/.derivedData/Build/Products/Debug-iphoneos -F /Applications/Xcode-27.0.0-Release.Candidate.app/Contents/Developer/Platforms/iPhoneOS.platform/Developer/Library/Frameworks -F /Applications/Xcode-27.0.0-Release.Candidate.app/Contents/Developer/Platforms/iPhoneOS.platform/Developer/SDKs/iPhoneOS27.0.sdk/Developer/Library/Frameworks -c -j10 -enable-batch-mode -incremental -Xcc -ivfsstatcache -Xcc /Users/admin/builder/spi-builder-workspace/.derivedData/SDKStatCaches.noindex/iphoneos27.0-24A430-e829b21a6f8c9b70876ba0858053c04440ceaa042ed91876912b2eeea4e3aa14.sdkstatcache -output-file-map /Users/admin/builder/spi-builder-workspace/.derivedData/Build/Intermediates.noindex/ohje.build/Debug-iphoneos/Ohje-p.build/Objects-normal/arm64/Ohje-OutputFileMap.json -save-temps -no-color-diagnostics -explicit-module-build -module-cache-path /Users/admin/builder/spi-builder-workspace/.derivedData/Build/Intermediates.noindex/SwiftExplicitPrecompiledModules -clang-scanner-module-cache-path /Users/admin/builder/spi-builder-workspace/.derivedData/ModuleCache.noindex -sdk-module-cache-path /Users/admin/builder/spi-builder-workspace/.derivedData/SDKExplicitPrecompiledModules -emit-dependencies -emit-module -emit-module-path /Users/admin/builder/spi-builder-workspace/.derivedData/Build/Intermediates.noindex/ohje.build/Debug-iphoneos/Ohje-p.build/Objects-normal/arm64/Ohje.swiftmodule -serialize-diagnostics -dependency-scan-serialize-diagnostics-path /Users/admin/builder/spi-builder-workspace/.derivedData/Build/Intermediates.noindex/ohje.build/Debug-iphoneos/Ohje-p.build/Objects-normal/arm64/Ohje-dependency-scan.dia -validate-clang-modules-once -clang-build-session-file /Users/admin/builder/spi-builder-workspace/.derivedData/ModuleCache.noindex/Session.modulevalidation -Xcc -fmodules-prune-interval\=86400 -Xcc -fmodules-prune-after\=345600 -package-name spi_builder_workspace -emit-const-values -const-gather-protocols-list /Users/admin/builder/spi-builder-workspace/.derivedData/Build/Intermediates.noindex/ohje.build/Debug-iphoneos/Ohje-p.build/Objects-normal/arm64/Ohje_const_extract_protocols.json -Xcc -I/Users/admin/builder/spi-builder-workspace/.dependencies/checkouts/swift-nio/Sources/CNIOLLHTTP/include -Xcc -I/Users/admin/builder/spi-builder-workspace/.dependencies/checkouts/swift-atomics/Sources/_AtomicsShims/include -Xcc -I/Users/admin/builder/spi-builder-workspace/.dependencies/checkouts/swift-nio/Sources/CNIOPosix/include -Xcc -I/Users/admin/builder/spi-builder-workspace/.dependencies/checkouts/swift-nio/Sources/CNIOWASI/include -Xcc -I/Users/admin/builder/spi-builder-workspace/.dependencies/checkouts/swift-nio/Sources/CNIOWindows/include -Xcc -I/Users/admin/builder/spi-builder-workspace/.dependencies/checkouts/swift-nio/Sources/CNIOLinux/include -Xcc -I/Users/admin/builder/spi-builder-workspace/.dependencies/checkouts/swift-nio/Sources/CNIODarwin/include -Xcc -I/Users/admin/builder/spi-builder-workspace/.dependencies/checkouts/swift-nio/Sources/CNIOFreeBSD/include -Xcc -I/Users/admin/builder/spi-builder-workspace/.dependencies/checkouts/swift-nio/Sources/CNIOOpenBSD/include -Xcc -I/Users/admin/builder/spi-builder-workspace/.dependencies/checkouts/swift-nio/Sources/CNIOAtomics/include -Xcc -I/Users/admin/builder/spi-builder-workspace/.dependencies/checkouts/swift-nio-ssl/Sources/CNIOBoringSSLShims/include -Xcc -I/Users/admin/builder/spi-builder-workspace/.dependencies/checkouts/swift-nio-ssl/Sources/CNIOBoringSSL/include -Xcc -I/Users/admin/builder/spi-builder-workspace/.dependencies/checkouts/swift-numerics/Sources/_NumericsShims/include -Xcc -I/Users/admin/builder/spi-builder-workspace/.derivedData/Build/Products/Debug-iphoneos/include -Xcc -I/Users/admin/builder/spi-builder-workspace/.derivedData/Build/Intermediates.noindex/ohje.build/Debug-iphoneos/Ohje-p.build/DerivedSources-normal/arm64 -Xcc -I/Users/admin/builder/spi-builder-workspace/.derivedData/Build/Intermediates.noindex/ohje.build/Debug-iphoneos/Ohje-p.build/DerivedSources/arm64 -Xcc -I/Users/admin/builder/spi-builder-workspace/.derivedData/Build/Intermediates.noindex/ohje.build/Debug-iphoneos/Ohje-p.build/DerivedSources -Xcc -DSWIFT_PACKAGE -Xcc -DDEBUG\=1 -working-directory /Users/admin/builder/spi-builder-workspace/.swiftpm/xcode -experimental-emit-module-separately -disable-cmo
SwiftDriverJobDiscovery normal arm64 Compiling SSLCertificateName.swift, SSLConnection.swift, SSLContext.swift (in target 'NIOSSL' from project 'swift-nio-ssl')
SwiftDriver\ Compilation NIOSSL normal arm64 com.apple.xcode.tools.swift.compiler (in target 'NIOSSL' from project 'swift-nio-ssl')
cd /Users/admin/builder/spi-builder-workspace/.swiftpm/xcode
builtin-Swift-Compilation -- /Applications/Xcode-27.0.0-Release.Candidate.app/Contents/Developer/Toolchains/XcodeDefault.xctoolchain/usr/bin/swiftc -parse-as-library -module-name NIOSSL -Onone @/Users/admin/builder/spi-builder-workspace/.derivedData/Build/Intermediates.noindex/swift-nio-ssl.build/Debug-iphoneos/NIOSSL-t.build/Objects-normal/arm64/NIOSSL.SwiftFileList -DSWIFT_PACKAGE -DDEBUG -DSWIFT_MODULE_RESOURCE_BUNDLE_AVAILABLE -Xcc -fmodule-map-file\=/Users/admin/builder/spi-builder-workspace/.dependencies/checkouts/swift-atomics/Sources/_AtomicsShims/include/module.modulemap -Xcc -fmodule-map-file\=/Users/admin/builder/spi-builder-workspace/.derivedData/Build/Intermediates.noindex/GeneratedModuleMaps-iphoneos/CNIOPosix.modulemap -Xcc -fmodule-map-file\=/Users/admin/builder/spi-builder-workspace/.derivedData/Build/Intermediates.noindex/GeneratedModuleMaps-iphoneos/CNIOWASI.modulemap -Xcc -fmodule-map-file\=/Users/admin/builder/spi-builder-workspace/.dependencies/checkouts/swift-nio/Sources/CNIOWindows/include/module.modulemap -Xcc -fmodule-map-file\=/Users/admin/builder/spi-builder-workspace/.derivedData/Build/Intermediates.noindex/GeneratedModuleMaps-iphoneos/CNIOLinux.modulemap -Xcc -fmodule-map-file\=/Users/admin/builder/spi-builder-workspace/.derivedData/Build/Intermediates.noindex/GeneratedModuleMaps-iphoneos/CNIODarwin.modulemap -Xcc -fmodule-map-file\=/Users/admin/builder/spi-builder-workspace/.derivedData/Build/Intermediates.noindex/GeneratedModuleMaps-iphoneos/CNIOFreeBSD.modulemap -Xcc -fmodule-map-file\=/Users/admin/builder/spi-builder-workspace/.derivedData/Build/Intermediates.noindex/GeneratedModuleMaps-iphoneos/CNIOOpenBSD.modulemap -Xcc -fmodule-map-file\=/Users/admin/builder/spi-builder-workspace/.derivedData/Build/Intermediates.noindex/GeneratedModuleMaps-iphoneos/CNIOAtomics.modulemap -Xcc -fmodule-map-file\=/Users/admin/builder/spi-builder-workspace/.derivedData/Build/Intermediates.noindex/GeneratedModuleMaps-iphoneos/CNIOBoringSSLShims.modulemap -Xcc -fmodule-map-file\=/Users/admin/builder/spi-builder-workspace/.dependencies/checkouts/swift-nio-ssl/Sources/CNIOBoringSSL/include/module.modulemap -DXcode -enable-upcoming-feature MemberImportVisibility -plugin-path /Applications/Xcode-27.0.0-Release.Candidate.app/Contents/Developer/Toolchains/XcodeDefault.xctoolchain/usr/lib/swift/host/plugins/testing -enable-experimental-feature DebugDescriptionMacro -sdk /Applications/Xcode-27.0.0-Release.Candidate.app/Contents/Developer/Platforms/iPhoneOS.platform/Developer/SDKs/iPhoneOS27.0.sdk -target arm64-apple-ios15.0 -g -module-cache-path /Users/admin/builder/spi-builder-workspace/.derivedData/ModuleCache.noindex -Xfrontend -serialize-debugging-options -profile-coverage-mapping -profile-generate -enable-testing -suppress-warnings -index-store-path /Users/admin/builder/spi-builder-workspace/.derivedData/Index.noindex/DataStore -Xcc -D_LIBCPP_HARDENING_MODE\=_LIBCPP_HARDENING_MODE_DEBUG -swift-version 6 -I /Users/admin/builder/spi-builder-workspace/.derivedData/Build/Products/Debug-iphoneos -Isystem /Applications/Xcode-27.0.0-Release.Candidate.app/Contents/Developer/Platforms/iPhoneOS.platform/Developer/usr/lib -F /Users/admin/builder/spi-builder-workspace/.derivedData/Build/Products/Debug-iphoneos/PackageFrameworks -F /Users/admin/builder/spi-builder-workspace/.derivedData/Build/Products/Debug-iphoneos -F /Applications/Xcode-27.0.0-Release.Candidate.app/Contents/Developer/Platforms/iPhoneOS.platform/Developer/Library/Frameworks -F /Applications/Xcode-27.0.0-Release.Candidate.app/Contents/Developer/Platforms/iPhoneOS.platform/Developer/SDKs/iPhoneOS27.0.sdk/Developer/Library/Frameworks -c -j10 -enable-batch-mode -incremental -Xcc -ivfsstatcache -Xcc /Users/admin/builder/spi-builder-workspace/.derivedData/SDKStatCaches.noindex/iphoneos27.0-24A430-e829b21a6f8c9b70876ba0858053c04440ceaa042ed91876912b2eeea4e3aa14.sdkstatcache -output-file-map /Users/admin/builder/spi-builder-workspace/.derivedData/Build/Intermediates.noindex/swift-nio-ssl.build/Debug-iphoneos/NIOSSL-t.build/Objects-normal/arm64/NIOSSL-OutputFileMap.json -save-temps -no-color-diagnostics -explicit-module-build -module-cache-path /Users/admin/builder/spi-builder-workspace/.derivedData/Build/Intermediates.noindex/SwiftExplicitPrecompiledModules -clang-scanner-module-cache-path /Users/admin/builder/spi-builder-workspace/.derivedData/ModuleCache.noindex -sdk-module-cache-path /Users/admin/builder/spi-builder-workspace/.derivedData/SDKExplicitPrecompiledModules -emit-dependencies -emit-module -emit-module-path /Users/admin/builder/spi-builder-workspace/.derivedData/Build/Intermediates.noindex/swift-nio-ssl.build/Debug-iphoneos/NIOSSL-t.build/Objects-normal/arm64/NIOSSL.swiftmodule -serialize-diagnostics -dependency-scan-serialize-diagnostics-path /Users/admin/builder/spi-builder-workspace/.derivedData/Build/Intermediates.noindex/swift-nio-ssl.build/Debug-iphoneos/NIOSSL-t.build/Objects-normal/arm64/NIOSSL-dependency-scan.dia -user-module-version 2.37.5 -validate-clang-modules-once -clang-build-session-file /Users/admin/builder/spi-builder-workspace/.derivedData/ModuleCache.noindex/Session.modulevalidation -Xcc -fmodules-prune-interval\=86400 -Xcc -fmodules-prune-after\=345600 -package-name swift_nio_ssl -emit-const-values -const-gather-protocols-list /Users/admin/builder/spi-builder-workspace/.derivedData/Build/Intermediates.noindex/swift-nio-ssl.build/Debug-iphoneos/NIOSSL-t.build/Objects-normal/arm64/NIOSSL_const_extract_protocols.json -Xcc -I/Users/admin/builder/spi-builder-workspace/.dependencies/checkouts/swift-atomics/Sources/_AtomicsShims/include -Xcc -I/Users/admin/builder/spi-builder-workspace/.dependencies/checkouts/swift-nio/Sources/CNIOPosix/include -Xcc -I/Users/admin/builder/spi-builder-workspace/.dependencies/checkouts/swift-nio/Sources/CNIOWASI/include -Xcc -I/Users/admin/builder/spi-builder-workspace/.dependencies/checkouts/swift-nio/Sources/CNIOWindows/include -Xcc -I/Users/admin/builder/spi-builder-workspace/.dependencies/checkouts/swift-nio/Sources/CNIOLinux/include -Xcc -I/Users/admin/builder/spi-builder-workspace/.dependencies/checkouts/swift-nio/Sources/CNIODarwin/include -Xcc -I/Users/admin/builder/spi-builder-workspace/.dependencies/checkouts/swift-nio/Sources/CNIOFreeBSD/include -Xcc -I/Users/admin/builder/spi-builder-workspace/.dependencies/checkouts/swift-nio/Sources/CNIOOpenBSD/include -Xcc -I/Users/admin/builder/spi-builder-workspace/.dependencies/checkouts/swift-nio/Sources/CNIOAtomics/include -Xcc -I/Users/admin/builder/spi-builder-workspace/.dependencies/checkouts/swift-nio-ssl/Sources/CNIOBoringSSLShims/include -Xcc -I/Users/admin/builder/spi-builder-workspace/.dependencies/checkouts/swift-nio-ssl/Sources/CNIOBoringSSL/include -Xcc -I/Users/admin/builder/spi-builder-workspace/.derivedData/Build/Products/Debug-iphoneos/include -Xcc -I/Users/admin/builder/spi-builder-workspace/.derivedData/Build/Intermediates.noindex/swift-nio-ssl.build/Debug-iphoneos/NIOSSL-t.build/DerivedSources-normal/arm64 -Xcc -I/Users/admin/builder/spi-builder-workspace/.derivedData/Build/Intermediates.noindex/swift-nio-ssl.build/Debug-iphoneos/NIOSSL-t.build/DerivedSources/arm64 -Xcc -I/Users/admin/builder/spi-builder-workspace/.derivedData/Build/Intermediates.noindex/swift-nio-ssl.build/Debug-iphoneos/NIOSSL-t.build/DerivedSources -Xcc -DSWIFT_PACKAGE -Xcc -DDEBUG\=1 -emit-objc-header -emit-objc-header-path /Users/admin/builder/spi-builder-workspace/.derivedData/Build/Intermediates.noindex/swift-nio-ssl.build/Debug-iphoneos/NIOSSL-t.build/Objects-normal/arm64/NIOSSL-Swift.h -working-directory /Users/admin/builder/spi-builder-workspace/.swiftpm/xcode -experimental-emit-module-separately -disable-cmo
Ld /Users/admin/builder/spi-builder-workspace/.derivedData/Build/Products/Debug-iphoneos/NIO.o normal (in target 'NIO' from project 'swift-nio')
cd /Users/admin/builder/spi-builder-workspace/.dependencies/checkouts/swift-nio
/Applications/Xcode-27.0.0-Release.Candidate.app/Contents/Developer/Toolchains/XcodeDefault.xctoolchain/usr/bin/clang -Xlinker -reproducible -target arm64-apple-ios15.0 -r -isysroot /Applications/Xcode-27.0.0-Release.Candidate.app/Contents/Developer/Platforms/iPhoneOS.platform/Developer/SDKs/iPhoneOS27.0.sdk -O0 -w -Xlinker -no_warn_duplicate_libraries -F/Users/admin/builder/spi-builder-workspace/.derivedData/Build/Intermediates.noindex/EagerLinkingTBDs/Debug-iphoneos -F/Users/admin/builder/spi-builder-workspace/.derivedData/Build/Products/Debug-iphoneos/PackageFrameworks -F/Users/admin/builder/spi-builder-workspace/.derivedData/Build/Products/Debug-iphoneos -iframework /Applications/Xcode-27.0.0-Release.Candidate.app/Contents/Developer/Platforms/iPhoneOS.platform/Developer/Library/Frameworks -iframework /Applications/Xcode-27.0.0-Release.Candidate.app/Contents/Developer/Platforms/iPhoneOS.platform/Developer/SDKs/iPhoneOS27.0.sdk/Developer/Library/Frameworks -filelist /Users/admin/builder/spi-builder-workspace/.derivedData/Build/Intermediates.noindex/swift-nio.build/Debug-iphoneos/NIO-t.build/Objects-normal/arm64/NIO.LinkFileList -nostdlib -Xlinker -object_path_lto -Xlinker /Users/admin/builder/spi-builder-workspace/.derivedData/Build/Intermediates.noindex/swift-nio.build/Debug-iphoneos/NIO-t.build/Objects-normal/arm64/NIO_lto.o -Xlinker -no_deduplicate -Xlinker -debug_variant -Xlinker -dependency_info -Xlinker /Users/admin/builder/spi-builder-workspace/.derivedData/Build/Intermediates.noindex/swift-nio.build/Debug-iphoneos/NIO-t.build/Objects-normal/arm64/NIO_dependency_info.dat -fobjc-link-runtime -L/Applications/Xcode-27.0.0-Release.Candidate.app/Contents/Developer/Toolchains/XcodeDefault.xctoolchain/usr/lib/swift/iphoneos -L/usr/lib/swift -Xlinker -add_ast_path -Xlinker /Users/admin/builder/spi-builder-workspace/.derivedData/Build/Intermediates.noindex/swift-nio.build/Debug-iphoneos/NIO-t.build/Objects-normal/arm64/NIO.swiftmodule -o /Users/admin/builder/spi-builder-workspace/.derivedData/Build/Products/Debug-iphoneos/NIO.o
ExtractAppIntentsMetadata (in target 'NIO' from project 'swift-nio')
cd /Users/admin/builder/spi-builder-workspace/.dependencies/checkouts/swift-nio
/Applications/Xcode-27.0.0-Release.Candidate.app/Contents/Developer/Toolchains/XcodeDefault.xctoolchain/usr/bin/appintentsmetadataprocessor --toolchain-dir /var/run/com.apple.security.cryptexd/mnt/com.apple.MobileAsset.MetalToolchain-v27.1.266.1.KVzCMB/Metal.xctoolchain --module-name NIO --sdk-root /Applications/Xcode-27.0.0-Release.Candidate.app/Contents/Developer/Platforms/iPhoneOS.platform/Developer/SDKs/iPhoneOS27.0.sdk --xcode-version 27A266a --platform-family iOS --deployment-target 15.0 --bundle-identifier swift-nio.NIO --output /Users/admin/builder/spi-builder-workspace/.derivedData/Build/Products/Debug-iphoneos/NIO.appintents --target-triple arm64-apple-ios15.0 --binary-file /Users/admin/builder/spi-builder-workspace/.derivedData/Build/Products/Debug-iphoneos/NIO.o --dependency-file /Users/admin/builder/spi-builder-workspace/.derivedData/Build/Intermediates.noindex/swift-nio.build/Debug-iphoneos/NIO-t.build/Objects-normal/arm64/NIO_dependency_info.dat --stringsdata-file /Users/admin/builder/spi-builder-workspace/.derivedData/Build/Intermediates.noindex/swift-nio.build/Debug-iphoneos/NIO-t.build/Objects-normal/arm64/ExtractedAppShortcutsMetadata.stringsdata --source-file-list /Users/admin/builder/spi-builder-workspace/.derivedData/Build/Intermediates.noindex/swift-nio.build/Debug-iphoneos/NIO-t.build/Objects-normal/arm64/NIO.SwiftFileList --metadata-file-list /Users/admin/builder/spi-builder-workspace/.derivedData/Build/Intermediates.noindex/swift-nio.build/Debug-iphoneos/NIO-t.build/NIO.DependencyMetadataFileList --static-metadata-file-list /Users/admin/builder/spi-builder-workspace/.derivedData/Build/Intermediates.noindex/swift-nio.build/Debug-iphoneos/NIO-t.build/NIO.DependencyStaticMetadataFileList --swift-const-vals-list /Users/admin/builder/spi-builder-workspace/.derivedData/Build/Intermediates.noindex/swift-nio.build/Debug-iphoneos/NIO-t.build/Objects-normal/arm64/NIO.SwiftConstValuesFileList --force --compile-time-extraction --deployment-aware-processing --no-app-shortcuts-localization
2026-09-20 15:21:13.362 appintentsmetadataprocessor[2491:9784] Starting appintentsmetadataprocessor export
2026-09-20 15:21:13.450 appintentsmetadataprocessor[2491:9784] Extracted no relevant App Intents symbols, skipping writing output
SwiftDriverJobDiscovery normal arm64 Compiling StreamChannelFlowController.swift, StreamChannelList.swift, StreamMap.swift, StreamStateMachine.swift, Timer.swift, UnsafeTransfer.swift, WatermarkedFlowController.swift (in target 'NIOHTTP2' from project 'swift-nio-http2')
SwiftDriverJobDiscovery normal arm64 Compiling SendingRstStreamState.swift, SendingWindowUpdateState.swift, HTTP2SettingsState.swift, HasExtendedConnectSettings.swift, HasFlowControlWindows.swift, HasLocalSettings.swift, HasRemoteSettings.swift (in target 'NIOHTTP2' from project 'swift-nio-http2')
Ld /Users/admin/builder/spi-builder-workspace/.derivedData/Build/Products/Debug-iphoneos/NIOTLS.o normal (in target 'NIOTLS' from project 'swift-nio')
cd /Users/admin/builder/spi-builder-workspace/.dependencies/checkouts/swift-nio
/Applications/Xcode-27.0.0-Release.Candidate.app/Contents/Developer/Toolchains/XcodeDefault.xctoolchain/usr/bin/clang -Xlinker -reproducible -target arm64-apple-ios15.0 -r -isysroot /Applications/Xcode-27.0.0-Release.Candidate.app/Contents/Developer/Platforms/iPhoneOS.platform/Developer/SDKs/iPhoneOS27.0.sdk -O0 -w -Xlinker -no_warn_duplicate_libraries -F/Users/admin/builder/spi-builder-workspace/.derivedData/Build/Intermediates.noindex/EagerLinkingTBDs/Debug-iphoneos -F/Users/admin/builder/spi-builder-workspace/.derivedData/Build/Products/Debug-iphoneos/PackageFrameworks -F/Users/admin/builder/spi-builder-workspace/.derivedData/Build/Products/Debug-iphoneos -iframework /Applications/Xcode-27.0.0-Release.Candidate.app/Contents/Developer/Platforms/iPhoneOS.platform/Developer/Library/Frameworks -iframework /Applications/Xcode-27.0.0-Release.Candidate.app/Contents/Developer/Platforms/iPhoneOS.platform/Developer/SDKs/iPhoneOS27.0.sdk/Developer/Library/Frameworks -filelist /Users/admin/builder/spi-builder-workspace/.derivedData/Build/Intermediates.noindex/swift-nio.build/Debug-iphoneos/NIOTLS-t.build/Objects-normal/arm64/NIOTLS.LinkFileList -nostdlib -Xlinker -object_path_lto -Xlinker /Users/admin/builder/spi-builder-workspace/.derivedData/Build/Intermediates.noindex/swift-nio.build/Debug-iphoneos/NIOTLS-t.build/Objects-normal/arm64/NIOTLS_lto.o -Xlinker -no_deduplicate -Xlinker -debug_variant -Xlinker -dependency_info -Xlinker /Users/admin/builder/spi-builder-workspace/.derivedData/Build/Intermediates.noindex/swift-nio.build/Debug-iphoneos/NIOTLS-t.build/Objects-normal/arm64/NIOTLS_dependency_info.dat -fobjc-link-runtime -L/Applications/Xcode-27.0.0-Release.Candidate.app/Contents/Developer/Toolchains/XcodeDefault.xctoolchain/usr/lib/swift/iphoneos -L/usr/lib/swift -Xlinker -add_ast_path -Xlinker /Users/admin/builder/spi-builder-workspace/.derivedData/Build/Intermediates.noindex/swift-nio.build/Debug-iphoneos/NIOTLS-t.build/Objects-normal/arm64/NIOTLS.swiftmodule -o /Users/admin/builder/spi-builder-workspace/.derivedData/Build/Products/Debug-iphoneos/NIOTLS.o
Ld /Users/admin/builder/spi-builder-workspace/.derivedData/Build/Products/Debug-iphoneos/NIOHTTP1.o normal (in target 'NIOHTTP1' from project 'swift-nio')
cd /Users/admin/builder/spi-builder-workspace/.dependencies/checkouts/swift-nio
/Applications/Xcode-27.0.0-Release.Candidate.app/Contents/Developer/Toolchains/XcodeDefault.xctoolchain/usr/bin/clang -Xlinker -reproducible -target arm64-apple-ios15.0 -r -isysroot /Applications/Xcode-27.0.0-Release.Candidate.app/Contents/Developer/Platforms/iPhoneOS.platform/Developer/SDKs/iPhoneOS27.0.sdk -O0 -w -Xlinker -no_warn_duplicate_libraries -F/Users/admin/builder/spi-builder-workspace/.derivedData/Build/Intermediates.noindex/EagerLinkingTBDs/Debug-iphoneos -F/Users/admin/builder/spi-builder-workspace/.derivedData/Build/Products/Debug-iphoneos/PackageFrameworks -F/Users/admin/builder/spi-builder-workspace/.derivedData/Build/Products/Debug-iphoneos -iframework /Applications/Xcode-27.0.0-Release.Candidate.app/Contents/Developer/Platforms/iPhoneOS.platform/Developer/Library/Frameworks -iframework /Applications/Xcode-27.0.0-Release.Candidate.app/Contents/Developer/Platforms/iPhoneOS.platform/Developer/SDKs/iPhoneOS27.0.sdk/Developer/Library/Frameworks -filelist /Users/admin/builder/spi-builder-workspace/.derivedData/Build/Intermediates.noindex/swift-nio.build/Debug-iphoneos/NIOHTTP1-t.build/Objects-normal/arm64/NIOHTTP1.LinkFileList -nostdlib -Xlinker -object_path_lto -Xlinker /Users/admin/builder/spi-builder-workspace/.derivedData/Build/Intermediates.noindex/swift-nio.build/Debug-iphoneos/NIOHTTP1-t.build/Objects-normal/arm64/NIOHTTP1_lto.o -Xlinker -no_deduplicate -Xlinker -debug_variant -Xlinker -dependency_info -Xlinker /Users/admin/builder/spi-builder-workspace/.derivedData/Build/Intermediates.noindex/swift-nio.build/Debug-iphoneos/NIOHTTP1-t.build/Objects-normal/arm64/NIOHTTP1_dependency_info.dat -fobjc-link-runtime -L/Applications/Xcode-27.0.0-Release.Candidate.app/Contents/Developer/Toolchains/XcodeDefault.xctoolchain/usr/lib/swift/iphoneos -L/usr/lib/swift -Xlinker -add_ast_path -Xlinker /Users/admin/builder/spi-builder-workspace/.derivedData/Build/Intermediates.noindex/swift-nio.build/Debug-iphoneos/NIOHTTP1-t.build/Objects-normal/arm64/NIOHTTP1.swiftmodule -o /Users/admin/builder/spi-builder-workspace/.derivedData/Build/Products/Debug-iphoneos/NIOHTTP1.o
Ld /Users/admin/builder/spi-builder-workspace/.derivedData/Build/Products/Debug-iphoneos/NIOFoundationCompat.o normal (in target 'NIOFoundationCompat' from project 'swift-nio')
cd /Users/admin/builder/spi-builder-workspace/.dependencies/checkouts/swift-nio
/Applications/Xcode-27.0.0-Release.Candidate.app/Contents/Developer/Toolchains/XcodeDefault.xctoolchain/usr/bin/clang -Xlinker -reproducible -target arm64-apple-ios15.0 -r -isysroot /Applications/Xcode-27.0.0-Release.Candidate.app/Contents/Developer/Platforms/iPhoneOS.platform/Developer/SDKs/iPhoneOS27.0.sdk -O0 -w -Xlinker -no_warn_duplicate_libraries -F/Users/admin/builder/spi-builder-workspace/.derivedData/Build/Intermediates.noindex/EagerLinkingTBDs/Debug-iphoneos -F/Users/admin/builder/spi-builder-workspace/.derivedData/Build/Products/Debug-iphoneos/PackageFrameworks -F/Users/admin/builder/spi-builder-workspace/.derivedData/Build/Products/Debug-iphoneos -iframework /Applications/Xcode-27.0.0-Release.Candidate.app/Contents/Developer/Platforms/iPhoneOS.platform/Developer/Library/Frameworks -iframework /Applications/Xcode-27.0.0-Release.Candidate.app/Contents/Developer/Platforms/iPhoneOS.platform/Developer/SDKs/iPhoneOS27.0.sdk/Developer/Library/Frameworks -filelist /Users/admin/builder/spi-builder-workspace/.derivedData/Build/Intermediates.noindex/swift-nio.build/Debug-iphoneos/NIOFoundationCompat-t.build/Objects-normal/arm64/NIOFoundationCompat.LinkFileList -nostdlib -Xlinker -object_path_lto -Xlinker /Users/admin/builder/spi-builder-workspace/.derivedData/Build/Intermediates.noindex/swift-nio.build/Debug-iphoneos/NIOFoundationCompat-t.build/Objects-normal/arm64/NIOFoundationCompat_lto.o -Xlinker -no_deduplicate -Xlinker -debug_variant -Xlinker -dependency_info -Xlinker /Users/admin/builder/spi-builder-workspace/.derivedData/Build/Intermediates.noindex/swift-nio.build/Debug-iphoneos/NIOFoundationCompat-t.build/Objects-normal/arm64/NIOFoundationCompat_dependency_info.dat -fobjc-link-runtime -L/Applications/Xcode-27.0.0-Release.Candidate.app/Contents/Developer/Toolchains/XcodeDefault.xctoolchain/usr/lib/swift/iphoneos -L/usr/lib/swift -Xlinker -add_ast_path -Xlinker /Users/admin/builder/spi-builder-workspace/.derivedData/Build/Intermediates.noindex/swift-nio.build/Debug-iphoneos/NIOFoundationCompat-t.build/Objects-normal/arm64/NIOFoundationCompat.swiftmodule -o /Users/admin/builder/spi-builder-workspace/.derivedData/Build/Products/Debug-iphoneos/NIOFoundationCompat.o
ExtractAppIntentsMetadata (in target 'NIOTLS' from project 'swift-nio')
cd /Users/admin/builder/spi-builder-workspace/.dependencies/checkouts/swift-nio
/Applications/Xcode-27.0.0-Release.Candidate.app/Contents/Developer/Toolchains/XcodeDefault.xctoolchain/usr/bin/appintentsmetadataprocessor --toolchain-dir /var/run/com.apple.security.cryptexd/mnt/com.apple.MobileAsset.MetalToolchain-v27.1.266.1.KVzCMB/Metal.xctoolchain --module-name NIOTLS --sdk-root /Applications/Xcode-27.0.0-Release.Candidate.app/Contents/Developer/Platforms/iPhoneOS.platform/Developer/SDKs/iPhoneOS27.0.sdk --xcode-version 27A266a --platform-family iOS --deployment-target 15.0 --bundle-identifier swift-nio.NIOTLS --output /Users/admin/builder/spi-builder-workspace/.derivedData/Build/Products/Debug-iphoneos/NIOTLS.appintents --target-triple arm64-apple-ios15.0 --binary-file /Users/admin/builder/spi-builder-workspace/.derivedData/Build/Products/Debug-iphoneos/NIOTLS.o --dependency-file /Users/admin/builder/spi-builder-workspace/.derivedData/Build/Intermediates.noindex/swift-nio.build/Debug-iphoneos/NIOTLS-t.build/Objects-normal/arm64/NIOTLS_dependency_info.dat --stringsdata-file /Users/admin/builder/spi-builder-workspace/.derivedData/Build/Intermediates.noindex/swift-nio.build/Debug-iphoneos/NIOTLS-t.build/Objects-normal/arm64/ExtractedAppShortcutsMetadata.stringsdata --source-file-list /Users/admin/builder/spi-builder-workspace/.derivedData/Build/Intermediates.noindex/swift-nio.build/Debug-iphoneos/NIOTLS-t.build/Objects-normal/arm64/NIOTLS.SwiftFileList --metadata-file-list /Users/admin/builder/spi-builder-workspace/.derivedData/Build/Intermediates.noindex/swift-nio.build/Debug-iphoneos/NIOTLS-t.build/NIOTLS.DependencyMetadataFileList --static-metadata-file-list /Users/admin/builder/spi-builder-workspace/.derivedData/Build/Intermediates.noindex/swift-nio.build/Debug-iphoneos/NIOTLS-t.build/NIOTLS.DependencyStaticMetadataFileList --swift-const-vals-list /Users/admin/builder/spi-builder-workspace/.derivedData/Build/Intermediates.noindex/swift-nio.build/Debug-iphoneos/NIOTLS-t.build/Objects-normal/arm64/NIOTLS.SwiftConstValuesFileList --force --compile-time-extraction --deployment-aware-processing --no-app-shortcuts-localization
2026-09-20 15:21:13.511 appintentsmetadataprocessor[2498:9848] Starting appintentsmetadataprocessor export
2026-09-20 15:21:13.578 appintentsmetadataprocessor[2498:9848] Extracted no relevant App Intents symbols, skipping writing output
ExtractAppIntentsMetadata (in target 'NIOFoundationCompat' from project 'swift-nio')
cd /Users/admin/builder/spi-builder-workspace/.dependencies/checkouts/swift-nio
/Applications/Xcode-27.0.0-Release.Candidate.app/Contents/Developer/Toolchains/XcodeDefault.xctoolchain/usr/bin/appintentsmetadataprocessor --toolchain-dir /var/run/com.apple.security.cryptexd/mnt/com.apple.MobileAsset.MetalToolchain-v27.1.266.1.KVzCMB/Metal.xctoolchain --module-name NIOFoundationCompat --sdk-root /Applications/Xcode-27.0.0-Release.Candidate.app/Contents/Developer/Platforms/iPhoneOS.platform/Developer/SDKs/iPhoneOS27.0.sdk --xcode-version 27A266a --platform-family iOS --deployment-target 15.0 --bundle-identifier swift-nio.NIOFoundationCompat --output /Users/admin/builder/spi-builder-workspace/.derivedData/Build/Products/Debug-iphoneos/NIOFoundationCompat.appintents --target-triple arm64-apple-ios15.0 --binary-file /Users/admin/builder/spi-builder-workspace/.derivedData/Build/Products/Debug-iphoneos/NIOFoundationCompat.o --dependency-file /Users/admin/builder/spi-builder-workspace/.derivedData/Build/Intermediates.noindex/swift-nio.build/Debug-iphoneos/NIOFoundationCompat-t.build/Objects-normal/arm64/NIOFoundationCompat_dependency_info.dat --stringsdata-file /Users/admin/builder/spi-builder-workspace/.derivedData/Build/Intermediates.noindex/swift-nio.build/Debug-iphoneos/NIOFoundationCompat-t.build/Objects-normal/arm64/ExtractedAppShortcutsMetadata.stringsdata --source-file-list /Users/admin/builder/spi-builder-workspace/.derivedData/Build/Intermediates.noindex/swift-nio.build/Debug-iphoneos/NIOFoundationCompat-t.build/Objects-normal/arm64/NIOFoundationCompat.SwiftFileList --metadata-file-list /Users/admin/builder/spi-builder-workspace/.derivedData/Build/Intermediates.noindex/swift-nio.build/Debug-iphoneos/NIOFoundationCompat-t.build/NIOFoundationCompat.DependencyMetadataFileList --static-metadata-file-list /Users/admin/builder/spi-builder-workspace/.derivedData/Build/Intermediates.noindex/swift-nio.build/Debug-iphoneos/NIOFoundationCompat-t.build/NIOFoundationCompat.DependencyStaticMetadataFileList --swift-const-vals-list /Users/admin/builder/spi-builder-workspace/.derivedData/Build/Intermediates.noindex/swift-nio.build/Debug-iphoneos/NIOFoundationCompat-t.build/Objects-normal/arm64/NIOFoundationCompat.SwiftConstValuesFileList --force --compile-time-extraction --deployment-aware-processing --no-app-shortcuts-localization
2026-09-20 15:21:13.511 appintentsmetadataprocessor[2499:9849] Starting appintentsmetadataprocessor export
2026-09-20 15:21:13.578 appintentsmetadataprocessor[2499:9849] Extracted no relevant App Intents symbols, skipping writing output
ExtractAppIntentsMetadata (in target 'NIOHTTP1' from project 'swift-nio')
cd /Users/admin/builder/spi-builder-workspace/.dependencies/checkouts/swift-nio
/Applications/Xcode-27.0.0-Release.Candidate.app/Contents/Developer/Toolchains/XcodeDefault.xctoolchain/usr/bin/appintentsmetadataprocessor --toolchain-dir /var/run/com.apple.security.cryptexd/mnt/com.apple.MobileAsset.MetalToolchain-v27.1.266.1.KVzCMB/Metal.xctoolchain --module-name NIOHTTP1 --sdk-root /Applications/Xcode-27.0.0-Release.Candidate.app/Contents/Developer/Platforms/iPhoneOS.platform/Developer/SDKs/iPhoneOS27.0.sdk --xcode-version 27A266a --platform-family iOS --deployment-target 15.0 --bundle-identifier swift-nio.NIOHTTP1 --output /Users/admin/builder/spi-builder-workspace/.derivedData/Build/Products/Debug-iphoneos/NIOHTTP1.appintents --target-triple arm64-apple-ios15.0 --binary-file /Users/admin/builder/spi-builder-workspace/.derivedData/Build/Products/Debug-iphoneos/NIOHTTP1.o --dependency-file /Users/admin/builder/spi-builder-workspace/.derivedData/Build/Intermediates.noindex/swift-nio.build/Debug-iphoneos/NIOHTTP1-t.build/Objects-normal/arm64/NIOHTTP1_dependency_info.dat --stringsdata-file /Users/admin/builder/spi-builder-workspace/.derivedData/Build/Intermediates.noindex/swift-nio.build/Debug-iphoneos/NIOHTTP1-t.build/Objects-normal/arm64/ExtractedAppShortcutsMetadata.stringsdata --source-file-list /Users/admin/builder/spi-builder-workspace/.derivedData/Build/Intermediates.noindex/swift-nio.build/Debug-iphoneos/NIOHTTP1-t.build/Objects-normal/arm64/NIOHTTP1.SwiftFileList --metadata-file-list /Users/admin/builder/spi-builder-workspace/.derivedData/Build/Intermediates.noindex/swift-nio.build/Debug-iphoneos/NIOHTTP1-t.build/NIOHTTP1.DependencyMetadataFileList --static-metadata-file-list /Users/admin/builder/spi-builder-workspace/.derivedData/Build/Intermediates.noindex/swift-nio.build/Debug-iphoneos/NIOHTTP1-t.build/NIOHTTP1.DependencyStaticMetadataFileList --swift-const-vals-list /Users/admin/builder/spi-builder-workspace/.derivedData/Build/Intermediates.noindex/swift-nio.build/Debug-iphoneos/NIOHTTP1-t.build/Objects-normal/arm64/NIOHTTP1.SwiftConstValuesFileList --force --compile-time-extraction --deployment-aware-processing --no-app-shortcuts-localization
2026-09-20 15:21:13.513 appintentsmetadataprocessor[2500:9850] Starting appintentsmetadataprocessor export
2026-09-20 15:21:13.578 appintentsmetadataprocessor[2500:9850] Extracted no relevant App Intents symbols, skipping writing output
SwiftDriverJobDiscovery normal arm64 Compiling HTTP2UserEvents.swift, InboundEventBuffer.swift, InboundWindowManager.swift, MultiplexerAbstractChannel.swift, NIOHTTP2FrameDelegate.swift, NIOHTTP2ServerConnectionManagementHandler+StateMachine.swift, NIOHTTP2ServerConnectionManagementHandler.swift (in target 'NIOHTTP2' from project 'swift-nio-http2')
SwiftExplicitDependencyGeneratePcm arm64 /Users/admin/builder/spi-builder-workspace/.derivedData/SDKExplicitPrecompiledModules/_Builtin_stdatomic-CLJVNIOHLPNAVPMY1PCE07PC6.pcm
SwiftExplicitDependencyGeneratePcm arm64 /Users/admin/builder/spi-builder-workspace/.derivedData/Build/Intermediates.noindex/SwiftExplicitPrecompiledModules/CNIOWindows-E17QPZQMZJXQGS0ZEC67CK9VS.pcm
SwiftExplicitDependencyGeneratePcm arm64 /Users/admin/builder/spi-builder-workspace/.derivedData/SDKExplicitPrecompiledModules/MachO-4OVT5NEPGSOC5S7WJ8A4CI9HQ.pcm
SwiftExplicitDependencyGeneratePcm arm64 /Users/admin/builder/spi-builder-workspace/.derivedData/Build/Intermediates.noindex/SwiftExplicitPrecompiledModules/CNIOAtomics-C2H2THICGBM02T3V95X2TC1OH.pcm
SwiftExplicitDependencyGeneratePcm arm64 /Users/admin/builder/spi-builder-workspace/.derivedData/SDKExplicitPrecompiledModules/dnssd-2HMC2ZPZHRV7WTQL52S1JXICJ.pcm
SwiftExplicitDependencyGeneratePcm arm64 /Users/admin/builder/spi-builder-workspace/.derivedData/Build/Intermediates.noindex/SwiftExplicitPrecompiledModules/CNIOPosix-4RLJ5UY2VOGMYRPWPYQAY5OOC.pcm
SwiftExplicitDependencyGeneratePcm arm64 /Users/admin/builder/spi-builder-workspace/.derivedData/Build/Intermediates.noindex/SwiftExplicitPrecompiledModules/CNIOLLHTTP-CL3OBKLCLZ9SQVXAGLHVAOCLS.pcm
SwiftExplicitDependencyGeneratePcm arm64 /Users/admin/builder/spi-builder-workspace/.derivedData/Build/Intermediates.noindex/SwiftExplicitPrecompiledModules/CNIODarwin-2GB6AM7O9UFWPQTCRZ84NTZOS.pcm
SwiftExplicitDependencyGeneratePcm arm64 /Users/admin/builder/spi-builder-workspace/.derivedData/Build/Intermediates.noindex/SwiftExplicitPrecompiledModules/CNIOOpenBSD-551W0YFOL1O73W30ZS926W3UB.pcm
SwiftExplicitDependencyGeneratePcm arm64 /Users/admin/builder/spi-builder-workspace/.derivedData/Build/Intermediates.noindex/SwiftExplicitPrecompiledModules/CNIOLinux-ELGH0ORG4MBUPXKRDBIEGJ7Q1.pcm
SwiftExplicitDependencyGeneratePcm arm64 /Users/admin/builder/spi-builder-workspace/.derivedData/SDKExplicitPrecompiledModules/Network-3EQWF3D2LQQA3CHUNALR2OEV3.pcm
SwiftExplicitDependencyGeneratePcm arm64 /Users/admin/builder/spi-builder-workspace/.derivedData/SDKExplicitPrecompiledModules/os-D19NGWGGCIMHTFO5YUINIK4A7.pcm
Ld /Users/admin/builder/spi-builder-workspace/.derivedData/Build/Products/Debug-iphoneos/NIOSSL.o normal (in target 'NIOSSL' from project 'swift-nio-ssl')
cd /Users/admin/builder/spi-builder-workspace/.dependencies/checkouts/swift-nio-ssl
/Applications/Xcode-27.0.0-Release.Candidate.app/Contents/Developer/Toolchains/XcodeDefault.xctoolchain/usr/bin/clang -Xlinker -reproducible -target arm64-apple-ios15.0 -r -isysroot /Applications/Xcode-27.0.0-Release.Candidate.app/Contents/Developer/Platforms/iPhoneOS.platform/Developer/SDKs/iPhoneOS27.0.sdk -O0 -w -Xlinker -no_warn_duplicate_libraries -F/Users/admin/builder/spi-builder-workspace/.derivedData/Build/Intermediates.noindex/EagerLinkingTBDs/Debug-iphoneos -F/Users/admin/builder/spi-builder-workspace/.derivedData/Build/Products/Debug-iphoneos/PackageFrameworks -F/Users/admin/builder/spi-builder-workspace/.derivedData/Build/Products/Debug-iphoneos -iframework /Applications/Xcode-27.0.0-Release.Candidate.app/Contents/Developer/Platforms/iPhoneOS.platform/Developer/Library/Frameworks -iframework /Applications/Xcode-27.0.0-Release.Candidate.app/Contents/Developer/Platforms/iPhoneOS.platform/Developer/SDKs/iPhoneOS27.0.sdk/Developer/Library/Frameworks -filelist /Users/admin/builder/spi-builder-workspace/.derivedData/Build/Intermediates.noindex/swift-nio-ssl.build/Debug-iphoneos/NIOSSL-t.build/Objects-normal/arm64/NIOSSL.LinkFileList -nostdlib -Xlinker -object_path_lto -Xlinker /Users/admin/builder/spi-builder-workspace/.derivedData/Build/Intermediates.noindex/swift-nio-ssl.build/Debug-iphoneos/NIOSSL-t.build/Objects-normal/arm64/NIOSSL_lto.o -Xlinker -no_deduplicate -Xlinker -debug_variant -Xlinker -dependency_info -Xlinker /Users/admin/builder/spi-builder-workspace/.derivedData/Build/Intermediates.noindex/swift-nio-ssl.build/Debug-iphoneos/NIOSSL-t.build/Objects-normal/arm64/NIOSSL_dependency_info.dat -fobjc-link-runtime -L/Applications/Xcode-27.0.0-Release.Candidate.app/Contents/Developer/Toolchains/XcodeDefault.xctoolchain/usr/lib/swift/iphoneos -L/usr/lib/swift -Xlinker -add_ast_path -Xlinker /Users/admin/builder/spi-builder-workspace/.derivedData/Build/Intermediates.noindex/swift-nio-ssl.build/Debug-iphoneos/NIOSSL-t.build/Objects-normal/arm64/NIOSSL.swiftmodule -o /Users/admin/builder/spi-builder-workspace/.derivedData/Build/Products/Debug-iphoneos/NIOSSL.o
Ld /Users/admin/builder/spi-builder-workspace/.derivedData/Build/Products/Debug-iphoneos/NIOHPACK.o normal (in target 'NIOHPACK' from project 'swift-nio-http2')
cd /Users/admin/builder/spi-builder-workspace/.dependencies/checkouts/swift-nio-http2
/Applications/Xcode-27.0.0-Release.Candidate.app/Contents/Developer/Toolchains/XcodeDefault.xctoolchain/usr/bin/clang -Xlinker -reproducible -target arm64-apple-ios15.0 -r -isysroot /Applications/Xcode-27.0.0-Release.Candidate.app/Contents/Developer/Platforms/iPhoneOS.platform/Developer/SDKs/iPhoneOS27.0.sdk -O0 -w -Xlinker -no_warn_duplicate_libraries -F/Users/admin/builder/spi-builder-workspace/.derivedData/Build/Intermediates.noindex/EagerLinkingTBDs/Debug-iphoneos -F/Users/admin/builder/spi-builder-workspace/.derivedData/Build/Products/Debug-iphoneos/PackageFrameworks -F/Users/admin/builder/spi-builder-workspace/.derivedData/Build/Products/Debug-iphoneos -iframework /Applications/Xcode-27.0.0-Release.Candidate.app/Contents/Developer/Platforms/iPhoneOS.platform/Developer/Library/Frameworks -iframework /Applications/Xcode-27.0.0-Release.Candidate.app/Contents/Developer/Platforms/iPhoneOS.platform/Developer/SDKs/iPhoneOS27.0.sdk/Developer/Library/Frameworks -filelist /Users/admin/builder/spi-builder-workspace/.derivedData/Build/Intermediates.noindex/swift-nio-http2.build/Debug-iphoneos/NIOHPACK-t.build/Objects-normal/arm64/NIOHPACK.LinkFileList -nostdlib -Xlinker -object_path_lto -Xlinker /Users/admin/builder/spi-builder-workspace/.derivedData/Build/Intermediates.noindex/swift-nio-http2.build/Debug-iphoneos/NIOHPACK-t.build/Objects-normal/arm64/NIOHPACK_lto.o -Xlinker -no_deduplicate -Xlinker -debug_variant -Xlinker -dependency_info -Xlinker /Users/admin/builder/spi-builder-workspace/.derivedData/Build/Intermediates.noindex/swift-nio-http2.build/Debug-iphoneos/NIOHPACK-t.build/Objects-normal/arm64/NIOHPACK_dependency_info.dat -fobjc-link-runtime -L/Applications/Xcode-27.0.0-Release.Candidate.app/Contents/Developer/Toolchains/XcodeDefault.xctoolchain/usr/lib/swift/iphoneos -L/usr/lib/swift -Xlinker -add_ast_path -Xlinker /Users/admin/builder/spi-builder-workspace/.derivedData/Build/Intermediates.noindex/swift-nio-http2.build/Debug-iphoneos/NIOHPACK-t.build/Objects-normal/arm64/NIOHPACK.swiftmodule -o /Users/admin/builder/spi-builder-workspace/.derivedData/Build/Products/Debug-iphoneos/NIOHPACK.o
Ld /Users/admin/builder/spi-builder-workspace/.derivedData/Build/Products/Debug-iphoneos/NIOTransportServices.o normal (in target 'NIOTransportServices' from project 'swift-nio-transport-services')
cd /Users/admin/builder/spi-builder-workspace/.dependencies/checkouts/swift-nio-transport-services
/Applications/Xcode-27.0.0-Release.Candidate.app/Contents/Developer/Toolchains/XcodeDefault.xctoolchain/usr/bin/clang -Xlinker -reproducible -target arm64-apple-ios15.0 -r -isysroot /Applications/Xcode-27.0.0-Release.Candidate.app/Contents/Developer/Platforms/iPhoneOS.platform/Developer/SDKs/iPhoneOS27.0.sdk -O0 -w -Xlinker -no_warn_duplicate_libraries -F/Users/admin/builder/spi-builder-workspace/.derivedData/Build/Intermediates.noindex/EagerLinkingTBDs/Debug-iphoneos -F/Users/admin/builder/spi-builder-workspace/.derivedData/Build/Products/Debug-iphoneos/PackageFrameworks -F/Users/admin/builder/spi-builder-workspace/.derivedData/Build/Products/Debug-iphoneos -iframework /Applications/Xcode-27.0.0-Release.Candidate.app/Contents/Developer/Platforms/iPhoneOS.platform/Developer/Library/Frameworks -iframework /Applications/Xcode-27.0.0-Release.Candidate.app/Contents/Developer/Platforms/iPhoneOS.platform/Developer/SDKs/iPhoneOS27.0.sdk/Developer/Library/Frameworks -filelist /Users/admin/builder/spi-builder-workspace/.derivedData/Build/Intermediates.noindex/swift-nio-transport-services.build/Debug-iphoneos/NIOTransportServices-t.build/Objects-normal/arm64/NIOTransportServices.LinkFileList -nostdlib -Xlinker -object_path_lto -Xlinker /Users/admin/builder/spi-builder-workspace/.derivedData/Build/Intermediates.noindex/swift-nio-transport-services.build/Debug-iphoneos/NIOTransportServices-t.build/Objects-normal/arm64/NIOTransportServices_lto.o -Xlinker -no_deduplicate -Xlinker -debug_variant -Xlinker -dependency_info -Xlinker /Users/admin/builder/spi-builder-workspace/.derivedData/Build/Intermediates.noindex/swift-nio-transport-services.build/Debug-iphoneos/NIOTransportServices-t.build/Objects-normal/arm64/NIOTransportServices_dependency_info.dat -fobjc-link-runtime -L/Applications/Xcode-27.0.0-Release.Candidate.app/Contents/Developer/Toolchains/XcodeDefault.xctoolchain/usr/lib/swift/iphoneos -L/usr/lib/swift -Xlinker -add_ast_path -Xlinker /Users/admin/builder/spi-builder-workspace/.derivedData/Build/Intermediates.noindex/swift-nio-transport-services.build/Debug-iphoneos/NIOTransportServices-t.build/Objects-normal/arm64/NIOTransportServices.swiftmodule -o /Users/admin/builder/spi-builder-workspace/.derivedData/Build/Products/Debug-iphoneos/NIOTransportServices.o
ExtractAppIntentsMetadata (in target 'NIOHPACK' from project 'swift-nio-http2')
cd /Users/admin/builder/spi-builder-workspace/.dependencies/checkouts/swift-nio-http2
/Applications/Xcode-27.0.0-Release.Candidate.app/Contents/Developer/Toolchains/XcodeDefault.xctoolchain/usr/bin/appintentsmetadataprocessor --toolchain-dir /var/run/com.apple.security.cryptexd/mnt/com.apple.MobileAsset.MetalToolchain-v27.1.266.1.KVzCMB/Metal.xctoolchain --module-name NIOHPACK --sdk-root /Applications/Xcode-27.0.0-Release.Candidate.app/Contents/Developer/Platforms/iPhoneOS.platform/Developer/SDKs/iPhoneOS27.0.sdk --xcode-version 27A266a --platform-family iOS --deployment-target 15.0 --bundle-identifier swift-nio-http2.NIOHPACK --output /Users/admin/builder/spi-builder-workspace/.derivedData/Build/Products/Debug-iphoneos/NIOHPACK.appintents --target-triple arm64-apple-ios15.0 --binary-file /Users/admin/builder/spi-builder-workspace/.derivedData/Build/Products/Debug-iphoneos/NIOHPACK.o --dependency-file /Users/admin/builder/spi-builder-workspace/.derivedData/Build/Intermediates.noindex/swift-nio-http2.build/Debug-iphoneos/NIOHPACK-t.build/Objects-normal/arm64/NIOHPACK_dependency_info.dat --stringsdata-file /Users/admin/builder/spi-builder-workspace/.derivedData/Build/Intermediates.noindex/swift-nio-http2.build/Debug-iphoneos/NIOHPACK-t.build/Objects-normal/arm64/ExtractedAppShortcutsMetadata.stringsdata --source-file-list /Users/admin/builder/spi-builder-workspace/.derivedData/Build/Intermediates.noindex/swift-nio-http2.build/Debug-iphoneos/NIOHPACK-t.build/Objects-normal/arm64/NIOHPACK.SwiftFileList --metadata-file-list /Users/admin/builder/spi-builder-workspace/.derivedData/Build/Intermediates.noindex/swift-nio-http2.build/Debug-iphoneos/NIOHPACK-t.build/NIOHPACK.DependencyMetadataFileList --static-metadata-file-list /Users/admin/builder/spi-builder-workspace/.derivedData/Build/Intermediates.noindex/swift-nio-http2.build/Debug-iphoneos/NIOHPACK-t.build/NIOHPACK.DependencyStaticMetadataFileList --swift-const-vals-list /Users/admin/builder/spi-builder-workspace/.derivedData/Build/Intermediates.noindex/swift-nio-http2.build/Debug-iphoneos/NIOHPACK-t.build/Objects-normal/arm64/NIOHPACK.SwiftConstValuesFileList --force --compile-time-extraction --deployment-aware-processing --no-app-shortcuts-localization
2026-09-20 15:21:13.771 appintentsmetadataprocessor[2519:9930] Starting appintentsmetadataprocessor export
2026-09-20 15:21:13.839 appintentsmetadataprocessor[2519:9930] Extracted no relevant App Intents symbols, skipping writing output
ExtractAppIntentsMetadata (in target 'NIOTransportServices' from project 'swift-nio-transport-services')
cd /Users/admin/builder/spi-builder-workspace/.dependencies/checkouts/swift-nio-transport-services
/Applications/Xcode-27.0.0-Release.Candidate.app/Contents/Developer/Toolchains/XcodeDefault.xctoolchain/usr/bin/appintentsmetadataprocessor --toolchain-dir /var/run/com.apple.security.cryptexd/mnt/com.apple.MobileAsset.MetalToolchain-v27.1.266.1.KVzCMB/Metal.xctoolchain --module-name NIOTransportServices --sdk-root /Applications/Xcode-27.0.0-Release.Candidate.app/Contents/Developer/Platforms/iPhoneOS.platform/Developer/SDKs/iPhoneOS27.0.sdk --xcode-version 27A266a --platform-family iOS --deployment-target 15.0 --bundle-identifier swift-nio-transport-services.NIOTransportServices --output /Users/admin/builder/spi-builder-workspace/.derivedData/Build/Products/Debug-iphoneos/NIOTransportServices.appintents --target-triple arm64-apple-ios15.0 --binary-file /Users/admin/builder/spi-builder-workspace/.derivedData/Build/Products/Debug-iphoneos/NIOTransportServices.o --dependency-file /Users/admin/builder/spi-builder-workspace/.derivedData/Build/Intermediates.noindex/swift-nio-transport-services.build/Debug-iphoneos/NIOTransportServices-t.build/Objects-normal/arm64/NIOTransportServices_dependency_info.dat --stringsdata-file /Users/admin/builder/spi-builder-workspace/.derivedData/Build/Intermediates.noindex/swift-nio-transport-services.build/Debug-iphoneos/NIOTransportServices-t.build/Objects-normal/arm64/ExtractedAppShortcutsMetadata.stringsdata --source-file-list /Users/admin/builder/spi-builder-workspace/.derivedData/Build/Intermediates.noindex/swift-nio-transport-services.build/Debug-iphoneos/NIOTransportServices-t.build/Objects-normal/arm64/NIOTransportServices.SwiftFileList --metadata-file-list /Users/admin/builder/spi-builder-workspace/.derivedData/Build/Intermediates.noindex/swift-nio-transport-services.build/Debug-iphoneos/NIOTransportServices-t.build/NIOTransportServices.DependencyMetadataFileList --static-metadata-file-list /Users/admin/builder/spi-builder-workspace/.derivedData/Build/Intermediates.noindex/swift-nio-transport-services.build/Debug-iphoneos/NIOTransportServices-t.build/NIOTransportServices.DependencyStaticMetadataFileList --swift-const-vals-list /Users/admin/builder/spi-builder-workspace/.derivedData/Build/Intermediates.noindex/swift-nio-transport-services.build/Debug-iphoneos/NIOTransportServices-t.build/Objects-normal/arm64/NIOTransportServices.SwiftConstValuesFileList --force --compile-time-extraction --deployment-aware-processing --no-app-shortcuts-localization
2026-09-20 15:21:13.777 appintentsmetadataprocessor[2520:9931] Starting appintentsmetadataprocessor export
2026-09-20 15:21:13.848 appintentsmetadataprocessor[2520:9931] Extracted no relevant App Intents symbols, skipping writing output
ExtractAppIntentsMetadata (in target 'NIOSSL' from project 'swift-nio-ssl')
cd /Users/admin/builder/spi-builder-workspace/.dependencies/checkouts/swift-nio-ssl
/Applications/Xcode-27.0.0-Release.Candidate.app/Contents/Developer/Toolchains/XcodeDefault.xctoolchain/usr/bin/appintentsmetadataprocessor --toolchain-dir /var/run/com.apple.security.cryptexd/mnt/com.apple.MobileAsset.MetalToolchain-v27.1.266.1.KVzCMB/Metal.xctoolchain --module-name NIOSSL --sdk-root /Applications/Xcode-27.0.0-Release.Candidate.app/Contents/Developer/Platforms/iPhoneOS.platform/Developer/SDKs/iPhoneOS27.0.sdk --xcode-version 27A266a --platform-family iOS --deployment-target 15.0 --bundle-identifier swift-nio-ssl.NIOSSL --output /Users/admin/builder/spi-builder-workspace/.derivedData/Build/Products/Debug-iphoneos/NIOSSL.appintents --target-triple arm64-apple-ios15.0 --binary-file /Users/admin/builder/spi-builder-workspace/.derivedData/Build/Products/Debug-iphoneos/NIOSSL.o --dependency-file /Users/admin/builder/spi-builder-workspace/.derivedData/Build/Intermediates.noindex/swift-nio-ssl.build/Debug-iphoneos/NIOSSL-t.build/Objects-normal/arm64/NIOSSL_dependency_info.dat --stringsdata-file /Users/admin/builder/spi-builder-workspace/.derivedData/Build/Intermediates.noindex/swift-nio-ssl.build/Debug-iphoneos/NIOSSL-t.build/Objects-normal/arm64/ExtractedAppShortcutsMetadata.stringsdata --source-file-list /Users/admin/builder/spi-builder-workspace/.derivedData/Build/Intermediates.noindex/swift-nio-ssl.build/Debug-iphoneos/NIOSSL-t.build/Objects-normal/arm64/NIOSSL.SwiftFileList --metadata-file-list /Users/admin/builder/spi-builder-workspace/.derivedData/Build/Intermediates.noindex/swift-nio-ssl.build/Debug-iphoneos/NIOSSL-t.build/NIOSSL.DependencyMetadataFileList --static-metadata-file-list /Users/admin/builder/spi-builder-workspace/.derivedData/Build/Intermediates.noindex/swift-nio-ssl.build/Debug-iphoneos/NIOSSL-t.build/NIOSSL.DependencyStaticMetadataFileList --swift-const-vals-list /Users/admin/builder/spi-builder-workspace/.derivedData/Build/Intermediates.noindex/swift-nio-ssl.build/Debug-iphoneos/NIOSSL-t.build/Objects-normal/arm64/NIOSSL.SwiftConstValuesFileList --force --compile-time-extraction --deployment-aware-processing --no-app-shortcuts-localization
2026-09-20 15:21:13.777 appintentsmetadataprocessor[2521:9932] Starting appintentsmetadataprocessor export
2026-09-20 15:21:13.849 appintentsmetadataprocessor[2521:9932] Extracted no relevant App Intents symbols, skipping writing output
SwiftDriverJobDiscovery normal arm64 Compiling ConnectionStateMachine.swift, ConnectionStreamsState.swift, MayReceiveFrames.swift, ReceivingDataState.swift, ReceivingGoAwayState.swift, ReceivingHeadersState.swift, ReceivingPushPromiseState.swift (in target 'NIOHTTP2' from project 'swift-nio-http2')
SwiftEmitModule normal arm64 Emitting\ module\ for\ Ohje (in target 'Ohje-product' from project 'ohje')
/Users/admin/builder/spi-builder-workspace/Sources/BenchmarkRunner.swift:23:19: error: 'Duration' is only available in iOS 16.0 or newer
20 | }
21 |
22 | struct BenchmarkResult {
| `- note: add '@available' attribute to enclosing struct
23 | let duration: Duration
| `- error: 'Duration' is only available in iOS 16.0 or newer
24 | let total: UInt64
25 | let connectErrors: UInt64
/Users/admin/builder/spi-builder-workspace/Sources/BenchmarkRunner.swift:37:44: error: 'Clock' is only available in iOS 16.0 or newer
35 | }
36 |
37 | struct BenchmarkRunner<Clock: _Concurrency.Clock> where Clock.Duration == Duration {
| | `- error: 'Clock' is only available in iOS 16.0 or newer
| `- note: add '@available' attribute to enclosing generic struct
38 | private let args: Arguments
39 | private let target: ConnectionTarget
/Users/admin/builder/spi-builder-workspace/Sources/BenchmarkRunner.swift:37:75: error: 'Duration' is only available in iOS 16.0 or newer
35 | }
36 |
37 | struct BenchmarkRunner<Clock: _Concurrency.Clock> where Clock.Duration == Duration {
| | `- error: 'Duration' is only available in iOS 16.0 or newer
| `- note: add '@available' attribute to enclosing generic struct
38 | private let args: Arguments
39 | private let target: ConnectionTarget
/Users/admin/builder/spi-builder-workspace/Sources/BenchmarkRunner.swift:221:77: error: 'DiscardingTaskGroup' is only available in iOS 17.0 or newer
217 | // MARK: Constant Concurrency
218 |
219 | extension BenchmarkRunner {
| `- note: add '@available' attribute to enclosing extension
220 |
221 | private func runConstantConcurrency(head: HTTPRequestHead, group: inout DiscardingTaskGroup) async {
| | `- error: 'DiscardingTaskGroup' is only available in iOS 17.0 or newer
| `- note: add '@available' attribute to enclosing instance method
222 | if args.http2 {
223 | do {
/Users/admin/builder/spi-builder-workspace/Sources/BenchmarkRunner.swift:285:76: error: 'DiscardingTaskGroup' is only available in iOS 17.0 or newer
281 | // MARK: Constant Throughput
282 |
283 | extension BenchmarkRunner {
| `- note: add '@available' attribute to enclosing extension
284 |
285 | private func runConstantThroughput(head: HTTPRequestHead, group: inout DiscardingTaskGroup) async {
| | `- error: 'DiscardingTaskGroup' is only available in iOS 17.0 or newer
| `- note: add '@available' attribute to enclosing instance method
286 | let throughputPerConnection = args.throughput / args.concurrency
287 |
/Users/admin/builder/spi-builder-workspace/Sources/Units.swift:3:11: error: 'Duration' is only available in iOS 16.0 or newer
1 | import Foundation
2 |
3 | extension Duration {
| | `- error: 'Duration' is only available in iOS 16.0 or newer
| `- note: add '@available' attribute to enclosing extension
4 | func asMicroseconds() -> UInt64 {
5 | UInt64(components.attoseconds / 1_000_000_000_000) + UInt64(components.seconds) * 1_000_000
Failed frontend command:
/Applications/Xcode-27.0.0-Release.Candidate.app/Contents/Developer/Toolchains/XcodeDefault.xctoolchain/usr/bin/swift-frontend -frontend -emit-module -experimental-skip-non-inlinable-function-bodies-without-types /Users/admin/builder/spi-builder-workspace/Sources/App.swift /Users/admin/builder/spi-builder-workspace/Sources/AsyncTimerSequence.swift /Users/admin/builder/spi-builder-workspace/Sources/BenchmarkRunner.swift /Users/admin/builder/spi-builder-workspace/Sources/ConnectionTarget.swift /Users/admin/builder/spi-builder-workspace/Sources/ConnectionTargetBootstrap.swift /Users/admin/builder/spi-builder-workspace/Sources/OutputBuffer.swift /Users/admin/builder/spi-builder-workspace/Sources/RangeParser.swift /Users/admin/builder/spi-builder-workspace/Sources/URLDeconstruction.swift /Users/admin/builder/spi-builder-workspace/Sources/Units.swift -target arm64-apple-ios15.0 -module-can-import-version Network 5000.0.33 6681.2.2 -disable-cross-import-overlay-search -swift-module-cross-import Darwin /Applications/Xcode-27.0.0-Release.Candidate.app/Contents/Developer/Platforms/iPhoneOS.platform/Developer/SDKs/iPhoneOS.sdk/usr/include/Darwin.swiftcrossimport/xlocale.swiftoverlay -load-resolved-plugin /Applications/Xcode-27.0.0-Release.Candidate.app/Contents/Developer/Platforms/iPhoneOS.platform/Developer/usr/lib/swift/host/plugins/libFoundationMacros.dylib\#/Applications/Xcode-27.0.0-Release.Candidate.app/Contents/Developer/Platforms/iPhoneOS.platform/Developer/usr/bin/swift-plugin-server\#FoundationMacros -load-resolved-plugin /Applications/Xcode-27.0.0-Release.Candidate.app/Contents/Developer/Platforms/iPhoneOS.platform/Developer/usr/lib/swift/host/plugins/libObservationMacros.dylib\#/Applications/Xcode-27.0.0-Release.Candidate.app/Contents/Developer/Platforms/iPhoneOS.platform/Developer/usr/bin/swift-plugin-server\#ObservationMacros -load-resolved-plugin /Applications/Xcode-27.0.0-Release.Candidate.app/Contents/Developer/Platforms/iPhoneOS.platform/Developer/usr/lib/swift/host/plugins/libSwiftMacros.dylib\#/Applications/Xcode-27.0.0-Release.Candidate.app/Contents/Developer/Platforms/iPhoneOS.platform/Developer/usr/bin/swift-plugin-server\#SwiftMacros -disable-implicit-swift-modules -Xcc -fno-implicit-modules -Xcc -fno-implicit-module-maps -explicit-swift-module-map-file /Users/admin/builder/spi-builder-workspace/.derivedData/Build/Intermediates.noindex/ohje.build/Debug-iphoneos/Ohje-p.build/Objects-normal/arm64/Ohje-dependencies-1.json -Xllvm -aarch64-use-tbi -enable-objc-interop -stack-check -sdk /Applications/Xcode-27.0.0-Release.Candidate.app/Contents/Developer/Platforms/iPhoneOS.platform/Developer/SDKs/iPhoneOS27.0.sdk -I /Users/admin/builder/spi-builder-workspace/.derivedData/Build/Products/Debug-iphoneos -Isystem /Applications/Xcode-27.0.0-Release.Candidate.app/Contents/Developer/Platforms/iPhoneOS.platform/Developer/usr/lib -F /Users/admin/builder/spi-builder-workspace/.derivedData/Build/Products/Debug-iphoneos/PackageFrameworks -F /Users/admin/builder/spi-builder-workspace/.derivedData/Build/Products/Debug-iphoneos -F /Applications/Xcode-27.0.0-Release.Candidate.app/Contents/Developer/Platforms/iPhoneOS.platform/Developer/Library/Frameworks -F /Applications/Xcode-27.0.0-Release.Candidate.app/Contents/Developer/Platforms/iPhoneOS.platform/Developer/SDKs/iPhoneOS27.0.sdk/Developer/Library/Frameworks -module-cache-path /Users/admin/builder/spi-builder-workspace/.derivedData/Build/Intermediates.noindex/SwiftExplicitPrecompiledModules -no-color-diagnostics -Xcc -fno-color-diagnostics -enable-testing -g -debug-info-format\=dwarf -dwarf-version\=4 -profile-generate -profile-coverage-mapping -swift-version 5 -Onone -D SWIFT_PACKAGE -D DEBUG -D Xcode -serialize-debugging-options -enable-upcoming-feature BareSlashRegexLiterals -enable-experimental-feature DebugDescriptionMacro -empty-abi-descriptor -validate-clang-modules-once -clang-build-session-file /Users/admin/builder/spi-builder-workspace/.derivedData/ModuleCache.noindex/Session.modulevalidation -Xcc -working-directory -Xcc /Users/admin/builder/spi-builder-workspace/.swiftpm/xcode -enable-anonymous-context-mangled-names -file-compilation-dir /Users/admin/builder/spi-builder-workspace/.swiftpm/xcode -Xcc -fmodule-map-file\=/Users/admin/builder/spi-builder-workspace/.derivedData/Build/Intermediates.noindex/GeneratedModuleMaps-iphoneos/CNIOLLHTTP.modulemap -Xcc -fmodule-map-file\=/Users/admin/builder/spi-builder-workspace/.dependencies/checkouts/swift-atomics/Sources/_AtomicsShims/include/module.modulemap -Xcc -fmodule-map-file\=/Users/admin/builder/spi-builder-workspace/.derivedData/Build/Intermediates.noindex/GeneratedModuleMaps-iphoneos/CNIOPosix.modulemap -Xcc -fmodule-map-file\=/Users/admin/builder/spi-builder-workspace/.derivedData/Build/Intermediates.noindex/GeneratedModuleMaps-iphoneos/CNIOWASI.modulemap -Xcc -fmodule-map-file\=/Users/admin/builder/spi-builder-workspace/.dependencies/checkouts/swift-nio/Sources/CNIOWindows/include/module.modulemap -Xcc -fmodule-map-file\=/Users/admin/builder/spi-builder-workspace/.derivedData/Build/Intermediates.noindex/GeneratedModuleMaps-iphoneos/CNIOLinux.modulemap -Xcc -fmodule-map-file\=/Users/admin/builder/spi-builder-workspace/.derivedData/Build/Intermediates.noindex/GeneratedModuleMaps-iphoneos/CNIODarwin.modulemap -Xcc -fmodule-map-file\=/Users/admin/builder/spi-builder-workspace/.derivedData/Build/Intermediates.noindex/GeneratedModuleMaps-iphoneos/CNIOFreeBSD.modulemap -Xcc -fmodule-map-file\=/Users/admin/builder/spi-builder-workspace/.derivedData/Build/Intermediates.noindex/GeneratedModuleMaps-iphoneos/CNIOOpenBSD.modulemap -Xcc -fmodule-map-file\=/Users/admin/builder/spi-builder-workspace/.derivedData/Build/Intermediates.noindex/GeneratedModuleMaps-iphoneos/CNIOAtomics.modulemap -Xcc -fmodule-map-file\=/Users/admin/builder/spi-builder-workspace/.derivedData/Build/Intermediates.noindex/GeneratedModuleMaps-iphoneos/CNIOBoringSSLShims.modulemap -Xcc -fmodule-map-file\=/Users/admin/builder/spi-builder-workspace/.dependencies/checkouts/swift-nio-ssl/Sources/CNIOBoringSSL/include/module.modulemap -Xcc -fmodule-map-file\=/Users/admin/builder/spi-builder-workspace/.dependencies/checkouts/swift-numerics/Sources/_NumericsShims/include/module.modulemap -Xcc -D_LIBCPP_HARDENING_MODE\=_LIBCPP_HARDENING_MODE_DEBUG -Xcc -ivfsstatcache -Xcc /Users/admin/builder/spi-builder-workspace/.derivedData/SDKStatCaches.noindex/iphoneos27.0-24A430-e829b21a6f8c9b70876ba0858053c04440ceaa042ed91876912b2eeea4e3aa14.sdkstatcache -Xcc -fmodules-prune-interval\=86400 -Xcc -fmodules-prune-after\=345600 -Xcc -I/Users/admin/builder/spi-builder-workspace/.dependencies/checkouts/swift-nio/Sources/CNIOLLHTTP/include -Xcc -I/Users/admin/builder/spi-builder-workspace/.dependencies/checkouts/swift-atomics/Sources/_AtomicsShims/include -Xcc -I/Users/admin/builder/spi-builder-workspace/.dependencies/checkouts/swift-nio/Sources/CNIOPosix/include -Xcc -I/Users/admin/builder/spi-builder-workspace/.dependencies/checkouts/swift-nio/Sources/CNIOWASI/include -Xcc -I/Users/admin/builder/spi-builder-workspace/.dependencies/checkouts/swift-nio/Sources/CNIOWindows/include -Xcc -I/Users/admin/builder/spi-builder-workspace/.dependencies/checkouts/swift-nio/Sources/CNIOLinux/include -Xcc -I/Users/admin/builder/spi-builder-workspace/.dependencies/checkouts/swift-nio/Sources/CNIODarwin/include -Xcc -I/Users/admin/builder/spi-builder-workspace/.dependencies/checkouts/swift-nio/Sources/CNIOFreeBSD/include -Xcc -I/Users/admin/builder/spi-builder-workspace/.dependencies/checkouts/swift-nio/Sources/CNIOOpenBSD/include -Xcc -I/Users/admin/builder/spi-builder-workspace/.dependencies/checkouts/swift-nio/Sources/CNIOAtomics/include -Xcc -I/Users/admin/builder/spi-builder-workspace/.dependencies/checkouts/swift-nio-ssl/Sources/CNIOBoringSSLShims/include -Xcc -I/Users/admin/builder/spi-builder-workspace/.dependencies/checkouts/swift-nio-ssl/Sources/CNIOBoringSSL/include -Xcc -I/Users/admin/builder/spi-builder-workspace/.dependencies/checkouts/swift-numerics/Sources/_NumericsShims/include -Xcc -I/Users/admin/builder/spi-builder-workspace/.derivedData/Build/Products/Debug-iphoneos/include -Xcc -I/Users/admin/builder/spi-builder-workspace/.derivedData/Build/Intermediates.noindex/ohje.build/Debug-iphoneos/Ohje-p.build/DerivedSources-normal/arm64 -Xcc -I/Users/admin/builder/spi-builder-workspace/.derivedData/Build/Intermediates.noindex/ohje.build/Debug-iphoneos/Ohje-p.build/DerivedSources/arm64 -Xcc -I/Users/admin/builder/spi-builder-workspace/.derivedData/Build/Intermediates.noindex/ohje.build/Debug-iphoneos/Ohje-p.build/DerivedSources -Xcc -DSWIFT_PACKAGE -Xcc -DDEBUG\=1 -no-auto-bridging-header-chaining -module-name Ohje -package-name spi_builder_workspace -const-gather-protocols-file /Users/admin/builder/spi-builder-workspace/.derivedData/Build/Intermediates.noindex/ohje.build/Debug-iphoneos/Ohje-p.build/Objects-normal/arm64/Ohje_const_extract_protocols.json -disable-clang-spi -clang-target arm64-apple-ios27.0 -target-sdk-version 27.0 -target-sdk-name iphoneos27.0 -in-process-plugin-server-path /Applications/Xcode-27.0.0-Release.Candidate.app/Contents/Developer/Toolchains/XcodeDefault.xctoolchain/usr/lib/swift/host/libSwiftInProcPluginServer.dylib -emit-module-doc-path /Users/admin/builder/spi-builder-workspace/.derivedData/Build/Intermediates.noindex/ohje.build/Debug-iphoneos/Ohje-p.build/Objects-normal/arm64/Ohje.swiftdoc -emit-module-source-info-path /Users/admin/builder/spi-builder-workspace/.derivedData/Build/Intermediates.noindex/ohje.build/Debug-iphoneos/Ohje-p.build/Objects-normal/arm64/Ohje.swiftsourceinfo -serialize-diagnostics-path /Users/admin/builder/spi-builder-workspace/.derivedData/Build/Intermediates.noindex/ohje.build/Debug-iphoneos/Ohje-p.build/Objects-normal/arm64/Ohje-primary-emit-module.dia -emit-dependencies-path /Users/admin/builder/spi-builder-workspace/.derivedData/Build/Intermediates.noindex/ohje.build/Debug-iphoneos/Ohje-p.build/Objects-normal/arm64/Ohje-primary-emit-module.d -parse-as-library -o /Users/admin/builder/spi-builder-workspace/.derivedData/Build/Intermediates.noindex/ohje.build/Debug-iphoneos/Ohje-p.build/Objects-normal/arm64/Ohje.swiftmodule -emit-abi-descriptor-path /Users/admin/builder/spi-builder-workspace/.derivedData/Build/Intermediates.noindex/ohje.build/Debug-iphoneos/Ohje-p.build/Objects-normal/arm64/Ohje.abi.json
SwiftCompile normal arm64 (in target 'Ohje-product' from project 'ohje')
cd /Users/admin/builder/spi-builder-workspace/.swiftpm/xcode
SwiftCompile normal arm64 Compiling\ Units.swift /Users/admin/builder/spi-builder-workspace/Sources/Units.swift (in target 'Ohje-product' from project 'ohje')
/Users/admin/builder/spi-builder-workspace/Sources/Units.swift:3:11: error: 'Duration' is only available in iOS 16.0 or newer
1 | import Foundation
2 |
3 | extension Duration {
| | `- error: 'Duration' is only available in iOS 16.0 or newer
| `- note: add '@available' attribute to enclosing extension
4 | func asMicroseconds() -> UInt64 {
5 | UInt64(components.attoseconds / 1_000_000_000_000) + UInt64(components.seconds) * 1_000_000
/Users/admin/builder/spi-builder-workspace/Sources/Units.swift:5:16: error: 'components' is only available in iOS 16.0 or newer
1 | import Foundation
2 |
3 | extension Duration {
| `- note: add '@available' attribute to enclosing extension
4 | func asMicroseconds() -> UInt64 {
| `- note: add '@available' attribute to enclosing instance method
5 | UInt64(components.attoseconds / 1_000_000_000_000) + UInt64(components.seconds) * 1_000_000
| |- error: 'components' is only available in iOS 16.0 or newer
| `- note: add 'if #available' version check
6 | }
7 | }
/Users/admin/builder/spi-builder-workspace/Sources/Units.swift:5:69: error: 'components' is only available in iOS 16.0 or newer
1 | import Foundation
2 |
3 | extension Duration {
| `- note: add '@available' attribute to enclosing extension
4 | func asMicroseconds() -> UInt64 {
| `- note: add '@available' attribute to enclosing instance method
5 | UInt64(components.attoseconds / 1_000_000_000_000) + UInt64(components.seconds) * 1_000_000
| |- error: 'components' is only available in iOS 16.0 or newer
| `- note: add 'if #available' version check
6 | }
7 | }
Failed frontend command:
/Applications/Xcode-27.0.0-Release.Candidate.app/Contents/Developer/Toolchains/XcodeDefault.xctoolchain/usr/bin/swift-frontend -frontend -c /Users/admin/builder/spi-builder-workspace/Sources/App.swift /Users/admin/builder/spi-builder-workspace/Sources/AsyncTimerSequence.swift /Users/admin/builder/spi-builder-workspace/Sources/BenchmarkRunner.swift /Users/admin/builder/spi-builder-workspace/Sources/ConnectionTarget.swift /Users/admin/builder/spi-builder-workspace/Sources/ConnectionTargetBootstrap.swift /Users/admin/builder/spi-builder-workspace/Sources/OutputBuffer.swift /Users/admin/builder/spi-builder-workspace/Sources/RangeParser.swift /Users/admin/builder/spi-builder-workspace/Sources/URLDeconstruction.swift -primary-file /Users/admin/builder/spi-builder-workspace/Sources/Units.swift -emit-dependencies-path /Users/admin/builder/spi-builder-workspace/.derivedData/Build/Intermediates.noindex/ohje.build/Debug-iphoneos/Ohje-p.build/Objects-normal/arm64/Units.d -emit-const-values-path /Users/admin/builder/spi-builder-workspace/.derivedData/Build/Intermediates.noindex/ohje.build/Debug-iphoneos/Ohje-p.build/Objects-normal/arm64/Units.swiftconstvalues -emit-reference-dependencies-path /Users/admin/builder/spi-builder-workspace/.derivedData/Build/Intermediates.noindex/ohje.build/Debug-iphoneos/Ohje-p.build/Objects-normal/arm64/Units.swiftdeps -serialize-diagnostics-path /Users/admin/builder/spi-builder-workspace/.derivedData/Build/Intermediates.noindex/ohje.build/Debug-iphoneos/Ohje-p.build/Objects-normal/arm64/Units.dia -target arm64-apple-ios15.0 -module-can-import-version Network 5000.0.33 6681.2.2 -disable-cross-import-overlay-search -swift-module-cross-import Darwin /Applications/Xcode-27.0.0-Release.Candidate.app/Contents/Developer/Platforms/iPhoneOS.platform/Developer/SDKs/iPhoneOS.sdk/usr/include/Darwin.swiftcrossimport/xlocale.swiftoverlay -load-resolved-plugin /Applications/Xcode-27.0.0-Release.Candidate.app/Contents/Developer/Platforms/iPhoneOS.platform/Developer/usr/lib/swift/host/plugins/libFoundationMacros.dylib\#/Applications/Xcode-27.0.0-Release.Candidate.app/Contents/Developer/Platforms/iPhoneOS.platform/Developer/usr/bin/swift-plugin-server\#FoundationMacros -load-resolved-plugin /Applications/Xcode-27.0.0-Release.Candidate.app/Contents/Developer/Platforms/iPhoneOS.platform/Developer/usr/lib/swift/host/plugins/libObservationMacros.dylib\#/Applications/Xcode-27.0.0-Release.Candidate.app/Contents/Developer/Platforms/iPhoneOS.platform/Developer/usr/bin/swift-plugin-server\#ObservationMacros -load-resolved-plugin /Applications/Xcode-27.0.0-Release.Candidate.app/Contents/Developer/Platforms/iPhoneOS.platform/Developer/usr/lib/swift/host/plugins/libSwiftMacros.dylib\#/Applications/Xcode-27.0.0-Release.Candidate.app/Contents/Developer/Platforms/iPhoneOS.platform/Developer/usr/bin/swift-plugin-server\#SwiftMacros -disable-implicit-swift-modules -Xcc -fno-implicit-modules -Xcc -fno-implicit-module-maps -explicit-swift-module-map-file /Users/admin/builder/spi-builder-workspace/.derivedData/Build/Intermediates.noindex/ohje.build/Debug-iphoneos/Ohje-p.build/Objects-normal/arm64/Ohje-dependencies-1.json -Xllvm -aarch64-use-tbi -enable-objc-interop -stack-check -sdk /Applications/Xcode-27.0.0-Release.Candidate.app/Contents/Developer/Platforms/iPhoneOS.platform/Developer/SDKs/iPhoneOS27.0.sdk -I /Users/admin/builder/spi-builder-workspace/.derivedData/Build/Products/Debug-iphoneos -Isystem /Applications/Xcode-27.0.0-Release.Candidate.app/Contents/Developer/Platforms/iPhoneOS.platform/Developer/usr/lib -F /Users/admin/builder/spi-builder-workspace/.derivedData/Build/Products/Debug-iphoneos/PackageFrameworks -F /Users/admin/builder/spi-builder-workspace/.derivedData/Build/Products/Debug-iphoneos -F /Applications/Xcode-27.0.0-Release.Candidate.app/Contents/Developer/Platforms/iPhoneOS.platform/Developer/Library/Frameworks -F /Applications/Xcode-27.0.0-Release.Candidate.app/Contents/Developer/Platforms/iPhoneOS.platform/Developer/SDKs/iPhoneOS27.0.sdk/Developer/Library/Frameworks -module-cache-path /Users/admin/builder/spi-builder-workspace/.derivedData/Build/Intermediates.noindex/SwiftExplicitPrecompiledModules -no-color-diagnostics -Xcc -fno-color-diagnostics -enable-testing -g -debug-info-format\=dwarf -dwarf-version\=4 -profile-generate -profile-coverage-mapping -swift-version 5 -Onone -D SWIFT_PACKAGE -D DEBUG -D Xcode -serialize-debugging-options -enable-upcoming-feature BareSlashRegexLiterals -enable-experimental-feature DebugDescriptionMacro -empty-abi-descriptor -validate-clang-modules-once -clang-build-session-file /Users/admin/builder/spi-builder-workspace/.derivedData/ModuleCache.noindex/Session.modulevalidation -Xcc -working-directory -Xcc /Users/admin/builder/spi-builder-workspace/.swiftpm/xcode -enable-anonymous-context-mangled-names -file-compilation-dir /Users/admin/builder/spi-builder-workspace/.swiftpm/xcode -Xcc -fmodule-map-file\=/Users/admin/builder/spi-builder-workspace/.derivedData/Build/Intermediates.noindex/GeneratedModuleMaps-iphoneos/CNIOLLHTTP.modulemap -Xcc -fmodule-map-file\=/Users/admin/builder/spi-builder-workspace/.dependencies/checkouts/swift-atomics/Sources/_AtomicsShims/include/module.modulemap -Xcc -fmodule-map-file\=/Users/admin/builder/spi-builder-workspace/.derivedData/Build/Intermediates.noindex/GeneratedModuleMaps-iphoneos/CNIOPosix.modulemap -Xcc -fmodule-map-file\=/Users/admin/builder/spi-builder-workspace/.derivedData/Build/Intermediates.noindex/GeneratedModuleMaps-iphoneos/CNIOWASI.modulemap -Xcc -fmodule-map-file\=/Users/admin/builder/spi-builder-workspace/.dependencies/checkouts/swift-nio/Sources/CNIOWindows/include/module.modulemap -Xcc -fmodule-map-file\=/Users/admin/builder/spi-builder-workspace/.derivedData/Build/Intermediates.noindex/GeneratedModuleMaps-iphoneos/CNIOLinux.modulemap -Xcc -fmodule-map-file\=/Users/admin/builder/spi-builder-workspace/.derivedData/Build/Intermediates.noindex/GeneratedModuleMaps-iphoneos/CNIODarwin.modulemap -Xcc -fmodule-map-file\=/Users/admin/builder/spi-builder-workspace/.derivedData/Build/Intermediates.noindex/GeneratedModuleMaps-iphoneos/CNIOFreeBSD.modulemap -Xcc -fmodule-map-file\=/Users/admin/builder/spi-builder-workspace/.derivedData/Build/Intermediates.noindex/GeneratedModuleMaps-iphoneos/CNIOOpenBSD.modulemap -Xcc -fmodule-map-file\=/Users/admin/builder/spi-builder-workspace/.derivedData/Build/Intermediates.noindex/GeneratedModuleMaps-iphoneos/CNIOAtomics.modulemap -Xcc -fmodule-map-file\=/Users/admin/builder/spi-builder-workspace/.derivedData/Build/Intermediates.noindex/GeneratedModuleMaps-iphoneos/CNIOBoringSSLShims.modulemap -Xcc -fmodule-map-file\=/Users/admin/builder/spi-builder-workspace/.dependencies/checkouts/swift-nio-ssl/Sources/CNIOBoringSSL/include/module.modulemap -Xcc -fmodule-map-file\=/Users/admin/builder/spi-builder-workspace/.dependencies/checkouts/swift-numerics/Sources/_NumericsShims/include/module.modulemap -Xcc -D_LIBCPP_HARDENING_MODE\=_LIBCPP_HARDENING_MODE_DEBUG -Xcc -ivfsstatcache -Xcc /Users/admin/builder/spi-builder-workspace/.derivedData/SDKStatCaches.noindex/iphoneos27.0-24A430-e829b21a6f8c9b70876ba0858053c04440ceaa042ed91876912b2eeea4e3aa14.sdkstatcache -Xcc -fmodules-prune-interval\=86400 -Xcc -fmodules-prune-after\=345600 -Xcc -I/Users/admin/builder/spi-builder-workspace/.dependencies/checkouts/swift-nio/Sources/CNIOLLHTTP/include -Xcc -I/Users/admin/builder/spi-builder-workspace/.dependencies/checkouts/swift-atomics/Sources/_AtomicsShims/include -Xcc -I/Users/admin/builder/spi-builder-workspace/.dependencies/checkouts/swift-nio/Sources/CNIOPosix/include -Xcc -I/Users/admin/builder/spi-builder-workspace/.dependencies/checkouts/swift-nio/Sources/CNIOWASI/include -Xcc -I/Users/admin/builder/spi-builder-workspace/.dependencies/checkouts/swift-nio/Sources/CNIOWindows/include -Xcc -I/Users/admin/builder/spi-builder-workspace/.dependencies/checkouts/swift-nio/Sources/CNIOLinux/include -Xcc -I/Users/admin/builder/spi-builder-workspace/.dependencies/checkouts/swift-nio/Sources/CNIODarwin/include -Xcc -I/Users/admin/builder/spi-builder-workspace/.dependencies/checkouts/swift-nio/Sources/CNIOFreeBSD/include -Xcc -I/Users/admin/builder/spi-builder-workspace/.dependencies/checkouts/swift-nio/Sources/CNIOOpenBSD/include -Xcc -I/Users/admin/builder/spi-builder-workspace/.dependencies/checkouts/swift-nio/Sources/CNIOAtomics/include -Xcc -I/Users/admin/builder/spi-builder-workspace/.dependencies/checkouts/swift-nio-ssl/Sources/CNIOBoringSSLShims/include -Xcc -I/Users/admin/builder/spi-builder-workspace/.dependencies/checkouts/swift-nio-ssl/Sources/CNIOBoringSSL/include -Xcc -I/Users/admin/builder/spi-builder-workspace/.dependencies/checkouts/swift-numerics/Sources/_NumericsShims/include -Xcc -I/Users/admin/builder/spi-builder-workspace/.derivedData/Build/Products/Debug-iphoneos/include -Xcc -I/Users/admin/builder/spi-builder-workspace/.derivedData/Build/Intermediates.noindex/ohje.build/Debug-iphoneos/Ohje-p.build/DerivedSources-normal/arm64 -Xcc -I/Users/admin/builder/spi-builder-workspace/.derivedData/Build/Intermediates.noindex/ohje.build/Debug-iphoneos/Ohje-p.build/DerivedSources/arm64 -Xcc -I/Users/admin/builder/spi-builder-workspace/.derivedData/Build/Intermediates.noindex/ohje.build/Debug-iphoneos/Ohje-p.build/DerivedSources -Xcc -DSWIFT_PACKAGE -Xcc -DDEBUG\=1 -no-auto-bridging-header-chaining -module-name Ohje -package-name spi_builder_workspace -const-gather-protocols-file /Users/admin/builder/spi-builder-workspace/.derivedData/Build/Intermediates.noindex/ohje.build/Debug-iphoneos/Ohje-p.build/Objects-normal/arm64/Ohje_const_extract_protocols.json -disable-clang-spi -clang-target arm64-apple-ios27.0 -target-sdk-version 27.0 -target-sdk-name iphoneos27.0 -in-process-plugin-server-path /Applications/Xcode-27.0.0-Release.Candidate.app/Contents/Developer/Toolchains/XcodeDefault.xctoolchain/usr/lib/swift/host/libSwiftInProcPluginServer.dylib -parse-as-library -o /Users/admin/builder/spi-builder-workspace/.derivedData/Build/Intermediates.noindex/ohje.build/Debug-iphoneos/Ohje-p.build/Objects-normal/arm64/Units.o -debug-module-path /Users/admin/builder/spi-builder-workspace/.derivedData/Build/Intermediates.noindex/ohje.build/Debug-iphoneos/Ohje-p.build/Objects-normal/arm64/Ohje.swiftmodule -index-unit-output-path /ohje.build/Debug-iphoneos/Ohje-p.build/Objects-normal/arm64/Units.o -index-store-path /Users/admin/builder/spi-builder-workspace/.derivedData/Index.noindex/DataStore -index-system-modules
SwiftCompile normal arm64 /Users/admin/builder/spi-builder-workspace/Sources/Units.swift (in target 'Ohje-product' from project 'ohje')
cd /Users/admin/builder/spi-builder-workspace/.swiftpm/xcode
builtin-SwiftPerFileCompile Units.swift
SwiftCompile normal arm64 Compiling\ App.swift /Users/admin/builder/spi-builder-workspace/Sources/App.swift (in target 'Ohje-product' from project 'ohje')
SwiftCompile normal arm64 /Users/admin/builder/spi-builder-workspace/Sources/App.swift (in target 'Ohje-product' from project 'ohje')
cd /Users/admin/builder/spi-builder-workspace/.swiftpm/xcode
builtin-SwiftPerFileCompile App.swift
/Users/admin/builder/spi-builder-workspace/Sources/App.swift:48:21: error: 'ContinuousClock' is only available in iOS 16.0 or newer
4 |
5 | @main
6 | struct App: AsyncParsableCommand, Arguments {
| `- note: add '@available' attribute to enclosing struct
7 | @Option(name: .long, help: "Number of cpu threads to be used.")
8 | var threads: Int = 2
:
44 | var out: String?
45 |
46 | mutating func run() async throws {
| `- note: add '@available' attribute to enclosing instance method
47 | let eventLoopGroup = MultiThreadedEventLoopGroup(numberOfThreads: threads)
48 | let clock = ContinuousClock()
| |- error: 'ContinuousClock' is only available in iOS 16.0 or newer
| `- note: add 'if #available' version check
49 |
50 | print("Running \(duration)s benchmark @ \(url)")
/Users/admin/builder/spi-builder-workspace/Sources/App.swift:52:27: error: 'now' is only available in iOS 16.0 or newer
4 |
5 | @main
6 | struct App: AsyncParsableCommand, Arguments {
| `- note: add '@available' attribute to enclosing struct
7 | @Option(name: .long, help: "Number of cpu threads to be used.")
8 | var threads: Int = 2
:
44 | var out: String?
45 |
46 | mutating func run() async throws {
| `- note: add '@available' attribute to enclosing instance method
47 | let eventLoopGroup = MultiThreadedEventLoopGroup(numberOfThreads: threads)
48 | let clock = ContinuousClock()
:
50 | print("Running \(duration)s benchmark @ \(url)")
51 | print(" \(threads) threads and \(concurrency) connections")
52 | let start = clock.now
| |- error: 'now' is only available in iOS 16.0 or newer
| `- note: add 'if #available' version check
53 | let end = start.advanced(by: .seconds(duration))
54 |
/Users/admin/builder/spi-builder-workspace/Sources/App.swift:53:25: error: 'advanced(by:)' is only available in iOS 16.0 or newer
4 |
5 | @main
6 | struct App: AsyncParsableCommand, Arguments {
| `- note: add '@available' attribute to enclosing struct
7 | @Option(name: .long, help: "Number of cpu threads to be used.")
8 | var threads: Int = 2
:
44 | var out: String?
45 |
46 | mutating func run() async throws {
| `- note: add '@available' attribute to enclosing instance method
47 | let eventLoopGroup = MultiThreadedEventLoopGroup(numberOfThreads: threads)
48 | let clock = ContinuousClock()
:
51 | print(" \(threads) threads and \(concurrency) connections")
52 | let start = clock.now
53 | let end = start.advanced(by: .seconds(duration))
| |- error: 'advanced(by:)' is only available in iOS 16.0 or newer
| `- note: add 'if #available' version check
54 |
55 | let runner = try BenchmarkRunner(
/Users/admin/builder/spi-builder-workspace/Sources/App.swift:53:39: error: 'seconds' is only available in iOS 16.0 or newer
4 |
5 | @main
6 | struct App: AsyncParsableCommand, Arguments {
| `- note: add '@available' attribute to enclosing struct
7 | @Option(name: .long, help: "Number of cpu threads to be used.")
8 | var threads: Int = 2
:
44 | var out: String?
45 |
46 | mutating func run() async throws {
| `- note: add '@available' attribute to enclosing instance method
47 | let eventLoopGroup = MultiThreadedEventLoopGroup(numberOfThreads: threads)
48 | let clock = ContinuousClock()
:
51 | print(" \(threads) threads and \(concurrency) connections")
52 | let start = clock.now
53 | let end = start.advanced(by: .seconds(duration))
| |- error: 'seconds' is only available in iOS 16.0 or newer
| `- note: add 'if #available' version check
54 |
55 | let runner = try BenchmarkRunner(
/Users/admin/builder/spi-builder-workspace/Sources/App.swift:55:26: warning: conformance of 'ContinuousClock' to 'Clock' is only available in iOS 16.0 or newer; this is an error in the Swift 6 language mode
4 |
5 | @main
6 | struct App: AsyncParsableCommand, Arguments {
| `- note: add '@available' attribute to enclosing struct
7 | @Option(name: .long, help: "Number of cpu threads to be used.")
8 | var threads: Int = 2
:
44 | var out: String?
45 |
46 | mutating func run() async throws {
| `- note: add '@available' attribute to enclosing instance method
47 | let eventLoopGroup = MultiThreadedEventLoopGroup(numberOfThreads: threads)
48 | let clock = ContinuousClock()
:
53 | let end = start.advanced(by: .seconds(duration))
54 |
55 | let runner = try BenchmarkRunner(
| |- warning: conformance of 'ContinuousClock' to 'Clock' is only available in iOS 16.0 or newer; this is an error in the Swift 6 language mode
| `- note: add 'if #available' version check
56 | self,
57 | clock: clock,
/Users/admin/builder/spi-builder-workspace/Sources/App.swift:55:26: warning: conformance of 'ContinuousClock' to 'Clock' is only available in iOS 16.0 or newer; this is an error in the Swift 6 language mode
4 |
5 | @main
6 | struct App: AsyncParsableCommand, Arguments {
| `- note: add '@available' attribute to enclosing struct
7 | @Option(name: .long, help: "Number of cpu threads to be used.")
8 | var threads: Int = 2
:
44 | var out: String?
45 |
46 | mutating func run() async throws {
| `- note: add '@available' attribute to enclosing instance method
47 | let eventLoopGroup = MultiThreadedEventLoopGroup(numberOfThreads: threads)
48 | let clock = ContinuousClock()
:
53 | let end = start.advanced(by: .seconds(duration))
54 |
55 | let runner = try BenchmarkRunner(
| |- warning: conformance of 'ContinuousClock' to 'Clock' is only available in iOS 16.0 or newer; this is an error in the Swift 6 language mode
| `- note: add 'if #available' version check
56 | self,
57 | clock: clock,
/Users/admin/builder/spi-builder-workspace/Sources/App.swift:55:13: warning: conformance of 'ContinuousClock' to 'Clock' is only available in iOS 16.0 or newer; this is an error in the Swift 6 language mode
4 |
5 | @main
6 | struct App: AsyncParsableCommand, Arguments {
| `- note: add '@available' attribute to enclosing struct
7 | @Option(name: .long, help: "Number of cpu threads to be used.")
8 | var threads: Int = 2
:
44 | var out: String?
45 |
46 | mutating func run() async throws {
| `- note: add '@available' attribute to enclosing instance method
47 | let eventLoopGroup = MultiThreadedEventLoopGroup(numberOfThreads: threads)
48 | let clock = ContinuousClock()
:
53 | let end = start.advanced(by: .seconds(duration))
54 |
55 | let runner = try BenchmarkRunner(
| |- warning: conformance of 'ContinuousClock' to 'Clock' is only available in iOS 16.0 or newer; this is an error in the Swift 6 language mode
| `- note: add 'if #available' version check
56 | self,
57 | clock: clock,
/Users/admin/builder/spi-builder-workspace/Sources/App.swift:62:39: warning: conformance of 'ContinuousClock' to 'Clock' is only available in iOS 16.0 or newer; this is an error in the Swift 6 language mode
4 |
5 | @main
6 | struct App: AsyncParsableCommand, Arguments {
| `- note: add '@available' attribute to enclosing struct
7 | @Option(name: .long, help: "Number of cpu threads to be used.")
8 | var threads: Int = 2
:
44 | var out: String?
45 |
46 | mutating func run() async throws {
| `- note: add '@available' attribute to enclosing instance method
47 | let eventLoopGroup = MultiThreadedEventLoopGroup(numberOfThreads: threads)
48 | let clock = ContinuousClock()
:
60 | on: eventLoopGroup
61 | )
62 | let result = try await runner.run()
| |- warning: conformance of 'ContinuousClock' to 'Clock' is only available in iOS 16.0 or newer; this is an error in the Swift 6 language mode
| `- note: add 'if #available' version check
63 | try await runner.shutdown()
64 |
SwiftCompile normal arm64 Compiling\ URLDeconstruction.swift /Users/admin/builder/spi-builder-workspace/Sources/URLDeconstruction.swift (in target 'Ohje-product' from project 'ohje')
SwiftCompile normal arm64 /Users/admin/builder/spi-builder-workspace/Sources/URLDeconstruction.swift (in target 'Ohje-product' from project 'ohje')
cd /Users/admin/builder/spi-builder-workspace/.swiftpm/xcode
builtin-SwiftPerFileCompile URLDeconstruction.swift
SwiftDriverJobDiscovery normal arm64 Compiling HTTP2Stream.swift, HTTP2StreamChannel+OutboundStreamMultiplexer.swift, HTTP2StreamChannel.swift, HTTP2StreamDelegate.swift, HTTP2StreamID.swift, HTTP2StreamMultiplexer.swift, HTTP2ToHTTP1Codec.swift (in target 'NIOHTTP2' from project 'swift-nio-http2')
SwiftCompile normal arm64 Compiling\ BenchmarkRunner.swift /Users/admin/builder/spi-builder-workspace/Sources/BenchmarkRunner.swift (in target 'Ohje-product' from project 'ohje')
/Users/admin/builder/spi-builder-workspace/Sources/BenchmarkRunner.swift:23:19: error: 'Duration' is only available in iOS 16.0 or newer
20 | }
21 |
22 | struct BenchmarkResult {
| `- note: add '@available' attribute to enclosing struct
23 | let duration: Duration
| `- error: 'Duration' is only available in iOS 16.0 or newer
24 | let total: UInt64
25 | let connectErrors: UInt64
/Users/admin/builder/spi-builder-workspace/Sources/BenchmarkRunner.swift:37:44: error: 'Clock' is only available in iOS 16.0 or newer
35 | }
36 |
37 | struct BenchmarkRunner<Clock: _Concurrency.Clock> where Clock.Duration == Duration {
| | `- error: 'Clock' is only available in iOS 16.0 or newer
| `- note: add '@available' attribute to enclosing generic struct
38 | private let args: Arguments
39 | private let target: ConnectionTarget
/Users/admin/builder/spi-builder-workspace/Sources/BenchmarkRunner.swift:37:75: error: 'Duration' is only available in iOS 16.0 or newer
35 | }
36 |
37 | struct BenchmarkRunner<Clock: _Concurrency.Clock> where Clock.Duration == Duration {
| | `- error: 'Duration' is only available in iOS 16.0 or newer
| `- note: add '@available' attribute to enclosing generic struct
38 | private let args: Arguments
39 | private let target: ConnectionTarget
/Users/admin/builder/spi-builder-workspace/Sources/BenchmarkRunner.swift:221:77: error: 'DiscardingTaskGroup' is only available in iOS 17.0 or newer
217 | // MARK: Constant Concurrency
218 |
219 | extension BenchmarkRunner {
| `- note: add '@available' attribute to enclosing extension
220 |
221 | private func runConstantConcurrency(head: HTTPRequestHead, group: inout DiscardingTaskGroup) async {
| | `- error: 'DiscardingTaskGroup' is only available in iOS 17.0 or newer
| `- note: add '@available' attribute to enclosing instance method
222 | if args.http2 {
223 | do {
SwiftCompile normal arm64 /Users/admin/builder/spi-builder-workspace/Sources/BenchmarkRunner.swift (in target 'Ohje-product' from project 'ohje')
cd /Users/admin/builder/spi-builder-workspace/.swiftpm/xcode
builtin-SwiftPerFileCompile BenchmarkRunner.swift
SwiftCompile normal arm64 Compiling\ OutputBuffer.swift /Users/admin/builder/spi-builder-workspace/Sources/OutputBuffer.swift (in target 'Ohje-product' from project 'ohje')
SwiftCompile normal arm64 /Users/admin/builder/spi-builder-workspace/Sources/OutputBuffer.swift (in target 'Ohje-product' from project 'ohje')
cd /Users/admin/builder/spi-builder-workspace/.swiftpm/xcode
builtin-SwiftPerFileCompile OutputBuffer.swift
SwiftCompile normal arm64 Compiling\ RangeParser.swift /Users/admin/builder/spi-builder-workspace/Sources/RangeParser.swift (in target 'Ohje-product' from project 'ohje')
SwiftCompile normal arm64 /Users/admin/builder/spi-builder-workspace/Sources/RangeParser.swift (in target 'Ohje-product' from project 'ohje')
cd /Users/admin/builder/spi-builder-workspace/.swiftpm/xcode
builtin-SwiftPerFileCompile RangeParser.swift
SwiftCompile normal arm64 Compiling\ AsyncTimerSequence.swift /Users/admin/builder/spi-builder-workspace/Sources/AsyncTimerSequence.swift (in target 'Ohje-product' from project 'ohje')
SwiftCompile normal arm64 /Users/admin/builder/spi-builder-workspace/Sources/AsyncTimerSequence.swift (in target 'Ohje-product' from project 'ohje')
cd /Users/admin/builder/spi-builder-workspace/.swiftpm/xcode
builtin-SwiftPerFileCompile AsyncTimerSequence.swift
SwiftDriverJobDiscovery normal arm64 Compiling Error+Any.swift, ConcurrentStreamBuffer.swift, ControlFrameBuffer.swift, OutboundFlowControlBuffer.swift, OutboundFrameBuffer.swift, GlitchesMonitor.swift, HPACKHeaders+Validation.swift (in target 'NIOHTTP2' from project 'swift-nio-http2')
SwiftCompile normal arm64 Compiling\ ConnectionTargetBootstrap.swift /Users/admin/builder/spi-builder-workspace/Sources/ConnectionTargetBootstrap.swift (in target 'Ohje-product' from project 'ohje')
SwiftCompile normal arm64 /Users/admin/builder/spi-builder-workspace/Sources/ConnectionTargetBootstrap.swift (in target 'Ohje-product' from project 'ohje')
cd /Users/admin/builder/spi-builder-workspace/.swiftpm/xcode
builtin-SwiftPerFileCompile ConnectionTargetBootstrap.swift
PruneExplicitPrecompiledModules /Users/admin/builder/spi-builder-workspace/.derivedData/Build/Intermediates.noindex/ExplicitPrecompiledModules
PruneExplicitPrecompiledModules /Users/admin/builder/spi-builder-workspace/.derivedData/SDKExplicitPrecompiledModules
PruneExplicitPrecompiledModules /Users/admin/builder/spi-builder-workspace/.derivedData/Build/Intermediates.noindex/SwiftExplicitPrecompiledModules
2026-09-20 15:20:40.991 xcodebuild[1043:5868] [MT] IDERunDestination: Supported platforms for the buildables in the current scheme is empty.
** BUILD FAILED **
The following build commands failed:
SwiftEmitModule normal arm64 Emitting\ module\ for\ Ohje (in target 'Ohje-product' from project 'ohje')
SwiftCompile normal arm64 (in target 'Ohje-product' from project 'ohje')
SwiftCompile normal arm64 Compiling\ Units.swift /Users/admin/builder/spi-builder-workspace/Sources/Units.swift (in target 'Ohje-product' from project 'ohje')
SwiftCompile normal arm64 /Users/admin/builder/spi-builder-workspace/Sources/Units.swift (in target 'Ohje-product' from project 'ohje')
Building workspace ohje with scheme ohje
(5 failures)
Command line invocation:
/Applications/Xcode-27.0.0-Release.Candidate.app/Contents/Developer/usr/bin/xcodebuild -IDEClonedSourcePackagesDirPathOverride=/Users/admin/builder/spi-builder-workspace/.dependencies -resolvePackageDependencies
Resolve Package Graph
Resolved source packages:
swift-nio: https://github.com/apple/swift-nio.git @ 2.103.0
package-histogram: https://github.com/ordo-one/package-histogram.git @ 0.1.2
swift-numerics: https://github.com/apple/swift-numerics @ 1.1.1
swift-system: https://github.com/apple/swift-system.git @ 1.8.1
swift-nio-transport-services: https://github.com/apple/swift-nio-transport-services.git @ 1.28.0
ohje: /Users/admin/builder/spi-builder-workspace
swift-collections: https://github.com/apple/swift-collections.git @ 1.6.0
swift-atomics: https://github.com/apple/swift-atomics.git @ 1.3.1
swift-argument-parser: https://github.com/apple/swift-argument-parser.git @ 1.8.2
swift-nio-http2: https://github.com/apple/swift-nio-http2.git @ 1.46.0
swift-nio-ssl: https://github.com/apple/swift-nio-ssl.git @ 2.37.5
resolved source packages: swift-nio, package-histogram, swift-numerics, swift-system, swift-nio-transport-services, ohje, swift-collections, swift-atomics, swift-argument-parser, swift-nio-http2, swift-nio-ssl
2026-09-20 15:21:16.755 xcodebuild[2530:9993] [MT] IDERunDestination: Supported platforms for the buildables in the current scheme is empty.
{
"dependencies" : [
{
"identity" : "swift-argument-parser",
"requirement" : {
"range" : [
{
"lower_bound" : "1.2.0",
"upper_bound" : "2.0.0"
}
]
},
"type" : "sourceControl",
"url" : "https://github.com/apple/swift-argument-parser.git"
},
{
"identity" : "swift-nio",
"requirement" : {
"range" : [
{
"lower_bound" : "2.0.0",
"upper_bound" : "3.0.0"
}
]
},
"type" : "sourceControl",
"url" : "https://github.com/apple/swift-nio.git"
},
{
"identity" : "swift-nio-http2",
"requirement" : {
"range" : [
{
"lower_bound" : "1.0.0",
"upper_bound" : "2.0.0"
}
]
},
"type" : "sourceControl",
"url" : "https://github.com/apple/swift-nio-http2.git"
},
{
"identity" : "swift-nio-transport-services",
"requirement" : {
"range" : [
{
"lower_bound" : "1.19.0",
"upper_bound" : "2.0.0"
}
]
},
"type" : "sourceControl",
"url" : "https://github.com/apple/swift-nio-transport-services.git"
},
{
"identity" : "swift-nio-ssl",
"requirement" : {
"range" : [
{
"lower_bound" : "2.25.0",
"upper_bound" : "3.0.0"
}
]
},
"type" : "sourceControl",
"url" : "https://github.com/apple/swift-nio-ssl.git"
},
{
"identity" : "package-histogram",
"requirement" : {
"range" : [
{
"lower_bound" : "0.1.0",
"upper_bound" : "1.0.0"
}
]
},
"type" : "sourceControl",
"url" : "https://github.com/ordo-one/package-histogram.git"
}
],
"manifest_display_name" : "ohje",
"name" : "ohje",
"path" : "/Users/admin/builder/spi-builder-workspace",
"platforms" : [
{
"name" : "macos",
"version" : "14.0"
}
],
"products" : [
{
"name" : "Ohje",
"targets" : [
"Ohje"
],
"type" : {
"executable" : null
}
}
],
"targets" : [
{
"c99name" : "OhjeTests",
"module_type" : "SwiftTarget",
"name" : "OhjeTests",
"path" : "Tests",
"sources" : [
"RangeParserTests.swift"
],
"target_dependencies" : [
"Ohje"
],
"type" : "test"
},
{
"c99name" : "Ohje",
"module_type" : "SwiftTarget",
"name" : "Ohje",
"path" : "Sources",
"product_dependencies" : [
"ArgumentParser",
"NIOCore",
"NIOPosix",
"NIOHTTP1",
"NIOHTTP2",
"NIOTransportServices",
"NIOSSL",
"Histogram"
],
"product_memberships" : [
"Ohje"
],
"sources" : [
"App.swift",
"AsyncTimerSequence.swift",
"BenchmarkRunner.swift",
"ConnectionTarget.swift",
"ConnectionTargetBootstrap.swift",
"OutputBuffer.swift",
"RangeParser.swift",
"URLDeconstruction.swift",
"Units.swift"
],
"type" : "executable"
}
],
"tools_version" : "5.10"
}
{
"workspace" : {
"name" : "ohje",
"schemes" : [
"ohje"
]
}
}
2026-09-20 15:21:19.521 xcodebuild[2546:10112] [MT] IDERunDestination: Supported platforms for the buildables in the current scheme is empty.
Running build ...
env DEVELOPER_DIR=/Applications/Xcode-27.0.0-Release.Candidate.app xcrun xcodebuild -IDEClonedSourcePackagesDirPathOverride=$PWD/.dependencies -skipMacroValidation -skipPackagePluginValidation -derivedDataPath $PWD/.derivedData build -scheme ohje -destination generic/platform=iOS
Command line invocation:
/Applications/Xcode-27.0.0-Release.Candidate.app/Contents/Developer/usr/bin/xcodebuild -IDEClonedSourcePackagesDirPathOverride=/Users/admin/builder/spi-builder-workspace/.dependencies -skipMacroValidation -skipPackagePluginValidation -derivedDataPath /Users/admin/builder/spi-builder-workspace/.derivedData build -scheme ohje -destination generic/platform=iOS
Resolve Package Graph
Resolved source packages:
swift-numerics: https://github.com/apple/swift-numerics @ 1.1.1
swift-nio-transport-services: https://github.com/apple/swift-nio-transport-services.git @ 1.28.0
swift-argument-parser: https://github.com/apple/swift-argument-parser.git @ 1.8.2
swift-system: https://github.com/apple/swift-system.git @ 1.8.1
swift-nio-http2: https://github.com/apple/swift-nio-http2.git @ 1.46.0
swift-nio: https://github.com/apple/swift-nio.git @ 2.103.0
package-histogram: https://github.com/ordo-one/package-histogram.git @ 0.1.2
swift-collections: https://github.com/apple/swift-collections.git @ 1.6.0
swift-nio-ssl: https://github.com/apple/swift-nio-ssl.git @ 2.37.5
swift-atomics: https://github.com/apple/swift-atomics.git @ 1.3.1
ohje: /Users/admin/builder/spi-builder-workspace
ComputePackagePrebuildTargetDependencyGraph
Prepare packages
CreateBuildRequest
SendProjectDescription
CreateBuildOperation
ComputeTargetDependencyGraph
note: Building targets in dependency order
note: Target dependency graph (56 targets)
Target 'Ohje-product' in project 'ohje'
➜ Explicit dependency on target 'ArgumentParser-product' in project 'swift-argument-parser'
➜ Explicit dependency on target 'NIOCore-product' in project 'swift-nio'
➜ Explicit dependency on target 'NIOPosix-product' in project 'swift-nio'
➜ Explicit dependency on target 'NIOHTTP1-product' in project 'swift-nio'
➜ Explicit dependency on target 'NIOHTTP2-product' in project 'swift-nio-http2'
➜ Explicit dependency on target 'NIOTransportServices-product' in project 'swift-nio-transport-services'
➜ Explicit dependency on target 'NIOSSL-product' in project 'swift-nio-ssl'
➜ Explicit dependency on target 'Histogram-product' in project 'package-histogram'
Target 'Histogram-product' in project 'package-histogram'
➜ Explicit dependency on target 'Histogram' in project 'package-histogram'
➜ Explicit dependency on target 'Numerics-product' in project 'swift-numerics'
Target 'Histogram' in project 'package-histogram'
➜ Explicit dependency on target 'Numerics-product' in project 'swift-numerics'
Target 'Numerics-product' in project 'swift-numerics'
➜ Explicit dependency on target 'Numerics' in project 'swift-numerics'
➜ Explicit dependency on target '_NumericsShims' in project 'swift-numerics'
➜ Explicit dependency on target 'RealModule' in project 'swift-numerics'
➜ Explicit dependency on target 'ComplexModule' in project 'swift-numerics'
Target 'Numerics' in project 'swift-numerics'
➜ Explicit dependency on target '_NumericsShims' in project 'swift-numerics'
➜ Explicit dependency on target 'RealModule' in project 'swift-numerics'
➜ Explicit dependency on target 'ComplexModule' in project 'swift-numerics'
Target 'ComplexModule' in project 'swift-numerics'
➜ Explicit dependency on target '_NumericsShims' in project 'swift-numerics'
➜ Explicit dependency on target 'RealModule' in project 'swift-numerics'
Target 'RealModule' in project 'swift-numerics'
➜ Explicit dependency on target '_NumericsShims' in project 'swift-numerics'
Target '_NumericsShims' in project 'swift-numerics' (no dependencies)
Target 'NIOSSL-product' in project 'swift-nio-ssl'
➜ Explicit dependency on target 'NIOSSL' in project 'swift-nio-ssl'
➜ Explicit dependency on target 'swift-nio-ssl_NIOSSL' in project 'swift-nio-ssl'
➜ Explicit dependency on target 'CNIOBoringSSL' in project 'swift-nio-ssl'
➜ Explicit dependency on target 'CNIOBoringSSLShims' in project 'swift-nio-ssl'
➜ Explicit dependency on target 'NIO-product' in project 'swift-nio'
➜ Explicit dependency on target 'NIOCore-product' in project 'swift-nio'
➜ Explicit dependency on target 'NIOConcurrencyHelpers-product' in project 'swift-nio'
➜ Explicit dependency on target 'NIOTLS-product' in project 'swift-nio'
Target 'NIOSSL' in project 'swift-nio-ssl'
➜ Explicit dependency on target 'swift-nio-ssl_NIOSSL' in project 'swift-nio-ssl'
➜ Explicit dependency on target 'CNIOBoringSSL' in project 'swift-nio-ssl'
➜ Explicit dependency on target 'CNIOBoringSSLShims' in project 'swift-nio-ssl'
➜ Explicit dependency on target 'NIO-product' in project 'swift-nio'
➜ Explicit dependency on target 'NIOCore-product' in project 'swift-nio'
➜ Explicit dependency on target 'NIOConcurrencyHelpers-product' in project 'swift-nio'
➜ Explicit dependency on target 'NIOTLS-product' in project 'swift-nio'
Target 'CNIOBoringSSLShims' in project 'swift-nio-ssl'
➜ Explicit dependency on target 'CNIOBoringSSL' in project 'swift-nio-ssl'
Target 'CNIOBoringSSL' in project 'swift-nio-ssl' (no dependencies)
Target 'swift-nio-ssl_NIOSSL' in project 'swift-nio-ssl' (no dependencies)
Target 'NIOTransportServices-product' in project 'swift-nio-transport-services'
➜ Explicit dependency on target 'NIOTransportServices' in project 'swift-nio-transport-services'
➜ Explicit dependency on target 'NIO-product' in project 'swift-nio'
➜ Explicit dependency on target 'NIOCore-product' in project 'swift-nio'
➜ Explicit dependency on target 'NIOFoundationCompat-product' in project 'swift-nio'
➜ Explicit dependency on target 'NIOTLS-product' in project 'swift-nio'
➜ Explicit dependency on target 'Atomics-product' in project 'swift-atomics'
Target 'NIOTransportServices' in project 'swift-nio-transport-services'
➜ Explicit dependency on target 'NIO-product' in project 'swift-nio'
➜ Explicit dependency on target 'NIOCore-product' in project 'swift-nio'
➜ Explicit dependency on target 'NIOFoundationCompat-product' in project 'swift-nio'
➜ Explicit dependency on target 'NIOTLS-product' in project 'swift-nio'
➜ Explicit dependency on target 'Atomics-product' in project 'swift-atomics'
Target 'NIOFoundationCompat-product' in project 'swift-nio'
➜ Explicit dependency on target 'NIOFoundationCompat' in project 'swift-nio'
➜ Explicit dependency on target 'CNIOAtomics' in project 'swift-nio'
➜ Explicit dependency on target 'NIOConcurrencyHelpers' in project 'swift-nio'
➜ Explicit dependency on target '_NIOBase64' in project 'swift-nio'
➜ Explicit dependency on target 'CNIOOpenBSD' in project 'swift-nio'
➜ Explicit dependency on target 'CNIOFreeBSD' in project 'swift-nio'
➜ Explicit dependency on target 'CNIODarwin' in project 'swift-nio'
➜ Explicit dependency on target 'CNIOLinux' in project 'swift-nio'
➜ Explicit dependency on target 'CNIOWindows' in project 'swift-nio'
➜ Explicit dependency on target 'CNIOWASI' in project 'swift-nio'
➜ Explicit dependency on target '_NIODataStructures' in project 'swift-nio'
➜ Explicit dependency on target 'NIOCore' in project 'swift-nio'
➜ Explicit dependency on target 'NIOEmbedded' in project 'swift-nio'
➜ Explicit dependency on target 'CNIOPosix' in project 'swift-nio'
➜ Explicit dependency on target 'NIOPosix' in project 'swift-nio'
➜ Explicit dependency on target 'NIO' in project 'swift-nio'
➜ Explicit dependency on target 'NIOFoundationEssentialsCompat' in project 'swift-nio'
➜ Explicit dependency on target 'DequeModule-product' in project 'swift-collections'
➜ Explicit dependency on target 'Atomics-product' in project 'swift-atomics'
Target 'NIOFoundationCompat' in project 'swift-nio'
➜ Explicit dependency on target 'CNIOAtomics' in project 'swift-nio'
➜ Explicit dependency on target 'NIOConcurrencyHelpers' in project 'swift-nio'
➜ Explicit dependency on target '_NIOBase64' in project 'swift-nio'
➜ Explicit dependency on target 'CNIOOpenBSD' in project 'swift-nio'
➜ Explicit dependency on target 'CNIOFreeBSD' in project 'swift-nio'
➜ Explicit dependency on target 'CNIODarwin' in project 'swift-nio'
➜ Explicit dependency on target 'CNIOLinux' in project 'swift-nio'
➜ Explicit dependency on target 'CNIOWindows' in project 'swift-nio'
➜ Explicit dependency on target 'CNIOWASI' in project 'swift-nio'
➜ Explicit dependency on target '_NIODataStructures' in project 'swift-nio'
➜ Explicit dependency on target 'NIOCore' in project 'swift-nio'
➜ Explicit dependency on target 'NIOEmbedded' in project 'swift-nio'
➜ Explicit dependency on target 'CNIOPosix' in project 'swift-nio'
➜ Explicit dependency on target 'NIOPosix' in project 'swift-nio'
➜ Explicit dependency on target 'NIO' in project 'swift-nio'
➜ Explicit dependency on target 'NIOFoundationEssentialsCompat' in project 'swift-nio'
➜ Explicit dependency on target 'DequeModule-product' in project 'swift-collections'
➜ Explicit dependency on target 'Atomics-product' in project 'swift-atomics'
Target 'NIOFoundationEssentialsCompat' in project 'swift-nio'
➜ Explicit dependency on target 'CNIOAtomics' in project 'swift-nio'
➜ Explicit dependency on target 'NIOConcurrencyHelpers' in project 'swift-nio'
➜ Explicit dependency on target '_NIOBase64' in project 'swift-nio'
➜ Explicit dependency on target 'CNIOOpenBSD' in project 'swift-nio'
➜ Explicit dependency on target 'CNIOFreeBSD' in project 'swift-nio'
➜ Explicit dependency on target 'CNIODarwin' in project 'swift-nio'
➜ Explicit dependency on target 'CNIOLinux' in project 'swift-nio'
➜ Explicit dependency on target 'CNIOWindows' in project 'swift-nio'
➜ Explicit dependency on target 'CNIOWASI' in project 'swift-nio'
➜ Explicit dependency on target '_NIODataStructures' in project 'swift-nio'
➜ Explicit dependency on target 'NIOCore' in project 'swift-nio'
➜ Explicit dependency on target 'DequeModule-product' in project 'swift-collections'
➜ Explicit dependency on target 'Atomics-product' in project 'swift-atomics'
Target 'NIOHTTP2-product' in project 'swift-nio-http2'
➜ Explicit dependency on target 'NIOHTTP2' in project 'swift-nio-http2'
➜ Explicit dependency on target 'NIOHPACK' in project 'swift-nio-http2'
➜ Explicit dependency on target 'NIO-product' in project 'swift-nio'
➜ Explicit dependency on target 'NIOCore-product' in project 'swift-nio'
➜ Explicit dependency on target 'NIOConcurrencyHelpers-product' in project 'swift-nio'
➜ Explicit dependency on target 'NIOHTTP1-product' in project 'swift-nio'
➜ Explicit dependency on target 'NIOTLS-product' in project 'swift-nio'
➜ Explicit dependency on target 'Atomics-product' in project 'swift-atomics'
Target 'NIOHTTP2' in project 'swift-nio-http2'
➜ Explicit dependency on target 'NIOHPACK' in project 'swift-nio-http2'
➜ Explicit dependency on target 'NIO-product' in project 'swift-nio'
➜ Explicit dependency on target 'NIOCore-product' in project 'swift-nio'
➜ Explicit dependency on target 'NIOConcurrencyHelpers-product' in project 'swift-nio'
➜ Explicit dependency on target 'NIOHTTP1-product' in project 'swift-nio'
➜ Explicit dependency on target 'NIOTLS-product' in project 'swift-nio'
➜ Explicit dependency on target 'Atomics-product' in project 'swift-atomics'
Target 'NIOTLS-product' in project 'swift-nio'
➜ Explicit dependency on target 'NIOTLS' in project 'swift-nio'
➜ Explicit dependency on target 'CNIOAtomics' in project 'swift-nio'
➜ Explicit dependency on target 'NIOConcurrencyHelpers' in project 'swift-nio'
➜ Explicit dependency on target '_NIOBase64' in project 'swift-nio'
➜ Explicit dependency on target 'CNIOOpenBSD' in project 'swift-nio'
➜ Explicit dependency on target 'CNIOFreeBSD' in project 'swift-nio'
➜ Explicit dependency on target 'CNIODarwin' in project 'swift-nio'
➜ Explicit dependency on target 'CNIOLinux' in project 'swift-nio'
➜ Explicit dependency on target 'CNIOWindows' in project 'swift-nio'
➜ Explicit dependency on target 'CNIOWASI' in project 'swift-nio'
➜ Explicit dependency on target '_NIODataStructures' in project 'swift-nio'
➜ Explicit dependency on target 'NIOCore' in project 'swift-nio'
➜ Explicit dependency on target 'NIOEmbedded' in project 'swift-nio'
➜ Explicit dependency on target 'CNIOPosix' in project 'swift-nio'
➜ Explicit dependency on target 'NIOPosix' in project 'swift-nio'
➜ Explicit dependency on target 'NIO' in project 'swift-nio'
➜ Explicit dependency on target 'DequeModule-product' in project 'swift-collections'
➜ Explicit dependency on target 'Atomics-product' in project 'swift-atomics'
Target 'NIOTLS' in project 'swift-nio'
➜ Explicit dependency on target 'CNIOAtomics' in project 'swift-nio'
➜ Explicit dependency on target 'NIOConcurrencyHelpers' in project 'swift-nio'
➜ Explicit dependency on target '_NIOBase64' in project 'swift-nio'
➜ Explicit dependency on target 'CNIOOpenBSD' in project 'swift-nio'
➜ Explicit dependency on target 'CNIOFreeBSD' in project 'swift-nio'
➜ Explicit dependency on target 'CNIODarwin' in project 'swift-nio'
➜ Explicit dependency on target 'CNIOLinux' in project 'swift-nio'
➜ Explicit dependency on target 'CNIOWindows' in project 'swift-nio'
➜ Explicit dependency on target 'CNIOWASI' in project 'swift-nio'
➜ Explicit dependency on target '_NIODataStructures' in project 'swift-nio'
➜ Explicit dependency on target 'NIOCore' in project 'swift-nio'
➜ Explicit dependency on target 'NIOEmbedded' in project 'swift-nio'
➜ Explicit dependency on target 'CNIOPosix' in project 'swift-nio'
➜ Explicit dependency on target 'NIOPosix' in project 'swift-nio'
➜ Explicit dependency on target 'NIO' in project 'swift-nio'
➜ Explicit dependency on target 'DequeModule-product' in project 'swift-collections'
➜ Explicit dependency on target 'Atomics-product' in project 'swift-atomics'
Target 'NIOHPACK' in project 'swift-nio-http2'
➜ Explicit dependency on target 'NIO-product' in project 'swift-nio'
➜ Explicit dependency on target 'NIOCore-product' in project 'swift-nio'
➜ Explicit dependency on target 'NIOConcurrencyHelpers-product' in project 'swift-nio'
➜ Explicit dependency on target 'NIOHTTP1-product' in project 'swift-nio'
Target 'NIOConcurrencyHelpers-product' in project 'swift-nio'
➜ Explicit dependency on target 'NIOConcurrencyHelpers' in project 'swift-nio'
➜ Explicit dependency on target 'CNIOAtomics' in project 'swift-nio'
Target 'NIO-product' in project 'swift-nio'
➜ Explicit dependency on target 'NIO' in project 'swift-nio'
➜ Explicit dependency on target 'CNIOAtomics' in project 'swift-nio'
➜ Explicit dependency on target 'NIOConcurrencyHelpers' in project 'swift-nio'
➜ Explicit dependency on target '_NIOBase64' in project 'swift-nio'
➜ Explicit dependency on target 'CNIOOpenBSD' in project 'swift-nio'
➜ Explicit dependency on target 'CNIOFreeBSD' in project 'swift-nio'
➜ Explicit dependency on target 'CNIODarwin' in project 'swift-nio'
➜ Explicit dependency on target 'CNIOLinux' in project 'swift-nio'
➜ Explicit dependency on target 'CNIOWindows' in project 'swift-nio'
➜ Explicit dependency on target 'CNIOWASI' in project 'swift-nio'
➜ Explicit dependency on target '_NIODataStructures' in project 'swift-nio'
➜ Explicit dependency on target 'NIOCore' in project 'swift-nio'
➜ Explicit dependency on target 'NIOEmbedded' in project 'swift-nio'
➜ Explicit dependency on target 'CNIOPosix' in project 'swift-nio'
➜ Explicit dependency on target 'NIOPosix' in project 'swift-nio'
➜ Explicit dependency on target 'DequeModule-product' in project 'swift-collections'
➜ Explicit dependency on target 'Atomics-product' in project 'swift-atomics'
Target 'NIOHTTP1-product' in project 'swift-nio'
➜ Explicit dependency on target 'NIOHTTP1' in project 'swift-nio'
➜ Explicit dependency on target 'CNIOAtomics' in project 'swift-nio'
➜ Explicit dependency on target 'NIOConcurrencyHelpers' in project 'swift-nio'
➜ Explicit dependency on target '_NIOBase64' in project 'swift-nio'
➜ Explicit dependency on target 'CNIOOpenBSD' in project 'swift-nio'
➜ Explicit dependency on target 'CNIOFreeBSD' in project 'swift-nio'
➜ Explicit dependency on target 'CNIODarwin' in project 'swift-nio'
➜ Explicit dependency on target 'CNIOLinux' in project 'swift-nio'
➜ Explicit dependency on target 'CNIOWindows' in project 'swift-nio'
➜ Explicit dependency on target 'CNIOWASI' in project 'swift-nio'
➜ Explicit dependency on target '_NIODataStructures' in project 'swift-nio'
➜ Explicit dependency on target 'NIOCore' in project 'swift-nio'
➜ Explicit dependency on target 'NIOEmbedded' in project 'swift-nio'
➜ Explicit dependency on target 'CNIOPosix' in project 'swift-nio'
➜ Explicit dependency on target 'NIOPosix' in project 'swift-nio'
➜ Explicit dependency on target 'NIO' in project 'swift-nio'
➜ Explicit dependency on target 'CNIOLLHTTP' in project 'swift-nio'
➜ Explicit dependency on target 'DequeModule-product' in project 'swift-collections'
➜ Explicit dependency on target 'Atomics-product' in project 'swift-atomics'
Target 'NIOHTTP1' in project 'swift-nio'
➜ Explicit dependency on target 'CNIOAtomics' in project 'swift-nio'
➜ Explicit dependency on target 'NIOConcurrencyHelpers' in project 'swift-nio'
➜ Explicit dependency on target '_NIOBase64' in project 'swift-nio'
➜ Explicit dependency on target 'CNIOOpenBSD' in project 'swift-nio'
➜ Explicit dependency on target 'CNIOFreeBSD' in project 'swift-nio'
➜ Explicit dependency on target 'CNIODarwin' in project 'swift-nio'
➜ Explicit dependency on target 'CNIOLinux' in project 'swift-nio'
➜ Explicit dependency on target 'CNIOWindows' in project 'swift-nio'
➜ Explicit dependency on target 'CNIOWASI' in project 'swift-nio'
➜ Explicit dependency on target '_NIODataStructures' in project 'swift-nio'
➜ Explicit dependency on target 'NIOCore' in project 'swift-nio'
➜ Explicit dependency on target 'NIOEmbedded' in project 'swift-nio'
➜ Explicit dependency on target 'CNIOPosix' in project 'swift-nio'
➜ Explicit dependency on target 'NIOPosix' in project 'swift-nio'
➜ Explicit dependency on target 'NIO' in project 'swift-nio'
➜ Explicit dependency on target 'CNIOLLHTTP' in project 'swift-nio'
➜ Explicit dependency on target 'DequeModule-product' in project 'swift-collections'
➜ Explicit dependency on target 'Atomics-product' in project 'swift-atomics'
Target 'CNIOLLHTTP' in project 'swift-nio' (no dependencies)
Target 'NIO' in project 'swift-nio'
➜ Explicit dependency on target 'CNIOAtomics' in project 'swift-nio'
➜ Explicit dependency on target 'NIOConcurrencyHelpers' in project 'swift-nio'
➜ Explicit dependency on target '_NIOBase64' in project 'swift-nio'
➜ Explicit dependency on target 'CNIOOpenBSD' in project 'swift-nio'
➜ Explicit dependency on target 'CNIOFreeBSD' in project 'swift-nio'
➜ Explicit dependency on target 'CNIODarwin' in project 'swift-nio'
➜ Explicit dependency on target 'CNIOLinux' in project 'swift-nio'
➜ Explicit dependency on target 'CNIOWindows' in project 'swift-nio'
➜ Explicit dependency on target 'CNIOWASI' in project 'swift-nio'
➜ Explicit dependency on target '_NIODataStructures' in project 'swift-nio'
➜ Explicit dependency on target 'NIOCore' in project 'swift-nio'
➜ Explicit dependency on target 'NIOEmbedded' in project 'swift-nio'
➜ Explicit dependency on target 'CNIOPosix' in project 'swift-nio'
➜ Explicit dependency on target 'NIOPosix' in project 'swift-nio'
➜ Explicit dependency on target 'DequeModule-product' in project 'swift-collections'
➜ Explicit dependency on target 'Atomics-product' in project 'swift-atomics'
Target 'NIOEmbedded' in project 'swift-nio'
➜ Explicit dependency on target 'CNIOAtomics' in project 'swift-nio'
➜ Explicit dependency on target 'NIOConcurrencyHelpers' in project 'swift-nio'
➜ Explicit dependency on target '_NIOBase64' in project 'swift-nio'
➜ Explicit dependency on target 'CNIOOpenBSD' in project 'swift-nio'
➜ Explicit dependency on target 'CNIOFreeBSD' in project 'swift-nio'
➜ Explicit dependency on target 'CNIODarwin' in project 'swift-nio'
➜ Explicit dependency on target 'CNIOLinux' in project 'swift-nio'
➜ Explicit dependency on target 'CNIOWindows' in project 'swift-nio'
➜ Explicit dependency on target 'CNIOWASI' in project 'swift-nio'
➜ Explicit dependency on target '_NIODataStructures' in project 'swift-nio'
➜ Explicit dependency on target 'NIOCore' in project 'swift-nio'
➜ Explicit dependency on target 'DequeModule-product' in project 'swift-collections'
➜ Explicit dependency on target 'Atomics-product' in project 'swift-atomics'
Target 'NIOPosix-product' in project 'swift-nio'
➜ Explicit dependency on target 'NIOPosix' in project 'swift-nio'
➜ Explicit dependency on target 'swift-nio_NIOPosix' in project 'swift-nio'
➜ Explicit dependency on target 'CNIOOpenBSD' in project 'swift-nio'
➜ Explicit dependency on target 'CNIOLinux' in project 'swift-nio'
➜ Explicit dependency on target 'CNIODarwin' in project 'swift-nio'
➜ Explicit dependency on target 'CNIOWindows' in project 'swift-nio'
➜ Explicit dependency on target 'CNIOAtomics' in project 'swift-nio'
➜ Explicit dependency on target 'NIOConcurrencyHelpers' in project 'swift-nio'
➜ Explicit dependency on target '_NIOBase64' in project 'swift-nio'
➜ Explicit dependency on target 'CNIOFreeBSD' in project 'swift-nio'
➜ Explicit dependency on target 'CNIOWASI' in project 'swift-nio'
➜ Explicit dependency on target '_NIODataStructures' in project 'swift-nio'
➜ Explicit dependency on target 'NIOCore' in project 'swift-nio'
➜ Explicit dependency on target 'CNIOPosix' in project 'swift-nio'
➜ Explicit dependency on target 'DequeModule-product' in project 'swift-collections'
➜ Explicit dependency on target 'Atomics-product' in project 'swift-atomics'
Target 'NIOPosix' in project 'swift-nio'
➜ Explicit dependency on target 'swift-nio_NIOPosix' in project 'swift-nio'
➜ Explicit dependency on target 'CNIOOpenBSD' in project 'swift-nio'
➜ Explicit dependency on target 'CNIOLinux' in project 'swift-nio'
➜ Explicit dependency on target 'CNIODarwin' in project 'swift-nio'
➜ Explicit dependency on target 'CNIOWindows' in project 'swift-nio'
➜ Explicit dependency on target 'CNIOAtomics' in project 'swift-nio'
➜ Explicit dependency on target 'NIOConcurrencyHelpers' in project 'swift-nio'
➜ Explicit dependency on target '_NIOBase64' in project 'swift-nio'
➜ Explicit dependency on target 'CNIOFreeBSD' in project 'swift-nio'
➜ Explicit dependency on target 'CNIOWASI' in project 'swift-nio'
➜ Explicit dependency on target '_NIODataStructures' in project 'swift-nio'
➜ Explicit dependency on target 'NIOCore' in project 'swift-nio'
➜ Explicit dependency on target 'CNIOPosix' in project 'swift-nio'
➜ Explicit dependency on target 'DequeModule-product' in project 'swift-collections'
➜ Explicit dependency on target 'Atomics-product' in project 'swift-atomics'
Target 'CNIOPosix' in project 'swift-nio' (no dependencies)
Target 'swift-nio_NIOPosix' in project 'swift-nio' (no dependencies)
Target 'NIOCore-product' in project 'swift-nio'
➜ Explicit dependency on target 'NIOCore' in project 'swift-nio'
➜ Explicit dependency on target 'CNIOAtomics' in project 'swift-nio'
➜ Explicit dependency on target 'NIOConcurrencyHelpers' in project 'swift-nio'
➜ Explicit dependency on target '_NIOBase64' in project 'swift-nio'
➜ Explicit dependency on target 'CNIOOpenBSD' in project 'swift-nio'
➜ Explicit dependency on target 'CNIOFreeBSD' in project 'swift-nio'
➜ Explicit dependency on target 'CNIODarwin' in project 'swift-nio'
➜ Explicit dependency on target 'CNIOLinux' in project 'swift-nio'
➜ Explicit dependency on target 'CNIOWindows' in project 'swift-nio'
➜ Explicit dependency on target 'CNIOWASI' in project 'swift-nio'
➜ Explicit dependency on target '_NIODataStructures' in project 'swift-nio'
➜ Explicit dependency on target 'DequeModule-product' in project 'swift-collections'
➜ Explicit dependency on target 'Atomics-product' in project 'swift-atomics'
Target 'NIOCore' in project 'swift-nio'
➜ Explicit dependency on target 'CNIOAtomics' in project 'swift-nio'
➜ Explicit dependency on target 'NIOConcurrencyHelpers' in project 'swift-nio'
➜ Explicit dependency on target '_NIOBase64' in project 'swift-nio'
➜ Explicit dependency on target 'CNIOOpenBSD' in project 'swift-nio'
➜ Explicit dependency on target 'CNIOFreeBSD' in project 'swift-nio'
➜ Explicit dependency on target 'CNIODarwin' in project 'swift-nio'
➜ Explicit dependency on target 'CNIOLinux' in project 'swift-nio'
➜ Explicit dependency on target 'CNIOWindows' in project 'swift-nio'
➜ Explicit dependency on target 'CNIOWASI' in project 'swift-nio'
➜ Explicit dependency on target '_NIODataStructures' in project 'swift-nio'
➜ Explicit dependency on target 'DequeModule-product' in project 'swift-collections'
➜ Explicit dependency on target 'Atomics-product' in project 'swift-atomics'
Target 'Atomics-product' in project 'swift-atomics'
➜ Explicit dependency on target 'Atomics' in project 'swift-atomics'
➜ Explicit dependency on target '_AtomicsShims' in project 'swift-atomics'
Target 'Atomics' in project 'swift-atomics'
➜ Explicit dependency on target '_AtomicsShims' in project 'swift-atomics'
Target '_AtomicsShims' in project 'swift-atomics' (no dependencies)
Target 'DequeModule-product' in project 'swift-collections'
➜ Explicit dependency on target 'DequeModule' in project 'swift-collections'
➜ Explicit dependency on target 'InternalCollectionsUtilities' in project 'swift-collections'
➜ Explicit dependency on target 'ContainersPreview' in project 'swift-collections'
Target 'DequeModule' in project 'swift-collections'
➜ Explicit dependency on target 'InternalCollectionsUtilities' in project 'swift-collections'
➜ Explicit dependency on target 'ContainersPreview' in project 'swift-collections'
Target 'ContainersPreview' in project 'swift-collections'
➜ Explicit dependency on target 'InternalCollectionsUtilities' in project 'swift-collections'
Target 'InternalCollectionsUtilities' in project 'swift-collections' (no dependencies)
Target '_NIODataStructures' in project 'swift-nio' (no dependencies)
Target 'CNIOWASI' in project 'swift-nio' (no dependencies)
Target 'CNIOWindows' in project 'swift-nio' (no dependencies)
Target 'CNIOLinux' in project 'swift-nio' (no dependencies)
Target 'CNIODarwin' in project 'swift-nio' (no dependencies)
Target 'CNIOFreeBSD' in project 'swift-nio' (no dependencies)
Target 'CNIOOpenBSD' in project 'swift-nio' (no dependencies)
Target '_NIOBase64' in project 'swift-nio' (no dependencies)
Target 'NIOConcurrencyHelpers' in project 'swift-nio'
➜ Explicit dependency on target 'CNIOAtomics' in project 'swift-nio'
Target 'CNIOAtomics' in project 'swift-nio' (no dependencies)
Target 'ArgumentParser-product' in project 'swift-argument-parser'
➜ Explicit dependency on target 'ArgumentParser' in project 'swift-argument-parser'
➜ Explicit dependency on target 'ArgumentParserToolInfo' in project 'swift-argument-parser'
Target 'ArgumentParser' in project 'swift-argument-parser'
➜ Explicit dependency on target 'ArgumentParserToolInfo' in project 'swift-argument-parser'
Target 'ArgumentParserToolInfo' in project 'swift-argument-parser' (no dependencies)
GatherProvisioningInputs
CreateBuildDescription
ClangStatCache /Applications/Xcode-27.0.0-Release.Candidate.app/Contents/Developer/Toolchains/XcodeDefault.xctoolchain/usr/bin/clang-stat-cache /Applications/Xcode-27.0.0-Release.Candidate.app/Contents/Developer/Platforms/iPhoneOS.platform/Developer/SDKs/iPhoneOS27.0.sdk /Users/admin/builder/spi-builder-workspace/.derivedData/SDKStatCaches.noindex/iphoneos27.0-24A430-e829b21a6f8c9b70876ba0858053c04440ceaa042ed91876912b2eeea4e3aa14.sdkstatcache
cd /Users/admin/builder/spi-builder-workspace/.swiftpm/xcode
/Applications/Xcode-27.0.0-Release.Candidate.app/Contents/Developer/Toolchains/XcodeDefault.xctoolchain/usr/bin/clang-stat-cache /Applications/Xcode-27.0.0-Release.Candidate.app/Contents/Developer/Platforms/iPhoneOS.platform/Developer/SDKs/iPhoneOS27.0.sdk -o /Users/admin/builder/spi-builder-workspace/.derivedData/SDKStatCaches.noindex/iphoneos27.0-24A430-e829b21a6f8c9b70876ba0858053c04440ceaa042ed91876912b2eeea4e3aa14.sdkstatcache
SwiftDriver Ohje normal arm64 com.apple.xcode.tools.swift.compiler (in target 'Ohje-product' from project 'ohje')
cd /Users/admin/builder/spi-builder-workspace/.swiftpm/xcode
builtin-SwiftDriver -- /Applications/Xcode-27.0.0-Release.Candidate.app/Contents/Developer/Toolchains/XcodeDefault.xctoolchain/usr/bin/swiftc -parse-as-library -module-name Ohje -Onone @/Users/admin/builder/spi-builder-workspace/.derivedData/Build/Intermediates.noindex/ohje.build/Debug-iphoneos/Ohje-p.build/Objects-normal/arm64/Ohje.SwiftFileList -DSWIFT_PACKAGE -DDEBUG -Xcc -fmodule-map-file\=/Users/admin/builder/spi-builder-workspace/.derivedData/Build/Intermediates.noindex/GeneratedModuleMaps-iphoneos/CNIOLLHTTP.modulemap -Xcc -fmodule-map-file\=/Users/admin/builder/spi-builder-workspace/.dependencies/checkouts/swift-atomics/Sources/_AtomicsShims/include/module.modulemap -Xcc -fmodule-map-file\=/Users/admin/builder/spi-builder-workspace/.derivedData/Build/Intermediates.noindex/GeneratedModuleMaps-iphoneos/CNIOPosix.modulemap -Xcc -fmodule-map-file\=/Users/admin/builder/spi-builder-workspace/.derivedData/Build/Intermediates.noindex/GeneratedModuleMaps-iphoneos/CNIOWASI.modulemap -Xcc -fmodule-map-file\=/Users/admin/builder/spi-builder-workspace/.dependencies/checkouts/swift-nio/Sources/CNIOWindows/include/module.modulemap -Xcc -fmodule-map-file\=/Users/admin/builder/spi-builder-workspace/.derivedData/Build/Intermediates.noindex/GeneratedModuleMaps-iphoneos/CNIOLinux.modulemap -Xcc -fmodule-map-file\=/Users/admin/builder/spi-builder-workspace/.derivedData/Build/Intermediates.noindex/GeneratedModuleMaps-iphoneos/CNIODarwin.modulemap -Xcc -fmodule-map-file\=/Users/admin/builder/spi-builder-workspace/.derivedData/Build/Intermediates.noindex/GeneratedModuleMaps-iphoneos/CNIOFreeBSD.modulemap -Xcc -fmodule-map-file\=/Users/admin/builder/spi-builder-workspace/.derivedData/Build/Intermediates.noindex/GeneratedModuleMaps-iphoneos/CNIOOpenBSD.modulemap -Xcc -fmodule-map-file\=/Users/admin/builder/spi-builder-workspace/.derivedData/Build/Intermediates.noindex/GeneratedModuleMaps-iphoneos/CNIOAtomics.modulemap -Xcc -fmodule-map-file\=/Users/admin/builder/spi-builder-workspace/.derivedData/Build/Intermediates.noindex/GeneratedModuleMaps-iphoneos/CNIOBoringSSLShims.modulemap -Xcc -fmodule-map-file\=/Users/admin/builder/spi-builder-workspace/.dependencies/checkouts/swift-nio-ssl/Sources/CNIOBoringSSL/include/module.modulemap -Xcc -fmodule-map-file\=/Users/admin/builder/spi-builder-workspace/.dependencies/checkouts/swift-numerics/Sources/_NumericsShims/include/module.modulemap -DXcode -enable-upcoming-feature BareSlashRegexLiterals -plugin-path /Applications/Xcode-27.0.0-Release.Candidate.app/Contents/Developer/Toolchains/XcodeDefault.xctoolchain/usr/lib/swift/host/plugins/testing -enable-experimental-feature DebugDescriptionMacro -sdk /Applications/Xcode-27.0.0-Release.Candidate.app/Contents/Developer/Platforms/iPhoneOS.platform/Developer/SDKs/iPhoneOS27.0.sdk -target arm64-apple-ios15.0 -g -module-cache-path /Users/admin/builder/spi-builder-workspace/.derivedData/ModuleCache.noindex -Xfrontend -serialize-debugging-options -profile-coverage-mapping -profile-generate -enable-testing -index-store-path /Users/admin/builder/spi-builder-workspace/.derivedData/Index.noindex/DataStore -Xcc -D_LIBCPP_HARDENING_MODE\=_LIBCPP_HARDENING_MODE_DEBUG -swift-version 5 -I /Users/admin/builder/spi-builder-workspace/.derivedData/Build/Products/Debug-iphoneos -Isystem /Applications/Xcode-27.0.0-Release.Candidate.app/Contents/Developer/Platforms/iPhoneOS.platform/Developer/usr/lib -F /Users/admin/builder/spi-builder-workspace/.derivedData/Build/Products/Debug-iphoneos/PackageFrameworks -F /Users/admin/builder/spi-builder-workspace/.derivedData/Build/Products/Debug-iphoneos -F /Applications/Xcode-27.0.0-Release.Candidate.app/Contents/Developer/Platforms/iPhoneOS.platform/Developer/Library/Frameworks -F /Applications/Xcode-27.0.0-Release.Candidate.app/Contents/Developer/Platforms/iPhoneOS.platform/Developer/SDKs/iPhoneOS27.0.sdk/Developer/Library/Frameworks -c -j10 -enable-batch-mode -incremental -Xcc -ivfsstatcache -Xcc /Users/admin/builder/spi-builder-workspace/.derivedData/SDKStatCaches.noindex/iphoneos27.0-24A430-e829b21a6f8c9b70876ba0858053c04440ceaa042ed91876912b2eeea4e3aa14.sdkstatcache -output-file-map /Users/admin/builder/spi-builder-workspace/.derivedData/Build/Intermediates.noindex/ohje.build/Debug-iphoneos/Ohje-p.build/Objects-normal/arm64/Ohje-OutputFileMap.json -save-temps -no-color-diagnostics -explicit-module-build -module-cache-path /Users/admin/builder/spi-builder-workspace/.derivedData/Build/Intermediates.noindex/SwiftExplicitPrecompiledModules -clang-scanner-module-cache-path /Users/admin/builder/spi-builder-workspace/.derivedData/ModuleCache.noindex -sdk-module-cache-path /Users/admin/builder/spi-builder-workspace/.derivedData/SDKExplicitPrecompiledModules -emit-dependencies -emit-module -emit-module-path /Users/admin/builder/spi-builder-workspace/.derivedData/Build/Intermediates.noindex/ohje.build/Debug-iphoneos/Ohje-p.build/Objects-normal/arm64/Ohje.swiftmodule -serialize-diagnostics -dependency-scan-serialize-diagnostics-path /Users/admin/builder/spi-builder-workspace/.derivedData/Build/Intermediates.noindex/ohje.build/Debug-iphoneos/Ohje-p.build/Objects-normal/arm64/Ohje-dependency-scan.dia -validate-clang-modules-once -clang-build-session-file /Users/admin/builder/spi-builder-workspace/.derivedData/ModuleCache.noindex/Session.modulevalidation -Xcc -fmodules-prune-interval\=86400 -Xcc -fmodules-prune-after\=345600 -package-name spi_builder_workspace -emit-const-values -const-gather-protocols-list /Users/admin/builder/spi-builder-workspace/.derivedData/Build/Intermediates.noindex/ohje.build/Debug-iphoneos/Ohje-p.build/Objects-normal/arm64/Ohje_const_extract_protocols.json -Xcc -I/Users/admin/builder/spi-builder-workspace/.dependencies/checkouts/swift-nio/Sources/CNIOLLHTTP/include -Xcc -I/Users/admin/builder/spi-builder-workspace/.dependencies/checkouts/swift-atomics/Sources/_AtomicsShims/include -Xcc -I/Users/admin/builder/spi-builder-workspace/.dependencies/checkouts/swift-nio/Sources/CNIOPosix/include -Xcc -I/Users/admin/builder/spi-builder-workspace/.dependencies/checkouts/swift-nio/Sources/CNIOWASI/include -Xcc -I/Users/admin/builder/spi-builder-workspace/.dependencies/checkouts/swift-nio/Sources/CNIOWindows/include -Xcc -I/Users/admin/builder/spi-builder-workspace/.dependencies/checkouts/swift-nio/Sources/CNIOLinux/include -Xcc -I/Users/admin/builder/spi-builder-workspace/.dependencies/checkouts/swift-nio/Sources/CNIODarwin/include -Xcc -I/Users/admin/builder/spi-builder-workspace/.dependencies/checkouts/swift-nio/Sources/CNIOFreeBSD/include -Xcc -I/Users/admin/builder/spi-builder-workspace/.dependencies/checkouts/swift-nio/Sources/CNIOOpenBSD/include -Xcc -I/Users/admin/builder/spi-builder-workspace/.dependencies/checkouts/swift-nio/Sources/CNIOAtomics/include -Xcc -I/Users/admin/builder/spi-builder-workspace/.dependencies/checkouts/swift-nio-ssl/Sources/CNIOBoringSSLShims/include -Xcc -I/Users/admin/builder/spi-builder-workspace/.dependencies/checkouts/swift-nio-ssl/Sources/CNIOBoringSSL/include -Xcc -I/Users/admin/builder/spi-builder-workspace/.dependencies/checkouts/swift-numerics/Sources/_NumericsShims/include -Xcc -I/Users/admin/builder/spi-builder-workspace/.derivedData/Build/Products/Debug-iphoneos/include -Xcc -I/Users/admin/builder/spi-builder-workspace/.derivedData/Build/Intermediates.noindex/ohje.build/Debug-iphoneos/Ohje-p.build/DerivedSources-normal/arm64 -Xcc -I/Users/admin/builder/spi-builder-workspace/.derivedData/Build/Intermediates.noindex/ohje.build/Debug-iphoneos/Ohje-p.build/DerivedSources/arm64 -Xcc -I/Users/admin/builder/spi-builder-workspace/.derivedData/Build/Intermediates.noindex/ohje.build/Debug-iphoneos/Ohje-p.build/DerivedSources -Xcc -DSWIFT_PACKAGE -Xcc -DDEBUG\=1 -working-directory /Users/admin/builder/spi-builder-workspace/.swiftpm/xcode -experimental-emit-module-separately -disable-cmo
SwiftDriver NIOHTTP2 normal arm64 com.apple.xcode.tools.swift.compiler (in target 'NIOHTTP2' from project 'swift-nio-http2')
cd /Users/admin/builder/spi-builder-workspace/.swiftpm/xcode
builtin-SwiftDriver -- /Applications/Xcode-27.0.0-Release.Candidate.app/Contents/Developer/Toolchains/XcodeDefault.xctoolchain/usr/bin/swiftc -parse-as-library -module-name NIOHTTP2 -Onone @/Users/admin/builder/spi-builder-workspace/.derivedData/Build/Intermediates.noindex/swift-nio-http2.build/Debug-iphoneos/NIOHTTP2-t.build/Objects-normal/arm64/NIOHTTP2.SwiftFileList -DSWIFT_PACKAGE -DDEBUG -DSWIFT_MODULE_RESOURCE_BUNDLE_UNAVAILABLE -Xcc -fmodule-map-file\=/Users/admin/builder/spi-builder-workspace/.derivedData/Build/Intermediates.noindex/GeneratedModuleMaps-iphoneos/CNIOLLHTTP.modulemap -Xcc -fmodule-map-file\=/Users/admin/builder/spi-builder-workspace/.derivedData/Build/Intermediates.noindex/GeneratedModuleMaps-iphoneos/CNIOPosix.modulemap -Xcc -fmodule-map-file\=/Users/admin/builder/spi-builder-workspace/.derivedData/Build/Intermediates.noindex/GeneratedModuleMaps-iphoneos/CNIOWASI.modulemap -Xcc -fmodule-map-file\=/Users/admin/builder/spi-builder-workspace/.dependencies/checkouts/swift-nio/Sources/CNIOWindows/include/module.modulemap -Xcc -fmodule-map-file\=/Users/admin/builder/spi-builder-workspace/.derivedData/Build/Intermediates.noindex/GeneratedModuleMaps-iphoneos/CNIOLinux.modulemap -Xcc -fmodule-map-file\=/Users/admin/builder/spi-builder-workspace/.derivedData/Build/Intermediates.noindex/GeneratedModuleMaps-iphoneos/CNIODarwin.modulemap -Xcc -fmodule-map-file\=/Users/admin/builder/spi-builder-workspace/.derivedData/Build/Intermediates.noindex/GeneratedModuleMaps-iphoneos/CNIOFreeBSD.modulemap -Xcc -fmodule-map-file\=/Users/admin/builder/spi-builder-workspace/.derivedData/Build/Intermediates.noindex/GeneratedModuleMaps-iphoneos/CNIOOpenBSD.modulemap -Xcc -fmodule-map-file\=/Users/admin/builder/spi-builder-workspace/.derivedData/Build/Intermediates.noindex/GeneratedModuleMaps-iphoneos/CNIOAtomics.modulemap -Xcc -fmodule-map-file\=/Users/admin/builder/spi-builder-workspace/.dependencies/checkouts/swift-atomics/Sources/_AtomicsShims/include/module.modulemap -DXcode -enable-upcoming-feature MemberImportVisibility -plugin-path /Applications/Xcode-27.0.0-Release.Candidate.app/Contents/Developer/Toolchains/XcodeDefault.xctoolchain/usr/lib/swift/host/plugins/testing -enable-experimental-feature DebugDescriptionMacro -sdk /Applications/Xcode-27.0.0-Release.Candidate.app/Contents/Developer/Platforms/iPhoneOS.platform/Developer/SDKs/iPhoneOS27.0.sdk -target arm64-apple-ios15.0 -g -module-cache-path /Users/admin/builder/spi-builder-workspace/.derivedData/ModuleCache.noindex -Xfrontend -serialize-debugging-options -profile-coverage-mapping -profile-generate -enable-testing -suppress-warnings -index-store-path /Users/admin/builder/spi-builder-workspace/.derivedData/Index.noindex/DataStore -Xcc -D_LIBCPP_HARDENING_MODE\=_LIBCPP_HARDENING_MODE_DEBUG -swift-version 6 -I /Users/admin/builder/spi-builder-workspace/.derivedData/Build/Products/Debug-iphoneos -Isystem /Applications/Xcode-27.0.0-Release.Candidate.app/Contents/Developer/Platforms/iPhoneOS.platform/Developer/usr/lib -F /Users/admin/builder/spi-builder-workspace/.derivedData/Build/Products/Debug-iphoneos/PackageFrameworks -F /Users/admin/builder/spi-builder-workspace/.derivedData/Build/Products/Debug-iphoneos -F /Applications/Xcode-27.0.0-Release.Candidate.app/Contents/Developer/Platforms/iPhoneOS.platform/Developer/Library/Frameworks -F /Applications/Xcode-27.0.0-Release.Candidate.app/Contents/Developer/Platforms/iPhoneOS.platform/Developer/SDKs/iPhoneOS27.0.sdk/Developer/Library/Frameworks -c -j10 -enable-batch-mode -incremental -Xcc -ivfsstatcache -Xcc /Users/admin/builder/spi-builder-workspace/.derivedData/SDKStatCaches.noindex/iphoneos27.0-24A430-e829b21a6f8c9b70876ba0858053c04440ceaa042ed91876912b2eeea4e3aa14.sdkstatcache -output-file-map /Users/admin/builder/spi-builder-workspace/.derivedData/Build/Intermediates.noindex/swift-nio-http2.build/Debug-iphoneos/NIOHTTP2-t.build/Objects-normal/arm64/NIOHTTP2-OutputFileMap.json -save-temps -no-color-diagnostics -explicit-module-build -module-cache-path /Users/admin/builder/spi-builder-workspace/.derivedData/Build/Intermediates.noindex/SwiftExplicitPrecompiledModules -clang-scanner-module-cache-path /Users/admin/builder/spi-builder-workspace/.derivedData/ModuleCache.noindex -sdk-module-cache-path /Users/admin/builder/spi-builder-workspace/.derivedData/SDKExplicitPrecompiledModules -emit-dependencies -emit-module -emit-module-path /Users/admin/builder/spi-builder-workspace/.derivedData/Build/Intermediates.noindex/swift-nio-http2.build/Debug-iphoneos/NIOHTTP2-t.build/Objects-normal/arm64/NIOHTTP2.swiftmodule -serialize-diagnostics -dependency-scan-serialize-diagnostics-path /Users/admin/builder/spi-builder-workspace/.derivedData/Build/Intermediates.noindex/swift-nio-http2.build/Debug-iphoneos/NIOHTTP2-t.build/Objects-normal/arm64/NIOHTTP2-dependency-scan.dia -user-module-version 1.46.0 -validate-clang-modules-once -clang-build-session-file /Users/admin/builder/spi-builder-workspace/.derivedData/ModuleCache.noindex/Session.modulevalidation -Xcc -fmodules-prune-interval\=86400 -Xcc -fmodules-prune-after\=345600 -package-name swift_nio_http2 -emit-const-values -const-gather-protocols-list /Users/admin/builder/spi-builder-workspace/.derivedData/Build/Intermediates.noindex/swift-nio-http2.build/Debug-iphoneos/NIOHTTP2-t.build/Objects-normal/arm64/NIOHTTP2_const_extract_protocols.json -Xcc -I/Users/admin/builder/spi-builder-workspace/.dependencies/checkouts/swift-nio/Sources/CNIOLLHTTP/include -Xcc -I/Users/admin/builder/spi-builder-workspace/.dependencies/checkouts/swift-nio/Sources/CNIOPosix/include -Xcc -I/Users/admin/builder/spi-builder-workspace/.dependencies/checkouts/swift-nio/Sources/CNIOWASI/include -Xcc -I/Users/admin/builder/spi-builder-workspace/.dependencies/checkouts/swift-nio/Sources/CNIOWindows/include -Xcc -I/Users/admin/builder/spi-builder-workspace/.dependencies/checkouts/swift-nio/Sources/CNIOLinux/include -Xcc -I/Users/admin/builder/spi-builder-workspace/.dependencies/checkouts/swift-nio/Sources/CNIODarwin/include -Xcc -I/Users/admin/builder/spi-builder-workspace/.dependencies/checkouts/swift-nio/Sources/CNIOFreeBSD/include -Xcc -I/Users/admin/builder/spi-builder-workspace/.dependencies/checkouts/swift-nio/Sources/CNIOOpenBSD/include -Xcc -I/Users/admin/builder/spi-builder-workspace/.dependencies/checkouts/swift-nio/Sources/CNIOAtomics/include -Xcc -I/Users/admin/builder/spi-builder-workspace/.dependencies/checkouts/swift-atomics/Sources/_AtomicsShims/include -Xcc -I/Users/admin/builder/spi-builder-workspace/.derivedData/Build/Products/Debug-iphoneos/include -Xcc -I/Users/admin/builder/spi-builder-workspace/.derivedData/Build/Intermediates.noindex/swift-nio-http2.build/Debug-iphoneos/NIOHTTP2-t.build/DerivedSources-normal/arm64 -Xcc -I/Users/admin/builder/spi-builder-workspace/.derivedData/Build/Intermediates.noindex/swift-nio-http2.build/Debug-iphoneos/NIOHTTP2-t.build/DerivedSources/arm64 -Xcc -I/Users/admin/builder/spi-builder-workspace/.derivedData/Build/Intermediates.noindex/swift-nio-http2.build/Debug-iphoneos/NIOHTTP2-t.build/DerivedSources -Xcc -DSWIFT_PACKAGE -Xcc -DDEBUG\=1 -emit-objc-header -emit-objc-header-path /Users/admin/builder/spi-builder-workspace/.derivedData/Build/Intermediates.noindex/swift-nio-http2.build/Debug-iphoneos/NIOHTTP2-t.build/Objects-normal/arm64/NIOHTTP2-Swift.h -working-directory /Users/admin/builder/spi-builder-workspace/.swiftpm/xcode -experimental-emit-module-separately -disable-cmo
SwiftCompile normal arm64 Compiling\ AsyncTimerSequence.swift /Users/admin/builder/spi-builder-workspace/Sources/AsyncTimerSequence.swift (in target 'Ohje-product' from project 'ohje')
SwiftCompile normal arm64 /Users/admin/builder/spi-builder-workspace/Sources/AsyncTimerSequence.swift (in target 'Ohje-product' from project 'ohje')
cd /Users/admin/builder/spi-builder-workspace/.swiftpm/xcode
builtin-SwiftPerFileCompile AsyncTimerSequence.swift
SwiftCompile normal arm64 Compiling\ ConnectionTarget.swift /Users/admin/builder/spi-builder-workspace/Sources/ConnectionTarget.swift (in target 'Ohje-product' from project 'ohje')
SwiftCompile normal arm64 /Users/admin/builder/spi-builder-workspace/Sources/ConnectionTarget.swift (in target 'Ohje-product' from project 'ohje')
cd /Users/admin/builder/spi-builder-workspace/.swiftpm/xcode
builtin-SwiftPerFileCompile ConnectionTarget.swift
SwiftCompile normal arm64 Compiling\ App.swift /Users/admin/builder/spi-builder-workspace/Sources/App.swift (in target 'Ohje-product' from project 'ohje')
SwiftCompile normal arm64 /Users/admin/builder/spi-builder-workspace/Sources/App.swift (in target 'Ohje-product' from project 'ohje')
cd /Users/admin/builder/spi-builder-workspace/.swiftpm/xcode
builtin-SwiftPerFileCompile App.swift
/Users/admin/builder/spi-builder-workspace/Sources/App.swift:48:21: error: 'ContinuousClock' is only available in iOS 16.0 or newer
4 |
5 | @main
6 | struct App: AsyncParsableCommand, Arguments {
| `- note: add '@available' attribute to enclosing struct
7 | @Option(name: .long, help: "Number of cpu threads to be used.")
8 | var threads: Int = 2
:
44 | var out: String?
45 |
46 | mutating func run() async throws {
| `- note: add '@available' attribute to enclosing instance method
47 | let eventLoopGroup = MultiThreadedEventLoopGroup(numberOfThreads: threads)
48 | let clock = ContinuousClock()
| |- error: 'ContinuousClock' is only available in iOS 16.0 or newer
| `- note: add 'if #available' version check
49 |
50 | print("Running \(duration)s benchmark @ \(url)")
/Users/admin/builder/spi-builder-workspace/Sources/App.swift:52:27: error: 'now' is only available in iOS 16.0 or newer
4 |
5 | @main
6 | struct App: AsyncParsableCommand, Arguments {
| `- note: add '@available' attribute to enclosing struct
7 | @Option(name: .long, help: "Number of cpu threads to be used.")
8 | var threads: Int = 2
:
44 | var out: String?
45 |
46 | mutating func run() async throws {
| `- note: add '@available' attribute to enclosing instance method
47 | let eventLoopGroup = MultiThreadedEventLoopGroup(numberOfThreads: threads)
48 | let clock = ContinuousClock()
:
50 | print("Running \(duration)s benchmark @ \(url)")
51 | print(" \(threads) threads and \(concurrency) connections")
52 | let start = clock.now
| |- error: 'now' is only available in iOS 16.0 or newer
| `- note: add 'if #available' version check
53 | let end = start.advanced(by: .seconds(duration))
54 |
/Users/admin/builder/spi-builder-workspace/Sources/App.swift:53:25: error: 'advanced(by:)' is only available in iOS 16.0 or newer
4 |
5 | @main
6 | struct App: AsyncParsableCommand, Arguments {
| `- note: add '@available' attribute to enclosing struct
7 | @Option(name: .long, help: "Number of cpu threads to be used.")
8 | var threads: Int = 2
:
44 | var out: String?
45 |
46 | mutating func run() async throws {
| `- note: add '@available' attribute to enclosing instance method
47 | let eventLoopGroup = MultiThreadedEventLoopGroup(numberOfThreads: threads)
48 | let clock = ContinuousClock()
:
51 | print(" \(threads) threads and \(concurrency) connections")
52 | let start = clock.now
53 | let end = start.advanced(by: .seconds(duration))
| |- error: 'advanced(by:)' is only available in iOS 16.0 or newer
| `- note: add 'if #available' version check
54 |
55 | let runner = try BenchmarkRunner(
/Users/admin/builder/spi-builder-workspace/Sources/App.swift:53:39: error: 'seconds' is only available in iOS 16.0 or newer
4 |
5 | @main
6 | struct App: AsyncParsableCommand, Arguments {
| `- note: add '@available' attribute to enclosing struct
7 | @Option(name: .long, help: "Number of cpu threads to be used.")
8 | var threads: Int = 2
:
44 | var out: String?
45 |
46 | mutating func run() async throws {
| `- note: add '@available' attribute to enclosing instance method
47 | let eventLoopGroup = MultiThreadedEventLoopGroup(numberOfThreads: threads)
48 | let clock = ContinuousClock()
:
51 | print(" \(threads) threads and \(concurrency) connections")
52 | let start = clock.now
53 | let end = start.advanced(by: .seconds(duration))
| |- error: 'seconds' is only available in iOS 16.0 or newer
| `- note: add 'if #available' version check
54 |
55 | let runner = try BenchmarkRunner(
/Users/admin/builder/spi-builder-workspace/Sources/App.swift:55:26: warning: conformance of 'ContinuousClock' to 'Clock' is only available in iOS 16.0 or newer; this is an error in the Swift 6 language mode
4 |
5 | @main
6 | struct App: AsyncParsableCommand, Arguments {
| `- note: add '@available' attribute to enclosing struct
7 | @Option(name: .long, help: "Number of cpu threads to be used.")
8 | var threads: Int = 2
:
44 | var out: String?
45 |
46 | mutating func run() async throws {
| `- note: add '@available' attribute to enclosing instance method
47 | let eventLoopGroup = MultiThreadedEventLoopGroup(numberOfThreads: threads)
48 | let clock = ContinuousClock()
:
53 | let end = start.advanced(by: .seconds(duration))
54 |
55 | let runner = try BenchmarkRunner(
| |- warning: conformance of 'ContinuousClock' to 'Clock' is only available in iOS 16.0 or newer; this is an error in the Swift 6 language mode
| `- note: add 'if #available' version check
56 | self,
57 | clock: clock,
/Users/admin/builder/spi-builder-workspace/Sources/App.swift:55:26: warning: conformance of 'ContinuousClock' to 'Clock' is only available in iOS 16.0 or newer; this is an error in the Swift 6 language mode
4 |
5 | @main
6 | struct App: AsyncParsableCommand, Arguments {
| `- note: add '@available' attribute to enclosing struct
7 | @Option(name: .long, help: "Number of cpu threads to be used.")
8 | var threads: Int = 2
:
44 | var out: String?
45 |
46 | mutating func run() async throws {
| `- note: add '@available' attribute to enclosing instance method
47 | let eventLoopGroup = MultiThreadedEventLoopGroup(numberOfThreads: threads)
48 | let clock = ContinuousClock()
:
53 | let end = start.advanced(by: .seconds(duration))
54 |
55 | let runner = try BenchmarkRunner(
| |- warning: conformance of 'ContinuousClock' to 'Clock' is only available in iOS 16.0 or newer; this is an error in the Swift 6 language mode
| `- note: add 'if #available' version check
56 | self,
57 | clock: clock,
/Users/admin/builder/spi-builder-workspace/Sources/App.swift:55:13: warning: conformance of 'ContinuousClock' to 'Clock' is only available in iOS 16.0 or newer; this is an error in the Swift 6 language mode
4 |
5 | @main
6 | struct App: AsyncParsableCommand, Arguments {
| `- note: add '@available' attribute to enclosing struct
7 | @Option(name: .long, help: "Number of cpu threads to be used.")
8 | var threads: Int = 2
:
44 | var out: String?
45 |
46 | mutating func run() async throws {
| `- note: add '@available' attribute to enclosing instance method
47 | let eventLoopGroup = MultiThreadedEventLoopGroup(numberOfThreads: threads)
48 | let clock = ContinuousClock()
:
53 | let end = start.advanced(by: .seconds(duration))
54 |
55 | let runner = try BenchmarkRunner(
| |- warning: conformance of 'ContinuousClock' to 'Clock' is only available in iOS 16.0 or newer; this is an error in the Swift 6 language mode
| `- note: add 'if #available' version check
56 | self,
57 | clock: clock,
/Users/admin/builder/spi-builder-workspace/Sources/App.swift:62:39: warning: conformance of 'ContinuousClock' to 'Clock' is only available in iOS 16.0 or newer; this is an error in the Swift 6 language mode
4 |
5 | @main
6 | struct App: AsyncParsableCommand, Arguments {
| `- note: add '@available' attribute to enclosing struct
7 | @Option(name: .long, help: "Number of cpu threads to be used.")
8 | var threads: Int = 2
:
44 | var out: String?
45 |
46 | mutating func run() async throws {
| `- note: add '@available' attribute to enclosing instance method
47 | let eventLoopGroup = MultiThreadedEventLoopGroup(numberOfThreads: threads)
48 | let clock = ContinuousClock()
:
60 | on: eventLoopGroup
61 | )
62 | let result = try await runner.run()
| |- warning: conformance of 'ContinuousClock' to 'Clock' is only available in iOS 16.0 or newer; this is an error in the Swift 6 language mode
| `- note: add 'if #available' version check
63 | try await runner.shutdown()
64 |
SwiftCompile normal arm64 Compiling\ BenchmarkRunner.swift /Users/admin/builder/spi-builder-workspace/Sources/BenchmarkRunner.swift (in target 'Ohje-product' from project 'ohje')
/Users/admin/builder/spi-builder-workspace/Sources/BenchmarkRunner.swift:23:19: error: 'Duration' is only available in iOS 16.0 or newer
20 | }
21 |
22 | struct BenchmarkResult {
| `- note: add '@available' attribute to enclosing struct
23 | let duration: Duration
| `- error: 'Duration' is only available in iOS 16.0 or newer
24 | let total: UInt64
25 | let connectErrors: UInt64
/Users/admin/builder/spi-builder-workspace/Sources/BenchmarkRunner.swift:37:44: error: 'Clock' is only available in iOS 16.0 or newer
35 | }
36 |
37 | struct BenchmarkRunner<Clock: _Concurrency.Clock> where Clock.Duration == Duration {
| | `- error: 'Clock' is only available in iOS 16.0 or newer
| `- note: add '@available' attribute to enclosing generic struct
38 | private let args: Arguments
39 | private let target: ConnectionTarget
/Users/admin/builder/spi-builder-workspace/Sources/BenchmarkRunner.swift:37:75: error: 'Duration' is only available in iOS 16.0 or newer
35 | }
36 |
37 | struct BenchmarkRunner<Clock: _Concurrency.Clock> where Clock.Duration == Duration {
| | `- error: 'Duration' is only available in iOS 16.0 or newer
| `- note: add '@available' attribute to enclosing generic struct
38 | private let args: Arguments
39 | private let target: ConnectionTarget
/Users/admin/builder/spi-builder-workspace/Sources/BenchmarkRunner.swift:221:77: error: 'DiscardingTaskGroup' is only available in iOS 17.0 or newer
217 | // MARK: Constant Concurrency
218 |
219 | extension BenchmarkRunner {
| `- note: add '@available' attribute to enclosing extension
220 |
221 | private func runConstantConcurrency(head: HTTPRequestHead, group: inout DiscardingTaskGroup) async {
| | `- error: 'DiscardingTaskGroup' is only available in iOS 17.0 or newer
| `- note: add '@available' attribute to enclosing instance method
222 | if args.http2 {
223 | do {
/Users/admin/builder/spi-builder-workspace/Sources/BenchmarkRunner.swift:285:76: error: 'DiscardingTaskGroup' is only available in iOS 17.0 or newer
281 | // MARK: Constant Throughput
282 |
283 | extension BenchmarkRunner {
| `- note: add '@available' attribute to enclosing extension
284 |
285 | private func runConstantThroughput(head: HTTPRequestHead, group: inout DiscardingTaskGroup) async {
| | `- error: 'DiscardingTaskGroup' is only available in iOS 17.0 or newer
| `- note: add '@available' attribute to enclosing instance method
286 | let throughputPerConnection = args.throughput / args.concurrency
287 |
/Users/admin/builder/spi-builder-workspace/Sources/BenchmarkRunner.swift:111:15: error: 'withDiscardingTaskGroup(returning:isolation:body:)' is only available in iOS 17.0 or newer
35 | }
36 |
37 | struct BenchmarkRunner<Clock: _Concurrency.Clock> where Clock.Duration == Duration {
| `- note: add '@available' attribute to enclosing generic struct
38 | private let args: Arguments
39 | private let target: ConnectionTarget
:
107 | }
108 |
109 | func run() async throws -> BenchmarkResult {
| `- note: add '@available' attribute to enclosing instance method
110 | let head = HTTPRequestHead(version: args.http2 ? .http2 : .http1_1, method: .GET, uri: uri, headers: ["Host": target.host ?? ""])
111 | await withDiscardingTaskGroup { group in
| |- error: 'withDiscardingTaskGroup(returning:isolation:body:)' is only available in iOS 17.0 or newer
| `- note: add 'if #available' version check
112 | group.addTask {
113 | var start = clock.now
/Users/admin/builder/spi-builder-workspace/Sources/BenchmarkRunner.swift:112:19: error: 'addTask(priority:operation:)' is only available in iOS 17.0 or newer
35 | }
36 |
37 | struct BenchmarkRunner<Clock: _Concurrency.Clock> where Clock.Duration == Duration {
| `- note: add '@available' attribute to enclosing generic struct
38 | private let args: Arguments
39 | private let target: ConnectionTarget
:
107 | }
108 |
109 | func run() async throws -> BenchmarkResult {
| `- note: add '@available' attribute to enclosing instance method
110 | let head = HTTPRequestHead(version: args.http2 ? .http2 : .http1_1, method: .GET, uri: uri, headers: ["Host": target.host ?? ""])
111 | await withDiscardingTaskGroup { group in
112 | group.addTask {
| |- error: 'addTask(priority:operation:)' is only available in iOS 17.0 or newer
| `- note: add 'if #available' version check
113 | var start = clock.now
114 | for await _ /* tick */ in AsyncTimerSequence.repeating(every: .seconds(1), clock: clock) {
/Users/admin/builder/spi-builder-workspace/Sources/BenchmarkRunner.swift:114:43: error: 'AsyncTimerSequence' is only available in iOS 16.0 or newer
35 | }
36 |
37 | struct BenchmarkRunner<Clock: _Concurrency.Clock> where Clock.Duration == Duration {
| `- note: add '@available' attribute to enclosing generic struct
38 | private let args: Arguments
39 | private let target: ConnectionTarget
:
107 | }
108 |
109 | func run() async throws -> BenchmarkResult {
| `- note: add '@available' attribute to enclosing instance method
110 | let head = HTTPRequestHead(version: args.http2 ? .http2 : .http1_1, method: .GET, uri: uri, headers: ["Host": target.host ?? ""])
111 | await withDiscardingTaskGroup { group in
112 | group.addTask {
113 | var start = clock.now
114 | for await _ /* tick */ in AsyncTimerSequence.repeating(every: .seconds(1), clock: clock) {
| |- error: 'AsyncTimerSequence' is only available in iOS 16.0 or newer
| `- note: add 'if #available' version check
115 | sampleRate(start: &start)
116 | if clock.now > end { return }
/Users/admin/builder/spi-builder-workspace/Sources/BenchmarkRunner.swift:114:62: error: 'repeating(every:tolerance:clock:)' is only available in iOS 16.0 or newer
35 | }
36 |
37 | struct BenchmarkRunner<Clock: _Concurrency.Clock> where Clock.Duration == Duration {
| `- note: add '@available' attribute to enclosing generic struct
38 | private let args: Arguments
39 | private let target: ConnectionTarget
:
107 | }
108 |
109 | func run() async throws -> BenchmarkResult {
| `- note: add '@available' attribute to enclosing instance method
110 | let head = HTTPRequestHead(version: args.http2 ? .http2 : .http1_1, method: .GET, uri: uri, headers: ["Host": target.host ?? ""])
111 | await withDiscardingTaskGroup { group in
112 | group.addTask {
113 | var start = clock.now
114 | for await _ /* tick */ in AsyncTimerSequence.repeating(every: .seconds(1), clock: clock) {
| |- error: 'repeating(every:tolerance:clock:)' is only available in iOS 16.0 or newer
| `- note: add 'if #available' version check
115 | sampleRate(start: &start)
116 | if clock.now > end { return }
/Users/admin/builder/spi-builder-workspace/Sources/BenchmarkRunner.swift:114:80: error: 'seconds' is only available in iOS 16.0 or newer
35 | }
36 |
37 | struct BenchmarkRunner<Clock: _Concurrency.Clock> where Clock.Duration == Duration {
| `- note: add '@available' attribute to enclosing generic struct
38 | private let args: Arguments
39 | private let target: ConnectionTarget
:
107 | }
108 |
109 | func run() async throws -> BenchmarkResult {
| `- note: add '@available' attribute to enclosing instance method
110 | let head = HTTPRequestHead(version: args.http2 ? .http2 : .http1_1, method: .GET, uri: uri, headers: ["Host": target.host ?? ""])
111 | await withDiscardingTaskGroup { group in
112 | group.addTask {
113 | var start = clock.now
114 | for await _ /* tick */ in AsyncTimerSequence.repeating(every: .seconds(1), clock: clock) {
| |- error: 'seconds' is only available in iOS 16.0 or newer
| `- note: add 'if #available' version check
115 | sampleRate(start: &start)
116 | if clock.now > end { return }
/Users/admin/builder/spi-builder-workspace/Sources/BenchmarkRunner.swift:141:57: error: 'components' is only available in iOS 16.0 or newer
35 | }
36 |
37 | struct BenchmarkRunner<Clock: _Concurrency.Clock> where Clock.Duration == Duration {
| `- note: add '@available' attribute to enclosing generic struct
38 | private let args: Arguments
39 | private let target: ConnectionTarget
:
107 | }
108 |
109 | func run() async throws -> BenchmarkResult {
| `- note: add '@available' attribute to enclosing instance method
110 | let head = HTTPRequestHead(version: args.http2 ? .http2 : .http1_1, method: .GET, uri: uri, headers: ["Host": target.host ?? ""])
111 | await withDiscardingTaskGroup { group in
:
139 | bytesWritten: bytesWritten.load(ordering: .relaxed),
140 | bytesRead: bytesRead.load(ordering: .relaxed),
141 | throughput: Double(total) / Double(duration.components.seconds),
| |- error: 'components' is only available in iOS 16.0 or newer
| `- note: add 'if #available' version check
142 | latency: latency.withLockedValue({ $0 }),
143 | requests: requests.withLockedValue({ $0 })
SwiftCompile normal arm64 /Users/admin/builder/spi-builder-workspace/Sources/BenchmarkRunner.swift (in target 'Ohje-product' from project 'ohje')
cd /Users/admin/builder/spi-builder-workspace/.swiftpm/xcode
builtin-SwiftPerFileCompile BenchmarkRunner.swift
SwiftCompile normal arm64 Compiling\ Units.swift /Users/admin/builder/spi-builder-workspace/Sources/Units.swift (in target 'Ohje-product' from project 'ohje')
SwiftCompile normal arm64 /Users/admin/builder/spi-builder-workspace/Sources/Units.swift (in target 'Ohje-product' from project 'ohje')
cd /Users/admin/builder/spi-builder-workspace/.swiftpm/xcode
builtin-SwiftPerFileCompile Units.swift
/Users/admin/builder/spi-builder-workspace/Sources/Units.swift:3:11: error: 'Duration' is only available in iOS 16.0 or newer
1 | import Foundation
2 |
3 | extension Duration {
| | `- error: 'Duration' is only available in iOS 16.0 or newer
| `- note: add '@available' attribute to enclosing extension
4 | func asMicroseconds() -> UInt64 {
5 | UInt64(components.attoseconds / 1_000_000_000_000) + UInt64(components.seconds) * 1_000_000
/Users/admin/builder/spi-builder-workspace/Sources/Units.swift:5:16: error: 'components' is only available in iOS 16.0 or newer
1 | import Foundation
2 |
3 | extension Duration {
| `- note: add '@available' attribute to enclosing extension
4 | func asMicroseconds() -> UInt64 {
| `- note: add '@available' attribute to enclosing instance method
5 | UInt64(components.attoseconds / 1_000_000_000_000) + UInt64(components.seconds) * 1_000_000
| |- error: 'components' is only available in iOS 16.0 or newer
| `- note: add 'if #available' version check
6 | }
7 | }
/Users/admin/builder/spi-builder-workspace/Sources/Units.swift:5:69: error: 'components' is only available in iOS 16.0 or newer
1 | import Foundation
2 |
3 | extension Duration {
| `- note: add '@available' attribute to enclosing extension
4 | func asMicroseconds() -> UInt64 {
| `- note: add '@available' attribute to enclosing instance method
5 | UInt64(components.attoseconds / 1_000_000_000_000) + UInt64(components.seconds) * 1_000_000
| |- error: 'components' is only available in iOS 16.0 or newer
| `- note: add 'if #available' version check
6 | }
7 | }
SwiftCompile normal arm64 Compiling\ ConnectionTargetBootstrap.swift /Users/admin/builder/spi-builder-workspace/Sources/ConnectionTargetBootstrap.swift (in target 'Ohje-product' from project 'ohje')
SwiftCompile normal arm64 /Users/admin/builder/spi-builder-workspace/Sources/ConnectionTargetBootstrap.swift (in target 'Ohje-product' from project 'ohje')
cd /Users/admin/builder/spi-builder-workspace/.swiftpm/xcode
builtin-SwiftPerFileCompile ConnectionTargetBootstrap.swift
SwiftCompile normal arm64 Compiling\ RangeParser.swift /Users/admin/builder/spi-builder-workspace/Sources/RangeParser.swift (in target 'Ohje-product' from project 'ohje')
/Users/admin/builder/spi-builder-workspace/Sources/RangeParser.swift:2:15: error: 'contains' is only available in iOS 16.0 or newer
1 | @Sendable func parseRange(_ value: String) throws /* (InvalidRangeError) */ -> Range<Int> {
| `- note: add '@available' attribute to enclosing global function
2 | if !value.contains(/(\.\.\.)|(\.\.\<)/), let value = Int(value) {
| |- error: 'contains' is only available in iOS 16.0 or newer
| `- note: add 'if #available' version check
3 | return value..<(value + 1)
4 | } else if value.starts(with: "..."), let value = Int(value.dropFirst("...".count)) {
/Users/admin/builder/spi-builder-workspace/Sources/RangeParser.swift:2:24: error: 'Regex' is only available in iOS 16.0 or newer
1 | @Sendable func parseRange(_ value: String) throws /* (InvalidRangeError) */ -> Range<Int> {
| `- note: add '@available' attribute to enclosing global function
2 | if !value.contains(/(\.\.\.)|(\.\.\<)/), let value = Int(value) {
| |- error: 'Regex' is only available in iOS 16.0 or newer
| `- note: add 'if #available' version check
3 | return value..<(value + 1)
4 | } else if value.starts(with: "..."), let value = Int(value.dropFirst("...".count)) {
/Users/admin/builder/spi-builder-workspace/Sources/RangeParser.swift:11:28: error: 'split(separator:maxSplits:omittingEmptySubsequences:)' is only available in iOS 16.0 or newer
1 | @Sendable func parseRange(_ value: String) throws /* (InvalidRangeError) */ -> Range<Int> {
| `- note: add '@available' attribute to enclosing global function
2 | if !value.contains(/(\.\.\.)|(\.\.\<)/), let value = Int(value) {
3 | return value..<(value + 1)
:
9 | return value..<Int.max
10 | } else if value.contains("...") {
11 | let values = value.split(separator: "...").compactMap { Int($0) }
| |- error: 'split(separator:maxSplits:omittingEmptySubsequences:)' is only available in iOS 16.0 or newer
| `- note: add 'if #available' version check
12 | if values.count == 2, values[0] <= values[1] {
13 | return values[0]..<(values[1] + 1)
/Users/admin/builder/spi-builder-workspace/Sources/RangeParser.swift:16:28: error: 'split(separator:maxSplits:omittingEmptySubsequences:)' is only available in iOS 16.0 or newer
1 | @Sendable func parseRange(_ value: String) throws /* (InvalidRangeError) */ -> Range<Int> {
| `- note: add '@available' attribute to enclosing global function
2 | if !value.contains(/(\.\.\.)|(\.\.\<)/), let value = Int(value) {
3 | return value..<(value + 1)
:
14 | }
15 | } else if value.contains("..<") {
16 | let values = value.split(separator: "..<").compactMap { Int($0) }
| |- error: 'split(separator:maxSplits:omittingEmptySubsequences:)' is only available in iOS 16.0 or newer
| `- note: add 'if #available' version check
17 | if values.count == 2, values[0] < values[1] {
18 | return values[0]..<values[1]
Failed frontend command:
/Applications/Xcode-27.0.0-Release.Candidate.app/Contents/Developer/Toolchains/XcodeDefault.xctoolchain/usr/bin/swift-frontend -frontend -c /Users/admin/builder/spi-builder-workspace/Sources/App.swift /Users/admin/builder/spi-builder-workspace/Sources/AsyncTimerSequence.swift /Users/admin/builder/spi-builder-workspace/Sources/BenchmarkRunner.swift /Users/admin/builder/spi-builder-workspace/Sources/ConnectionTarget.swift /Users/admin/builder/spi-builder-workspace/Sources/ConnectionTargetBootstrap.swift /Users/admin/builder/spi-builder-workspace/Sources/OutputBuffer.swift -primary-file /Users/admin/builder/spi-builder-workspace/Sources/RangeParser.swift /Users/admin/builder/spi-builder-workspace/Sources/URLDeconstruction.swift /Users/admin/builder/spi-builder-workspace/Sources/Units.swift -emit-dependencies-path /Users/admin/builder/spi-builder-workspace/.derivedData/Build/Intermediates.noindex/ohje.build/Debug-iphoneos/Ohje-p.build/Objects-normal/arm64/RangeParser.d -emit-const-values-path /Users/admin/builder/spi-builder-workspace/.derivedData/Build/Intermediates.noindex/ohje.build/Debug-iphoneos/Ohje-p.build/Objects-normal/arm64/RangeParser.swiftconstvalues -emit-reference-dependencies-path /Users/admin/builder/spi-builder-workspace/.derivedData/Build/Intermediates.noindex/ohje.build/Debug-iphoneos/Ohje-p.build/Objects-normal/arm64/RangeParser.swiftdeps -serialize-diagnostics-path /Users/admin/builder/spi-builder-workspace/.derivedData/Build/Intermediates.noindex/ohje.build/Debug-iphoneos/Ohje-p.build/Objects-normal/arm64/RangeParser.dia -target arm64-apple-ios15.0 -module-can-import-version Network 5000.0.33 6681.2.2 -disable-cross-import-overlay-search -swift-module-cross-import Darwin /Applications/Xcode-27.0.0-Release.Candidate.app/Contents/Developer/Platforms/iPhoneOS.platform/Developer/SDKs/iPhoneOS.sdk/usr/include/Darwin.swiftcrossimport/xlocale.swiftoverlay -load-resolved-plugin /Applications/Xcode-27.0.0-Release.Candidate.app/Contents/Developer/Platforms/iPhoneOS.platform/Developer/usr/lib/swift/host/plugins/libFoundationMacros.dylib\#/Applications/Xcode-27.0.0-Release.Candidate.app/Contents/Developer/Platforms/iPhoneOS.platform/Developer/usr/bin/swift-plugin-server\#FoundationMacros -load-resolved-plugin /Applications/Xcode-27.0.0-Release.Candidate.app/Contents/Developer/Platforms/iPhoneOS.platform/Developer/usr/lib/swift/host/plugins/libObservationMacros.dylib\#/Applications/Xcode-27.0.0-Release.Candidate.app/Contents/Developer/Platforms/iPhoneOS.platform/Developer/usr/bin/swift-plugin-server\#ObservationMacros -load-resolved-plugin /Applications/Xcode-27.0.0-Release.Candidate.app/Contents/Developer/Platforms/iPhoneOS.platform/Developer/usr/lib/swift/host/plugins/libSwiftMacros.dylib\#/Applications/Xcode-27.0.0-Release.Candidate.app/Contents/Developer/Platforms/iPhoneOS.platform/Developer/usr/bin/swift-plugin-server\#SwiftMacros -disable-implicit-swift-modules -Xcc -fno-implicit-modules -Xcc -fno-implicit-module-maps -explicit-swift-module-map-file /Users/admin/builder/spi-builder-workspace/.derivedData/Build/Intermediates.noindex/ohje.build/Debug-iphoneos/Ohje-p.build/Objects-normal/arm64/Ohje-dependencies-1.json -Xllvm -aarch64-use-tbi -enable-objc-interop -stack-check -sdk /Applications/Xcode-27.0.0-Release.Candidate.app/Contents/Developer/Platforms/iPhoneOS.platform/Developer/SDKs/iPhoneOS27.0.sdk -I /Users/admin/builder/spi-builder-workspace/.derivedData/Build/Products/Debug-iphoneos -Isystem /Applications/Xcode-27.0.0-Release.Candidate.app/Contents/Developer/Platforms/iPhoneOS.platform/Developer/usr/lib -F /Users/admin/builder/spi-builder-workspace/.derivedData/Build/Products/Debug-iphoneos/PackageFrameworks -F /Users/admin/builder/spi-builder-workspace/.derivedData/Build/Products/Debug-iphoneos -F /Applications/Xcode-27.0.0-Release.Candidate.app/Contents/Developer/Platforms/iPhoneOS.platform/Developer/Library/Frameworks -F /Applications/Xcode-27.0.0-Release.Candidate.app/Contents/Developer/Platforms/iPhoneOS.platform/Developer/SDKs/iPhoneOS27.0.sdk/Developer/Library/Frameworks -module-cache-path /Users/admin/builder/spi-builder-workspace/.derivedData/Build/Intermediates.noindex/SwiftExplicitPrecompiledModules -no-color-diagnostics -Xcc -fno-color-diagnostics -enable-testing -g -debug-info-format\=dwarf -dwarf-version\=4 -profile-generate -profile-coverage-mapping -swift-version 5 -Onone -D SWIFT_PACKAGE -D DEBUG -D Xcode -serialize-debugging-options -enable-upcoming-feature BareSlashRegexLiterals -enable-experimental-feature DebugDescriptionMacro -empty-abi-descriptor -validate-clang-modules-once -clang-build-session-file /Users/admin/builder/spi-builder-workspace/.derivedData/ModuleCache.noindex/Session.modulevalidation -Xcc -working-directory -Xcc /Users/admin/builder/spi-builder-workspace/.swiftpm/xcode -enable-anonymous-context-mangled-names -file-compilation-dir /Users/admin/builder/spi-builder-workspace/.swiftpm/xcode -Xcc -fmodule-map-file\=/Users/admin/builder/spi-builder-workspace/.derivedData/Build/Intermediates.noindex/GeneratedModuleMaps-iphoneos/CNIOLLHTTP.modulemap -Xcc -fmodule-map-file\=/Users/admin/builder/spi-builder-workspace/.dependencies/checkouts/swift-atomics/Sources/_AtomicsShims/include/module.modulemap -Xcc -fmodule-map-file\=/Users/admin/builder/spi-builder-workspace/.derivedData/Build/Intermediates.noindex/GeneratedModuleMaps-iphoneos/CNIOPosix.modulemap -Xcc -fmodule-map-file\=/Users/admin/builder/spi-builder-workspace/.derivedData/Build/Intermediates.noindex/GeneratedModuleMaps-iphoneos/CNIOWASI.modulemap -Xcc -fmodule-map-file\=/Users/admin/builder/spi-builder-workspace/.dependencies/checkouts/swift-nio/Sources/CNIOWindows/include/module.modulemap -Xcc -fmodule-map-file\=/Users/admin/builder/spi-builder-workspace/.derivedData/Build/Intermediates.noindex/GeneratedModuleMaps-iphoneos/CNIOLinux.modulemap -Xcc -fmodule-map-file\=/Users/admin/builder/spi-builder-workspace/.derivedData/Build/Intermediates.noindex/GeneratedModuleMaps-iphoneos/CNIODarwin.modulemap -Xcc -fmodule-map-file\=/Users/admin/builder/spi-builder-workspace/.derivedData/Build/Intermediates.noindex/GeneratedModuleMaps-iphoneos/CNIOFreeBSD.modulemap -Xcc -fmodule-map-file\=/Users/admin/builder/spi-builder-workspace/.derivedData/Build/Intermediates.noindex/GeneratedModuleMaps-iphoneos/CNIOOpenBSD.modulemap -Xcc -fmodule-map-file\=/Users/admin/builder/spi-builder-workspace/.derivedData/Build/Intermediates.noindex/GeneratedModuleMaps-iphoneos/CNIOAtomics.modulemap -Xcc -fmodule-map-file\=/Users/admin/builder/spi-builder-workspace/.derivedData/Build/Intermediates.noindex/GeneratedModuleMaps-iphoneos/CNIOBoringSSLShims.modulemap -Xcc -fmodule-map-file\=/Users/admin/builder/spi-builder-workspace/.dependencies/checkouts/swift-nio-ssl/Sources/CNIOBoringSSL/include/module.modulemap -Xcc -fmodule-map-file\=/Users/admin/builder/spi-builder-workspace/.dependencies/checkouts/swift-numerics/Sources/_NumericsShims/include/module.modulemap -Xcc -D_LIBCPP_HARDENING_MODE\=_LIBCPP_HARDENING_MODE_DEBUG -Xcc -ivfsstatcache -Xcc /Users/admin/builder/spi-builder-workspace/.derivedData/SDKStatCaches.noindex/iphoneos27.0-24A430-e829b21a6f8c9b70876ba0858053c04440ceaa042ed91876912b2eeea4e3aa14.sdkstatcache -Xcc -fmodules-prune-interval\=86400 -Xcc -fmodules-prune-after\=345600 -Xcc -I/Users/admin/builder/spi-builder-workspace/.dependencies/checkouts/swift-nio/Sources/CNIOLLHTTP/include -Xcc -I/Users/admin/builder/spi-builder-workspace/.dependencies/checkouts/swift-atomics/Sources/_AtomicsShims/include -Xcc -I/Users/admin/builder/spi-builder-workspace/.dependencies/checkouts/swift-nio/Sources/CNIOPosix/include -Xcc -I/Users/admin/builder/spi-builder-workspace/.dependencies/checkouts/swift-nio/Sources/CNIOWASI/include -Xcc -I/Users/admin/builder/spi-builder-workspace/.dependencies/checkouts/swift-nio/Sources/CNIOWindows/include -Xcc -I/Users/admin/builder/spi-builder-workspace/.dependencies/checkouts/swift-nio/Sources/CNIOLinux/include -Xcc -I/Users/admin/builder/spi-builder-workspace/.dependencies/checkouts/swift-nio/Sources/CNIODarwin/include -Xcc -I/Users/admin/builder/spi-builder-workspace/.dependencies/checkouts/swift-nio/Sources/CNIOFreeBSD/include -Xcc -I/Users/admin/builder/spi-builder-workspace/.dependencies/checkouts/swift-nio/Sources/CNIOOpenBSD/include -Xcc -I/Users/admin/builder/spi-builder-workspace/.dependencies/checkouts/swift-nio/Sources/CNIOAtomics/include -Xcc -I/Users/admin/builder/spi-builder-workspace/.dependencies/checkouts/swift-nio-ssl/Sources/CNIOBoringSSLShims/include -Xcc -I/Users/admin/builder/spi-builder-workspace/.dependencies/checkouts/swift-nio-ssl/Sources/CNIOBoringSSL/include -Xcc -I/Users/admin/builder/spi-builder-workspace/.dependencies/checkouts/swift-numerics/Sources/_NumericsShims/include -Xcc -I/Users/admin/builder/spi-builder-workspace/.derivedData/Build/Products/Debug-iphoneos/include -Xcc -I/Users/admin/builder/spi-builder-workspace/.derivedData/Build/Intermediates.noindex/ohje.build/Debug-iphoneos/Ohje-p.build/DerivedSources-normal/arm64 -Xcc -I/Users/admin/builder/spi-builder-workspace/.derivedData/Build/Intermediates.noindex/ohje.build/Debug-iphoneos/Ohje-p.build/DerivedSources/arm64 -Xcc -I/Users/admin/builder/spi-builder-workspace/.derivedData/Build/Intermediates.noindex/ohje.build/Debug-iphoneos/Ohje-p.build/DerivedSources -Xcc -DSWIFT_PACKAGE -Xcc -DDEBUG\=1 -no-auto-bridging-header-chaining -module-name Ohje -package-name spi_builder_workspace -const-gather-protocols-file /Users/admin/builder/spi-builder-workspace/.derivedData/Build/Intermediates.noindex/ohje.build/Debug-iphoneos/Ohje-p.build/Objects-normal/arm64/Ohje_const_extract_protocols.json -disable-clang-spi -clang-target arm64-apple-ios27.0 -target-sdk-version 27.0 -target-sdk-name iphoneos27.0 -in-process-plugin-server-path /Applications/Xcode-27.0.0-Release.Candidate.app/Contents/Developer/Toolchains/XcodeDefault.xctoolchain/usr/lib/swift/host/libSwiftInProcPluginServer.dylib -parse-as-library -o /Users/admin/builder/spi-builder-workspace/.derivedData/Build/Intermediates.noindex/ohje.build/Debug-iphoneos/Ohje-p.build/Objects-normal/arm64/RangeParser.o -debug-module-path /Users/admin/builder/spi-builder-workspace/.derivedData/Build/Intermediates.noindex/ohje.build/Debug-iphoneos/Ohje-p.build/Objects-normal/arm64/Ohje.swiftmodule -index-unit-output-path /ohje.build/Debug-iphoneos/Ohje-p.build/Objects-normal/arm64/RangeParser.o -index-store-path /Users/admin/builder/spi-builder-workspace/.derivedData/Index.noindex/DataStore -index-system-modules
SwiftCompile normal arm64 /Users/admin/builder/spi-builder-workspace/Sources/RangeParser.swift (in target 'Ohje-product' from project 'ohje')
cd /Users/admin/builder/spi-builder-workspace/.swiftpm/xcode
builtin-SwiftPerFileCompile RangeParser.swift
SwiftEmitModule normal arm64 Emitting\ module\ for\ Ohje (in target 'Ohje-product' from project 'ohje')
/Users/admin/builder/spi-builder-workspace/Sources/BenchmarkRunner.swift:23:19: error: 'Duration' is only available in iOS 16.0 or newer
20 | }
21 |
22 | struct BenchmarkResult {
| `- note: add '@available' attribute to enclosing struct
23 | let duration: Duration
| `- error: 'Duration' is only available in iOS 16.0 or newer
24 | let total: UInt64
25 | let connectErrors: UInt64
/Users/admin/builder/spi-builder-workspace/Sources/BenchmarkRunner.swift:37:44: error: 'Clock' is only available in iOS 16.0 or newer
35 | }
36 |
37 | struct BenchmarkRunner<Clock: _Concurrency.Clock> where Clock.Duration == Duration {
| | `- error: 'Clock' is only available in iOS 16.0 or newer
| `- note: add '@available' attribute to enclosing generic struct
38 | private let args: Arguments
39 | private let target: ConnectionTarget
/Users/admin/builder/spi-builder-workspace/Sources/BenchmarkRunner.swift:37:75: error: 'Duration' is only available in iOS 16.0 or newer
35 | }
36 |
37 | struct BenchmarkRunner<Clock: _Concurrency.Clock> where Clock.Duration == Duration {
| | `- error: 'Duration' is only available in iOS 16.0 or newer
| `- note: add '@available' attribute to enclosing generic struct
38 | private let args: Arguments
39 | private let target: ConnectionTarget
/Users/admin/builder/spi-builder-workspace/Sources/BenchmarkRunner.swift:221:77: error: 'DiscardingTaskGroup' is only available in iOS 17.0 or newer
217 | // MARK: Constant Concurrency
218 |
219 | extension BenchmarkRunner {
| `- note: add '@available' attribute to enclosing extension
220 |
221 | private func runConstantConcurrency(head: HTTPRequestHead, group: inout DiscardingTaskGroup) async {
| | `- error: 'DiscardingTaskGroup' is only available in iOS 17.0 or newer
| `- note: add '@available' attribute to enclosing instance method
222 | if args.http2 {
223 | do {
/Users/admin/builder/spi-builder-workspace/Sources/BenchmarkRunner.swift:285:76: error: 'DiscardingTaskGroup' is only available in iOS 17.0 or newer
281 | // MARK: Constant Throughput
282 |
283 | extension BenchmarkRunner {
| `- note: add '@available' attribute to enclosing extension
284 |
285 | private func runConstantThroughput(head: HTTPRequestHead, group: inout DiscardingTaskGroup) async {
| | `- error: 'DiscardingTaskGroup' is only available in iOS 17.0 or newer
| `- note: add '@available' attribute to enclosing instance method
286 | let throughputPerConnection = args.throughput / args.concurrency
287 |
SwiftCompile normal arm64 (in target 'Ohje-product' from project 'ohje')
cd /Users/admin/builder/spi-builder-workspace/.swiftpm/xcode
SwiftCompile normal arm64 Compiling\ OutputBuffer.swift /Users/admin/builder/spi-builder-workspace/Sources/OutputBuffer.swift (in target 'Ohje-product' from project 'ohje')
/Users/admin/builder/spi-builder-workspace/Sources/OutputBuffer.swift:13:26: warning: 'withFileHandle(path:mode:flags:_:)' is deprecated: Avoid using NonBlockingFileIO. The API is difficult to hold correctly, use NIOFileSystem as a replacement API. [#DeprecatedDeclaration]
11 | func persist(to file: String) async throws {
12 | let fileIO = NonBlockingFileIO(threadPool: .singleton)
13 | try await fileIO.withFileHandle(path: file, mode: .write, flags: .allowFileCreation()) { handle in
| `- warning: 'withFileHandle(path:mode:flags:_:)' is deprecated: Avoid using NonBlockingFileIO. The API is difficult to hold correctly, use NIOFileSystem as a replacement API. [#DeprecatedDeclaration]
14 | try await fileIO.write(fileHandle: handle, buffer: underlying)
15 | }
[#DeprecatedDeclaration]: <https://docs.swift.org/compiler/documentation/diagnostics/deprecated-declaration>
SwiftCompile normal arm64 /Users/admin/builder/spi-builder-workspace/Sources/OutputBuffer.swift (in target 'Ohje-product' from project 'ohje')
cd /Users/admin/builder/spi-builder-workspace/.swiftpm/xcode
builtin-SwiftPerFileCompile OutputBuffer.swift
SwiftCompile normal arm64 Compiling\ URLDeconstruction.swift /Users/admin/builder/spi-builder-workspace/Sources/URLDeconstruction.swift (in target 'Ohje-product' from project 'ohje')
SwiftCompile normal arm64 /Users/admin/builder/spi-builder-workspace/Sources/URLDeconstruction.swift (in target 'Ohje-product' from project 'ohje')
cd /Users/admin/builder/spi-builder-workspace/.swiftpm/xcode
builtin-SwiftPerFileCompile URLDeconstruction.swift
SwiftEmitModule normal arm64 Emitting\ module\ for\ NIOHTTP2 (in target 'NIOHTTP2' from project 'swift-nio-http2')
SwiftCompile normal arm64 (in target 'NIOHTTP2' from project 'swift-nio-http2')
cd /Users/admin/builder/spi-builder-workspace/.swiftpm/xcode
SwiftDriverJobDiscovery normal arm64 Compiling ConnectionTargetBootstrap.swift (in target 'Ohje-product' from project 'ohje')
SwiftCompile normal arm64 Compiling\ HTTP2ChannelHandler+InboundStreamMultiplexer.swift,\ HTTP2ChannelHandler+InlineStreamMultiplexer.swift /Users/admin/builder/spi-builder-workspace/.dependencies/checkouts/swift-nio-http2/Sources/NIOHTTP2/HTTP2ChannelHandler+InboundStreamMultiplexer.swift /Users/admin/builder/spi-builder-workspace/.dependencies/checkouts/swift-nio-http2/Sources/NIOHTTP2/HTTP2ChannelHandler+InlineStreamMultiplexer.swift (in target 'NIOHTTP2' from project 'swift-nio-http2')
SwiftCompile normal arm64 /Users/admin/builder/spi-builder-workspace/.dependencies/checkouts/swift-nio-http2/Sources/NIOHTTP2/HTTP2ChannelHandler+InboundStreamMultiplexer.swift (in target 'NIOHTTP2' from project 'swift-nio-http2')
cd /Users/admin/builder/spi-builder-workspace/.swiftpm/xcode
builtin-SwiftPerFileCompile HTTP2ChannelHandler+InboundStreamMultiplexer.swift
SwiftCompile normal arm64 /Users/admin/builder/spi-builder-workspace/.dependencies/checkouts/swift-nio-http2/Sources/NIOHTTP2/HTTP2ChannelHandler+InlineStreamMultiplexer.swift (in target 'NIOHTTP2' from project 'swift-nio-http2')
cd /Users/admin/builder/spi-builder-workspace/.swiftpm/xcode
builtin-SwiftPerFileCompile HTTP2ChannelHandler+InlineStreamMultiplexer.swift
SwiftCompile normal arm64 Compiling\ HTTP2Frame.swift /Users/admin/builder/spi-builder-workspace/.dependencies/checkouts/swift-nio-http2/Sources/NIOHTTP2/HTTP2Frame.swift (in target 'NIOHTTP2' from project 'swift-nio-http2')
SwiftCompile normal arm64 /Users/admin/builder/spi-builder-workspace/.dependencies/checkouts/swift-nio-http2/Sources/NIOHTTP2/HTTP2Frame.swift (in target 'NIOHTTP2' from project 'swift-nio-http2')
cd /Users/admin/builder/spi-builder-workspace/.swiftpm/xcode
builtin-SwiftPerFileCompile HTTP2Frame.swift
SwiftCompile normal arm64 Compiling\ HTTP2FrameEncoder.swift /Users/admin/builder/spi-builder-workspace/.dependencies/checkouts/swift-nio-http2/Sources/NIOHTTP2/HTTP2FrameEncoder.swift (in target 'NIOHTTP2' from project 'swift-nio-http2')
SwiftCompile normal arm64 /Users/admin/builder/spi-builder-workspace/.dependencies/checkouts/swift-nio-http2/Sources/NIOHTTP2/HTTP2FrameEncoder.swift (in target 'NIOHTTP2' from project 'swift-nio-http2')
cd /Users/admin/builder/spi-builder-workspace/.swiftpm/xcode
builtin-SwiftPerFileCompile HTTP2FrameEncoder.swift
PruneExplicitPrecompiledModules /Users/admin/builder/spi-builder-workspace/.derivedData/Build/Intermediates.noindex/SwiftExplicitPrecompiledModules
PruneExplicitPrecompiledModules /Users/admin/builder/spi-builder-workspace/.derivedData/Build/Intermediates.noindex/ExplicitPrecompiledModules
PruneExplicitPrecompiledModules /Users/admin/builder/spi-builder-workspace/.derivedData/SDKExplicitPrecompiledModules
2026-09-20 15:21:22.033 xcodebuild[2555:10184] [MT] IDERunDestination: Supported platforms for the buildables in the current scheme is empty.
** BUILD FAILED **
The following build commands failed:
SwiftCompile normal arm64 Compiling\ RangeParser.swift /Users/admin/builder/spi-builder-workspace/Sources/RangeParser.swift (in target 'Ohje-product' from project 'ohje')
SwiftCompile normal arm64 /Users/admin/builder/spi-builder-workspace/Sources/RangeParser.swift (in target 'Ohje-product' from project 'ohje')
Building workspace ohje with scheme ohje
(3 failures)
BUILD FAILURE 6.4 iOS