Build Information
Failed to build AgoraRtcKit, reference 3.7.2 (fa510f), with Swift 6.4 for watchOS using Xcode 27.0 on 18 Sep 2026 19:09:24 UTC.
Build Command
env DEVELOPER_DIR=/Applications/Xcode-27.0.0-Release.Candidate.app xcrun xcodebuild -IDEClonedSourcePackagesDirPathOverride=$PWD/.dependencies -skipMacroValidation -skipPackagePluginValidation -derivedDataPath $PWD/.derivedData build -scheme AgoraRtcKit-Package -destination generic/platform=watchOSBuild Log
========================================
RunAll
========================================
Builder version: 5.1.0
Interrupt handler set up.
========================================
Checkout
========================================
Clone URL: https://github.com/AgoraIO/AgoraAudio_macOS.git
Reference: 3.7.2
Initialized empty Git repository in /Users/admin/builder/spi-builder-workspace/.git/
From https://github.com/AgoraIO/AgoraAudio_macOS
* tag 3.7.2 -> FETCH_HEAD
HEAD is now at fa510fe 3.7.2
Cloned https://github.com/AgoraIO/AgoraAudio_macOS.git
Revision (git rev-parse @):
fa510fe4c9026ba3d39cda6494180936f5edd6c5
SUCCESS checkout https://github.com/AgoraIO/AgoraAudio_macOS.git at 3.7.2
========================================
Build
========================================
Selected platform: watchOS
Swift version: 6.4
Building package at path: $PWD
https://github.com/AgoraIO/AgoraAudio_macOS.git
Command line invocation:
/Applications/Xcode-27.0.0-Release.Candidate.app/Contents/Developer/usr/bin/xcodebuild -IDEClonedSourcePackagesDirPathOverride=/Users/admin/builder/spi-builder-workspace/.dependencies -resolvePackageDependencies
Resolve Package Graph
Resolve Package Graph
Resolved source packages:
AgoraRtcKit: /Users/admin/builder/spi-builder-workspace
resolved source packages: AgoraRtcKit
2026-09-18 15:08:37.782 xcodebuild[529:3038] [MT] IDERunDestination: Supported platforms for the buildables in the current scheme is empty.
{
"default_localization" : "en",
"dependencies" : [
],
"manifest_display_name" : "AgoraRtcKit",
"name" : "AgoraRtcKit",
"path" : "/Users/admin/builder/spi-builder-workspace",
"platforms" : [
{
"name" : "macos",
"version" : "10.10"
}
],
"products" : [
{
"name" : "RtcBasic",
"targets" : [
"AgoraCore",
"Agorafdkaac",
"AgoraRtcKit",
"AgoraSoundTouch"
],
"type" : {
"library" : [
"automatic"
]
}
},
{
"name" : "AINS",
"targets" : [
"AgoraAIDenoiseExtension"
],
"type" : {
"library" : [
"automatic"
]
}
},
{
"name" : "FullAudioFormat",
"targets" : [
"AgoraFullAudioFormatExtension"
],
"type" : {
"library" : [
"automatic"
]
}
},
{
"name" : "SpatialAudio",
"targets" : [
"AgoraSpatialAudioExtension"
],
"type" : {
"library" : [
"automatic"
]
}
}
],
"targets" : [
{
"c99name" : "Agorafdkaac",
"module_type" : "BinaryTarget",
"name" : "Agorafdkaac",
"path" : "remote/archive/Agorafdkaac.xcframework.zip",
"product_memberships" : [
"RtcBasic"
],
"sources" : [
],
"type" : "binary"
},
{
"c99name" : "AgoraSpatialAudioExtension",
"module_type" : "BinaryTarget",
"name" : "AgoraSpatialAudioExtension",
"path" : "remote/archive/AgoraSpatialAudioExtension.xcframework.zip",
"product_memberships" : [
"SpatialAudio"
],
"sources" : [
],
"type" : "binary"
},
{
"c99name" : "AgoraSoundTouch",
"module_type" : "BinaryTarget",
"name" : "AgoraSoundTouch",
"path" : "remote/archive/AgoraSoundTouch.xcframework.zip",
"product_memberships" : [
"RtcBasic"
],
"sources" : [
],
"type" : "binary"
},
{
"c99name" : "AgoraRtcKit",
"module_type" : "BinaryTarget",
"name" : "AgoraRtcKit",
"path" : "remote/archive/AgoraRtcKit.xcframework.zip",
"product_memberships" : [
"RtcBasic"
],
"sources" : [
],
"type" : "binary"
},
{
"c99name" : "AgoraFullAudioFormatExtension",
"module_type" : "BinaryTarget",
"name" : "AgoraFullAudioFormatExtension",
"path" : "remote/archive/AgoraFullAudioFormatExtension.xcframework.zip",
"product_memberships" : [
"FullAudioFormat"
],
"sources" : [
],
"type" : "binary"
},
{
"c99name" : "AgoraCore",
"module_type" : "BinaryTarget",
"name" : "AgoraCore",
"path" : "remote/archive/AgoraCore.xcframework.zip",
"product_memberships" : [
"RtcBasic"
],
"sources" : [
],
"type" : "binary"
},
{
"c99name" : "AgoraAIDenoiseExtension",
"module_type" : "BinaryTarget",
"name" : "AgoraAIDenoiseExtension",
"path" : "remote/archive/AgoraAIDenoiseExtension.xcframework.zip",
"product_memberships" : [
"AINS"
],
"sources" : [
],
"type" : "binary"
}
],
"tools_version" : "5.3"
}
{
"workspace" : {
"name" : "AgoraRtcKit",
"schemes" : [
"AgoraRtcKit-Package",
"AINS",
"FullAudioFormat",
"RtcBasic",
"SpatialAudio"
]
}
}
2026-09-18 15:09:18.911 xcodebuild[732:4249] [MT] IDERunDestination: Supported platforms for the buildables in the current scheme is empty.
Running build ...
env DEVELOPER_DIR=/Applications/Xcode-27.0.0-Release.Candidate.app xcrun xcodebuild -IDEClonedSourcePackagesDirPathOverride=$PWD/.dependencies -skipMacroValidation -skipPackagePluginValidation -derivedDataPath $PWD/.derivedData build -scheme AgoraRtcKit-Package -destination generic/platform=watchOS
Command line invocation:
/Applications/Xcode-27.0.0-Release.Candidate.app/Contents/Developer/usr/bin/xcodebuild -IDEClonedSourcePackagesDirPathOverride=/Users/admin/builder/spi-builder-workspace/.dependencies -skipMacroValidation -skipPackagePluginValidation -derivedDataPath /Users/admin/builder/spi-builder-workspace/.derivedData build -scheme AgoraRtcKit-Package -destination generic/platform=watchOS
Resolve Package Graph
Resolved source packages:
AgoraRtcKit: /Users/admin/builder/spi-builder-workspace
ComputePackagePrebuildTargetDependencyGraph
Prepare packages
CreateBuildRequest
SendProjectDescription
CreateBuildOperation
ComputeTargetDependencyGraph
note: Building targets in dependency order
note: Target dependency graph (4 targets)
Target 'SpatialAudio-product' in project 'AgoraRtcKit' (no dependencies)
Target 'FullAudioFormat-product' in project 'AgoraRtcKit' (no dependencies)
Target 'AINS-product' in project 'AgoraRtcKit' (no dependencies)
Target 'RtcBasic-product' in project 'AgoraRtcKit' (no dependencies)
GatherProvisioningInputs
CreateBuildDescription
ExecuteExternalTool /Applications/Xcode-27.0.0-Release.Candidate.app/Contents/Developer/Toolchains/XcodeDefault.xctoolchain/usr/bin/clang -v -E -dM -isysroot /Applications/Xcode-27.0.0-Release.Candidate.app/Contents/Developer/Platforms/WatchOS.platform/Developer/SDKs/WatchOS27.0.sdk -x c -c /dev/null
Build description signature: 79cfbf92da9529eb240a35f9b519bf61
Build description path: /Users/admin/builder/spi-builder-workspace/.derivedData/Build/Intermediates.noindex/XCBuildData/79cfbf92da9529eb240a35f9b519bf61.xcbuilddata
/Users/admin/builder/spi-builder-workspace/.dependencies/artifacts/spi-builder-workspace/AgoraFullAudioFormatExtension/AgoraFullAudioFormatExtension.xcframework:1:1: error: While building for watchOS, no library for this platform was found in '/Users/admin/builder/spi-builder-workspace/.dependencies/artifacts/spi-builder-workspace/AgoraFullAudioFormatExtension/AgoraFullAudioFormatExtension.xcframework'. (in target 'FullAudioFormat-product' from project 'AgoraRtcKit')
/Users/admin/builder/spi-builder-workspace/.dependencies/artifacts/spi-builder-workspace/AgoraCore/AgoraCore.xcframework:1:1: error: While building for watchOS, no library for this platform was found in '/Users/admin/builder/spi-builder-workspace/.dependencies/artifacts/spi-builder-workspace/AgoraCore/AgoraCore.xcframework'. (in target 'RtcBasic-product' from project 'AgoraRtcKit')
/Users/admin/builder/spi-builder-workspace/.dependencies/artifacts/spi-builder-workspace/Agorafdkaac/Agorafdkaac.xcframework:1:1: error: While building for watchOS, no library for this platform was found in '/Users/admin/builder/spi-builder-workspace/.dependencies/artifacts/spi-builder-workspace/Agorafdkaac/Agorafdkaac.xcframework'. (in target 'RtcBasic-product' from project 'AgoraRtcKit')
/Users/admin/builder/spi-builder-workspace/.dependencies/artifacts/spi-builder-workspace/AgoraRtcKit/AgoraRtcKit.xcframework:1:1: error: While building for watchOS, no library for this platform was found in '/Users/admin/builder/spi-builder-workspace/.dependencies/artifacts/spi-builder-workspace/AgoraRtcKit/AgoraRtcKit.xcframework'. (in target 'RtcBasic-product' from project 'AgoraRtcKit')
/Users/admin/builder/spi-builder-workspace/.dependencies/artifacts/spi-builder-workspace/AgoraSoundTouch/AgoraSoundTouch.xcframework:1:1: error: While building for watchOS, no library for this platform was found in '/Users/admin/builder/spi-builder-workspace/.dependencies/artifacts/spi-builder-workspace/AgoraSoundTouch/AgoraSoundTouch.xcframework'. (in target 'RtcBasic-product' from project 'AgoraRtcKit')
/Users/admin/builder/spi-builder-workspace/.dependencies/artifacts/spi-builder-workspace/AgoraSpatialAudioExtension/AgoraSpatialAudioExtension.xcframework:1:1: error: While building for watchOS, no library for this platform was found in '/Users/admin/builder/spi-builder-workspace/.dependencies/artifacts/spi-builder-workspace/AgoraSpatialAudioExtension/AgoraSpatialAudioExtension.xcframework'. (in target 'SpatialAudio-product' from project 'AgoraRtcKit')
/Users/admin/builder/spi-builder-workspace/.dependencies/artifacts/spi-builder-workspace/AgoraAIDenoiseExtension/AgoraAIDenoiseExtension.xcframework:1:1: error: While building for watchOS, no library for this platform was found in '/Users/admin/builder/spi-builder-workspace/.dependencies/artifacts/spi-builder-workspace/AgoraAIDenoiseExtension/AgoraAIDenoiseExtension.xcframework'. (in target 'AINS-product' from project 'AgoraRtcKit')
2026-09-18 15:09:20.476 xcodebuild[733:4295] [MT] IDERunDestination: Supported platforms for the buildables in the current scheme is empty.
** BUILD FAILED **
The following build commands failed:
Building workspace AgoraRtcKit with scheme AgoraRtcKit-Package
(1 failure)
Command line invocation:
/Applications/Xcode-27.0.0-Release.Candidate.app/Contents/Developer/usr/bin/xcodebuild -IDEClonedSourcePackagesDirPathOverride=/Users/admin/builder/spi-builder-workspace/.dependencies -resolvePackageDependencies
Resolve Package Graph
Resolved source packages:
AgoraRtcKit: /Users/admin/builder/spi-builder-workspace
resolved source packages: AgoraRtcKit
2026-09-18 15:09:22.205 xcodebuild[745:4391] [MT] IDERunDestination: Supported platforms for the buildables in the current scheme is empty.
{
"default_localization" : "en",
"dependencies" : [
],
"manifest_display_name" : "AgoraRtcKit",
"name" : "AgoraRtcKit",
"path" : "/Users/admin/builder/spi-builder-workspace",
"platforms" : [
{
"name" : "macos",
"version" : "10.10"
}
],
"products" : [
{
"name" : "RtcBasic",
"targets" : [
"AgoraCore",
"Agorafdkaac",
"AgoraRtcKit",
"AgoraSoundTouch"
],
"type" : {
"library" : [
"automatic"
]
}
},
{
"name" : "AINS",
"targets" : [
"AgoraAIDenoiseExtension"
],
"type" : {
"library" : [
"automatic"
]
}
},
{
"name" : "FullAudioFormat",
"targets" : [
"AgoraFullAudioFormatExtension"
],
"type" : {
"library" : [
"automatic"
]
}
},
{
"name" : "SpatialAudio",
"targets" : [
"AgoraSpatialAudioExtension"
],
"type" : {
"library" : [
"automatic"
]
}
}
],
"targets" : [
{
"c99name" : "Agorafdkaac",
"module_type" : "BinaryTarget",
"name" : "Agorafdkaac",
"path" : "remote/archive/Agorafdkaac.xcframework.zip",
"product_memberships" : [
"RtcBasic"
],
"sources" : [
],
"type" : "binary"
},
{
"c99name" : "AgoraSpatialAudioExtension",
"module_type" : "BinaryTarget",
"name" : "AgoraSpatialAudioExtension",
"path" : "remote/archive/AgoraSpatialAudioExtension.xcframework.zip",
"product_memberships" : [
"SpatialAudio"
],
"sources" : [
],
"type" : "binary"
},
{
"c99name" : "AgoraSoundTouch",
"module_type" : "BinaryTarget",
"name" : "AgoraSoundTouch",
"path" : "remote/archive/AgoraSoundTouch.xcframework.zip",
"product_memberships" : [
"RtcBasic"
],
"sources" : [
],
"type" : "binary"
},
{
"c99name" : "AgoraRtcKit",
"module_type" : "BinaryTarget",
"name" : "AgoraRtcKit",
"path" : "remote/archive/AgoraRtcKit.xcframework.zip",
"product_memberships" : [
"RtcBasic"
],
"sources" : [
],
"type" : "binary"
},
{
"c99name" : "AgoraFullAudioFormatExtension",
"module_type" : "BinaryTarget",
"name" : "AgoraFullAudioFormatExtension",
"path" : "remote/archive/AgoraFullAudioFormatExtension.xcframework.zip",
"product_memberships" : [
"FullAudioFormat"
],
"sources" : [
],
"type" : "binary"
},
{
"c99name" : "AgoraCore",
"module_type" : "BinaryTarget",
"name" : "AgoraCore",
"path" : "remote/archive/AgoraCore.xcframework.zip",
"product_memberships" : [
"RtcBasic"
],
"sources" : [
],
"type" : "binary"
},
{
"c99name" : "AgoraAIDenoiseExtension",
"module_type" : "BinaryTarget",
"name" : "AgoraAIDenoiseExtension",
"path" : "remote/archive/AgoraAIDenoiseExtension.xcframework.zip",
"product_memberships" : [
"AINS"
],
"sources" : [
],
"type" : "binary"
}
],
"tools_version" : "5.3"
}
{
"workspace" : {
"name" : "AgoraRtcKit",
"schemes" : [
"AgoraRtcKit-Package",
"AINS",
"FullAudioFormat",
"RtcBasic",
"SpatialAudio"
]
}
}
2026-09-18 15:09:23.386 xcodebuild[753:4453] [MT] IDERunDestination: Supported platforms for the buildables in the current scheme is empty.
Running build ...
env DEVELOPER_DIR=/Applications/Xcode-27.0.0-Release.Candidate.app xcrun xcodebuild -IDEClonedSourcePackagesDirPathOverride=$PWD/.dependencies -skipMacroValidation -skipPackagePluginValidation -derivedDataPath $PWD/.derivedData build -scheme AgoraRtcKit-Package -destination generic/platform=watchOS
Command line invocation:
/Applications/Xcode-27.0.0-Release.Candidate.app/Contents/Developer/usr/bin/xcodebuild -IDEClonedSourcePackagesDirPathOverride=/Users/admin/builder/spi-builder-workspace/.dependencies -skipMacroValidation -skipPackagePluginValidation -derivedDataPath /Users/admin/builder/spi-builder-workspace/.derivedData build -scheme AgoraRtcKit-Package -destination generic/platform=watchOS
Resolve Package Graph
Resolved source packages:
AgoraRtcKit: /Users/admin/builder/spi-builder-workspace
ComputePackagePrebuildTargetDependencyGraph
Prepare packages
CreateBuildRequest
SendProjectDescription
CreateBuildOperation
ComputeTargetDependencyGraph
note: Building targets in dependency order
note: Target dependency graph (4 targets)
Target 'SpatialAudio-product' in project 'AgoraRtcKit' (no dependencies)
Target 'FullAudioFormat-product' in project 'AgoraRtcKit' (no dependencies)
Target 'AINS-product' in project 'AgoraRtcKit' (no dependencies)
Target 'RtcBasic-product' in project 'AgoraRtcKit' (no dependencies)
GatherProvisioningInputs
CreateBuildDescription
/Users/admin/builder/spi-builder-workspace/.dependencies/artifacts/spi-builder-workspace/AgoraAIDenoiseExtension/AgoraAIDenoiseExtension.xcframework:1:1: error: While building for watchOS, no library for this platform was found in '/Users/admin/builder/spi-builder-workspace/.dependencies/artifacts/spi-builder-workspace/AgoraAIDenoiseExtension/AgoraAIDenoiseExtension.xcframework'. (in target 'AINS-product' from project 'AgoraRtcKit')
/Users/admin/builder/spi-builder-workspace/.dependencies/artifacts/spi-builder-workspace/AgoraSpatialAudioExtension/AgoraSpatialAudioExtension.xcframework:1:1: error: While building for watchOS, no library for this platform was found in '/Users/admin/builder/spi-builder-workspace/.dependencies/artifacts/spi-builder-workspace/AgoraSpatialAudioExtension/AgoraSpatialAudioExtension.xcframework'. (in target 'SpatialAudio-product' from project 'AgoraRtcKit')
/Users/admin/builder/spi-builder-workspace/.dependencies/artifacts/spi-builder-workspace/AgoraFullAudioFormatExtension/AgoraFullAudioFormatExtension.xcframework:1:1: error: While building for watchOS, no library for this platform was found in '/Users/admin/builder/spi-builder-workspace/.dependencies/artifacts/spi-builder-workspace/AgoraFullAudioFormatExtension/AgoraFullAudioFormatExtension.xcframework'. (in target 'FullAudioFormat-product' from project 'AgoraRtcKit')
/Users/admin/builder/spi-builder-workspace/.dependencies/artifacts/spi-builder-workspace/AgoraCore/AgoraCore.xcframework:1:1: error: While building for watchOS, no library for this platform was found in '/Users/admin/builder/spi-builder-workspace/.dependencies/artifacts/spi-builder-workspace/AgoraCore/AgoraCore.xcframework'. (in target 'RtcBasic-product' from project 'AgoraRtcKit')
/Users/admin/builder/spi-builder-workspace/.dependencies/artifacts/spi-builder-workspace/AgoraRtcKit/AgoraRtcKit.xcframework:1:1: error: While building for watchOS, no library for this platform was found in '/Users/admin/builder/spi-builder-workspace/.dependencies/artifacts/spi-builder-workspace/AgoraRtcKit/AgoraRtcKit.xcframework'. (in target 'RtcBasic-product' from project 'AgoraRtcKit')
/Users/admin/builder/spi-builder-workspace/.dependencies/artifacts/spi-builder-workspace/AgoraSoundTouch/AgoraSoundTouch.xcframework:1:1: error: While building for watchOS, no library for this platform was found in '/Users/admin/builder/spi-builder-workspace/.dependencies/artifacts/spi-builder-workspace/AgoraSoundTouch/AgoraSoundTouch.xcframework'. (in target 'RtcBasic-product' from project 'AgoraRtcKit')
/Users/admin/builder/spi-builder-workspace/.dependencies/artifacts/spi-builder-workspace/Agorafdkaac/Agorafdkaac.xcframework:1:1: error: While building for watchOS, no library for this platform was found in '/Users/admin/builder/spi-builder-workspace/.dependencies/artifacts/spi-builder-workspace/Agorafdkaac/Agorafdkaac.xcframework'. (in target 'RtcBasic-product' from project 'AgoraRtcKit')
2026-09-18 15:09:24.298 xcodebuild[754:4480] [MT] IDERunDestination: Supported platforms for the buildables in the current scheme is empty.
** BUILD FAILED **
The following build commands failed:
Building workspace AgoraRtcKit with scheme AgoraRtcKit-Package
(1 failure)
BUILD FAILURE 6.4 watchOS