Build Information
Failed to build swiftui-introspect, reference main (7f32b2), with Swift 6.4 for watchOS using Xcode 27.0 on 9 Oct 2026 21:40:17 UTC.
Build Command
env DEVELOPER_DIR=/Applications/Xcode-27.0.0-Release.Candidate.app xcrun xcodebuild -IDEClonedSourcePackagesDirPathOverride=$PWD/.dependencies -skipMacroValidation -skipPackagePluginValidation -derivedDataPath $PWD/.derivedData build -scheme swiftui-introspect -destination generic/platform=watchOSBuild Log
/Users/admin/builder/spi-builder-workspace/Sources/ViewTypes/VideoPlayer.swift:66:43: error: cannot find type 'AVPlayerViewController' in scope
64 |
65 | #if canImport(UIKit)
66 | extension iOSViewVersion<VideoPlayerType, AVPlayerViewController> {
| `- error: cannot find type 'AVPlayerViewController' in scope
67 | @available(*, unavailable, message: "VideoPlayer isn't available on iOS 13")
68 | public static let v13 = Self.unavailable()
/Users/admin/builder/spi-builder-workspace/Sources/ViewTypes/VideoPlayer.swift:78:44: error: cannot find type 'AVPlayerViewController' in scope
76 | }
77 |
78 | extension tvOSViewVersion<VideoPlayerType, AVPlayerViewController> {
| `- error: cannot find type 'AVPlayerViewController' in scope
79 | @available(*, unavailable, message: "VideoPlayer isn't available on tvOS 13")
80 | public static let v13 = Self.unavailable()
/Users/admin/builder/spi-builder-workspace/Sources/ViewTypes/VideoPlayer.swift:69:37: error: type 'Version' has no member 'v14'
67 | @available(*, unavailable, message: "VideoPlayer isn't available on iOS 13")
68 | public static let v13 = Self.unavailable()
69 | public static let v14 = Self(for: .v14)
| `- error: type 'Version' has no member 'v14'
70 | public static let v15 = Self(for: .v15)
71 | public static let v16 = Self(for: .v16)
/Users/admin/builder/spi-builder-workspace/Sources/ViewTypes/VideoPlayer.swift:81:37: error: type 'Version' has no member 'v14'
79 | @available(*, unavailable, message: "VideoPlayer isn't available on tvOS 13")
80 | public static let v13 = Self.unavailable()
81 | public static let v14 = Self(for: .v14)
| `- error: type 'Version' has no member 'v14'
82 | public static let v15 = Self(for: .v15)
83 | public static let v16 = Self(for: .v16)
/Users/admin/builder/spi-builder-workspace/Sources/ViewTypes/VideoPlayer.swift:70:37: error: type 'Version' has no member 'v15'
68 | public static let v13 = Self.unavailable()
69 | public static let v14 = Self(for: .v14)
70 | public static let v15 = Self(for: .v15)
| `- error: type 'Version' has no member 'v15'
71 | public static let v16 = Self(for: .v16)
72 | public static let v17 = Self(for: .v17)
/Users/admin/builder/spi-builder-workspace/Sources/ViewTypes/VideoPlayer.swift:82:37: error: type 'Version' has no member 'v15'
80 | public static let v13 = Self.unavailable()
81 | public static let v14 = Self(for: .v14)
82 | public static let v15 = Self(for: .v15)
| `- error: type 'Version' has no member 'v15'
83 | public static let v16 = Self(for: .v16)
84 | public static let v17 = Self(for: .v17)
/Users/admin/builder/spi-builder-workspace/Sources/ViewTypes/VideoPlayer.swift:71:37: error: type 'Version' has no member 'v16'
69 | public static let v14 = Self(for: .v14)
70 | public static let v15 = Self(for: .v15)
71 | public static let v16 = Self(for: .v16)
| `- error: type 'Version' has no member 'v16'
72 | public static let v17 = Self(for: .v17)
73 | public static let v18 = Self(for: .v18)
/Users/admin/builder/spi-builder-workspace/Sources/ViewTypes/VideoPlayer.swift:83:37: error: type 'Version' has no member 'v16'
81 | public static let v14 = Self(for: .v14)
82 | public static let v15 = Self(for: .v15)
83 | public static let v16 = Self(for: .v16)
| `- error: type 'Version' has no member 'v16'
84 | public static let v17 = Self(for: .v17)
85 | public static let v18 = Self(for: .v18)
/Users/admin/builder/spi-builder-workspace/Sources/ViewTypes/VideoPlayer.swift:72:37: error: type 'Version' has no member 'v17'
70 | public static let v15 = Self(for: .v15)
71 | public static let v16 = Self(for: .v16)
72 | public static let v17 = Self(for: .v17)
| `- error: type 'Version' has no member 'v17'
73 | public static let v18 = Self(for: .v18)
74 | public static let v26 = Self(for: .v26)
/Users/admin/builder/spi-builder-workspace/Sources/ViewTypes/VideoPlayer.swift:84:37: error: type 'Version' has no member 'v17'
82 | public static let v15 = Self(for: .v15)
83 | public static let v16 = Self(for: .v16)
84 | public static let v17 = Self(for: .v17)
| `- error: type 'Version' has no member 'v17'
85 | public static let v18 = Self(for: .v18)
86 | public static let v26 = Self(for: .v26)
/Users/admin/builder/spi-builder-workspace/Sources/ViewTypes/VideoPlayer.swift:73:37: error: type 'Version' has no member 'v18'
71 | public static let v16 = Self(for: .v16)
72 | public static let v17 = Self(for: .v17)
73 | public static let v18 = Self(for: .v18)
| `- error: type 'Version' has no member 'v18'
74 | public static let v26 = Self(for: .v26)
75 | public static let v27 = Self(for: .v27)
/Users/admin/builder/spi-builder-workspace/Sources/ViewTypes/VideoPlayer.swift:85:37: error: type 'Version' has no member 'v18'
83 | public static let v16 = Self(for: .v16)
84 | public static let v17 = Self(for: .v17)
85 | public static let v18 = Self(for: .v18)
| `- error: type 'Version' has no member 'v18'
86 | public static let v26 = Self(for: .v26)
87 | public static let v27 = Self(for: .v27)
/Users/admin/builder/spi-builder-workspace/Sources/ViewTypes/VideoPlayer.swift:74:37: error: type 'Version' has no member 'v26'
72 | public static let v17 = Self(for: .v17)
73 | public static let v18 = Self(for: .v18)
74 | public static let v26 = Self(for: .v26)
| `- error: type 'Version' has no member 'v26'
75 | public static let v27 = Self(for: .v27)
76 | }
/Users/admin/builder/spi-builder-workspace/Sources/ViewTypes/VideoPlayer.swift:86:37: error: type 'Version' has no member 'v26'
84 | public static let v17 = Self(for: .v17)
85 | public static let v18 = Self(for: .v18)
86 | public static let v26 = Self(for: .v26)
| `- error: type 'Version' has no member 'v26'
87 | public static let v27 = Self(for: .v27)
88 | }
/Users/admin/builder/spi-builder-workspace/Sources/ViewTypes/VideoPlayer.swift:90:48: error: cannot find type 'AVPlayerViewController' in scope
88 | }
89 |
90 | extension visionOSViewVersion<VideoPlayerType, AVPlayerViewController> {
| `- error: cannot find type 'AVPlayerViewController' in scope
91 | public static let v1 = Self(for: .v1)
92 | public static let v2 = Self(for: .v2)
/Users/admin/builder/spi-builder-workspace/Sources/ViewTypes/VideoPlayer.swift:93:37: error: type 'Version' has no member 'v26'
91 | public static let v1 = Self(for: .v1)
92 | public static let v2 = Self(for: .v2)
93 | public static let v26 = Self(for: .v26)
| `- error: type 'Version' has no member 'v26'
94 | public static let v27 = Self(for: .v27)
95 | }
/Users/admin/builder/spi-builder-workspace/Sources/ViewTypes/VideoPlayer.swift:75:37: error: type 'Version' has no member 'v27'
73 | public static let v18 = Self(for: .v18)
74 | public static let v26 = Self(for: .v26)
75 | public static let v27 = Self(for: .v27)
| `- error: type 'Version' has no member 'v27'
76 | }
77 |
/Users/admin/builder/spi-builder-workspace/Sources/ViewTypes/VideoPlayer.swift:87:37: error: type 'Version' has no member 'v27'
85 | public static let v18 = Self(for: .v18)
86 | public static let v26 = Self(for: .v26)
87 | public static let v27 = Self(for: .v27)
| `- error: type 'Version' has no member 'v27'
88 | }
89 |
/Users/admin/builder/spi-builder-workspace/Sources/ViewTypes/VideoPlayer.swift:94:37: error: type 'Version' has no member 'v27'
92 | public static let v2 = Self(for: .v2)
93 | public static let v26 = Self(for: .v26)
94 | public static let v27 = Self(for: .v27)
| `- error: type 'Version' has no member 'v27'
95 | }
96 | #elseif canImport(AppKit)
/Users/admin/builder/spi-builder-workspace/Sources/ViewTypes/PickerWithSegmentedStyle.swift:95:56: error: 'UISegmentedControl' is unavailable in watchOS
93 | public import UIKit
94 |
95 | extension iOSViewVersion<PickerWithSegmentedStyleType, UISegmentedControl> {
| `- error: 'UISegmentedControl' is unavailable in watchOS
96 | public static let v13 = Self(for: .v13)
97 | public static let v14 = Self(for: .v14)
/Applications/Xcode-27.0.0.app/Contents/Developer/Platforms/WatchOS.platform/Developer/SDKs/WatchOS27.0.sdk/System/Library/Frameworks/UIKit.framework/Headers/UISegmentedControl.h:43:12: note: 'UISegmentedControl' has been explicitly marked unavailable here
41 |
42 | UIKIT_EXTERN API_AVAILABLE(ios(2.0)) API_UNAVAILABLE(watchos) NS_SWIFT_UI_ACTOR
43 | @interface UISegmentedControl : UIControl <NSCoding>
| `- note: 'UISegmentedControl' has been explicitly marked unavailable here
44 |
45 | - (instancetype)initWithFrame:(CGRect)frame NS_DESIGNATED_INITIALIZER;
/Users/admin/builder/spi-builder-workspace/Sources/ViewTypes/PickerWithSegmentedStyle.swift:106:57: error: 'UISegmentedControl' is unavailable in watchOS
104 | }
105 |
106 | extension tvOSViewVersion<PickerWithSegmentedStyleType, UISegmentedControl> {
| `- error: 'UISegmentedControl' is unavailable in watchOS
107 | public static let v13 = Self(for: .v13)
108 | public static let v14 = Self(for: .v14)
/Applications/Xcode-27.0.0.app/Contents/Developer/Platforms/WatchOS.platform/Developer/SDKs/WatchOS27.0.sdk/System/Library/Frameworks/UIKit.framework/Headers/UISegmentedControl.h:43:12: note: 'UISegmentedControl' has been explicitly marked unavailable here
41 |
42 | UIKIT_EXTERN API_AVAILABLE(ios(2.0)) API_UNAVAILABLE(watchos) NS_SWIFT_UI_ACTOR
43 | @interface UISegmentedControl : UIControl <NSCoding>
| `- note: 'UISegmentedControl' has been explicitly marked unavailable here
44 |
45 | - (instancetype)initWithFrame:(CGRect)frame NS_DESIGNATED_INITIALIZER;
/Users/admin/builder/spi-builder-workspace/Sources/ViewTypes/VideoPlayer.swift:91:36: error: type 'Version' has no member 'v1'
89 |
90 | extension visionOSViewVersion<VideoPlayerType, AVPlayerViewController> {
91 | public static let v1 = Self(for: .v1)
| `- error: type 'Version' has no member 'v1'
92 | public static let v2 = Self(for: .v2)
93 | public static let v26 = Self(for: .v26)
/Users/admin/builder/spi-builder-workspace/Sources/ViewTypes/VideoPlayer.swift:92:36: error: type 'Version' has no member 'v2'
90 | extension visionOSViewVersion<VideoPlayerType, AVPlayerViewController> {
91 | public static let v1 = Self(for: .v1)
92 | public static let v2 = Self(for: .v2)
| `- error: type 'Version' has no member 'v2'
93 | public static let v26 = Self(for: .v26)
94 | public static let v27 = Self(for: .v27)
/Users/admin/builder/spi-builder-workspace/Sources/ViewTypes/PickerWithSegmentedStyle.swift:117:61: error: 'UISegmentedControl' is unavailable in watchOS
115 | }
116 |
117 | extension visionOSViewVersion<PickerWithSegmentedStyleType, UISegmentedControl> {
| `- error: 'UISegmentedControl' is unavailable in watchOS
118 | public static let v1 = Self(for: .v1)
119 | public static let v2 = Self(for: .v2)
/Applications/Xcode-27.0.0.app/Contents/Developer/Platforms/WatchOS.platform/Developer/SDKs/WatchOS27.0.sdk/System/Library/Frameworks/UIKit.framework/Headers/UISegmentedControl.h:43:12: note: 'UISegmentedControl' has been explicitly marked unavailable here
41 |
42 | UIKIT_EXTERN API_AVAILABLE(ios(2.0)) API_UNAVAILABLE(watchos) NS_SWIFT_UI_ACTOR
43 | @interface UISegmentedControl : UIControl <NSCoding>
| `- note: 'UISegmentedControl' has been explicitly marked unavailable here
44 |
45 | - (instancetype)initWithFrame:(CGRect)frame NS_DESIGNATED_INITIALIZER;
/Users/admin/builder/spi-builder-workspace/Sources/ViewTypes/PickerWithWheelStyle.swift:64:52: error: 'UIPickerView' is unavailable in watchOS
62 | public import UIKit
63 |
64 | extension iOSViewVersion<PickerWithWheelStyleType, UIPickerView> {
| `- error: 'UIPickerView' is unavailable in watchOS
65 | public static let v13 = Self(for: .v13)
66 | public static let v14 = Self(for: .v14)
/Applications/Xcode-27.0.0.app/Contents/Developer/Platforms/WatchOS.platform/Developer/SDKs/WatchOS27.0.sdk/System/Library/Frameworks/UIKit.framework/Headers/UIPickerView.h:19:12: note: 'UIPickerView' has been explicitly marked unavailable here
17 |
18 | UIKIT_EXTERN API_AVAILABLE(ios(2.0)) API_UNAVAILABLE(tvos, watchos) NS_SWIFT_UI_ACTOR
19 | @interface UIPickerView : UIView <NSCoding>
| `- note: 'UIPickerView' has been explicitly marked unavailable here
20 |
21 | @property(nullable,nonatomic,weak) id<UIPickerViewDataSource> dataSource; // default is nil. weak reference
/Users/admin/builder/spi-builder-workspace/Sources/ViewTypes/PickerWithWheelStyle.swift:75:57: error: 'UIPickerView' is unavailable in watchOS
73 | }
74 |
75 | extension visionOSViewVersion<PickerWithWheelStyleType, UIPickerView> {
| `- error: 'UIPickerView' is unavailable in watchOS
76 | public static let v1 = Self(for: .v1)
77 | public static let v2 = Self(for: .v2)
/Applications/Xcode-27.0.0.app/Contents/Developer/Platforms/WatchOS.platform/Developer/SDKs/WatchOS27.0.sdk/System/Library/Frameworks/UIKit.framework/Headers/UIPickerView.h:19:12: note: 'UIPickerView' has been explicitly marked unavailable here
17 |
18 | UIKIT_EXTERN API_AVAILABLE(ios(2.0)) API_UNAVAILABLE(tvos, watchos) NS_SWIFT_UI_ACTOR
19 | @interface UIPickerView : UIView <NSCoding>
| `- note: 'UIPickerView' has been explicitly marked unavailable here
20 |
21 | @property(nullable,nonatomic,weak) id<UIPickerViewDataSource> dataSource; // default is nil. weak reference
/Users/admin/builder/spi-builder-workspace/Sources/ViewTypes/Popover.swift:68:53: error: 'UIPopoverPresentationController' is unavailable in watchOS
66 | public static let v27 = Self(for: .v27, selector: selector)
67 |
68 | private static var selector: IntrospectionSelector<UIPopoverPresentationController> {
| `- error: 'UIPopoverPresentationController' is unavailable in watchOS
69 | .from(UIViewController.self, selector: { $0.popoverPresentationController })
70 | }
/Applications/Xcode-27.0.0.app/Contents/Developer/Platforms/WatchOS.platform/Developer/SDKs/WatchOS27.0.sdk/System/Library/Frameworks/UIKit.framework/Headers/UIPopoverPresentationController.h:40:12: note: 'UIPopoverPresentationController' has been explicitly marked unavailable here
38 |
39 | UIKIT_EXTERN API_AVAILABLE(ios(8.0)) API_UNAVAILABLE(tvos, watchos) NS_SWIFT_UI_ACTOR
40 | @interface UIPopoverPresentationController : UIPresentationController
| `- note: 'UIPopoverPresentationController' has been explicitly marked unavailable here
41 |
42 | @property (nullable, nonatomic, weak) id <UIPopoverPresentationControllerDelegate> delegate;
/Users/admin/builder/spi-builder-workspace/Sources/ViewTypes/Popover.swift:58:39: error: 'UIPopoverPresentationController' is unavailable in watchOS
56 | public import UIKit
57 |
58 | extension iOSViewVersion<PopoverType, UIPopoverPresentationController> {
| `- error: 'UIPopoverPresentationController' is unavailable in watchOS
59 | public static let v13 = Self(for: .v13, selector: selector)
60 | public static let v14 = Self(for: .v14, selector: selector)
/Applications/Xcode-27.0.0.app/Contents/Developer/Platforms/WatchOS.platform/Developer/SDKs/WatchOS27.0.sdk/System/Library/Frameworks/UIKit.framework/Headers/UIPopoverPresentationController.h:40:12: note: 'UIPopoverPresentationController' has been explicitly marked unavailable here
38 |
39 | UIKIT_EXTERN API_AVAILABLE(ios(8.0)) API_UNAVAILABLE(tvos, watchos) NS_SWIFT_UI_ACTOR
40 | @interface UIPopoverPresentationController : UIPresentationController
| `- note: 'UIPopoverPresentationController' has been explicitly marked unavailable here
41 |
42 | @property (nullable, nonatomic, weak) id <UIPopoverPresentationControllerDelegate> delegate;
/Users/admin/builder/spi-builder-workspace/Sources/ViewTypes/Popover.swift:79:53: error: 'UIPopoverPresentationController' is unavailable in watchOS
77 | public static let v27 = Self(for: .v27, selector: selector)
78 |
79 | private static var selector: IntrospectionSelector<UIPopoverPresentationController> {
| `- error: 'UIPopoverPresentationController' is unavailable in watchOS
80 | .from(UIViewController.self, selector: { $0.popoverPresentationController })
81 | }
/Applications/Xcode-27.0.0.app/Contents/Developer/Platforms/WatchOS.platform/Developer/SDKs/WatchOS27.0.sdk/System/Library/Frameworks/UIKit.framework/Headers/UIPopoverPresentationController.h:40:12: note: 'UIPopoverPresentationController' has been explicitly marked unavailable here
38 |
39 | UIKIT_EXTERN API_AVAILABLE(ios(8.0)) API_UNAVAILABLE(tvos, watchos) NS_SWIFT_UI_ACTOR
40 | @interface UIPopoverPresentationController : UIPresentationController
| `- note: 'UIPopoverPresentationController' has been explicitly marked unavailable here
41 |
42 | @property (nullable, nonatomic, weak) id <UIPopoverPresentationControllerDelegate> delegate;
/Users/admin/builder/spi-builder-workspace/Sources/ViewTypes/Popover.swift:73:44: error: 'UIPopoverPresentationController' is unavailable in watchOS
71 | }
72 |
73 | extension visionOSViewVersion<PopoverType, UIPopoverPresentationController> {
| `- error: 'UIPopoverPresentationController' is unavailable in watchOS
74 | public static let v1 = Self(for: .v1, selector: selector)
75 | public static let v2 = Self(for: .v2, selector: selector)
/Applications/Xcode-27.0.0.app/Contents/Developer/Platforms/WatchOS.platform/Developer/SDKs/WatchOS27.0.sdk/System/Library/Frameworks/UIKit.framework/Headers/UIPopoverPresentationController.h:40:12: note: 'UIPopoverPresentationController' has been explicitly marked unavailable here
38 |
39 | UIKIT_EXTERN API_AVAILABLE(ios(8.0)) API_UNAVAILABLE(tvos, watchos) NS_SWIFT_UI_ACTOR
40 | @interface UIPopoverPresentationController : UIPresentationController
| `- note: 'UIPopoverPresentationController' has been explicitly marked unavailable here
41 |
42 | @property (nullable, nonatomic, weak) id <UIPopoverPresentationControllerDelegate> delegate;
SwiftCompile normal arm64_32 /Users/admin/builder/spi-builder-workspace/Sources/ViewTypes/PickerWithMenuStyle.swift (in target 'SwiftUIIntrospect' from project 'swiftui-introspect')
cd /Users/admin/builder/spi-builder-workspace/.swiftpm/xcode
builtin-SwiftPerFileCompile PickerWithMenuStyle.swift
SwiftCompile normal arm64_32 /Users/admin/builder/spi-builder-workspace/Sources/ViewTypes/PickerWithSegmentedStyle.swift (in target 'SwiftUIIntrospect' from project 'swiftui-introspect')
cd /Users/admin/builder/spi-builder-workspace/.swiftpm/xcode
builtin-SwiftPerFileCompile PickerWithSegmentedStyle.swift
SwiftCompile normal arm64_32 /Users/admin/builder/spi-builder-workspace/Sources/ViewTypes/PickerWithWheelStyle.swift (in target 'SwiftUIIntrospect' from project 'swiftui-introspect')
cd /Users/admin/builder/spi-builder-workspace/.swiftpm/xcode
builtin-SwiftPerFileCompile PickerWithWheelStyle.swift
SwiftCompile normal arm64_32 /Users/admin/builder/spi-builder-workspace/Sources/ViewTypes/Popover.swift (in target 'SwiftUIIntrospect' from project 'swiftui-introspect')
cd /Users/admin/builder/spi-builder-workspace/.swiftpm/xcode
builtin-SwiftPerFileCompile Popover.swift
SwiftCompile normal arm64_32 /Users/admin/builder/spi-builder-workspace/Sources/ViewTypes/ProgressView.swift (in target 'SwiftUIIntrospect' from project 'swiftui-introspect')
cd /Users/admin/builder/spi-builder-workspace/.swiftpm/xcode
builtin-SwiftPerFileCompile ProgressView.swift
SwiftCompile normal arm64_32 /Users/admin/builder/spi-builder-workspace/Sources/ViewTypes/ProgressViewWithCircularStyle.swift (in target 'SwiftUIIntrospect' from project 'swiftui-introspect')
cd /Users/admin/builder/spi-builder-workspace/.swiftpm/xcode
builtin-SwiftPerFileCompile ProgressViewWithCircularStyle.swift
/Users/admin/builder/spi-builder-workspace/Sources/ViewTypes/Popover.swift:69:9: error: 'UIViewController' is unavailable in watchOS
67 |
68 | private static var selector: IntrospectionSelector<UIPopoverPresentationController> {
69 | .from(UIViewController.self, selector: { $0.popoverPresentationController })
| `- error: 'UIViewController' is unavailable in watchOS
70 | }
71 | }
/Applications/Xcode-27.0.0.app/Contents/Developer/Platforms/WatchOS.platform/Developer/SDKs/WatchOS27.0.sdk/System/Library/Frameworks/UIKit.framework/Headers/UIViewController.h:104:12: note: 'UIViewController' has been explicitly marked unavailable here
102 |
103 | UIKIT_EXTERN API_AVAILABLE(ios(2.0)) API_UNAVAILABLE(watchos) NS_SWIFT_UI_ACTOR
104 | @interface UIViewController : UIResponder <NSCoding, UIAppearanceContainer, UITraitEnvironment, UIContentContainer, UIFocusEnvironment>
| `- note: 'UIViewController' has been explicitly marked unavailable here
105 |
106 | /*
/Users/admin/builder/spi-builder-workspace/Sources/ViewTypes/Popover.swift:80:9: error: 'UIViewController' is unavailable in watchOS
78 |
79 | private static var selector: IntrospectionSelector<UIPopoverPresentationController> {
80 | .from(UIViewController.self, selector: { $0.popoverPresentationController })
| `- error: 'UIViewController' is unavailable in watchOS
81 | }
82 | }
/Applications/Xcode-27.0.0.app/Contents/Developer/Platforms/WatchOS.platform/Developer/SDKs/WatchOS27.0.sdk/System/Library/Frameworks/UIKit.framework/Headers/UIViewController.h:104:12: note: 'UIViewController' has been explicitly marked unavailable here
102 |
103 | UIKIT_EXTERN API_AVAILABLE(ios(2.0)) API_UNAVAILABLE(watchos) NS_SWIFT_UI_ACTOR
104 | @interface UIViewController : UIResponder <NSCoding, UIAppearanceContainer, UITraitEnvironment, UIContentContainer, UIFocusEnvironment>
| `- note: 'UIViewController' has been explicitly marked unavailable here
105 |
106 | /*
/Users/admin/builder/spi-builder-workspace/Sources/ViewTypes/ProgressView.swift:67:44: error: 'UIActivityIndicatorView' is unavailable in watchOS
65 | public import UIKit
66 |
67 | extension iOSViewVersion<ProgressViewType, UIActivityIndicatorView> {
| `- error: 'UIActivityIndicatorView' is unavailable in watchOS
68 | @available(*, unavailable, message: "ProgressView isn't available on iOS 13")
69 | public static let v13 = Self(for: .v13)
/Applications/Xcode-27.0.0.app/Contents/Developer/Platforms/WatchOS.platform/Developer/SDKs/WatchOS27.0.sdk/System/Library/Frameworks/UIKit.framework/Headers/UIActivityIndicatorView.h:24:12: note: 'UIActivityIndicatorView' has been explicitly marked unavailable here
22 |
23 | UIKIT_EXTERN API_AVAILABLE(ios(2.0)) API_UNAVAILABLE(watchos) NS_SWIFT_UI_ACTOR
24 | @interface UIActivityIndicatorView : UIView <NSCoding>
| `- note: 'UIActivityIndicatorView' has been explicitly marked unavailable here
25 |
26 | - (instancetype)initWithActivityIndicatorStyle:(UIActivityIndicatorViewStyle)style NS_DESIGNATED_INITIALIZER; // sizes the view according to the style
/Users/admin/builder/spi-builder-workspace/Sources/ViewTypes/ProgressView.swift:79:45: error: 'UIActivityIndicatorView' is unavailable in watchOS
77 | }
78 |
79 | extension tvOSViewVersion<ProgressViewType, UIActivityIndicatorView> {
| `- error: 'UIActivityIndicatorView' is unavailable in watchOS
80 | @available(*, unavailable, message: "ProgressView isn't available on tvOS 13")
81 | public static let v13 = Self(for: .v13)
/Applications/Xcode-27.0.0.app/Contents/Developer/Platforms/WatchOS.platform/Developer/SDKs/WatchOS27.0.sdk/System/Library/Frameworks/UIKit.framework/Headers/UIActivityIndicatorView.h:24:12: note: 'UIActivityIndicatorView' has been explicitly marked unavailable here
22 |
23 | UIKIT_EXTERN API_AVAILABLE(ios(2.0)) API_UNAVAILABLE(watchos) NS_SWIFT_UI_ACTOR
24 | @interface UIActivityIndicatorView : UIView <NSCoding>
| `- note: 'UIActivityIndicatorView' has been explicitly marked unavailable here
25 |
26 | - (instancetype)initWithActivityIndicatorStyle:(UIActivityIndicatorViewStyle)style NS_DESIGNATED_INITIALIZER; // sizes the view according to the style
/Users/admin/builder/spi-builder-workspace/Sources/ViewTypes/ProgressView.swift:91:49: error: 'UIActivityIndicatorView' is unavailable in watchOS
89 | }
90 |
91 | extension visionOSViewVersion<ProgressViewType, UIActivityIndicatorView> {
| `- error: 'UIActivityIndicatorView' is unavailable in watchOS
92 | public static let v1 = Self(for: .v1)
93 | public static let v2 = Self(for: .v2)
/Applications/Xcode-27.0.0.app/Contents/Developer/Platforms/WatchOS.platform/Developer/SDKs/WatchOS27.0.sdk/System/Library/Frameworks/UIKit.framework/Headers/UIActivityIndicatorView.h:24:12: note: 'UIActivityIndicatorView' has been explicitly marked unavailable here
22 |
23 | UIKIT_EXTERN API_AVAILABLE(ios(2.0)) API_UNAVAILABLE(watchos) NS_SWIFT_UI_ACTOR
24 | @interface UIActivityIndicatorView : UIView <NSCoding>
| `- note: 'UIActivityIndicatorView' has been explicitly marked unavailable here
25 |
26 | - (instancetype)initWithActivityIndicatorStyle:(UIActivityIndicatorViewStyle)style NS_DESIGNATED_INITIALIZER; // sizes the view according to the style
/Users/admin/builder/spi-builder-workspace/Sources/ViewTypes/ProgressViewWithCircularStyle.swift:71:61: error: 'UIActivityIndicatorView' is unavailable in watchOS
69 | public import UIKit
70 |
71 | extension iOSViewVersion<ProgressViewWithCircularStyleType, UIActivityIndicatorView> {
| `- error: 'UIActivityIndicatorView' is unavailable in watchOS
72 | @available(*, unavailable, message: ".progressViewStyle(.circular) isn't available on iOS 13")
73 | public static let v13 = Self(for: .v13)
/Applications/Xcode-27.0.0.app/Contents/Developer/Platforms/WatchOS.platform/Developer/SDKs/WatchOS27.0.sdk/System/Library/Frameworks/UIKit.framework/Headers/UIActivityIndicatorView.h:24:12: note: 'UIActivityIndicatorView' has been explicitly marked unavailable here
22 |
23 | UIKIT_EXTERN API_AVAILABLE(ios(2.0)) API_UNAVAILABLE(watchos) NS_SWIFT_UI_ACTOR
24 | @interface UIActivityIndicatorView : UIView <NSCoding>
| `- note: 'UIActivityIndicatorView' has been explicitly marked unavailable here
25 |
26 | - (instancetype)initWithActivityIndicatorStyle:(UIActivityIndicatorViewStyle)style NS_DESIGNATED_INITIALIZER; // sizes the view according to the style
/Users/admin/builder/spi-builder-workspace/Sources/ViewTypes/ProgressViewWithCircularStyle.swift:83:62: error: 'UIActivityIndicatorView' is unavailable in watchOS
81 | }
82 |
83 | extension tvOSViewVersion<ProgressViewWithCircularStyleType, UIActivityIndicatorView> {
| `- error: 'UIActivityIndicatorView' is unavailable in watchOS
84 | @available(*, unavailable, message: ".progressViewStyle(.circular) isn't available on tvOS 13")
85 | public static let v13 = Self(for: .v13)
/Applications/Xcode-27.0.0.app/Contents/Developer/Platforms/WatchOS.platform/Developer/SDKs/WatchOS27.0.sdk/System/Library/Frameworks/UIKit.framework/Headers/UIActivityIndicatorView.h:24:12: note: 'UIActivityIndicatorView' has been explicitly marked unavailable here
22 |
23 | UIKIT_EXTERN API_AVAILABLE(ios(2.0)) API_UNAVAILABLE(watchos) NS_SWIFT_UI_ACTOR
24 | @interface UIActivityIndicatorView : UIView <NSCoding>
| `- note: 'UIActivityIndicatorView' has been explicitly marked unavailable here
25 |
26 | - (instancetype)initWithActivityIndicatorStyle:(UIActivityIndicatorViewStyle)style NS_DESIGNATED_INITIALIZER; // sizes the view according to the style
SwiftCompile normal arm64_32 Compiling\ ProgressViewWithLinearStyle.swift,\ ScrollView.swift,\ SearchField.swift,\ SecureField.swift,\ Sheet.swift,\ SignInWithAppleButton.swift /Users/admin/builder/spi-builder-workspace/Sources/ViewTypes/ProgressViewWithLinearStyle.swift /Users/admin/builder/spi-builder-workspace/Sources/ViewTypes/ScrollView.swift /Users/admin/builder/spi-builder-workspace/Sources/ViewTypes/SearchField.swift /Users/admin/builder/spi-builder-workspace/Sources/ViewTypes/SecureField.swift /Users/admin/builder/spi-builder-workspace/Sources/ViewTypes/Sheet.swift /Users/admin/builder/spi-builder-workspace/Sources/ViewTypes/SignInWithAppleButton.swift (in target 'SwiftUIIntrospect' from project 'swiftui-introspect')
/Users/admin/builder/spi-builder-workspace/Sources/ViewTypes/VideoPlayer.swift:66:43: error: cannot find type 'AVPlayerViewController' in scope
64 |
65 | #if canImport(UIKit)
66 | extension iOSViewVersion<VideoPlayerType, AVPlayerViewController> {
| `- error: cannot find type 'AVPlayerViewController' in scope
67 | @available(*, unavailable, message: "VideoPlayer isn't available on iOS 13")
68 | public static let v13 = Self.unavailable()
/Users/admin/builder/spi-builder-workspace/Sources/ViewTypes/VideoPlayer.swift:78:44: error: cannot find type 'AVPlayerViewController' in scope
76 | }
77 |
78 | extension tvOSViewVersion<VideoPlayerType, AVPlayerViewController> {
| `- error: cannot find type 'AVPlayerViewController' in scope
79 | @available(*, unavailable, message: "VideoPlayer isn't available on tvOS 13")
80 | public static let v13 = Self.unavailable()
/Users/admin/builder/spi-builder-workspace/Sources/ViewTypes/VideoPlayer.swift:69:37: error: type 'Version' has no member 'v14'
67 | @available(*, unavailable, message: "VideoPlayer isn't available on iOS 13")
68 | public static let v13 = Self.unavailable()
69 | public static let v14 = Self(for: .v14)
| `- error: type 'Version' has no member 'v14'
70 | public static let v15 = Self(for: .v15)
71 | public static let v16 = Self(for: .v16)
/Users/admin/builder/spi-builder-workspace/Sources/ViewTypes/VideoPlayer.swift:81:37: error: type 'Version' has no member 'v14'
79 | @available(*, unavailable, message: "VideoPlayer isn't available on tvOS 13")
80 | public static let v13 = Self.unavailable()
81 | public static let v14 = Self(for: .v14)
| `- error: type 'Version' has no member 'v14'
82 | public static let v15 = Self(for: .v15)
83 | public static let v16 = Self(for: .v16)
/Users/admin/builder/spi-builder-workspace/Sources/ViewTypes/VideoPlayer.swift:70:37: error: type 'Version' has no member 'v15'
68 | public static let v13 = Self.unavailable()
69 | public static let v14 = Self(for: .v14)
70 | public static let v15 = Self(for: .v15)
| `- error: type 'Version' has no member 'v15'
71 | public static let v16 = Self(for: .v16)
72 | public static let v17 = Self(for: .v17)
/Users/admin/builder/spi-builder-workspace/Sources/ViewTypes/VideoPlayer.swift:82:37: error: type 'Version' has no member 'v15'
80 | public static let v13 = Self.unavailable()
81 | public static let v14 = Self(for: .v14)
82 | public static let v15 = Self(for: .v15)
| `- error: type 'Version' has no member 'v15'
83 | public static let v16 = Self(for: .v16)
84 | public static let v17 = Self(for: .v17)
/Users/admin/builder/spi-builder-workspace/Sources/ViewTypes/VideoPlayer.swift:71:37: error: type 'Version' has no member 'v16'
69 | public static let v14 = Self(for: .v14)
70 | public static let v15 = Self(for: .v15)
71 | public static let v16 = Self(for: .v16)
| `- error: type 'Version' has no member 'v16'
72 | public static let v17 = Self(for: .v17)
73 | public static let v18 = Self(for: .v18)
/Users/admin/builder/spi-builder-workspace/Sources/ViewTypes/VideoPlayer.swift:83:37: error: type 'Version' has no member 'v16'
81 | public static let v14 = Self(for: .v14)
82 | public static let v15 = Self(for: .v15)
83 | public static let v16 = Self(for: .v16)
| `- error: type 'Version' has no member 'v16'
84 | public static let v17 = Self(for: .v17)
85 | public static let v18 = Self(for: .v18)
/Users/admin/builder/spi-builder-workspace/Sources/ViewTypes/VideoPlayer.swift:72:37: error: type 'Version' has no member 'v17'
70 | public static let v15 = Self(for: .v15)
71 | public static let v16 = Self(for: .v16)
72 | public static let v17 = Self(for: .v17)
| `- error: type 'Version' has no member 'v17'
73 | public static let v18 = Self(for: .v18)
74 | public static let v26 = Self(for: .v26)
/Users/admin/builder/spi-builder-workspace/Sources/ViewTypes/VideoPlayer.swift:84:37: error: type 'Version' has no member 'v17'
82 | public static let v15 = Self(for: .v15)
83 | public static let v16 = Self(for: .v16)
84 | public static let v17 = Self(for: .v17)
| `- error: type 'Version' has no member 'v17'
85 | public static let v18 = Self(for: .v18)
86 | public static let v26 = Self(for: .v26)
/Users/admin/builder/spi-builder-workspace/Sources/ViewTypes/VideoPlayer.swift:73:37: error: type 'Version' has no member 'v18'
71 | public static let v16 = Self(for: .v16)
72 | public static let v17 = Self(for: .v17)
73 | public static let v18 = Self(for: .v18)
| `- error: type 'Version' has no member 'v18'
74 | public static let v26 = Self(for: .v26)
75 | public static let v27 = Self(for: .v27)
/Users/admin/builder/spi-builder-workspace/Sources/ViewTypes/VideoPlayer.swift:85:37: error: type 'Version' has no member 'v18'
83 | public static let v16 = Self(for: .v16)
84 | public static let v17 = Self(for: .v17)
85 | public static let v18 = Self(for: .v18)
| `- error: type 'Version' has no member 'v18'
86 | public static let v26 = Self(for: .v26)
87 | public static let v27 = Self(for: .v27)
/Users/admin/builder/spi-builder-workspace/Sources/ViewTypes/VideoPlayer.swift:74:37: error: type 'Version' has no member 'v26'
72 | public static let v17 = Self(for: .v17)
73 | public static let v18 = Self(for: .v18)
74 | public static let v26 = Self(for: .v26)
| `- error: type 'Version' has no member 'v26'
75 | public static let v27 = Self(for: .v27)
76 | }
/Users/admin/builder/spi-builder-workspace/Sources/ViewTypes/VideoPlayer.swift:86:37: error: type 'Version' has no member 'v26'
84 | public static let v17 = Self(for: .v17)
85 | public static let v18 = Self(for: .v18)
86 | public static let v26 = Self(for: .v26)
| `- error: type 'Version' has no member 'v26'
87 | public static let v27 = Self(for: .v27)
88 | }
/Users/admin/builder/spi-builder-workspace/Sources/ViewTypes/VideoPlayer.swift:90:48: error: cannot find type 'AVPlayerViewController' in scope
88 | }
89 |
90 | extension visionOSViewVersion<VideoPlayerType, AVPlayerViewController> {
| `- error: cannot find type 'AVPlayerViewController' in scope
91 | public static let v1 = Self(for: .v1)
92 | public static let v2 = Self(for: .v2)
/Users/admin/builder/spi-builder-workspace/Sources/ViewTypes/VideoPlayer.swift:93:37: error: type 'Version' has no member 'v26'
91 | public static let v1 = Self(for: .v1)
92 | public static let v2 = Self(for: .v2)
93 | public static let v26 = Self(for: .v26)
| `- error: type 'Version' has no member 'v26'
94 | public static let v27 = Self(for: .v27)
95 | }
/Users/admin/builder/spi-builder-workspace/Sources/ViewTypes/VideoPlayer.swift:75:37: error: type 'Version' has no member 'v27'
73 | public static let v18 = Self(for: .v18)
74 | public static let v26 = Self(for: .v26)
75 | public static let v27 = Self(for: .v27)
| `- error: type 'Version' has no member 'v27'
76 | }
77 |
/Users/admin/builder/spi-builder-workspace/Sources/ViewTypes/VideoPlayer.swift:87:37: error: type 'Version' has no member 'v27'
85 | public static let v18 = Self(for: .v18)
86 | public static let v26 = Self(for: .v26)
87 | public static let v27 = Self(for: .v27)
| `- error: type 'Version' has no member 'v27'
88 | }
89 |
/Users/admin/builder/spi-builder-workspace/Sources/ViewTypes/VideoPlayer.swift:94:37: error: type 'Version' has no member 'v27'
92 | public static let v2 = Self(for: .v2)
93 | public static let v26 = Self(for: .v26)
94 | public static let v27 = Self(for: .v27)
| `- error: type 'Version' has no member 'v27'
95 | }
96 | #elseif canImport(AppKit)
/Users/admin/builder/spi-builder-workspace/Sources/ViewTypes/ProgressViewWithLinearStyle.swift:71:59: error: 'UIProgressView' is unavailable in watchOS
69 | public import UIKit
70 |
71 | extension iOSViewVersion<ProgressViewWithLinearStyleType, UIProgressView> {
| `- error: 'UIProgressView' is unavailable in watchOS
72 | @available(*, unavailable, message: ".progressViewStyle(.linear) isn't available on iOS 13")
73 | public static let v13 = Self(for: .v13)
/Applications/Xcode-27.0.0.app/Contents/Developer/Platforms/WatchOS.platform/Developer/SDKs/WatchOS27.0.sdk/System/Library/Frameworks/UIKit.framework/Headers/UIProgressView.h:23:12: note: 'UIProgressView' has been explicitly marked unavailable here
21 |
22 | UIKIT_EXTERN API_AVAILABLE(ios(2.0)) API_UNAVAILABLE(watchos) NS_SWIFT_UI_ACTOR
23 | @interface UIProgressView : UIView <NSCoding>
| `- note: 'UIProgressView' has been explicitly marked unavailable here
24 |
25 | - (instancetype)initWithFrame:(CGRect)frame NS_DESIGNATED_INITIALIZER;
/Users/admin/builder/spi-builder-workspace/Sources/ViewTypes/ProgressViewWithLinearStyle.swift:83:60: error: 'UIProgressView' is unavailable in watchOS
81 | }
82 |
83 | extension tvOSViewVersion<ProgressViewWithLinearStyleType, UIProgressView> {
| `- error: 'UIProgressView' is unavailable in watchOS
84 | @available(*, unavailable, message: ".progressViewStyle(.linear) isn't available on tvOS 13")
85 | public static let v13 = Self(for: .v13)
/Applications/Xcode-27.0.0.app/Contents/Developer/Platforms/WatchOS.platform/Developer/SDKs/WatchOS27.0.sdk/System/Library/Frameworks/UIKit.framework/Headers/UIProgressView.h:23:12: note: 'UIProgressView' has been explicitly marked unavailable here
21 |
22 | UIKIT_EXTERN API_AVAILABLE(ios(2.0)) API_UNAVAILABLE(watchos) NS_SWIFT_UI_ACTOR
23 | @interface UIProgressView : UIView <NSCoding>
| `- note: 'UIProgressView' has been explicitly marked unavailable here
24 |
25 | - (instancetype)initWithFrame:(CGRect)frame NS_DESIGNATED_INITIALIZER;
/Users/admin/builder/spi-builder-workspace/Sources/ViewTypes/VideoPlayer.swift:91:36: error: type 'Version' has no member 'v1'
89 |
90 | extension visionOSViewVersion<VideoPlayerType, AVPlayerViewController> {
91 | public static let v1 = Self(for: .v1)
| `- error: type 'Version' has no member 'v1'
92 | public static let v2 = Self(for: .v2)
93 | public static let v26 = Self(for: .v26)
/Users/admin/builder/spi-builder-workspace/Sources/ViewTypes/VideoPlayer.swift:92:36: error: type 'Version' has no member 'v2'
90 | extension visionOSViewVersion<VideoPlayerType, AVPlayerViewController> {
91 | public static let v1 = Self(for: .v1)
92 | public static let v2 = Self(for: .v2)
| `- error: type 'Version' has no member 'v2'
93 | public static let v26 = Self(for: .v26)
94 | public static let v27 = Self(for: .v27)
/Users/admin/builder/spi-builder-workspace/Sources/ViewTypes/ProgressViewWithLinearStyle.swift:95:64: error: 'UIProgressView' is unavailable in watchOS
93 | }
94 |
95 | extension visionOSViewVersion<ProgressViewWithLinearStyleType, UIProgressView> {
| `- error: 'UIProgressView' is unavailable in watchOS
96 | public static let v1 = Self(for: .v1)
97 | public static let v2 = Self(for: .v2)
/Applications/Xcode-27.0.0.app/Contents/Developer/Platforms/WatchOS.platform/Developer/SDKs/WatchOS27.0.sdk/System/Library/Frameworks/UIKit.framework/Headers/UIProgressView.h:23:12: note: 'UIProgressView' has been explicitly marked unavailable here
21 |
22 | UIKIT_EXTERN API_AVAILABLE(ios(2.0)) API_UNAVAILABLE(watchos) NS_SWIFT_UI_ACTOR
23 | @interface UIProgressView : UIView <NSCoding>
| `- note: 'UIProgressView' has been explicitly marked unavailable here
24 |
25 | - (instancetype)initWithFrame:(CGRect)frame NS_DESIGNATED_INITIALIZER;
/Users/admin/builder/spi-builder-workspace/Sources/ViewTypes/ScrollView.swift:71:42: error: 'UIScrollView' is unavailable in watchOS
69 | public import UIKit
70 |
71 | extension iOSViewVersion<ScrollViewType, UIScrollView> {
| `- error: 'UIScrollView' is unavailable in watchOS
72 | public static let v13 = Self(for: .v13)
73 | public static let v14 = Self(for: .v14)
/Applications/Xcode-27.0.0.app/Contents/Developer/Platforms/WatchOS.platform/Developer/SDKs/WatchOS27.0.sdk/System/Library/Frameworks/UIKit.framework/Headers/UIScrollView.h:87:12: note: 'UIScrollView' has been explicitly marked unavailable here
85 |
86 | UIKIT_EXTERN API_AVAILABLE(ios(2.0)) API_UNAVAILABLE(watchos) NS_SWIFT_UI_ACTOR
87 | @interface UIScrollView : UIView <NSCoding, UIFocusItemScrollableContainer>
| `- note: 'UIScrollView' has been explicitly marked unavailable here
88 |
89 | @property(nonatomic) CGPoint contentOffset; // default CGPointZero
/Users/admin/builder/spi-builder-workspace/Sources/ViewTypes/ScrollView.swift:82:43: error: 'UIScrollView' is unavailable in watchOS
80 | }
81 |
82 | extension tvOSViewVersion<ScrollViewType, UIScrollView> {
| `- error: 'UIScrollView' is unavailable in watchOS
83 | public static let v13 = Self(for: .v13)
84 | public static let v14 = Self(for: .v14)
/Applications/Xcode-27.0.0.app/Contents/Developer/Platforms/WatchOS.platform/Developer/SDKs/WatchOS27.0.sdk/System/Library/Frameworks/UIKit.framework/Headers/UIScrollView.h:87:12: note: 'UIScrollView' has been explicitly marked unavailable here
85 |
86 | UIKIT_EXTERN API_AVAILABLE(ios(2.0)) API_UNAVAILABLE(watchos) NS_SWIFT_UI_ACTOR
87 | @interface UIScrollView : UIView <NSCoding, UIFocusItemScrollableContainer>
| `- note: 'UIScrollView' has been explicitly marked unavailable here
88 |
89 | @property(nonatomic) CGPoint contentOffset; // default CGPointZero
/Users/admin/builder/spi-builder-workspace/Sources/ViewTypes/ScrollView.swift:93:47: error: 'UIScrollView' is unavailable in watchOS
91 | }
92 |
93 | extension visionOSViewVersion<ScrollViewType, UIScrollView> {
| `- error: 'UIScrollView' is unavailable in watchOS
94 | public static let v1 = Self(for: .v1)
95 | public static let v2 = Self(for: .v2)
/Applications/Xcode-27.0.0.app/Contents/Developer/Platforms/WatchOS.platform/Developer/SDKs/WatchOS27.0.sdk/System/Library/Frameworks/UIKit.framework/Headers/UIScrollView.h:87:12: note: 'UIScrollView' has been explicitly marked unavailable here
85 |
86 | UIKIT_EXTERN API_AVAILABLE(ios(2.0)) API_UNAVAILABLE(watchos) NS_SWIFT_UI_ACTOR
87 | @interface UIScrollView : UIView <NSCoding, UIFocusItemScrollableContainer>
| `- note: 'UIScrollView' has been explicitly marked unavailable here
88 |
89 | @property(nonatomic) CGPoint contentOffset; // default CGPointZero
/Users/admin/builder/spi-builder-workspace/Sources/ViewTypes/SearchField.swift:117:53: error: 'UISearchBar' is unavailable in watchOS
115 | public static let v27 = Self(for: .v27, selector: selector)
116 |
117 | private static var selector: IntrospectionSelector<UISearchBar> {
| `- error: 'UISearchBar' is unavailable in watchOS
118 | .from(UINavigationController.self) {
119 | $0.viewIfLoaded?.allDescendants.firstPlatformEntity(ofType: UISearchBar.self)
/Applications/Xcode-27.0.0.app/Contents/Developer/Platforms/WatchOS.platform/Developer/SDKs/WatchOS27.0.sdk/System/Library/Frameworks/UIKit.framework/Headers/UISearchBar.h:46:12: note: 'UISearchBar' has been explicitly marked unavailable here
44 |
45 | UIKIT_EXTERN API_AVAILABLE(ios(2.0)) API_UNAVAILABLE(watchos) NS_SWIFT_UI_ACTOR
46 | @interface UISearchBar : UIView <UIBarPositioning, UITextInputTraits, UILookToDictateCapable>
| `- note: 'UISearchBar' has been explicitly marked unavailable here
47 |
48 | - (instancetype)init API_UNAVAILABLE(tvos);
/Users/admin/builder/spi-builder-workspace/Sources/ViewTypes/SearchField.swift:105:43: error: 'UISearchBar' is unavailable in watchOS
103 | public import UIKit
104 |
105 | extension iOSViewVersion<SearchFieldType, UISearchBar> {
| `- error: 'UISearchBar' is unavailable in watchOS
106 | @available(*, unavailable, message: ".searchable isn't available on iOS 13")
107 | public static let v13 = Self.unavailable()
/Applications/Xcode-27.0.0.app/Contents/Developer/Platforms/WatchOS.platform/Developer/SDKs/WatchOS27.0.sdk/System/Library/Frameworks/UIKit.framework/Headers/UISearchBar.h:46:12: note: 'UISearchBar' has been explicitly marked unavailable here
44 |
45 | UIKIT_EXTERN API_AVAILABLE(ios(2.0)) API_UNAVAILABLE(watchos) NS_SWIFT_UI_ACTOR
46 | @interface UISearchBar : UIView <UIBarPositioning, UITextInputTraits, UILookToDictateCapable>
| `- note: 'UISearchBar' has been explicitly marked unavailable here
47 |
48 | - (instancetype)init API_UNAVAILABLE(tvos);
/Users/admin/builder/spi-builder-workspace/Sources/ViewTypes/SearchField.swift:136:53: error: 'UISearchBar' is unavailable in watchOS
134 | public static let v27 = Self(for: .v27, selector: selector)
135 |
136 | private static var selector: IntrospectionSelector<UISearchBar> {
| `- error: 'UISearchBar' is unavailable in watchOS
137 | .from(UINavigationController.self) {
138 | $0.viewIfLoaded?.allDescendants.firstPlatformEntity(ofType: UISearchBar.self)
/Applications/Xcode-27.0.0.app/Contents/Developer/Platforms/WatchOS.platform/Developer/SDKs/WatchOS27.0.sdk/System/Library/Frameworks/UIKit.framework/Headers/UISearchBar.h:46:12: note: 'UISearchBar' has been explicitly marked unavailable here
44 |
45 | UIKIT_EXTERN API_AVAILABLE(ios(2.0)) API_UNAVAILABLE(watchos) NS_SWIFT_UI_ACTOR
46 | @interface UISearchBar : UIView <UIBarPositioning, UITextInputTraits, UILookToDictateCapable>
| `- note: 'UISearchBar' has been explicitly marked unavailable here
47 |
48 | - (instancetype)init API_UNAVAILABLE(tvos);
/Users/admin/builder/spi-builder-workspace/Sources/ViewTypes/SearchField.swift:124:44: error: 'UISearchBar' is unavailable in watchOS
122 | }
123 |
124 | extension tvOSViewVersion<SearchFieldType, UISearchBar> {
| `- error: 'UISearchBar' is unavailable in watchOS
125 | @available(*, unavailable, message: ".searchable isn't available on tvOS 13")
126 | public static let v13 = Self.unavailable()
/Applications/Xcode-27.0.0.app/Contents/Developer/Platforms/WatchOS.platform/Developer/SDKs/WatchOS27.0.sdk/System/Library/Frameworks/UIKit.framework/Headers/UISearchBar.h:46:12: note: 'UISearchBar' has been explicitly marked unavailable here
44 |
45 | UIKIT_EXTERN API_AVAILABLE(ios(2.0)) API_UNAVAILABLE(watchos) NS_SWIFT_UI_ACTOR
46 | @interface UISearchBar : UIView <UIBarPositioning, UITextInputTraits, UILookToDictateCapable>
| `- note: 'UISearchBar' has been explicitly marked unavailable here
47 |
48 | - (instancetype)init API_UNAVAILABLE(tvos);
/Users/admin/builder/spi-builder-workspace/Sources/ViewTypes/SearchField.swift:149:53: error: 'UISearchBar' is unavailable in watchOS
147 | public static let v27 = Self(for: .v27, selector: selector)
148 |
149 | private static var selector: IntrospectionSelector<UISearchBar> {
| `- error: 'UISearchBar' is unavailable in watchOS
150 | .from(UINavigationController.self) {
151 | $0.viewIfLoaded?.allDescendants.firstPlatformEntity(ofType: UISearchBar.self)
/Applications/Xcode-27.0.0.app/Contents/Developer/Platforms/WatchOS.platform/Developer/SDKs/WatchOS27.0.sdk/System/Library/Frameworks/UIKit.framework/Headers/UISearchBar.h:46:12: note: 'UISearchBar' has been explicitly marked unavailable here
44 |
45 | UIKIT_EXTERN API_AVAILABLE(ios(2.0)) API_UNAVAILABLE(watchos) NS_SWIFT_UI_ACTOR
46 | @interface UISearchBar : UIView <UIBarPositioning, UITextInputTraits, UILookToDictateCapable>
| `- note: 'UISearchBar' has been explicitly marked unavailable here
47 |
48 | - (instancetype)init API_UNAVAILABLE(tvos);
/Users/admin/builder/spi-builder-workspace/Sources/ViewTypes/SearchField.swift:143:48: error: 'UISearchBar' is unavailable in watchOS
141 | }
142 |
143 | extension visionOSViewVersion<SearchFieldType, UISearchBar> {
| `- error: 'UISearchBar' is unavailable in watchOS
144 | public static let v1 = Self(for: .v1, selector: selector)
145 | public static let v2 = Self(for: .v2, selector: selector)
/Applications/Xcode-27.0.0.app/Contents/Developer/Platforms/WatchOS.platform/Developer/SDKs/WatchOS27.0.sdk/System/Library/Frameworks/UIKit.framework/Headers/UISearchBar.h:46:12: note: 'UISearchBar' has been explicitly marked unavailable here
44 |
45 | UIKIT_EXTERN API_AVAILABLE(ios(2.0)) API_UNAVAILABLE(watchos) NS_SWIFT_UI_ACTOR
46 | @interface UISearchBar : UIView <UIBarPositioning, UITextInputTraits, UILookToDictateCapable>
| `- note: 'UISearchBar' has been explicitly marked unavailable here
47 |
48 | - (instancetype)init API_UNAVAILABLE(tvos);
/Users/admin/builder/spi-builder-workspace/Sources/ViewTypes/SearchField.swift:118:9: error: 'UINavigationController' is unavailable in watchOS
116 |
117 | private static var selector: IntrospectionSelector<UISearchBar> {
118 | .from(UINavigationController.self) {
| `- error: 'UINavigationController' is unavailable in watchOS
119 | $0.viewIfLoaded?.allDescendants.firstPlatformEntity(ofType: UISearchBar.self)
120 | }
/Applications/Xcode-27.0.0.app/Contents/Developer/Platforms/WatchOS.platform/Developer/SDKs/WatchOS27.0.sdk/System/Library/Frameworks/UIKit.framework/Headers/UINavigationController.h:46:12: note: 'UINavigationController' has been explicitly marked unavailable here
44 |
45 | UIKIT_EXTERN API_AVAILABLE(ios(2.0)) API_UNAVAILABLE(watchos) NS_SWIFT_UI_ACTOR
46 | @interface UINavigationController : UIViewController
| `- note: 'UINavigationController' has been explicitly marked unavailable here
47 |
48 |
/Users/admin/builder/spi-builder-workspace/Sources/ViewTypes/SearchField.swift:119:64: error: 'UISearchBar' is unavailable in watchOS
117 | private static var selector: IntrospectionSelector<UISearchBar> {
118 | .from(UINavigationController.self) {
119 | $0.viewIfLoaded?.allDescendants.firstPlatformEntity(ofType: UISearchBar.self)
| `- error: 'UISearchBar' is unavailable in watchOS
120 | }
121 | }
/Applications/Xcode-27.0.0.app/Contents/Developer/Platforms/WatchOS.platform/Developer/SDKs/WatchOS27.0.sdk/System/Library/Frameworks/UIKit.framework/Headers/UISearchBar.h:46:12: note: 'UISearchBar' has been explicitly marked unavailable here
44 |
45 | UIKIT_EXTERN API_AVAILABLE(ios(2.0)) API_UNAVAILABLE(watchos) NS_SWIFT_UI_ACTOR
46 | @interface UISearchBar : UIView <UIBarPositioning, UITextInputTraits, UILookToDictateCapable>
| `- note: 'UISearchBar' has been explicitly marked unavailable here
47 |
48 | - (instancetype)init API_UNAVAILABLE(tvos);
/Users/admin/builder/spi-builder-workspace/Sources/ViewTypes/SearchField.swift:137:9: error: 'UINavigationController' is unavailable in watchOS
135 |
136 | private static var selector: IntrospectionSelector<UISearchBar> {
137 | .from(UINavigationController.self) {
| `- error: 'UINavigationController' is unavailable in watchOS
138 | $0.viewIfLoaded?.allDescendants.firstPlatformEntity(ofType: UISearchBar.self)
139 | }
/Applications/Xcode-27.0.0.app/Contents/Developer/Platforms/WatchOS.platform/Developer/SDKs/WatchOS27.0.sdk/System/Library/Frameworks/UIKit.framework/Headers/UINavigationController.h:46:12: note: 'UINavigationController' has been explicitly marked unavailable here
44 |
45 | UIKIT_EXTERN API_AVAILABLE(ios(2.0)) API_UNAVAILABLE(watchos) NS_SWIFT_UI_ACTOR
46 | @interface UINavigationController : UIViewController
| `- note: 'UINavigationController' has been explicitly marked unavailable here
47 |
48 |
/Users/admin/builder/spi-builder-workspace/Sources/ViewTypes/SearchField.swift:138:64: error: 'UISearchBar' is unavailable in watchOS
136 | private static var selector: IntrospectionSelector<UISearchBar> {
137 | .from(UINavigationController.self) {
138 | $0.viewIfLoaded?.allDescendants.firstPlatformEntity(ofType: UISearchBar.self)
| `- error: 'UISearchBar' is unavailable in watchOS
139 | }
140 | }
/Applications/Xcode-27.0.0.app/Contents/Developer/Platforms/WatchOS.platform/Developer/SDKs/WatchOS27.0.sdk/System/Library/Frameworks/UIKit.framework/Headers/UISearchBar.h:46:12: note: 'UISearchBar' has been explicitly marked unavailable here
44 |
45 | UIKIT_EXTERN API_AVAILABLE(ios(2.0)) API_UNAVAILABLE(watchos) NS_SWIFT_UI_ACTOR
46 | @interface UISearchBar : UIView <UIBarPositioning, UITextInputTraits, UILookToDictateCapable>
| `- note: 'UISearchBar' has been explicitly marked unavailable here
47 |
48 | - (instancetype)init API_UNAVAILABLE(tvos);
/Users/admin/builder/spi-builder-workspace/Sources/ViewTypes/SearchField.swift:150:9: error: 'UINavigationController' is unavailable in watchOS
148 |
149 | private static var selector: IntrospectionSelector<UISearchBar> {
150 | .from(UINavigationController.self) {
| `- error: 'UINavigationController' is unavailable in watchOS
151 | $0.viewIfLoaded?.allDescendants.firstPlatformEntity(ofType: UISearchBar.self)
152 | }
/Applications/Xcode-27.0.0.app/Contents/Developer/Platforms/WatchOS.platform/Developer/SDKs/WatchOS27.0.sdk/System/Library/Frameworks/UIKit.framework/Headers/UINavigationController.h:46:12: note: 'UINavigationController' has been explicitly marked unavailable here
44 |
45 | UIKIT_EXTERN API_AVAILABLE(ios(2.0)) API_UNAVAILABLE(watchos) NS_SWIFT_UI_ACTOR
46 | @interface UINavigationController : UIViewController
| `- note: 'UINavigationController' has been explicitly marked unavailable here
47 |
48 |
/Users/admin/builder/spi-builder-workspace/Sources/ViewTypes/SearchField.swift:151:64: error: 'UISearchBar' is unavailable in watchOS
149 | private static var selector: IntrospectionSelector<UISearchBar> {
150 | .from(UINavigationController.self) {
151 | $0.viewIfLoaded?.allDescendants.firstPlatformEntity(ofType: UISearchBar.self)
| `- error: 'UISearchBar' is unavailable in watchOS
152 | }
153 | }
/Applications/Xcode-27.0.0.app/Contents/Developer/Platforms/WatchOS.platform/Developer/SDKs/WatchOS27.0.sdk/System/Library/Frameworks/UIKit.framework/Headers/UISearchBar.h:46:12: note: 'UISearchBar' has been explicitly marked unavailable here
44 |
45 | UIKIT_EXTERN API_AVAILABLE(ios(2.0)) API_UNAVAILABLE(watchos) NS_SWIFT_UI_ACTOR
46 | @interface UISearchBar : UIView <UIBarPositioning, UITextInputTraits, UILookToDictateCapable>
| `- note: 'UISearchBar' has been explicitly marked unavailable here
47 |
48 | - (instancetype)init API_UNAVAILABLE(tvos);
/Users/admin/builder/spi-builder-workspace/Sources/ViewTypes/SecureField.swift:71:43: error: 'UITextField' is unavailable in watchOS
69 | public import UIKit
70 |
71 | extension iOSViewVersion<SecureFieldType, UITextField> {
| `- error: 'UITextField' is unavailable in watchOS
72 | public static let v13 = Self(for: .v13)
73 | public static let v14 = Self(for: .v14)
/Applications/Xcode-27.0.0.app/Contents/Developer/Platforms/WatchOS.platform/Developer/SDKs/WatchOS27.0.sdk/System/Library/Frameworks/UIKit.framework/Headers/UITextField.h:53:12: note: 'UITextField' has been explicitly marked unavailable here
51 |
52 | UIKIT_EXTERN API_AVAILABLE(ios(2.0)) API_UNAVAILABLE(watchos) NS_SWIFT_UI_ACTOR
53 | @interface UITextField : UIControl <UITextInput, NSCoding, UIContentSizeCategoryAdjusting, UILetterformAwareAdjusting>
| `- note: 'UITextField' has been explicitly marked unavailable here
54 |
55 | @property(nullable, nonatomic,copy) NSString *text; // default is nil
/Users/admin/builder/spi-builder-workspace/Sources/ViewTypes/SecureField.swift:82:44: error: 'UITextField' is unavailable in watchOS
80 | }
81 |
82 | extension tvOSViewVersion<SecureFieldType, UITextField> {
| `- error: 'UITextField' is unavailable in watchOS
83 | public static let v13 = Self(for: .v13)
84 | public static let v14 = Self(for: .v14)
/Applications/Xcode-27.0.0.app/Contents/Developer/Platforms/WatchOS.platform/Developer/SDKs/WatchOS27.0.sdk/System/Library/Frameworks/UIKit.framework/Headers/UITextField.h:53:12: note: 'UITextField' has been explicitly marked unavailable here
51 |
52 | UIKIT_EXTERN API_AVAILABLE(ios(2.0)) API_UNAVAILABLE(watchos) NS_SWIFT_UI_ACTOR
53 | @interface UITextField : UIControl <UITextInput, NSCoding, UIContentSizeCategoryAdjusting, UILetterformAwareAdjusting>
| `- note: 'UITextField' has been explicitly marked unavailable here
54 |
55 | @property(nullable, nonatomic,copy) NSString *text; // default is nil
/Users/admin/builder/spi-builder-workspace/Sources/ViewTypes/SecureField.swift:93:48: error: 'UITextField' is unavailable in watchOS
91 | }
92 |
93 | extension visionOSViewVersion<SecureFieldType, UITextField> {
| `- error: 'UITextField' is unavailable in watchOS
94 | public static let v1 = Self(for: .v1)
95 | public static let v2 = Self(for: .v2)
/Applications/Xcode-27.0.0.app/Contents/Developer/Platforms/WatchOS.platform/Developer/SDKs/WatchOS27.0.sdk/System/Library/Frameworks/UIKit.framework/Headers/UITextField.h:53:12: note: 'UITextField' has been explicitly marked unavailable here
51 |
52 | UIKIT_EXTERN API_AVAILABLE(ios(2.0)) API_UNAVAILABLE(watchos) NS_SWIFT_UI_ACTOR
53 | @interface UITextField : UIControl <UITextInput, NSCoding, UIContentSizeCategoryAdjusting, UILetterformAwareAdjusting>
| `- note: 'UITextField' has been explicitly marked unavailable here
54 |
55 | @property(nullable, nonatomic,copy) NSString *text; // default is nil
/Users/admin/builder/spi-builder-workspace/Sources/ViewTypes/Sheet.swift:82:53: error: 'UIPresentationController' is unavailable in watchOS
80 | public static let v27 = Self(for: .v27, selector: selector)
81 |
82 | private static var selector: IntrospectionSelector<UIPresentationController> {
| `- error: 'UIPresentationController' is unavailable in watchOS
83 | .from(UIViewController.self, selector: { $0.presentationController })
84 | }
/Applications/Xcode-27.0.0.app/Contents/Developer/Platforms/WatchOS.platform/Developer/SDKs/WatchOS27.0.sdk/System/Library/Frameworks/UIKit.framework/Headers/UIPresentationController.h:65:12: note: 'UIPresentationController' has been explicitly marked unavailable here
63 |
64 | UIKIT_EXTERN API_AVAILABLE(ios(8.0)) API_UNAVAILABLE(watchos) NS_SWIFT_UI_ACTOR
65 | @interface UIPresentationController : NSObject <UIAppearanceContainer, UITraitEnvironment, UIContentContainer, UIFocusEnvironment>
| `- note: 'UIPresentationController' has been explicitly marked unavailable here
66 |
67 | @property(nonatomic, strong, readonly) UIViewController *presentingViewController;
/Users/admin/builder/spi-builder-workspace/Sources/ViewTypes/Sheet.swift:72:37: error: 'UIPresentationController' is unavailable in watchOS
70 | public import UIKit
71 |
72 | extension iOSViewVersion<SheetType, UIPresentationController> {
| `- error: 'UIPresentationController' is unavailable in watchOS
73 | public static let v13 = Self(for: .v13, selector: selector)
74 | public static let v14 = Self(for: .v14, selector: selector)
/Applications/Xcode-27.0.0.app/Contents/Developer/Platforms/WatchOS.platform/Developer/SDKs/WatchOS27.0.sdk/System/Library/Frameworks/UIKit.framework/Headers/UIPresentationController.h:65:12: note: 'UIPresentationController' has been explicitly marked unavailable here
63 |
64 | UIKIT_EXTERN API_AVAILABLE(ios(8.0)) API_UNAVAILABLE(watchos) NS_SWIFT_UI_ACTOR
65 | @interface UIPresentationController : NSObject <UIAppearanceContainer, UITraitEnvironment, UIContentContainer, UIFocusEnvironment>
| `- note: 'UIPresentationController' has been explicitly marked unavailable here
66 |
67 | @property(nonatomic, strong, readonly) UIViewController *presentingViewController;
/Users/admin/builder/spi-builder-workspace/Sources/ViewTypes/Sheet.swift:102:53: error: 'UISheetPresentationController' is unavailable in watchOS
100 | public static let v27 = Self(for: .v27, selector: selector)
101 |
102 | private static var selector: IntrospectionSelector<UISheetPresentationController> {
| `- error: 'UISheetPresentationController' is unavailable in watchOS
103 | .from(UIViewController.self, selector: { $0.sheetPresentationController })
104 | }
/Applications/Xcode-27.0.0.app/Contents/Developer/Platforms/WatchOS.platform/Developer/SDKs/WatchOS27.0.sdk/System/Library/Frameworks/UIKit.framework/Headers/UISheetPresentationController.h:108:12: note: 'UISheetPresentationController' has been explicitly marked unavailable here
106 |
107 | UIKIT_EXTERN API_AVAILABLE(ios(15.0)) API_UNAVAILABLE(tvos, watchos) NS_SWIFT_UI_ACTOR
108 | @interface UISheetPresentationController : UIPresentationController
| `- note: 'UISheetPresentationController' has been explicitly marked unavailable here
109 |
110 | // The delegate inherited from UIPresentationController, redeclared with conformance to UISheetPresentationControllerDelegate.
/Users/admin/builder/spi-builder-workspace/Sources/ViewTypes/Sheet.swift:89:37: error: 'UISheetPresentationController' is unavailable in watchOS
87 | #if !os(tvOS)
88 | @available(iOS 15, *)
89 | extension iOSViewVersion<SheetType, UISheetPresentationController> {
| `- error: 'UISheetPresentationController' is unavailable in watchOS
90 | @_disfavoredOverload
91 | public static let v15 = Self(for: .v15, selector: selector)
/Applications/Xcode-27.0.0.app/Contents/Developer/Platforms/WatchOS.platform/Developer/SDKs/WatchOS27.0.sdk/System/Library/Frameworks/UIKit.framework/Headers/UISheetPresentationController.h:108:12: note: 'UISheetPresentationController' has been explicitly marked unavailable here
106 |
107 | UIKIT_EXTERN API_AVAILABLE(ios(15.0)) API_UNAVAILABLE(tvos, watchos) NS_SWIFT_UI_ACTOR
108 | @interface UISheetPresentationController : UIPresentationController
| `- note: 'UISheetPresentationController' has been explicitly marked unavailable here
109 |
110 | // The delegate inherited from UIPresentationController, redeclared with conformance to UISheetPresentationControllerDelegate.
/Users/admin/builder/spi-builder-workspace/Sources/ViewTypes/Sheet.swift:114:53: error: 'UISheetPresentationController' is unavailable in watchOS
112 | public static let v27 = Self(for: .v27, selector: selector)
113 |
114 | private static var selector: IntrospectionSelector<UISheetPresentationController> {
| `- error: 'UISheetPresentationController' is unavailable in watchOS
115 | .from(UIViewController.self, selector: { $0.sheetPresentationController })
116 | }
/Applications/Xcode-27.0.0.app/Contents/Developer/Platforms/WatchOS.platform/Developer/SDKs/WatchOS27.0.sdk/System/Library/Frameworks/UIKit.framework/Headers/UISheetPresentationController.h:108:12: note: 'UISheetPresentationController' has been explicitly marked unavailable here
106 |
107 | UIKIT_EXTERN API_AVAILABLE(ios(15.0)) API_UNAVAILABLE(tvos, watchos) NS_SWIFT_UI_ACTOR
108 | @interface UISheetPresentationController : UIPresentationController
| `- note: 'UISheetPresentationController' has been explicitly marked unavailable here
109 |
110 | // The delegate inherited from UIPresentationController, redeclared with conformance to UISheetPresentationControllerDelegate.
/Users/admin/builder/spi-builder-workspace/Sources/ViewTypes/Sheet.swift:108:42: error: 'UISheetPresentationController' is unavailable in watchOS
106 |
107 | @available(iOS 15, *)
108 | extension visionOSViewVersion<SheetType, UISheetPresentationController> {
| `- error: 'UISheetPresentationController' is unavailable in watchOS
109 | public static let v1 = Self(for: .v1, selector: selector)
110 | public static let v2 = Self(for: .v2, selector: selector)
/Applications/Xcode-27.0.0.app/Contents/Developer/Platforms/WatchOS.platform/Developer/SDKs/WatchOS27.0.sdk/System/Library/Frameworks/UIKit.framework/Headers/UISheetPresentationController.h:108:12: note: 'UISheetPresentationController' has been explicitly marked unavailable here
106 |
107 | UIKIT_EXTERN API_AVAILABLE(ios(15.0)) API_UNAVAILABLE(tvos, watchos) NS_SWIFT_UI_ACTOR
108 | @interface UISheetPresentationController : UIPresentationController
| `- note: 'UISheetPresentationController' has been explicitly marked unavailable here
109 |
110 | // The delegate inherited from UIPresentationController, redeclared with conformance to UISheetPresentationControllerDelegate.
/Users/admin/builder/spi-builder-workspace/Sources/ViewTypes/Sheet.swift:130:53: error: 'UIPresentationController' is unavailable in watchOS
128 | public static let v27 = Self(for: .v27, selector: selector)
129 |
130 | private static var selector: IntrospectionSelector<UIPresentationController> {
| `- error: 'UIPresentationController' is unavailable in watchOS
131 | .from(UIViewController.self, selector: { $0.presentationController })
132 | }
/Applications/Xcode-27.0.0.app/Contents/Developer/Platforms/WatchOS.platform/Developer/SDKs/WatchOS27.0.sdk/System/Library/Frameworks/UIKit.framework/Headers/UIPresentationController.h:65:12: note: 'UIPresentationController' has been explicitly marked unavailable here
63 |
64 | UIKIT_EXTERN API_AVAILABLE(ios(8.0)) API_UNAVAILABLE(watchos) NS_SWIFT_UI_ACTOR
65 | @interface UIPresentationController : NSObject <UIAppearanceContainer, UITraitEnvironment, UIContentContainer, UIFocusEnvironment>
| `- note: 'UIPresentationController' has been explicitly marked unavailable here
66 |
67 | @property(nonatomic, strong, readonly) UIViewController *presentingViewController;
/Users/admin/builder/spi-builder-workspace/Sources/ViewTypes/Sheet.swift:120:38: error: 'UIPresentationController' is unavailable in watchOS
118 | #endif
119 |
120 | extension tvOSViewVersion<SheetType, UIPresentationController> {
| `- error: 'UIPresentationController' is unavailable in watchOS
121 | public static let v13 = Self(for: .v13, selector: selector)
122 | public static let v14 = Self(for: .v14, selector: selector)
/Applications/Xcode-27.0.0.app/Contents/Developer/Platforms/WatchOS.platform/Developer/SDKs/WatchOS27.0.sdk/System/Library/Frameworks/UIKit.framework/Headers/UIPresentationController.h:65:12: note: 'UIPresentationController' has been explicitly marked unavailable here
63 |
64 | UIKIT_EXTERN API_AVAILABLE(ios(8.0)) API_UNAVAILABLE(watchos) NS_SWIFT_UI_ACTOR
65 | @interface UIPresentationController : NSObject <UIAppearanceContainer, UITraitEnvironment, UIContentContainer, UIFocusEnvironment>
| `- note: 'UIPresentationController' has been explicitly marked unavailable here
66 |
67 | @property(nonatomic, strong, readonly) UIViewController *presentingViewController;
/Users/admin/builder/spi-builder-workspace/Sources/ViewTypes/Sheet.swift:83:9: error: 'UIViewController' is unavailable in watchOS
81 |
82 | private static var selector: IntrospectionSelector<UIPresentationController> {
83 | .from(UIViewController.self, selector: { $0.presentationController })
| `- error: 'UIViewController' is unavailable in watchOS
84 | }
85 | }
/Applications/Xcode-27.0.0.app/Contents/Developer/Platforms/WatchOS.platform/Developer/SDKs/WatchOS27.0.sdk/System/Library/Frameworks/UIKit.framework/Headers/UIViewController.h:104:12: note: 'UIViewController' has been explicitly marked unavailable here
102 |
103 | UIKIT_EXTERN API_AVAILABLE(ios(2.0)) API_UNAVAILABLE(watchos) NS_SWIFT_UI_ACTOR
104 | @interface UIViewController : UIResponder <NSCoding, UIAppearanceContainer, UITraitEnvironment, UIContentContainer, UIFocusEnvironment>
| `- note: 'UIViewController' has been explicitly marked unavailable here
105 |
106 | /*
/Users/admin/builder/spi-builder-workspace/Sources/ViewTypes/Sheet.swift:103:9: error: 'UIViewController' is unavailable in watchOS
101 |
102 | private static var selector: IntrospectionSelector<UISheetPresentationController> {
103 | .from(UIViewController.self, selector: { $0.sheetPresentationController })
| `- error: 'UIViewController' is unavailable in watchOS
104 | }
105 | }
/Applications/Xcode-27.0.0.app/Contents/Developer/Platforms/WatchOS.platform/Developer/SDKs/WatchOS27.0.sdk/System/Library/Frameworks/UIKit.framework/Headers/UIViewController.h:104:12: note: 'UIViewController' has been explicitly marked unavailable here
102 |
103 | UIKIT_EXTERN API_AVAILABLE(ios(2.0)) API_UNAVAILABLE(watchos) NS_SWIFT_UI_ACTOR
104 | @interface UIViewController : UIResponder <NSCoding, UIAppearanceContainer, UITraitEnvironment, UIContentContainer, UIFocusEnvironment>
| `- note: 'UIViewController' has been explicitly marked unavailable here
105 |
106 | /*
/Users/admin/builder/spi-builder-workspace/Sources/ViewTypes/Sheet.swift:103:47: error: 'sheetPresentationController' is unavailable in watchOS
101 |
102 | private static var selector: IntrospectionSelector<UISheetPresentationController> {
103 | .from(UIViewController.self, selector: { $0.sheetPresentationController })
| `- error: 'sheetPresentationController' is unavailable in watchOS
104 | }
105 | }
/Applications/Xcode-27.0.0.app/Contents/Developer/Platforms/WatchOS.platform/Developer/SDKs/WatchOS27.0.sdk/System/Library/Frameworks/UIKit.framework/Headers/UIViewController.h:619:74: note: 'sheetPresentationController' has been explicitly marked unavailable here
617 |
618 | @property (nullable, nonatomic, readonly) UIPresentationController *presentationController API_AVAILABLE(ios(8.0));
619 | @property (nullable, nonatomic, readonly) UISheetPresentationController *sheetPresentationController API_AVAILABLE(ios(15.0)) API_UNAVAILABLE(tvos, watchos);
| `- note: 'sheetPresentationController' has been explicitly marked unavailable here
620 | @property (nullable, nonatomic, readonly) UIPopoverPresentationController *popoverPresentationController API_AVAILABLE(ios(8.0));
621 |
SwiftCompile normal arm64_32 /Users/admin/builder/spi-builder-workspace/Sources/ViewTypes/ProgressViewWithLinearStyle.swift (in target 'SwiftUIIntrospect' from project 'swiftui-introspect')
cd /Users/admin/builder/spi-builder-workspace/.swiftpm/xcode
builtin-SwiftPerFileCompile ProgressViewWithLinearStyle.swift
SwiftCompile normal arm64_32 /Users/admin/builder/spi-builder-workspace/Sources/ViewTypes/ScrollView.swift (in target 'SwiftUIIntrospect' from project 'swiftui-introspect')
cd /Users/admin/builder/spi-builder-workspace/.swiftpm/xcode
builtin-SwiftPerFileCompile ScrollView.swift
SwiftCompile normal arm64_32 /Users/admin/builder/spi-builder-workspace/Sources/ViewTypes/SearchField.swift (in target 'SwiftUIIntrospect' from project 'swiftui-introspect')
cd /Users/admin/builder/spi-builder-workspace/.swiftpm/xcode
builtin-SwiftPerFileCompile SearchField.swift
SwiftCompile normal arm64_32 /Users/admin/builder/spi-builder-workspace/Sources/ViewTypes/SecureField.swift (in target 'SwiftUIIntrospect' from project 'swiftui-introspect')
cd /Users/admin/builder/spi-builder-workspace/.swiftpm/xcode
builtin-SwiftPerFileCompile SecureField.swift
SwiftCompile normal arm64_32 /Users/admin/builder/spi-builder-workspace/Sources/ViewTypes/Sheet.swift (in target 'SwiftUIIntrospect' from project 'swiftui-introspect')
cd /Users/admin/builder/spi-builder-workspace/.swiftpm/xcode
builtin-SwiftPerFileCompile Sheet.swift
SwiftCompile normal arm64_32 /Users/admin/builder/spi-builder-workspace/Sources/ViewTypes/SignInWithAppleButton.swift (in target 'SwiftUIIntrospect' from project 'swiftui-introspect')
cd /Users/admin/builder/spi-builder-workspace/.swiftpm/xcode
builtin-SwiftPerFileCompile SignInWithAppleButton.swift
/Users/admin/builder/spi-builder-workspace/Sources/ViewTypes/Sheet.swift:115:9: error: 'UIViewController' is unavailable in watchOS
113 |
114 | private static var selector: IntrospectionSelector<UISheetPresentationController> {
115 | .from(UIViewController.self, selector: { $0.sheetPresentationController })
| `- error: 'UIViewController' is unavailable in watchOS
116 | }
117 | }
/Applications/Xcode-27.0.0.app/Contents/Developer/Platforms/WatchOS.platform/Developer/SDKs/WatchOS27.0.sdk/System/Library/Frameworks/UIKit.framework/Headers/UIViewController.h:104:12: note: 'UIViewController' has been explicitly marked unavailable here
102 |
103 | UIKIT_EXTERN API_AVAILABLE(ios(2.0)) API_UNAVAILABLE(watchos) NS_SWIFT_UI_ACTOR
104 | @interface UIViewController : UIResponder <NSCoding, UIAppearanceContainer, UITraitEnvironment, UIContentContainer, UIFocusEnvironment>
| `- note: 'UIViewController' has been explicitly marked unavailable here
105 |
106 | /*
/Users/admin/builder/spi-builder-workspace/Sources/ViewTypes/Sheet.swift:115:47: error: 'sheetPresentationController' is unavailable in watchOS
113 |
114 | private static var selector: IntrospectionSelector<UISheetPresentationController> {
115 | .from(UIViewController.self, selector: { $0.sheetPresentationController })
| `- error: 'sheetPresentationController' is unavailable in watchOS
116 | }
117 | }
/Applications/Xcode-27.0.0.app/Contents/Developer/Platforms/WatchOS.platform/Developer/SDKs/WatchOS27.0.sdk/System/Library/Frameworks/UIKit.framework/Headers/UIViewController.h:619:74: note: 'sheetPresentationController' has been explicitly marked unavailable here
617 |
618 | @property (nullable, nonatomic, readonly) UIPresentationController *presentationController API_AVAILABLE(ios(8.0));
619 | @property (nullable, nonatomic, readonly) UISheetPresentationController *sheetPresentationController API_AVAILABLE(ios(15.0)) API_UNAVAILABLE(tvos, watchos);
| `- note: 'sheetPresentationController' has been explicitly marked unavailable here
620 | @property (nullable, nonatomic, readonly) UIPopoverPresentationController *popoverPresentationController API_AVAILABLE(ios(8.0));
621 |
SwiftCompile normal arm64_32 Compiling\ Utils.swift,\ Button.swift,\ ColorPicker.swift,\ DatePicker.swift,\ DatePickerWithCompactStyle.swift,\ DatePickerWithFieldStyle.swift,\ DatePickerWithGraphicalStyle.swift /Users/admin/builder/spi-builder-workspace/Sources/Utils.swift /Users/admin/builder/spi-builder-workspace/Sources/ViewTypes/Button.swift /Users/admin/builder/spi-builder-workspace/Sources/ViewTypes/ColorPicker.swift /Users/admin/builder/spi-builder-workspace/Sources/ViewTypes/DatePicker.swift /Users/admin/builder/spi-builder-workspace/Sources/ViewTypes/DatePickerWithCompactStyle.swift /Users/admin/builder/spi-builder-workspace/Sources/ViewTypes/DatePickerWithFieldStyle.swift /Users/admin/builder/spi-builder-workspace/Sources/ViewTypes/DatePickerWithGraphicalStyle.swift (in target 'SwiftUIIntrospect' from project 'swiftui-introspect')
/Users/admin/builder/spi-builder-workspace/Sources/ViewTypes/VideoPlayer.swift:66:43: error: cannot find type 'AVPlayerViewController' in scope
64 |
65 | #if canImport(UIKit)
66 | extension iOSViewVersion<VideoPlayerType, AVPlayerViewController> {
| `- error: cannot find type 'AVPlayerViewController' in scope
67 | @available(*, unavailable, message: "VideoPlayer isn't available on iOS 13")
68 | public static let v13 = Self.unavailable()
/Users/admin/builder/spi-builder-workspace/Sources/ViewTypes/VideoPlayer.swift:78:44: error: cannot find type 'AVPlayerViewController' in scope
76 | }
77 |
78 | extension tvOSViewVersion<VideoPlayerType, AVPlayerViewController> {
| `- error: cannot find type 'AVPlayerViewController' in scope
79 | @available(*, unavailable, message: "VideoPlayer isn't available on tvOS 13")
80 | public static let v13 = Self.unavailable()
/Users/admin/builder/spi-builder-workspace/Sources/ViewTypes/VideoPlayer.swift:69:37: error: type 'Version' has no member 'v14'
67 | @available(*, unavailable, message: "VideoPlayer isn't available on iOS 13")
68 | public static let v13 = Self.unavailable()
69 | public static let v14 = Self(for: .v14)
| `- error: type 'Version' has no member 'v14'
70 | public static let v15 = Self(for: .v15)
71 | public static let v16 = Self(for: .v16)
/Users/admin/builder/spi-builder-workspace/Sources/ViewTypes/VideoPlayer.swift:81:37: error: type 'Version' has no member 'v14'
79 | @available(*, unavailable, message: "VideoPlayer isn't available on tvOS 13")
80 | public static let v13 = Self.unavailable()
81 | public static let v14 = Self(for: .v14)
| `- error: type 'Version' has no member 'v14'
82 | public static let v15 = Self(for: .v15)
83 | public static let v16 = Self(for: .v16)
/Users/admin/builder/spi-builder-workspace/Sources/ViewTypes/VideoPlayer.swift:70:37: error: type 'Version' has no member 'v15'
68 | public static let v13 = Self.unavailable()
69 | public static let v14 = Self(for: .v14)
70 | public static let v15 = Self(for: .v15)
| `- error: type 'Version' has no member 'v15'
71 | public static let v16 = Self(for: .v16)
72 | public static let v17 = Self(for: .v17)
/Users/admin/builder/spi-builder-workspace/Sources/ViewTypes/VideoPlayer.swift:82:37: error: type 'Version' has no member 'v15'
80 | public static let v13 = Self.unavailable()
81 | public static let v14 = Self(for: .v14)
82 | public static let v15 = Self(for: .v15)
| `- error: type 'Version' has no member 'v15'
83 | public static let v16 = Self(for: .v16)
84 | public static let v17 = Self(for: .v17)
/Users/admin/builder/spi-builder-workspace/Sources/ViewTypes/VideoPlayer.swift:71:37: error: type 'Version' has no member 'v16'
69 | public static let v14 = Self(for: .v14)
70 | public static let v15 = Self(for: .v15)
71 | public static let v16 = Self(for: .v16)
| `- error: type 'Version' has no member 'v16'
72 | public static let v17 = Self(for: .v17)
73 | public static let v18 = Self(for: .v18)
/Users/admin/builder/spi-builder-workspace/Sources/ViewTypes/VideoPlayer.swift:83:37: error: type 'Version' has no member 'v16'
81 | public static let v14 = Self(for: .v14)
82 | public static let v15 = Self(for: .v15)
83 | public static let v16 = Self(for: .v16)
| `- error: type 'Version' has no member 'v16'
84 | public static let v17 = Self(for: .v17)
85 | public static let v18 = Self(for: .v18)
/Users/admin/builder/spi-builder-workspace/Sources/ViewTypes/VideoPlayer.swift:72:37: error: type 'Version' has no member 'v17'
70 | public static let v15 = Self(for: .v15)
71 | public static let v16 = Self(for: .v16)
72 | public static let v17 = Self(for: .v17)
| `- error: type 'Version' has no member 'v17'
73 | public static let v18 = Self(for: .v18)
74 | public static let v26 = Self(for: .v26)
/Users/admin/builder/spi-builder-workspace/Sources/ViewTypes/VideoPlayer.swift:84:37: error: type 'Version' has no member 'v17'
82 | public static let v15 = Self(for: .v15)
83 | public static let v16 = Self(for: .v16)
84 | public static let v17 = Self(for: .v17)
| `- error: type 'Version' has no member 'v17'
85 | public static let v18 = Self(for: .v18)
86 | public static let v26 = Self(for: .v26)
/Users/admin/builder/spi-builder-workspace/Sources/ViewTypes/VideoPlayer.swift:73:37: error: type 'Version' has no member 'v18'
71 | public static let v16 = Self(for: .v16)
72 | public static let v17 = Self(for: .v17)
73 | public static let v18 = Self(for: .v18)
| `- error: type 'Version' has no member 'v18'
74 | public static let v26 = Self(for: .v26)
75 | public static let v27 = Self(for: .v27)
/Users/admin/builder/spi-builder-workspace/Sources/ViewTypes/VideoPlayer.swift:85:37: error: type 'Version' has no member 'v18'
83 | public static let v16 = Self(for: .v16)
84 | public static let v17 = Self(for: .v17)
85 | public static let v18 = Self(for: .v18)
| `- error: type 'Version' has no member 'v18'
86 | public static let v26 = Self(for: .v26)
87 | public static let v27 = Self(for: .v27)
/Users/admin/builder/spi-builder-workspace/Sources/ViewTypes/VideoPlayer.swift:74:37: error: type 'Version' has no member 'v26'
72 | public static let v17 = Self(for: .v17)
73 | public static let v18 = Self(for: .v18)
74 | public static let v26 = Self(for: .v26)
| `- error: type 'Version' has no member 'v26'
75 | public static let v27 = Self(for: .v27)
76 | }
/Users/admin/builder/spi-builder-workspace/Sources/ViewTypes/VideoPlayer.swift:86:37: error: type 'Version' has no member 'v26'
84 | public static let v17 = Self(for: .v17)
85 | public static let v18 = Self(for: .v18)
86 | public static let v26 = Self(for: .v26)
| `- error: type 'Version' has no member 'v26'
87 | public static let v27 = Self(for: .v27)
88 | }
/Users/admin/builder/spi-builder-workspace/Sources/ViewTypes/VideoPlayer.swift:90:48: error: cannot find type 'AVPlayerViewController' in scope
88 | }
89 |
90 | extension visionOSViewVersion<VideoPlayerType, AVPlayerViewController> {
| `- error: cannot find type 'AVPlayerViewController' in scope
91 | public static let v1 = Self(for: .v1)
92 | public static let v2 = Self(for: .v2)
/Users/admin/builder/spi-builder-workspace/Sources/ViewTypes/VideoPlayer.swift:93:37: error: type 'Version' has no member 'v26'
91 | public static let v1 = Self(for: .v1)
92 | public static let v2 = Self(for: .v2)
93 | public static let v26 = Self(for: .v26)
| `- error: type 'Version' has no member 'v26'
94 | public static let v27 = Self(for: .v27)
95 | }
/Users/admin/builder/spi-builder-workspace/Sources/ViewTypes/VideoPlayer.swift:75:37: error: type 'Version' has no member 'v27'
73 | public static let v18 = Self(for: .v18)
74 | public static let v26 = Self(for: .v26)
75 | public static let v27 = Self(for: .v27)
| `- error: type 'Version' has no member 'v27'
76 | }
77 |
/Users/admin/builder/spi-builder-workspace/Sources/ViewTypes/VideoPlayer.swift:87:37: error: type 'Version' has no member 'v27'
85 | public static let v18 = Self(for: .v18)
86 | public static let v26 = Self(for: .v26)
87 | public static let v27 = Self(for: .v27)
| `- error: type 'Version' has no member 'v27'
88 | }
89 |
/Users/admin/builder/spi-builder-workspace/Sources/ViewTypes/VideoPlayer.swift:94:37: error: type 'Version' has no member 'v27'
92 | public static let v2 = Self(for: .v2)
93 | public static let v26 = Self(for: .v26)
94 | public static let v27 = Self(for: .v27)
| `- error: type 'Version' has no member 'v27'
95 | }
96 | #elseif canImport(AppKit)
/Users/admin/builder/spi-builder-workspace/Sources/ViewTypes/ColorPicker.swift:62:43: error: 'UIColorWell' is unavailable in watchOS
60 |
61 | @available(iOS 14, *)
62 | extension iOSViewVersion<ColorPickerType, UIColorWell> {
| `- error: 'UIColorWell' is unavailable in watchOS
63 | @available(*, unavailable, message: "ColorPicker isn't available on iOS 13")
64 | public static let v13 = Self.unavailable()
/Applications/Xcode-27.0.0.app/Contents/Developer/Platforms/WatchOS.platform/Developer/SDKs/WatchOS27.0.sdk/System/Library/Frameworks/UIKit.framework/Headers/UIColorWell.h:15:12: note: 'UIColorWell' has been explicitly marked unavailable here
13 |
14 | UIKIT_EXTERN API_AVAILABLE(ios(14.0)) API_UNAVAILABLE(tvos, watchos) NS_SWIFT_UI_ACTOR
15 | @interface UIColorWell : UIControl
| `- note: 'UIColorWell' has been explicitly marked unavailable here
16 |
17 | /// Title for the color picker.
/Users/admin/builder/spi-builder-workspace/Sources/ViewTypes/VideoPlayer.swift:91:36: error: type 'Version' has no member 'v1'
89 |
90 | extension visionOSViewVersion<VideoPlayerType, AVPlayerViewController> {
91 | public static let v1 = Self(for: .v1)
| `- error: type 'Version' has no member 'v1'
92 | public static let v2 = Self(for: .v2)
93 | public static let v26 = Self(for: .v26)
/Users/admin/builder/spi-builder-workspace/Sources/ViewTypes/VideoPlayer.swift:92:36: error: type 'Version' has no member 'v2'
90 | extension visionOSViewVersion<VideoPlayerType, AVPlayerViewController> {
91 | public static let v1 = Self(for: .v1)
92 | public static let v2 = Self(for: .v2)
| `- error: type 'Version' has no member 'v2'
93 | public static let v26 = Self(for: .v26)
94 | public static let v27 = Self(for: .v27)
/Users/admin/builder/spi-builder-workspace/Sources/ViewTypes/ColorPicker.swift:75:48: error: 'UIColorWell' is unavailable in watchOS
73 |
74 | @available(iOS 14, *)
75 | extension visionOSViewVersion<ColorPickerType, UIColorWell> {
| `- error: 'UIColorWell' is unavailable in watchOS
76 | public static let v1 = Self(for: .v1)
77 | public static let v2 = Self(for: .v2)
/Applications/Xcode-27.0.0.app/Contents/Developer/Platforms/WatchOS.platform/Developer/SDKs/WatchOS27.0.sdk/System/Library/Frameworks/UIKit.framework/Headers/UIColorWell.h:15:12: note: 'UIColorWell' has been explicitly marked unavailable here
13 |
14 | UIKIT_EXTERN API_AVAILABLE(ios(14.0)) API_UNAVAILABLE(tvos, watchos) NS_SWIFT_UI_ACTOR
15 | @interface UIColorWell : UIControl
| `- note: 'UIColorWell' has been explicitly marked unavailable here
16 |
17 | /// Title for the color picker.
/Users/admin/builder/spi-builder-workspace/Sources/ViewTypes/DatePicker.swift:59:42: error: 'UIDatePicker' is unavailable in watchOS
57 | public import UIKit
58 |
59 | extension iOSViewVersion<DatePickerType, UIDatePicker> {
| `- error: 'UIDatePicker' is unavailable in watchOS
60 | public static let v13 = Self(for: .v13)
61 | public static let v14 = Self(for: .v14)
/Applications/Xcode-27.0.0.app/Contents/Developer/Platforms/WatchOS.platform/Developer/SDKs/WatchOS27.0.sdk/System/Library/Frameworks/UIKit.framework/Headers/UIDatePicker.h:40:12: note: 'UIDatePicker' has been explicitly marked unavailable here
38 |
39 | UIKIT_EXTERN API_AVAILABLE(ios(2.0)) API_UNAVAILABLE(tvos, watchos) NS_SWIFT_UI_ACTOR
40 | @interface UIDatePicker : UIControl <NSCoding>
| `- note: 'UIDatePicker' has been explicitly marked unavailable here
41 | @property (nonatomic) UIDatePickerMode datePickerMode; // default is UIDatePickerModeDateAndTime
42 |
/Users/admin/builder/spi-builder-workspace/Sources/ViewTypes/DatePicker.swift:70:47: error: 'UIDatePicker' is unavailable in watchOS
68 | }
69 |
70 | extension visionOSViewVersion<DatePickerType, UIDatePicker> {
| `- error: 'UIDatePicker' is unavailable in watchOS
71 | public static let v1 = Self(for: .v1)
72 | public static let v2 = Self(for: .v2)
/Applications/Xcode-27.0.0.app/Contents/Developer/Platforms/WatchOS.platform/Developer/SDKs/WatchOS27.0.sdk/System/Library/Frameworks/UIKit.framework/Headers/UIDatePicker.h:40:12: note: 'UIDatePicker' has been explicitly marked unavailable here
38 |
39 | UIKIT_EXTERN API_AVAILABLE(ios(2.0)) API_UNAVAILABLE(tvos, watchos) NS_SWIFT_UI_ACTOR
40 | @interface UIDatePicker : UIControl <NSCoding>
| `- note: 'UIDatePicker' has been explicitly marked unavailable here
41 | @property (nonatomic) UIDatePickerMode datePickerMode; // default is UIDatePickerModeDateAndTime
42 |
/Users/admin/builder/spi-builder-workspace/Sources/ViewTypes/DatePickerWithCompactStyle.swift:71:58: error: 'UIDatePicker' is unavailable in watchOS
69 | public import UIKit
70 |
71 | extension iOSViewVersion<DatePickerWithCompactStyleType, UIDatePicker> {
| `- error: 'UIDatePicker' is unavailable in watchOS
72 | @available(*, unavailable, message: ".datePickerStyle(.compact) isn't available on iOS 13")
73 | public static let v13 = Self.unavailable()
/Applications/Xcode-27.0.0.app/Contents/Developer/Platforms/WatchOS.platform/Developer/SDKs/WatchOS27.0.sdk/System/Library/Frameworks/UIKit.framework/Headers/UIDatePicker.h:40:12: note: 'UIDatePicker' has been explicitly marked unavailable here
38 |
39 | UIKIT_EXTERN API_AVAILABLE(ios(2.0)) API_UNAVAILABLE(tvos, watchos) NS_SWIFT_UI_ACTOR
40 | @interface UIDatePicker : UIControl <NSCoding>
| `- note: 'UIDatePicker' has been explicitly marked unavailable here
41 | @property (nonatomic) UIDatePickerMode datePickerMode; // default is UIDatePickerModeDateAndTime
42 |
/Users/admin/builder/spi-builder-workspace/Sources/ViewTypes/DatePickerWithCompactStyle.swift:83:63: error: 'UIDatePicker' is unavailable in watchOS
81 | }
82 |
83 | extension visionOSViewVersion<DatePickerWithCompactStyleType, UIDatePicker> {
| `- error: 'UIDatePicker' is unavailable in watchOS
84 | public static let v1 = Self(for: .v1)
85 | public static let v2 = Self(for: .v2)
/Applications/Xcode-27.0.0.app/Contents/Developer/Platforms/WatchOS.platform/Developer/SDKs/WatchOS27.0.sdk/System/Library/Frameworks/UIKit.framework/Headers/UIDatePicker.h:40:12: note: 'UIDatePicker' has been explicitly marked unavailable here
38 |
39 | UIKIT_EXTERN API_AVAILABLE(ios(2.0)) API_UNAVAILABLE(tvos, watchos) NS_SWIFT_UI_ACTOR
40 | @interface UIDatePicker : UIControl <NSCoding>
| `- note: 'UIDatePicker' has been explicitly marked unavailable here
41 | @property (nonatomic) UIDatePickerMode datePickerMode; // default is UIDatePickerModeDateAndTime
42 |
/Users/admin/builder/spi-builder-workspace/Sources/ViewTypes/DatePickerWithGraphicalStyle.swift:71:60: error: 'UIDatePicker' is unavailable in watchOS
69 | public import UIKit
70 |
71 | extension iOSViewVersion<DatePickerWithGraphicalStyleType, UIDatePicker> {
| `- error: 'UIDatePicker' is unavailable in watchOS
72 | @available(*, unavailable, message: ".datePickerStyle(.graphical) isn't available on iOS 13")
73 | public static let v13 = Self(for: .v13)
/Applications/Xcode-27.0.0.app/Contents/Developer/Platforms/WatchOS.platform/Developer/SDKs/WatchOS27.0.sdk/System/Library/Frameworks/UIKit.framework/Headers/UIDatePicker.h:40:12: note: 'UIDatePicker' has been explicitly marked unavailable here
38 |
39 | UIKIT_EXTERN API_AVAILABLE(ios(2.0)) API_UNAVAILABLE(tvos, watchos) NS_SWIFT_UI_ACTOR
40 | @interface UIDatePicker : UIControl <NSCoding>
| `- note: 'UIDatePicker' has been explicitly marked unavailable here
41 | @property (nonatomic) UIDatePickerMode datePickerMode; // default is UIDatePickerModeDateAndTime
42 |
SwiftCompile normal arm64_32 /Users/admin/builder/spi-builder-workspace/Sources/Utils.swift (in target 'SwiftUIIntrospect' from project 'swiftui-introspect')
cd /Users/admin/builder/spi-builder-workspace/.swiftpm/xcode
builtin-SwiftPerFileCompile Utils.swift
SwiftCompile normal arm64_32 /Users/admin/builder/spi-builder-workspace/Sources/ViewTypes/Button.swift (in target 'SwiftUIIntrospect' from project 'swiftui-introspect')
cd /Users/admin/builder/spi-builder-workspace/.swiftpm/xcode
builtin-SwiftPerFileCompile Button.swift
SwiftCompile normal arm64_32 /Users/admin/builder/spi-builder-workspace/Sources/ViewTypes/ColorPicker.swift (in target 'SwiftUIIntrospect' from project 'swiftui-introspect')
cd /Users/admin/builder/spi-builder-workspace/.swiftpm/xcode
builtin-SwiftPerFileCompile ColorPicker.swift
SwiftCompile normal arm64_32 /Users/admin/builder/spi-builder-workspace/Sources/ViewTypes/DatePicker.swift (in target 'SwiftUIIntrospect' from project 'swiftui-introspect')
cd /Users/admin/builder/spi-builder-workspace/.swiftpm/xcode
builtin-SwiftPerFileCompile DatePicker.swift
SwiftCompile normal arm64_32 /Users/admin/builder/spi-builder-workspace/Sources/ViewTypes/DatePickerWithCompactStyle.swift (in target 'SwiftUIIntrospect' from project 'swiftui-introspect')
cd /Users/admin/builder/spi-builder-workspace/.swiftpm/xcode
builtin-SwiftPerFileCompile DatePickerWithCompactStyle.swift
SwiftCompile normal arm64_32 /Users/admin/builder/spi-builder-workspace/Sources/ViewTypes/DatePickerWithFieldStyle.swift (in target 'SwiftUIIntrospect' from project 'swiftui-introspect')
cd /Users/admin/builder/spi-builder-workspace/.swiftpm/xcode
builtin-SwiftPerFileCompile DatePickerWithFieldStyle.swift
SwiftCompile normal arm64_32 /Users/admin/builder/spi-builder-workspace/Sources/ViewTypes/DatePickerWithGraphicalStyle.swift (in target 'SwiftUIIntrospect' from project 'swiftui-introspect')
cd /Users/admin/builder/spi-builder-workspace/.swiftpm/xcode
builtin-SwiftPerFileCompile DatePickerWithGraphicalStyle.swift
SwiftCompile normal arm64_32 Compiling\ DatePickerWithStepperFieldStyle.swift,\ DatePickerWithWheelStyle.swift,\ Form.swift,\ FormWithGroupedStyle.swift,\ FullScreenCover.swift,\ List.swift /Users/admin/builder/spi-builder-workspace/Sources/ViewTypes/DatePickerWithStepperFieldStyle.swift /Users/admin/builder/spi-builder-workspace/Sources/ViewTypes/DatePickerWithWheelStyle.swift /Users/admin/builder/spi-builder-workspace/Sources/ViewTypes/Form.swift /Users/admin/builder/spi-builder-workspace/Sources/ViewTypes/FormWithGroupedStyle.swift /Users/admin/builder/spi-builder-workspace/Sources/ViewTypes/FullScreenCover.swift /Users/admin/builder/spi-builder-workspace/Sources/ViewTypes/List.swift (in target 'SwiftUIIntrospect' from project 'swiftui-introspect')
/Users/admin/builder/spi-builder-workspace/Sources/ViewTypes/VideoPlayer.swift:66:43: error: cannot find type 'AVPlayerViewController' in scope
64 |
65 | #if canImport(UIKit)
66 | extension iOSViewVersion<VideoPlayerType, AVPlayerViewController> {
| `- error: cannot find type 'AVPlayerViewController' in scope
67 | @available(*, unavailable, message: "VideoPlayer isn't available on iOS 13")
68 | public static let v13 = Self.unavailable()
/Users/admin/builder/spi-builder-workspace/Sources/ViewTypes/VideoPlayer.swift:78:44: error: cannot find type 'AVPlayerViewController' in scope
76 | }
77 |
78 | extension tvOSViewVersion<VideoPlayerType, AVPlayerViewController> {
| `- error: cannot find type 'AVPlayerViewController' in scope
79 | @available(*, unavailable, message: "VideoPlayer isn't available on tvOS 13")
80 | public static let v13 = Self.unavailable()
/Users/admin/builder/spi-builder-workspace/Sources/ViewTypes/VideoPlayer.swift:69:37: error: type 'Version' has no member 'v14'
67 | @available(*, unavailable, message: "VideoPlayer isn't available on iOS 13")
68 | public static let v13 = Self.unavailable()
69 | public static let v14 = Self(for: .v14)
| `- error: type 'Version' has no member 'v14'
70 | public static let v15 = Self(for: .v15)
71 | public static let v16 = Self(for: .v16)
/Users/admin/builder/spi-builder-workspace/Sources/ViewTypes/VideoPlayer.swift:81:37: error: type 'Version' has no member 'v14'
79 | @available(*, unavailable, message: "VideoPlayer isn't available on tvOS 13")
80 | public static let v13 = Self.unavailable()
81 | public static let v14 = Self(for: .v14)
| `- error: type 'Version' has no member 'v14'
82 | public static let v15 = Self(for: .v15)
83 | public static let v16 = Self(for: .v16)
/Users/admin/builder/spi-builder-workspace/Sources/ViewTypes/VideoPlayer.swift:70:37: error: type 'Version' has no member 'v15'
68 | public static let v13 = Self.unavailable()
69 | public static let v14 = Self(for: .v14)
70 | public static let v15 = Self(for: .v15)
| `- error: type 'Version' has no member 'v15'
71 | public static let v16 = Self(for: .v16)
72 | public static let v17 = Self(for: .v17)
/Users/admin/builder/spi-builder-workspace/Sources/ViewTypes/VideoPlayer.swift:82:37: error: type 'Version' has no member 'v15'
80 | public static let v13 = Self.unavailable()
81 | public static let v14 = Self(for: .v14)
82 | public static let v15 = Self(for: .v15)
| `- error: type 'Version' has no member 'v15'
83 | public static let v16 = Self(for: .v16)
84 | public static let v17 = Self(for: .v17)
/Users/admin/builder/spi-builder-workspace/Sources/ViewTypes/VideoPlayer.swift:71:37: error: type 'Version' has no member 'v16'
69 | public static let v14 = Self(for: .v14)
70 | public static let v15 = Self(for: .v15)
71 | public static let v16 = Self(for: .v16)
| `- error: type 'Version' has no member 'v16'
72 | public static let v17 = Self(for: .v17)
73 | public static let v18 = Self(for: .v18)
/Users/admin/builder/spi-builder-workspace/Sources/ViewTypes/VideoPlayer.swift:83:37: error: type 'Version' has no member 'v16'
81 | public static let v14 = Self(for: .v14)
82 | public static let v15 = Self(for: .v15)
83 | public static let v16 = Self(for: .v16)
| `- error: type 'Version' has no member 'v16'
84 | public static let v17 = Self(for: .v17)
85 | public static let v18 = Self(for: .v18)
/Users/admin/builder/spi-builder-workspace/Sources/ViewTypes/VideoPlayer.swift:72:37: error: type 'Version' has no member 'v17'
70 | public static let v15 = Self(for: .v15)
71 | public static let v16 = Self(for: .v16)
72 | public static let v17 = Self(for: .v17)
| `- error: type 'Version' has no member 'v17'
73 | public static let v18 = Self(for: .v18)
74 | public static let v26 = Self(for: .v26)
/Users/admin/builder/spi-builder-workspace/Sources/ViewTypes/VideoPlayer.swift:84:37: error: type 'Version' has no member 'v17'
82 | public static let v15 = Self(for: .v15)
83 | public static let v16 = Self(for: .v16)
84 | public static let v17 = Self(for: .v17)
| `- error: type 'Version' has no member 'v17'
85 | public static let v18 = Self(for: .v18)
86 | public static let v26 = Self(for: .v26)
/Users/admin/builder/spi-builder-workspace/Sources/ViewTypes/VideoPlayer.swift:73:37: error: type 'Version' has no member 'v18'
71 | public static let v16 = Self(for: .v16)
72 | public static let v17 = Self(for: .v17)
73 | public static let v18 = Self(for: .v18)
| `- error: type 'Version' has no member 'v18'
74 | public static let v26 = Self(for: .v26)
75 | public static let v27 = Self(for: .v27)
/Users/admin/builder/spi-builder-workspace/Sources/ViewTypes/VideoPlayer.swift:85:37: error: type 'Version' has no member 'v18'
83 | public static let v16 = Self(for: .v16)
84 | public static let v17 = Self(for: .v17)
85 | public static let v18 = Self(for: .v18)
| `- error: type 'Version' has no member 'v18'
86 | public static let v26 = Self(for: .v26)
87 | public static let v27 = Self(for: .v27)
/Users/admin/builder/spi-builder-workspace/Sources/ViewTypes/VideoPlayer.swift:74:37: error: type 'Version' has no member 'v26'
72 | public static let v17 = Self(for: .v17)
73 | public static let v18 = Self(for: .v18)
74 | public static let v26 = Self(for: .v26)
| `- error: type 'Version' has no member 'v26'
75 | public static let v27 = Self(for: .v27)
76 | }
/Users/admin/builder/spi-builder-workspace/Sources/ViewTypes/VideoPlayer.swift:86:37: error: type 'Version' has no member 'v26'
84 | public static let v17 = Self(for: .v17)
85 | public static let v18 = Self(for: .v18)
86 | public static let v26 = Self(for: .v26)
| `- error: type 'Version' has no member 'v26'
87 | public static let v27 = Self(for: .v27)
88 | }
/Users/admin/builder/spi-builder-workspace/Sources/ViewTypes/VideoPlayer.swift:90:48: error: cannot find type 'AVPlayerViewController' in scope
88 | }
89 |
90 | extension visionOSViewVersion<VideoPlayerType, AVPlayerViewController> {
| `- error: cannot find type 'AVPlayerViewController' in scope
91 | public static let v1 = Self(for: .v1)
92 | public static let v2 = Self(for: .v2)
/Users/admin/builder/spi-builder-workspace/Sources/ViewTypes/VideoPlayer.swift:93:37: error: type 'Version' has no member 'v26'
91 | public static let v1 = Self(for: .v1)
92 | public static let v2 = Self(for: .v2)
93 | public static let v26 = Self(for: .v26)
| `- error: type 'Version' has no member 'v26'
94 | public static let v27 = Self(for: .v27)
95 | }
/Users/admin/builder/spi-builder-workspace/Sources/ViewTypes/VideoPlayer.swift:75:37: error: type 'Version' has no member 'v27'
73 | public static let v18 = Self(for: .v18)
74 | public static let v26 = Self(for: .v26)
75 | public static let v27 = Self(for: .v27)
| `- error: type 'Version' has no member 'v27'
76 | }
77 |
/Users/admin/builder/spi-builder-workspace/Sources/ViewTypes/VideoPlayer.swift:87:37: error: type 'Version' has no member 'v27'
85 | public static let v18 = Self(for: .v18)
86 | public static let v26 = Self(for: .v26)
87 | public static let v27 = Self(for: .v27)
| `- error: type 'Version' has no member 'v27'
88 | }
89 |
/Users/admin/builder/spi-builder-workspace/Sources/ViewTypes/VideoPlayer.swift:94:37: error: type 'Version' has no member 'v27'
92 | public static let v2 = Self(for: .v2)
93 | public static let v26 = Self(for: .v26)
94 | public static let v27 = Self(for: .v27)
| `- error: type 'Version' has no member 'v27'
95 | }
96 | #elseif canImport(AppKit)
/Users/admin/builder/spi-builder-workspace/Sources/ViewTypes/DatePickerWithWheelStyle.swift:56:56: error: 'UIDatePicker' is unavailable in watchOS
54 | public import UIKit
55 |
56 | extension iOSViewVersion<DatePickerWithWheelStyleType, UIDatePicker> {
| `- error: 'UIDatePicker' is unavailable in watchOS
57 | public static let v13 = Self(for: .v13)
58 | public static let v14 = Self(for: .v14)
/Applications/Xcode-27.0.0.app/Contents/Developer/Platforms/WatchOS.platform/Developer/SDKs/WatchOS27.0.sdk/System/Library/Frameworks/UIKit.framework/Headers/UIDatePicker.h:40:12: note: 'UIDatePicker' has been explicitly marked unavailable here
38 |
39 | UIKIT_EXTERN API_AVAILABLE(ios(2.0)) API_UNAVAILABLE(tvos, watchos) NS_SWIFT_UI_ACTOR
40 | @interface UIDatePicker : UIControl <NSCoding>
| `- note: 'UIDatePicker' has been explicitly marked unavailable here
41 | @property (nonatomic) UIDatePickerMode datePickerMode; // default is UIDatePickerModeDateAndTime
42 |
/Users/admin/builder/spi-builder-workspace/Sources/ViewTypes/VideoPlayer.swift:91:36: error: type 'Version' has no member 'v1'
89 |
90 | extension visionOSViewVersion<VideoPlayerType, AVPlayerViewController> {
91 | public static let v1 = Self(for: .v1)
| `- error: type 'Version' has no member 'v1'
92 | public static let v2 = Self(for: .v2)
93 | public static let v26 = Self(for: .v26)
/Users/admin/builder/spi-builder-workspace/Sources/ViewTypes/VideoPlayer.swift:92:36: error: type 'Version' has no member 'v2'
90 | extension visionOSViewVersion<VideoPlayerType, AVPlayerViewController> {
91 | public static let v1 = Self(for: .v1)
92 | public static let v2 = Self(for: .v2)
| `- error: type 'Version' has no member 'v2'
93 | public static let v26 = Self(for: .v26)
94 | public static let v27 = Self(for: .v27)
/Users/admin/builder/spi-builder-workspace/Sources/ViewTypes/DatePickerWithWheelStyle.swift:67:61: error: 'UIDatePicker' is unavailable in watchOS
65 | }
66 |
67 | extension visionOSViewVersion<DatePickerWithWheelStyleType, UIDatePicker> {
| `- error: 'UIDatePicker' is unavailable in watchOS
68 | public static let v1 = Self(for: .v1)
69 | public static let v2 = Self(for: .v2)
/Applications/Xcode-27.0.0.app/Contents/Developer/Platforms/WatchOS.platform/Developer/SDKs/WatchOS27.0.sdk/System/Library/Frameworks/UIKit.framework/Headers/UIDatePicker.h:40:12: note: 'UIDatePicker' has been explicitly marked unavailable here
38 |
39 | UIKIT_EXTERN API_AVAILABLE(ios(2.0)) API_UNAVAILABLE(tvos, watchos) NS_SWIFT_UI_ACTOR
40 | @interface UIDatePicker : UIControl <NSCoding>
| `- note: 'UIDatePicker' has been explicitly marked unavailable here
41 | @property (nonatomic) UIDatePickerMode datePickerMode; // default is UIDatePickerModeDateAndTime
42 |
/Users/admin/builder/spi-builder-workspace/Sources/ViewTypes/Form.swift:70:36: error: 'UITableView' is unavailable in watchOS
68 | public import UIKit
69 |
70 | extension iOSViewVersion<FormType, UITableView> {
| `- error: 'UITableView' is unavailable in watchOS
71 | public static let v13 = Self(for: .v13)
72 | public static let v14 = Self(for: .v14)
/Applications/Xcode-27.0.0.app/Contents/Developer/Platforms/WatchOS.platform/Developer/SDKs/WatchOS27.0.sdk/System/Library/Frameworks/UIKit.framework/Headers/UITableView.h:347:12: note: 'UITableView' has been explicitly marked unavailable here
345 |
346 | UIKIT_EXTERN API_AVAILABLE(ios(2.0)) API_UNAVAILABLE(watchos) NS_SWIFT_UI_ACTOR
347 | @interface UITableView : UIScrollView <NSCoding, UIDataSourceTranslating>
| `- note: 'UITableView' has been explicitly marked unavailable here
348 |
349 | - (instancetype)initWithFrame:(CGRect)frame style:(UITableViewStyle)style NS_DESIGNATED_INITIALIZER; // must specify style at creation. -initWithFrame: calls this with UITableViewStylePlain
/Users/admin/builder/spi-builder-workspace/Sources/ViewTypes/Form.swift:76:36: error: 'UICollectionView' is unavailable in watchOS
74 | }
75 |
76 | extension iOSViewVersion<FormType, UICollectionView> {
| `- error: 'UICollectionView' is unavailable in watchOS
77 | public static let v16 = Self(for: .v16)
78 | public static let v17 = Self(for: .v17)
/Applications/Xcode-27.0.0.app/Contents/Developer/Platforms/WatchOS.platform/Developer/SDKs/WatchOS27.0.sdk/System/Library/Frameworks/UIKit.framework/Headers/UICollectionView.h:362:12: note: 'UICollectionView' has been explicitly marked unavailable here
360 |
361 | UIKIT_EXTERN API_AVAILABLE(ios(6.0)) API_UNAVAILABLE(watchos) NS_SWIFT_UI_ACTOR
362 | @interface UICollectionView : UIScrollView <UIDataSourceTranslating>
| `- note: 'UICollectionView' has been explicitly marked unavailable here
363 |
364 | - (instancetype)initWithFrame:(CGRect)frame collectionViewLayout:(UICollectionViewLayout *)layout NS_DESIGNATED_INITIALIZER;
/Users/admin/builder/spi-builder-workspace/Sources/ViewTypes/Form.swift:84:37: error: 'UITableView' is unavailable in watchOS
82 | }
83 |
84 | extension tvOSViewVersion<FormType, UITableView> {
| `- error: 'UITableView' is unavailable in watchOS
85 | public static let v13 = Self(for: .v13)
86 | public static let v14 = Self(for: .v14)
/Applications/Xcode-27.0.0.app/Contents/Developer/Platforms/WatchOS.platform/Developer/SDKs/WatchOS27.0.sdk/System/Library/Frameworks/UIKit.framework/Headers/UITableView.h:347:12: note: 'UITableView' has been explicitly marked unavailable here
345 |
346 | UIKIT_EXTERN API_AVAILABLE(ios(2.0)) API_UNAVAILABLE(watchos) NS_SWIFT_UI_ACTOR
347 | @interface UITableView : UIScrollView <NSCoding, UIDataSourceTranslating>
| `- note: 'UITableView' has been explicitly marked unavailable here
348 |
349 | - (instancetype)initWithFrame:(CGRect)frame style:(UITableViewStyle)style NS_DESIGNATED_INITIALIZER; // must specify style at creation. -initWithFrame: calls this with UITableViewStylePlain
/Users/admin/builder/spi-builder-workspace/Sources/ViewTypes/Form.swift:95:41: error: 'UICollectionView' is unavailable in watchOS
93 | }
94 |
95 | extension visionOSViewVersion<FormType, UICollectionView> {
| `- error: 'UICollectionView' is unavailable in watchOS
96 | public static let v1 = Self(for: .v1)
97 | public static let v2 = Self(for: .v2)
/Applications/Xcode-27.0.0.app/Contents/Developer/Platforms/WatchOS.platform/Developer/SDKs/WatchOS27.0.sdk/System/Library/Frameworks/UIKit.framework/Headers/UICollectionView.h:362:12: note: 'UICollectionView' has been explicitly marked unavailable here
360 |
361 | UIKIT_EXTERN API_AVAILABLE(ios(6.0)) API_UNAVAILABLE(watchos) NS_SWIFT_UI_ACTOR
362 | @interface UICollectionView : UIScrollView <UIDataSourceTranslating>
| `- note: 'UICollectionView' has been explicitly marked unavailable here
363 |
364 | - (instancetype)initWithFrame:(CGRect)frame collectionViewLayout:(UICollectionViewLayout *)layout NS_DESIGNATED_INITIALIZER;
/Users/admin/builder/spi-builder-workspace/Sources/ViewTypes/FormWithGroupedStyle.swift:87:52: error: 'UITableView' is unavailable in watchOS
85 | public import UIKit
86 |
87 | extension iOSViewVersion<FormWithGroupedStyleType, UITableView> {
| `- error: 'UITableView' is unavailable in watchOS
88 | @available(*, unavailable, message: ".formStyle(.grouped) isn't available on iOS 13")
89 | public static let v13 = Self.unavailable()
/Applications/Xcode-27.0.0.app/Contents/Developer/Platforms/WatchOS.platform/Developer/SDKs/WatchOS27.0.sdk/System/Library/Frameworks/UIKit.framework/Headers/UITableView.h:347:12: note: 'UITableView' has been explicitly marked unavailable here
345 |
346 | UIKIT_EXTERN API_AVAILABLE(ios(2.0)) API_UNAVAILABLE(watchos) NS_SWIFT_UI_ACTOR
347 | @interface UITableView : UIScrollView <NSCoding, UIDataSourceTranslating>
| `- note: 'UITableView' has been explicitly marked unavailable here
348 |
349 | - (instancetype)initWithFrame:(CGRect)frame style:(UITableViewStyle)style NS_DESIGNATED_INITIALIZER; // must specify style at creation. -initWithFrame: calls this with UITableViewStylePlain
/Users/admin/builder/spi-builder-workspace/Sources/ViewTypes/FormWithGroupedStyle.swift:96:52: error: 'UICollectionView' is unavailable in watchOS
94 | }
95 |
96 | extension iOSViewVersion<FormWithGroupedStyleType, UICollectionView> {
| `- error: 'UICollectionView' is unavailable in watchOS
97 | public static let v16 = Self(for: .v16)
98 | public static let v17 = Self(for: .v17)
/Applications/Xcode-27.0.0.app/Contents/Developer/Platforms/WatchOS.platform/Developer/SDKs/WatchOS27.0.sdk/System/Library/Frameworks/UIKit.framework/Headers/UICollectionView.h:362:12: note: 'UICollectionView' has been explicitly marked unavailable here
360 |
361 | UIKIT_EXTERN API_AVAILABLE(ios(6.0)) API_UNAVAILABLE(watchos) NS_SWIFT_UI_ACTOR
362 | @interface UICollectionView : UIScrollView <UIDataSourceTranslating>
| `- note: 'UICollectionView' has been explicitly marked unavailable here
363 |
364 | - (instancetype)initWithFrame:(CGRect)frame collectionViewLayout:(UICollectionViewLayout *)layout NS_DESIGNATED_INITIALIZER;
/Users/admin/builder/spi-builder-workspace/Sources/ViewTypes/FormWithGroupedStyle.swift:104:53: error: 'UITableView' is unavailable in watchOS
102 | }
103 |
104 | extension tvOSViewVersion<FormWithGroupedStyleType, UITableView> {
| `- error: 'UITableView' is unavailable in watchOS
105 | @available(*, unavailable, message: ".formStyle(.grouped) isn't available on tvOS 13")
106 | public static let v13 = Self.unavailable()
/Applications/Xcode-27.0.0.app/Contents/Developer/Platforms/WatchOS.platform/Developer/SDKs/WatchOS27.0.sdk/System/Library/Frameworks/UIKit.framework/Headers/UITableView.h:347:12: note: 'UITableView' has been explicitly marked unavailable here
345 |
346 | UIKIT_EXTERN API_AVAILABLE(ios(2.0)) API_UNAVAILABLE(watchos) NS_SWIFT_UI_ACTOR
347 | @interface UITableView : UIScrollView <NSCoding, UIDataSourceTranslating>
| `- note: 'UITableView' has been explicitly marked unavailable here
348 |
349 | - (instancetype)initWithFrame:(CGRect)frame style:(UITableViewStyle)style NS_DESIGNATED_INITIALIZER; // must specify style at creation. -initWithFrame: calls this with UITableViewStylePlain
/Users/admin/builder/spi-builder-workspace/Sources/ViewTypes/FormWithGroupedStyle.swift:118:57: error: 'UICollectionView' is unavailable in watchOS
116 | }
117 |
118 | extension visionOSViewVersion<FormWithGroupedStyleType, UICollectionView> {
| `- error: 'UICollectionView' is unavailable in watchOS
119 | public static let v1 = Self(for: .v1)
120 | public static let v2 = Self(for: .v2)
/Applications/Xcode-27.0.0.app/Contents/Developer/Platforms/WatchOS.platform/Developer/SDKs/WatchOS27.0.sdk/System/Library/Frameworks/UIKit.framework/Headers/UICollectionView.h:362:12: note: 'UICollectionView' has been explicitly marked unavailable here
360 |
361 | UIKIT_EXTERN API_AVAILABLE(ios(6.0)) API_UNAVAILABLE(watchos) NS_SWIFT_UI_ACTOR
362 | @interface UICollectionView : UIScrollView <UIDataSourceTranslating>
| `- note: 'UICollectionView' has been explicitly marked unavailable here
363 |
364 | - (instancetype)initWithFrame:(CGRect)frame collectionViewLayout:(UICollectionViewLayout *)layout NS_DESIGNATED_INITIALIZER;
/Users/admin/builder/spi-builder-workspace/Sources/ViewTypes/FullScreenCover.swift:83:53: error: 'UIPresentationController' is unavailable in watchOS
81 | public static let v27 = Self(for: .v27, selector: selector)
82 |
83 | private static var selector: IntrospectionSelector<UIPresentationController> {
| `- error: 'UIPresentationController' is unavailable in watchOS
84 | .from(UIViewController.self, selector: { $0.presentationController })
85 | }
/Applications/Xcode-27.0.0.app/Contents/Developer/Platforms/WatchOS.platform/Developer/SDKs/WatchOS27.0.sdk/System/Library/Frameworks/UIKit.framework/Headers/UIPresentationController.h:65:12: note: 'UIPresentationController' has been explicitly marked unavailable here
63 |
64 | UIKIT_EXTERN API_AVAILABLE(ios(8.0)) API_UNAVAILABLE(watchos) NS_SWIFT_UI_ACTOR
65 | @interface UIPresentationController : NSObject <UIAppearanceContainer, UITraitEnvironment, UIContentContainer, UIFocusEnvironment>
| `- note: 'UIPresentationController' has been explicitly marked unavailable here
66 |
67 | @property(nonatomic, strong, readonly) UIViewController *presentingViewController;
/Users/admin/builder/spi-builder-workspace/Sources/ViewTypes/FullScreenCover.swift:72:47: error: 'UIPresentationController' is unavailable in watchOS
70 | public import UIKit
71 |
72 | extension iOSViewVersion<FullScreenCoverType, UIPresentationController> {
| `- error: 'UIPresentationController' is unavailable in watchOS
73 | @available(*, unavailable, message: ".fullScreenCover isn't available on iOS 13")
74 | public static let v13 = Self.unavailable()
/Applications/Xcode-27.0.0.app/Contents/Developer/Platforms/WatchOS.platform/Developer/SDKs/WatchOS27.0.sdk/System/Library/Frameworks/UIKit.framework/Headers/UIPresentationController.h:65:12: note: 'UIPresentationController' has been explicitly marked unavailable here
63 |
64 | UIKIT_EXTERN API_AVAILABLE(ios(8.0)) API_UNAVAILABLE(watchos) NS_SWIFT_UI_ACTOR
65 | @interface UIPresentationController : NSObject <UIAppearanceContainer, UITraitEnvironment, UIContentContainer, UIFocusEnvironment>
| `- note: 'UIPresentationController' has been explicitly marked unavailable here
66 |
67 | @property(nonatomic, strong, readonly) UIViewController *presentingViewController;
/Users/admin/builder/spi-builder-workspace/Sources/ViewTypes/FullScreenCover.swift:99:53: error: 'UIPresentationController' is unavailable in watchOS
97 | public static let v27 = Self(for: .v27, selector: selector)
98 |
99 | private static var selector: IntrospectionSelector<UIPresentationController> {
| `- error: 'UIPresentationController' is unavailable in watchOS
100 | .from(UIViewController.self, selector: { $0.presentationController })
101 | }
/Applications/Xcode-27.0.0.app/Contents/Developer/Platforms/WatchOS.platform/Developer/SDKs/WatchOS27.0.sdk/System/Library/Frameworks/UIKit.framework/Headers/UIPresentationController.h:65:12: note: 'UIPresentationController' has been explicitly marked unavailable here
63 |
64 | UIKIT_EXTERN API_AVAILABLE(ios(8.0)) API_UNAVAILABLE(watchos) NS_SWIFT_UI_ACTOR
65 | @interface UIPresentationController : NSObject <UIAppearanceContainer, UITraitEnvironment, UIContentContainer, UIFocusEnvironment>
| `- note: 'UIPresentationController' has been explicitly marked unavailable here
66 |
67 | @property(nonatomic, strong, readonly) UIViewController *presentingViewController;
/Users/admin/builder/spi-builder-workspace/Sources/ViewTypes/FullScreenCover.swift:88:48: error: 'UIPresentationController' is unavailable in watchOS
86 | }
87 |
88 | extension tvOSViewVersion<FullScreenCoverType, UIPresentationController> {
| `- error: 'UIPresentationController' is unavailable in watchOS
89 | @available(*, unavailable, message: ".fullScreenCover isn't available on tvOS 13")
90 | public static let v13 = Self.unavailable()
/Applications/Xcode-27.0.0.app/Contents/Developer/Platforms/WatchOS.platform/Developer/SDKs/WatchOS27.0.sdk/System/Library/Frameworks/UIKit.framework/Headers/UIPresentationController.h:65:12: note: 'UIPresentationController' has been explicitly marked unavailable here
63 |
64 | UIKIT_EXTERN API_AVAILABLE(ios(8.0)) API_UNAVAILABLE(watchos) NS_SWIFT_UI_ACTOR
65 | @interface UIPresentationController : NSObject <UIAppearanceContainer, UITraitEnvironment, UIContentContainer, UIFocusEnvironment>
| `- note: 'UIPresentationController' has been explicitly marked unavailable here
66 |
67 | @property(nonatomic, strong, readonly) UIViewController *presentingViewController;
/Users/admin/builder/spi-builder-workspace/Sources/ViewTypes/FullScreenCover.swift:110:53: error: 'UIPresentationController' is unavailable in watchOS
108 | public static let v27 = Self(for: .v27, selector: selector)
109 |
110 | private static var selector: IntrospectionSelector<UIPresentationController> {
| `- error: 'UIPresentationController' is unavailable in watchOS
111 | .from(UIViewController.self, selector: { $0.presentationController })
112 | }
/Applications/Xcode-27.0.0.app/Contents/Developer/Platforms/WatchOS.platform/Developer/SDKs/WatchOS27.0.sdk/System/Library/Frameworks/UIKit.framework/Headers/UIPresentationController.h:65:12: note: 'UIPresentationController' has been explicitly marked unavailable here
63 |
64 | UIKIT_EXTERN API_AVAILABLE(ios(8.0)) API_UNAVAILABLE(watchos) NS_SWIFT_UI_ACTOR
65 | @interface UIPresentationController : NSObject <UIAppearanceContainer, UITraitEnvironment, UIContentContainer, UIFocusEnvironment>
| `- note: 'UIPresentationController' has been explicitly marked unavailable here
66 |
67 | @property(nonatomic, strong, readonly) UIViewController *presentingViewController;
/Users/admin/builder/spi-builder-workspace/Sources/ViewTypes/FullScreenCover.swift:104:52: error: 'UIPresentationController' is unavailable in watchOS
102 | }
103 |
104 | extension visionOSViewVersion<FullScreenCoverType, UIPresentationController> {
| `- error: 'UIPresentationController' is unavailable in watchOS
105 | public static let v1 = Self(for: .v1, selector: selector)
106 | public static let v2 = Self(for: .v2, selector: selector)
/Applications/Xcode-27.0.0.app/Contents/Developer/Platforms/WatchOS.platform/Developer/SDKs/WatchOS27.0.sdk/System/Library/Frameworks/UIKit.framework/Headers/UIPresentationController.h:65:12: note: 'UIPresentationController' has been explicitly marked unavailable here
63 |
64 | UIKIT_EXTERN API_AVAILABLE(ios(8.0)) API_UNAVAILABLE(watchos) NS_SWIFT_UI_ACTOR
65 | @interface UIPresentationController : NSObject <UIAppearanceContainer, UITraitEnvironment, UIContentContainer, UIFocusEnvironment>
| `- note: 'UIPresentationController' has been explicitly marked unavailable here
66 |
67 | @property(nonatomic, strong, readonly) UIViewController *presentingViewController;
/Users/admin/builder/spi-builder-workspace/Sources/ViewTypes/FullScreenCover.swift:84:9: error: 'UIViewController' is unavailable in watchOS
82 |
83 | private static var selector: IntrospectionSelector<UIPresentationController> {
84 | .from(UIViewController.self, selector: { $0.presentationController })
| `- error: 'UIViewController' is unavailable in watchOS
85 | }
86 | }
/Applications/Xcode-27.0.0.app/Contents/Developer/Platforms/WatchOS.platform/Developer/SDKs/WatchOS27.0.sdk/System/Library/Frameworks/UIKit.framework/Headers/UIViewController.h:104:12: note: 'UIViewController' has been explicitly marked unavailable here
102 |
103 | UIKIT_EXTERN API_AVAILABLE(ios(2.0)) API_UNAVAILABLE(watchos) NS_SWIFT_UI_ACTOR
104 | @interface UIViewController : UIResponder <NSCoding, UIAppearanceContainer, UITraitEnvironment, UIContentContainer, UIFocusEnvironment>
| `- note: 'UIViewController' has been explicitly marked unavailable here
105 |
106 | /*
/Users/admin/builder/spi-builder-workspace/Sources/ViewTypes/FullScreenCover.swift:100:9: error: 'UIViewController' is unavailable in watchOS
98 |
99 | private static var selector: IntrospectionSelector<UIPresentationController> {
100 | .from(UIViewController.self, selector: { $0.presentationController })
| `- error: 'UIViewController' is unavailable in watchOS
101 | }
102 | }
/Applications/Xcode-27.0.0.app/Contents/Developer/Platforms/WatchOS.platform/Developer/SDKs/WatchOS27.0.sdk/System/Library/Frameworks/UIKit.framework/Headers/UIViewController.h:104:12: note: 'UIViewController' has been explicitly marked unavailable here
102 |
103 | UIKIT_EXTERN API_AVAILABLE(ios(2.0)) API_UNAVAILABLE(watchos) NS_SWIFT_UI_ACTOR
104 | @interface UIViewController : UIResponder <NSCoding, UIAppearanceContainer, UITraitEnvironment, UIContentContainer, UIFocusEnvironment>
| `- note: 'UIViewController' has been explicitly marked unavailable here
105 |
106 | /*
/Users/admin/builder/spi-builder-workspace/Sources/ViewTypes/FullScreenCover.swift:111:9: error: 'UIViewController' is unavailable in watchOS
109 |
110 | private static var selector: IntrospectionSelector<UIPresentationController> {
111 | .from(UIViewController.self, selector: { $0.presentationController })
| `- error: 'UIViewController' is unavailable in watchOS
112 | }
113 | }
/Applications/Xcode-27.0.0.app/Contents/Developer/Platforms/WatchOS.platform/Developer/SDKs/WatchOS27.0.sdk/System/Library/Frameworks/UIKit.framework/Headers/UIViewController.h:104:12: note: 'UIViewController' has been explicitly marked unavailable here
102 |
103 | UIKIT_EXTERN API_AVAILABLE(ios(2.0)) API_UNAVAILABLE(watchos) NS_SWIFT_UI_ACTOR
104 | @interface UIViewController : UIResponder <NSCoding, UIAppearanceContainer, UITraitEnvironment, UIContentContainer, UIFocusEnvironment>
| `- note: 'UIViewController' has been explicitly marked unavailable here
105 |
106 | /*
/Users/admin/builder/spi-builder-workspace/Sources/ViewTypes/List.swift:87:36: error: 'UITableView' is unavailable in watchOS
85 | public import UIKit
86 |
87 | extension iOSViewVersion<ListType, UITableView> {
| `- error: 'UITableView' is unavailable in watchOS
88 | public static let v13 = Self(for: .v13)
89 | public static let v14 = Self(for: .v14)
/Applications/Xcode-27.0.0.app/Contents/Developer/Platforms/WatchOS.platform/Developer/SDKs/WatchOS27.0.sdk/System/Library/Frameworks/UIKit.framework/Headers/UITableView.h:347:12: note: 'UITableView' has been explicitly marked unavailable here
345 |
346 | UIKIT_EXTERN API_AVAILABLE(ios(2.0)) API_UNAVAILABLE(watchos) NS_SWIFT_UI_ACTOR
347 | @interface UITableView : UIScrollView <NSCoding, UIDataSourceTranslating>
| `- note: 'UITableView' has been explicitly marked unavailable here
348 |
349 | - (instancetype)initWithFrame:(CGRect)frame style:(UITableViewStyle)style NS_DESIGNATED_INITIALIZER; // must specify style at creation. -initWithFrame: calls this with UITableViewStylePlain
/Users/admin/builder/spi-builder-workspace/Sources/ViewTypes/List.swift:93:36: error: 'UICollectionView' is unavailable in watchOS
91 | }
92 |
93 | extension iOSViewVersion<ListType, UICollectionView> {
| `- error: 'UICollectionView' is unavailable in watchOS
94 | public static let v16 = Self(for: .v16)
95 | public static let v17 = Self(for: .v17)
/Applications/Xcode-27.0.0.app/Contents/Developer/Platforms/WatchOS.platform/Developer/SDKs/WatchOS27.0.sdk/System/Library/Frameworks/UIKit.framework/Headers/UICollectionView.h:362:12: note: 'UICollectionView' has been explicitly marked unavailable here
360 |
361 | UIKIT_EXTERN API_AVAILABLE(ios(6.0)) API_UNAVAILABLE(watchos) NS_SWIFT_UI_ACTOR
362 | @interface UICollectionView : UIScrollView <UIDataSourceTranslating>
| `- note: 'UICollectionView' has been explicitly marked unavailable here
363 |
364 | - (instancetype)initWithFrame:(CGRect)frame collectionViewLayout:(UICollectionViewLayout *)layout NS_DESIGNATED_INITIALIZER;
/Users/admin/builder/spi-builder-workspace/Sources/ViewTypes/List.swift:101:37: error: 'UITableView' is unavailable in watchOS
99 | }
100 |
101 | extension tvOSViewVersion<ListType, UITableView> {
| `- error: 'UITableView' is unavailable in watchOS
102 | public static let v13 = Self(for: .v13)
103 | public static let v14 = Self(for: .v14)
/Applications/Xcode-27.0.0.app/Contents/Developer/Platforms/WatchOS.platform/Developer/SDKs/WatchOS27.0.sdk/System/Library/Frameworks/UIKit.framework/Headers/UITableView.h:347:12: note: 'UITableView' has been explicitly marked unavailable here
345 |
346 | UIKIT_EXTERN API_AVAILABLE(ios(2.0)) API_UNAVAILABLE(watchos) NS_SWIFT_UI_ACTOR
347 | @interface UITableView : UIScrollView <NSCoding, UIDataSourceTranslating>
| `- note: 'UITableView' has been explicitly marked unavailable here
348 |
349 | - (instancetype)initWithFrame:(CGRect)frame style:(UITableViewStyle)style NS_DESIGNATED_INITIALIZER; // must specify style at creation. -initWithFrame: calls this with UITableViewStylePlain
SwiftCompile normal arm64_32 /Users/admin/builder/spi-builder-workspace/Sources/ViewTypes/DatePickerWithStepperFieldStyle.swift (in target 'SwiftUIIntrospect' from project 'swiftui-introspect')
cd /Users/admin/builder/spi-builder-workspace/.swiftpm/xcode
builtin-SwiftPerFileCompile DatePickerWithStepperFieldStyle.swift
SwiftCompile normal arm64_32 /Users/admin/builder/spi-builder-workspace/Sources/ViewTypes/DatePickerWithWheelStyle.swift (in target 'SwiftUIIntrospect' from project 'swiftui-introspect')
cd /Users/admin/builder/spi-builder-workspace/.swiftpm/xcode
builtin-SwiftPerFileCompile DatePickerWithWheelStyle.swift
SwiftCompile normal arm64_32 /Users/admin/builder/spi-builder-workspace/Sources/ViewTypes/Form.swift (in target 'SwiftUIIntrospect' from project 'swiftui-introspect')
cd /Users/admin/builder/spi-builder-workspace/.swiftpm/xcode
builtin-SwiftPerFileCompile Form.swift
SwiftCompile normal arm64_32 /Users/admin/builder/spi-builder-workspace/Sources/ViewTypes/FormWithGroupedStyle.swift (in target 'SwiftUIIntrospect' from project 'swiftui-introspect')
cd /Users/admin/builder/spi-builder-workspace/.swiftpm/xcode
builtin-SwiftPerFileCompile FormWithGroupedStyle.swift
SwiftCompile normal arm64_32 /Users/admin/builder/spi-builder-workspace/Sources/ViewTypes/FullScreenCover.swift (in target 'SwiftUIIntrospect' from project 'swiftui-introspect')
cd /Users/admin/builder/spi-builder-workspace/.swiftpm/xcode
builtin-SwiftPerFileCompile FullScreenCover.swift
SwiftCompile normal arm64_32 /Users/admin/builder/spi-builder-workspace/Sources/ViewTypes/List.swift (in target 'SwiftUIIntrospect' from project 'swiftui-introspect')
cd /Users/admin/builder/spi-builder-workspace/.swiftpm/xcode
builtin-SwiftPerFileCompile List.swift
SwiftCompile normal arm64_32 Compiling\ Slider.swift,\ Stepper.swift,\ TabView.swift,\ TabViewWithPageStyle.swift,\ Table.swift,\ TextEditor.swift /Users/admin/builder/spi-builder-workspace/Sources/ViewTypes/Slider.swift /Users/admin/builder/spi-builder-workspace/Sources/ViewTypes/Stepper.swift /Users/admin/builder/spi-builder-workspace/Sources/ViewTypes/TabView.swift /Users/admin/builder/spi-builder-workspace/Sources/ViewTypes/TabViewWithPageStyle.swift /Users/admin/builder/spi-builder-workspace/Sources/ViewTypes/Table.swift /Users/admin/builder/spi-builder-workspace/Sources/ViewTypes/TextEditor.swift (in target 'SwiftUIIntrospect' from project 'swiftui-introspect')
/Users/admin/builder/spi-builder-workspace/Sources/ViewTypes/VideoPlayer.swift:66:43: error: cannot find type 'AVPlayerViewController' in scope
64 |
65 | #if canImport(UIKit)
66 | extension iOSViewVersion<VideoPlayerType, AVPlayerViewController> {
| `- error: cannot find type 'AVPlayerViewController' in scope
67 | @available(*, unavailable, message: "VideoPlayer isn't available on iOS 13")
68 | public static let v13 = Self.unavailable()
/Users/admin/builder/spi-builder-workspace/Sources/ViewTypes/VideoPlayer.swift:78:44: error: cannot find type 'AVPlayerViewController' in scope
76 | }
77 |
78 | extension tvOSViewVersion<VideoPlayerType, AVPlayerViewController> {
| `- error: cannot find type 'AVPlayerViewController' in scope
79 | @available(*, unavailable, message: "VideoPlayer isn't available on tvOS 13")
80 | public static let v13 = Self.unavailable()
/Users/admin/builder/spi-builder-workspace/Sources/ViewTypes/VideoPlayer.swift:69:37: error: type 'Version' has no member 'v14'
67 | @available(*, unavailable, message: "VideoPlayer isn't available on iOS 13")
68 | public static let v13 = Self.unavailable()
69 | public static let v14 = Self(for: .v14)
| `- error: type 'Version' has no member 'v14'
70 | public static let v15 = Self(for: .v15)
71 | public static let v16 = Self(for: .v16)
/Users/admin/builder/spi-builder-workspace/Sources/ViewTypes/VideoPlayer.swift:81:37: error: type 'Version' has no member 'v14'
79 | @available(*, unavailable, message: "VideoPlayer isn't available on tvOS 13")
80 | public static let v13 = Self.unavailable()
81 | public static let v14 = Self(for: .v14)
| `- error: type 'Version' has no member 'v14'
82 | public static let v15 = Self(for: .v15)
83 | public static let v16 = Self(for: .v16)
/Users/admin/builder/spi-builder-workspace/Sources/ViewTypes/VideoPlayer.swift:70:37: error: type 'Version' has no member 'v15'
68 | public static let v13 = Self.unavailable()
69 | public static let v14 = Self(for: .v14)
70 | public static let v15 = Self(for: .v15)
| `- error: type 'Version' has no member 'v15'
71 | public static let v16 = Self(for: .v16)
72 | public static let v17 = Self(for: .v17)
/Users/admin/builder/spi-builder-workspace/Sources/ViewTypes/VideoPlayer.swift:82:37: error: type 'Version' has no member 'v15'
80 | public static let v13 = Self.unavailable()
81 | public static let v14 = Self(for: .v14)
82 | public static let v15 = Self(for: .v15)
| `- error: type 'Version' has no member 'v15'
83 | public static let v16 = Self(for: .v16)
84 | public static let v17 = Self(for: .v17)
/Users/admin/builder/spi-builder-workspace/Sources/ViewTypes/VideoPlayer.swift:71:37: error: type 'Version' has no member 'v16'
69 | public static let v14 = Self(for: .v14)
70 | public static let v15 = Self(for: .v15)
71 | public static let v16 = Self(for: .v16)
| `- error: type 'Version' has no member 'v16'
72 | public static let v17 = Self(for: .v17)
73 | public static let v18 = Self(for: .v18)
/Users/admin/builder/spi-builder-workspace/Sources/ViewTypes/VideoPlayer.swift:83:37: error: type 'Version' has no member 'v16'
81 | public static let v14 = Self(for: .v14)
82 | public static let v15 = Self(for: .v15)
83 | public static let v16 = Self(for: .v16)
| `- error: type 'Version' has no member 'v16'
84 | public static let v17 = Self(for: .v17)
85 | public static let v18 = Self(for: .v18)
/Users/admin/builder/spi-builder-workspace/Sources/ViewTypes/VideoPlayer.swift:72:37: error: type 'Version' has no member 'v17'
70 | public static let v15 = Self(for: .v15)
71 | public static let v16 = Self(for: .v16)
72 | public static let v17 = Self(for: .v17)
| `- error: type 'Version' has no member 'v17'
73 | public static let v18 = Self(for: .v18)
74 | public static let v26 = Self(for: .v26)
/Users/admin/builder/spi-builder-workspace/Sources/ViewTypes/VideoPlayer.swift:84:37: error: type 'Version' has no member 'v17'
82 | public static let v15 = Self(for: .v15)
83 | public static let v16 = Self(for: .v16)
84 | public static let v17 = Self(for: .v17)
| `- error: type 'Version' has no member 'v17'
85 | public static let v18 = Self(for: .v18)
86 | public static let v26 = Self(for: .v26)
/Users/admin/builder/spi-builder-workspace/Sources/ViewTypes/VideoPlayer.swift:73:37: error: type 'Version' has no member 'v18'
71 | public static let v16 = Self(for: .v16)
72 | public static let v17 = Self(for: .v17)
73 | public static let v18 = Self(for: .v18)
| `- error: type 'Version' has no member 'v18'
74 | public static let v26 = Self(for: .v26)
75 | public static let v27 = Self(for: .v27)
/Users/admin/builder/spi-builder-workspace/Sources/ViewTypes/VideoPlayer.swift:85:37: error: type 'Version' has no member 'v18'
83 | public static let v16 = Self(for: .v16)
84 | public static let v17 = Self(for: .v17)
85 | public static let v18 = Self(for: .v18)
| `- error: type 'Version' has no member 'v18'
86 | public static let v26 = Self(for: .v26)
87 | public static let v27 = Self(for: .v27)
/Users/admin/builder/spi-builder-workspace/Sources/ViewTypes/VideoPlayer.swift:74:37: error: type 'Version' has no member 'v26'
72 | public static let v17 = Self(for: .v17)
73 | public static let v18 = Self(for: .v18)
74 | public static let v26 = Self(for: .v26)
| `- error: type 'Version' has no member 'v26'
75 | public static let v27 = Self(for: .v27)
76 | }
/Users/admin/builder/spi-builder-workspace/Sources/ViewTypes/VideoPlayer.swift:86:37: error: type 'Version' has no member 'v26'
84 | public static let v17 = Self(for: .v17)
85 | public static let v18 = Self(for: .v18)
86 | public static let v26 = Self(for: .v26)
| `- error: type 'Version' has no member 'v26'
87 | public static let v27 = Self(for: .v27)
88 | }
/Users/admin/builder/spi-builder-workspace/Sources/ViewTypes/VideoPlayer.swift:90:48: error: cannot find type 'AVPlayerViewController' in scope
88 | }
89 |
90 | extension visionOSViewVersion<VideoPlayerType, AVPlayerViewController> {
| `- error: cannot find type 'AVPlayerViewController' in scope
91 | public static let v1 = Self(for: .v1)
92 | public static let v2 = Self(for: .v2)
/Users/admin/builder/spi-builder-workspace/Sources/ViewTypes/VideoPlayer.swift:93:37: error: type 'Version' has no member 'v26'
91 | public static let v1 = Self(for: .v1)
92 | public static let v2 = Self(for: .v2)
93 | public static let v26 = Self(for: .v26)
| `- error: type 'Version' has no member 'v26'
94 | public static let v27 = Self(for: .v27)
95 | }
/Users/admin/builder/spi-builder-workspace/Sources/ViewTypes/VideoPlayer.swift:75:37: error: type 'Version' has no member 'v27'
73 | public static let v18 = Self(for: .v18)
74 | public static let v26 = Self(for: .v26)
75 | public static let v27 = Self(for: .v27)
| `- error: type 'Version' has no member 'v27'
76 | }
77 |
/Users/admin/builder/spi-builder-workspace/Sources/ViewTypes/VideoPlayer.swift:87:37: error: type 'Version' has no member 'v27'
85 | public static let v18 = Self(for: .v18)
86 | public static let v26 = Self(for: .v26)
87 | public static let v27 = Self(for: .v27)
| `- error: type 'Version' has no member 'v27'
88 | }
89 |
/Users/admin/builder/spi-builder-workspace/Sources/ViewTypes/VideoPlayer.swift:94:37: error: type 'Version' has no member 'v27'
92 | public static let v2 = Self(for: .v2)
93 | public static let v26 = Self(for: .v26)
94 | public static let v27 = Self(for: .v27)
| `- error: type 'Version' has no member 'v27'
95 | }
96 | #elseif canImport(AppKit)
/Users/admin/builder/spi-builder-workspace/Sources/ViewTypes/Slider.swift:52:38: error: 'UISlider' is unavailable in watchOS
50 | public import UIKit
51 |
52 | extension iOSViewVersion<SliderType, UISlider> {
| `- error: 'UISlider' is unavailable in watchOS
53 | public static let v13 = Self(for: .v13)
54 | public static let v14 = Self(for: .v14)
/Applications/Xcode-27.0.0.app/Contents/Developer/Platforms/WatchOS.platform/Developer/SDKs/WatchOS27.0.sdk/System/Library/Frameworks/UIKit.framework/Headers/UISlider.h:26:12: note: 'UISlider' has been explicitly marked unavailable here
24 |
25 | UIKIT_EXTERN API_AVAILABLE(ios(2.0)) API_UNAVAILABLE(tvos, watchos) NS_SWIFT_UI_ACTOR
26 | @interface UISlider : UIControl <NSCoding>
| `- note: 'UISlider' has been explicitly marked unavailable here
27 |
28 | @property(nonatomic) float value; // default 0.0. this value will be pinned to min/max
/Users/admin/builder/spi-builder-workspace/Sources/ViewTypes/Stepper.swift:50:39: error: 'UIStepper' is unavailable in watchOS
48 | public import UIKit
49 |
50 | extension iOSViewVersion<StepperType, UIStepper> {
| `- error: 'UIStepper' is unavailable in watchOS
51 | public static let v13 = Self(for: .v13)
52 | public static let v14 = Self(for: .v14)
/Applications/Xcode-27.0.0.app/Contents/Developer/Platforms/WatchOS.platform/Developer/SDKs/WatchOS27.0.sdk/System/Library/Frameworks/UIKit.framework/Headers/UIStepper.h:18:12: note: 'UIStepper' has been explicitly marked unavailable here
16 |
17 | UIKIT_EXTERN API_AVAILABLE(ios(5.0)) API_UNAVAILABLE(tvos, watchos) NS_SWIFT_UI_ACTOR
18 | @interface UIStepper : UIControl
| `- note: 'UIStepper' has been explicitly marked unavailable here
19 |
20 | @property(nonatomic,getter=isContinuous) BOOL continuous; // if YES, value change events are sent any time the value changes during interaction. default = YES
/Users/admin/builder/spi-builder-workspace/Sources/ViewTypes/TabView.swift:93:53: error: 'UITabBarController' is unavailable in watchOS
91 |
92 | @MainActor
93 | private static var selector: IntrospectionSelector<UITabBarController> {
| `- error: 'UITabBarController' is unavailable in watchOS
94 | .default.withAncestorSelector { $0.tabBarController }
95 | }
/Applications/Xcode-27.0.0.app/Contents/Developer/Platforms/WatchOS.platform/Developer/SDKs/WatchOS27.0.sdk/System/Library/Frameworks/UIKit.framework/Headers/UITabBarController.h:64:12: note: 'UITabBarController' has been explicitly marked unavailable here
62 |
63 | UIKIT_EXTERN API_AVAILABLE(ios(2.0)) API_UNAVAILABLE(watchos) NS_SWIFT_UI_ACTOR
64 | @interface UITabBarController : UIViewController <UITabBarDelegate, NSCoding>
| `- note: 'UITabBarController' has been explicitly marked unavailable here
65 |
66 | /// The object managing the delegate of the tab bar controller.
/Users/admin/builder/spi-builder-workspace/Sources/ViewTypes/TabView.swift:82:39: error: 'UITabBarController' is unavailable in watchOS
80 | public import UIKit
81 |
82 | extension iOSViewVersion<TabViewType, UITabBarController> {
| `- error: 'UITabBarController' is unavailable in watchOS
83 | public static let v13 = Self(for: .v13, selector: selector)
84 | public static let v14 = Self(for: .v14, selector: selector)
/Applications/Xcode-27.0.0.app/Contents/Developer/Platforms/WatchOS.platform/Developer/SDKs/WatchOS27.0.sdk/System/Library/Frameworks/UIKit.framework/Headers/UITabBarController.h:64:12: note: 'UITabBarController' has been explicitly marked unavailable here
62 |
63 | UIKIT_EXTERN API_AVAILABLE(ios(2.0)) API_UNAVAILABLE(watchos) NS_SWIFT_UI_ACTOR
64 | @interface UITabBarController : UIViewController <UITabBarDelegate, NSCoding>
| `- note: 'UITabBarController' has been explicitly marked unavailable here
65 |
66 | /// The object managing the delegate of the tab bar controller.
/Users/admin/builder/spi-builder-workspace/Sources/ViewTypes/TabView.swift:109:53: error: 'UITabBarController' is unavailable in watchOS
107 |
108 | @MainActor
109 | private static var selector: IntrospectionSelector<UITabBarController> {
| `- error: 'UITabBarController' is unavailable in watchOS
110 | .default.withAncestorSelector { $0.tabBarController }
111 | }
/Applications/Xcode-27.0.0.app/Contents/Developer/Platforms/WatchOS.platform/Developer/SDKs/WatchOS27.0.sdk/System/Library/Frameworks/UIKit.framework/Headers/UITabBarController.h:64:12: note: 'UITabBarController' has been explicitly marked unavailable here
62 |
63 | UIKIT_EXTERN API_AVAILABLE(ios(2.0)) API_UNAVAILABLE(watchos) NS_SWIFT_UI_ACTOR
64 | @interface UITabBarController : UIViewController <UITabBarDelegate, NSCoding>
| `- note: 'UITabBarController' has been explicitly marked unavailable here
65 |
66 | /// The object managing the delegate of the tab bar controller.
/Users/admin/builder/spi-builder-workspace/Sources/ViewTypes/TabView.swift:98:40: error: 'UITabBarController' is unavailable in watchOS
96 | }
97 |
98 | extension tvOSViewVersion<TabViewType, UITabBarController> {
| `- error: 'UITabBarController' is unavailable in watchOS
99 | public static let v13 = Self(for: .v13, selector: selector)
100 | public static let v14 = Self(for: .v14, selector: selector)
/Applications/Xcode-27.0.0.app/Contents/Developer/Platforms/WatchOS.platform/Developer/SDKs/WatchOS27.0.sdk/System/Library/Frameworks/UIKit.framework/Headers/UITabBarController.h:64:12: note: 'UITabBarController' has been explicitly marked unavailable here
62 |
63 | UIKIT_EXTERN API_AVAILABLE(ios(2.0)) API_UNAVAILABLE(watchos) NS_SWIFT_UI_ACTOR
64 | @interface UITabBarController : UIViewController <UITabBarDelegate, NSCoding>
| `- note: 'UITabBarController' has been explicitly marked unavailable here
65 |
66 | /// The object managing the delegate of the tab bar controller.
/Users/admin/builder/spi-builder-workspace/Sources/ViewTypes/TabViewWithPageStyle.swift:71:52: error: 'UICollectionView' is unavailable in watchOS
69 | public import UIKit
70 |
71 | extension iOSViewVersion<TabViewWithPageStyleType, UICollectionView> {
| `- error: 'UICollectionView' is unavailable in watchOS
72 | @available(*, unavailable, message: ".tabViewStyle(.page) isn't available on iOS 13")
73 | public static let v13 = Self.unavailable()
/Applications/Xcode-27.0.0.app/Contents/Developer/Platforms/WatchOS.platform/Developer/SDKs/WatchOS27.0.sdk/System/Library/Frameworks/UIKit.framework/Headers/UICollectionView.h:362:12: note: 'UICollectionView' has been explicitly marked unavailable here
360 |
361 | UIKIT_EXTERN API_AVAILABLE(ios(6.0)) API_UNAVAILABLE(watchos) NS_SWIFT_UI_ACTOR
362 | @interface UICollectionView : UIScrollView <UIDataSourceTranslating>
| `- note: 'UICollectionView' has been explicitly marked unavailable here
363 |
364 | - (instancetype)initWithFrame:(CGRect)frame collectionViewLayout:(UICollectionViewLayout *)layout NS_DESIGNATED_INITIALIZER;
/Users/admin/builder/spi-builder-workspace/Sources/ViewTypes/TabViewWithPageStyle.swift:83:53: error: 'UICollectionView' is unavailable in watchOS
81 | }
82 |
83 | extension tvOSViewVersion<TabViewWithPageStyleType, UICollectionView> {
| `- error: 'UICollectionView' is unavailable in watchOS
84 | @available(*, unavailable, message: ".tabViewStyle(.page) isn't available on tvOS 13")
85 | public static let v13 = Self.unavailable()
/Applications/Xcode-27.0.0.app/Contents/Developer/Platforms/WatchOS.platform/Developer/SDKs/WatchOS27.0.sdk/System/Library/Frameworks/UIKit.framework/Headers/UICollectionView.h:362:12: note: 'UICollectionView' has been explicitly marked unavailable here
360 |
361 | UIKIT_EXTERN API_AVAILABLE(ios(6.0)) API_UNAVAILABLE(watchos) NS_SWIFT_UI_ACTOR
362 | @interface UICollectionView : UIScrollView <UIDataSourceTranslating>
| `- note: 'UICollectionView' has been explicitly marked unavailable here
363 |
364 | - (instancetype)initWithFrame:(CGRect)frame collectionViewLayout:(UICollectionViewLayout *)layout NS_DESIGNATED_INITIALIZER;
/Users/admin/builder/spi-builder-workspace/Sources/ViewTypes/VideoPlayer.swift:91:36: error: type 'Version' has no member 'v1'
89 |
90 | extension visionOSViewVersion<VideoPlayerType, AVPlayerViewController> {
91 | public static let v1 = Self(for: .v1)
| `- error: type 'Version' has no member 'v1'
92 | public static let v2 = Self(for: .v2)
93 | public static let v26 = Self(for: .v26)
/Users/admin/builder/spi-builder-workspace/Sources/ViewTypes/VideoPlayer.swift:92:36: error: type 'Version' has no member 'v2'
90 | extension visionOSViewVersion<VideoPlayerType, AVPlayerViewController> {
91 | public static let v1 = Self(for: .v1)
92 | public static let v2 = Self(for: .v2)
| `- error: type 'Version' has no member 'v2'
93 | public static let v26 = Self(for: .v26)
94 | public static let v27 = Self(for: .v27)
/Users/admin/builder/spi-builder-workspace/Sources/ViewTypes/TabViewWithPageStyle.swift:95:57: error: 'UICollectionView' is unavailable in watchOS
93 | }
94 |
95 | extension visionOSViewVersion<TabViewWithPageStyleType, UICollectionView> {
| `- error: 'UICollectionView' is unavailable in watchOS
96 | public static let v1 = Self(for: .v1)
97 | public static let v2 = Self(for: .v2)
/Applications/Xcode-27.0.0.app/Contents/Developer/Platforms/WatchOS.platform/Developer/SDKs/WatchOS27.0.sdk/System/Library/Frameworks/UIKit.framework/Headers/UICollectionView.h:362:12: note: 'UICollectionView' has been explicitly marked unavailable here
360 |
361 | UIKIT_EXTERN API_AVAILABLE(ios(6.0)) API_UNAVAILABLE(watchos) NS_SWIFT_UI_ACTOR
362 | @interface UICollectionView : UIScrollView <UIDataSourceTranslating>
| `- note: 'UICollectionView' has been explicitly marked unavailable here
363 |
364 | - (instancetype)initWithFrame:(CGRect)frame collectionViewLayout:(UICollectionViewLayout *)layout NS_DESIGNATED_INITIALIZER;
/Users/admin/builder/spi-builder-workspace/Sources/ViewTypes/Table.swift:112:37: error: 'UICollectionView' is unavailable in watchOS
110 | public import UIKit
111 |
112 | extension iOSViewVersion<TableType, UICollectionView> {
| `- error: 'UICollectionView' is unavailable in watchOS
113 | @available(*, unavailable, message: "Table isn't available on iOS 13")
114 | public static let v13 = Self(for: .v13)
/Applications/Xcode-27.0.0.app/Contents/Developer/Platforms/WatchOS.platform/Developer/SDKs/WatchOS27.0.sdk/System/Library/Frameworks/UIKit.framework/Headers/UICollectionView.h:362:12: note: 'UICollectionView' has been explicitly marked unavailable here
360 |
361 | UIKIT_EXTERN API_AVAILABLE(ios(6.0)) API_UNAVAILABLE(watchos) NS_SWIFT_UI_ACTOR
362 | @interface UICollectionView : UIScrollView <UIDataSourceTranslating>
| `- note: 'UICollectionView' has been explicitly marked unavailable here
363 |
364 | - (instancetype)initWithFrame:(CGRect)frame collectionViewLayout:(UICollectionViewLayout *)layout NS_DESIGNATED_INITIALIZER;
/Users/admin/builder/spi-builder-workspace/Sources/ViewTypes/Table.swift:126:42: error: 'UICollectionView' is unavailable in watchOS
124 | }
125 |
126 | extension visionOSViewVersion<TableType, UICollectionView> {
| `- error: 'UICollectionView' is unavailable in watchOS
127 | public static let v1 = Self(for: .v1)
128 | public static let v2 = Self(for: .v2)
/Applications/Xcode-27.0.0.app/Contents/Developer/Platforms/WatchOS.platform/Developer/SDKs/WatchOS27.0.sdk/System/Library/Frameworks/UIKit.framework/Headers/UICollectionView.h:362:12: note: 'UICollectionView' has been explicitly marked unavailable here
360 |
361 | UIKIT_EXTERN API_AVAILABLE(ios(6.0)) API_UNAVAILABLE(watchos) NS_SWIFT_UI_ACTOR
362 | @interface UICollectionView : UIScrollView <UIDataSourceTranslating>
| `- note: 'UICollectionView' has been explicitly marked unavailable here
363 |
364 | - (instancetype)initWithFrame:(CGRect)frame collectionViewLayout:(UICollectionViewLayout *)layout NS_DESIGNATED_INITIALIZER;
/Users/admin/builder/spi-builder-workspace/Sources/ViewTypes/TextEditor.swift:61:42: error: 'UITextView' is unavailable in watchOS
59 | public import UIKit
60 |
61 | extension iOSViewVersion<TextEditorType, UITextView> {
| `- error: 'UITextView' is unavailable in watchOS
62 | @available(*, unavailable, message: "TextEditor isn't available on iOS 13")
63 | public static let v13 = Self.unavailable()
/Applications/Xcode-27.0.0.app/Contents/Developer/Platforms/WatchOS.platform/Developer/SDKs/WatchOS27.0.sdk/System/Library/Frameworks/UIKit.framework/Headers/UITextView.h:223:12: note: 'UITextView' has been explicitly marked unavailable here
221 |
222 | UIKIT_EXTERN API_AVAILABLE(ios(2.0)) API_UNAVAILABLE(watchos) NS_SWIFT_UI_ACTOR
223 | @interface UITextView : UIScrollView <UITextInput, UIContentSizeCategoryAdjusting, UILetterformAwareAdjusting, NSTextViewportLayoutControllerDelegate>
| `- note: 'UITextView' has been explicitly marked unavailable here
224 |
225 | @property(nullable,nonatomic,weak) id<UITextViewDelegate> delegate;
SwiftCompile normal arm64_32 /Users/admin/builder/spi-builder-workspace/Sources/ViewTypes/Slider.swift (in target 'SwiftUIIntrospect' from project 'swiftui-introspect')
cd /Users/admin/builder/spi-builder-workspace/.swiftpm/xcode
builtin-SwiftPerFileCompile Slider.swift
SwiftCompile normal arm64_32 /Users/admin/builder/spi-builder-workspace/Sources/ViewTypes/Stepper.swift (in target 'SwiftUIIntrospect' from project 'swiftui-introspect')
cd /Users/admin/builder/spi-builder-workspace/.swiftpm/xcode
builtin-SwiftPerFileCompile Stepper.swift
SwiftCompile normal arm64_32 /Users/admin/builder/spi-builder-workspace/Sources/ViewTypes/TabView.swift (in target 'SwiftUIIntrospect' from project 'swiftui-introspect')
cd /Users/admin/builder/spi-builder-workspace/.swiftpm/xcode
builtin-SwiftPerFileCompile TabView.swift
SwiftCompile normal arm64_32 /Users/admin/builder/spi-builder-workspace/Sources/ViewTypes/TabViewWithPageStyle.swift (in target 'SwiftUIIntrospect' from project 'swiftui-introspect')
cd /Users/admin/builder/spi-builder-workspace/.swiftpm/xcode
builtin-SwiftPerFileCompile TabViewWithPageStyle.swift
SwiftCompile normal arm64_32 /Users/admin/builder/spi-builder-workspace/Sources/ViewTypes/Table.swift (in target 'SwiftUIIntrospect' from project 'swiftui-introspect')
cd /Users/admin/builder/spi-builder-workspace/.swiftpm/xcode
builtin-SwiftPerFileCompile Table.swift
SwiftCompile normal arm64_32 /Users/admin/builder/spi-builder-workspace/Sources/ViewTypes/TextEditor.swift (in target 'SwiftUIIntrospect' from project 'swiftui-introspect')
cd /Users/admin/builder/spi-builder-workspace/.swiftpm/xcode
builtin-SwiftPerFileCompile TextEditor.swift
SwiftExplicitDependencyGeneratePcm arm64 /Users/admin/builder/spi-builder-workspace/.derivedData/SDKExplicitPrecompiledModules/WatchKit-BO78WUD7ZRCBRY95H7ENJBBSS.pcm
SwiftCompile normal arm64_32 Compiling\ VideoPlayer.swift,\ View.swift,\ ViewController.swift,\ WebView.swift,\ Window.swift,\ Weak.swift /Users/admin/builder/spi-builder-workspace/Sources/ViewTypes/VideoPlayer.swift /Users/admin/builder/spi-builder-workspace/Sources/ViewTypes/View.swift /Users/admin/builder/spi-builder-workspace/Sources/ViewTypes/ViewController.swift /Users/admin/builder/spi-builder-workspace/Sources/ViewTypes/WebView.swift /Users/admin/builder/spi-builder-workspace/Sources/ViewTypes/Window.swift /Users/admin/builder/spi-builder-workspace/Sources/Weak.swift (in target 'SwiftUIIntrospect' from project 'swiftui-introspect')
/Users/admin/builder/spi-builder-workspace/Sources/ViewTypes/VideoPlayer.swift:66:43: error: cannot find type 'AVPlayerViewController' in scope
64 |
65 | #if canImport(UIKit)
66 | extension iOSViewVersion<VideoPlayerType, AVPlayerViewController> {
| `- error: cannot find type 'AVPlayerViewController' in scope
67 | @available(*, unavailable, message: "VideoPlayer isn't available on iOS 13")
68 | public static let v13 = Self.unavailable()
/Users/admin/builder/spi-builder-workspace/Sources/ViewTypes/VideoPlayer.swift:68:20: error: static stored properties not supported in generic types
66 | extension iOSViewVersion<VideoPlayerType, AVPlayerViewController> {
67 | @available(*, unavailable, message: "VideoPlayer isn't available on iOS 13")
68 | public static let v13 = Self.unavailable()
| `- error: static stored properties not supported in generic types
69 | public static let v14 = Self(for: .v14)
70 | public static let v15 = Self(for: .v15)
/Users/admin/builder/spi-builder-workspace/Sources/ViewTypes/VideoPlayer.swift:68:31: warning: conformance of 'SwiftUIViewType' to protocol 'IntrospectableViewType' may be isolated and cannot be passed to main actor-isolated context [#IsolatedConformances]
66 | extension iOSViewVersion<VideoPlayerType, AVPlayerViewController> {
67 | @available(*, unavailable, message: "VideoPlayer isn't available on iOS 13")
68 | public static let v13 = Self.unavailable()
| `- warning: conformance of 'SwiftUIViewType' to protocol 'IntrospectableViewType' may be isolated and cannot be passed to main actor-isolated context [#IsolatedConformances]
69 | public static let v14 = Self(for: .v14)
70 | public static let v15 = Self(for: .v15)
/Users/admin/builder/spi-builder-workspace/Sources/ViewTypes/VideoPlayer.swift:68:31: warning: conformance of 'PlatformSpecificEntity' to protocol 'PlatformEntity' may be isolated and cannot be passed to main actor-isolated context [#IsolatedConformances]
66 | extension iOSViewVersion<VideoPlayerType, AVPlayerViewController> {
67 | @available(*, unavailable, message: "VideoPlayer isn't available on iOS 13")
68 | public static let v13 = Self.unavailable()
| `- warning: conformance of 'PlatformSpecificEntity' to protocol 'PlatformEntity' may be isolated and cannot be passed to main actor-isolated context [#IsolatedConformances]
69 | public static let v14 = Self(for: .v14)
70 | public static let v15 = Self(for: .v15)
/Users/admin/builder/spi-builder-workspace/Sources/ViewTypes/VideoPlayer.swift:69:37: error: type 'Version' has no member 'v14'
67 | @available(*, unavailable, message: "VideoPlayer isn't available on iOS 13")
68 | public static let v13 = Self.unavailable()
69 | public static let v14 = Self(for: .v14)
| `- error: type 'Version' has no member 'v14'
70 | public static let v15 = Self(for: .v15)
71 | public static let v16 = Self(for: .v16)
/Users/admin/builder/spi-builder-workspace/Sources/ViewTypes/VideoPlayer.swift:69:20: error: static stored properties not supported in generic types
67 | @available(*, unavailable, message: "VideoPlayer isn't available on iOS 13")
68 | public static let v13 = Self.unavailable()
69 | public static let v14 = Self(for: .v14)
| `- error: static stored properties not supported in generic types
70 | public static let v15 = Self(for: .v15)
71 | public static let v16 = Self(for: .v16)
/Users/admin/builder/spi-builder-workspace/Sources/ViewTypes/VideoPlayer.swift:70:37: error: type 'Version' has no member 'v15'
68 | public static let v13 = Self.unavailable()
69 | public static let v14 = Self(for: .v14)
70 | public static let v15 = Self(for: .v15)
| `- error: type 'Version' has no member 'v15'
71 | public static let v16 = Self(for: .v16)
72 | public static let v17 = Self(for: .v17)
/Users/admin/builder/spi-builder-workspace/Sources/ViewTypes/VideoPlayer.swift:70:20: error: static stored properties not supported in generic types
68 | public static let v13 = Self.unavailable()
69 | public static let v14 = Self(for: .v14)
70 | public static let v15 = Self(for: .v15)
| `- error: static stored properties not supported in generic types
71 | public static let v16 = Self(for: .v16)
72 | public static let v17 = Self(for: .v17)
/Users/admin/builder/spi-builder-workspace/Sources/ViewTypes/VideoPlayer.swift:71:37: error: type 'Version' has no member 'v16'
69 | public static let v14 = Self(for: .v14)
70 | public static let v15 = Self(for: .v15)
71 | public static let v16 = Self(for: .v16)
| `- error: type 'Version' has no member 'v16'
72 | public static let v17 = Self(for: .v17)
73 | public static let v18 = Self(for: .v18)
/Users/admin/builder/spi-builder-workspace/Sources/ViewTypes/VideoPlayer.swift:71:20: error: static stored properties not supported in generic types
69 | public static let v14 = Self(for: .v14)
70 | public static let v15 = Self(for: .v15)
71 | public static let v16 = Self(for: .v16)
| `- error: static stored properties not supported in generic types
72 | public static let v17 = Self(for: .v17)
73 | public static let v18 = Self(for: .v18)
/Users/admin/builder/spi-builder-workspace/Sources/ViewTypes/VideoPlayer.swift:72:37: error: type 'Version' has no member 'v17'
70 | public static let v15 = Self(for: .v15)
71 | public static let v16 = Self(for: .v16)
72 | public static let v17 = Self(for: .v17)
| `- error: type 'Version' has no member 'v17'
73 | public static let v18 = Self(for: .v18)
74 | public static let v26 = Self(for: .v26)
/Users/admin/builder/spi-builder-workspace/Sources/ViewTypes/VideoPlayer.swift:72:20: error: static stored properties not supported in generic types
70 | public static let v15 = Self(for: .v15)
71 | public static let v16 = Self(for: .v16)
72 | public static let v17 = Self(for: .v17)
| `- error: static stored properties not supported in generic types
73 | public static let v18 = Self(for: .v18)
74 | public static let v26 = Self(for: .v26)
/Users/admin/builder/spi-builder-workspace/Sources/ViewTypes/VideoPlayer.swift:73:37: error: type 'Version' has no member 'v18'
71 | public static let v16 = Self(for: .v16)
72 | public static let v17 = Self(for: .v17)
73 | public static let v18 = Self(for: .v18)
| `- error: type 'Version' has no member 'v18'
74 | public static let v26 = Self(for: .v26)
75 | public static let v27 = Self(for: .v27)
/Users/admin/builder/spi-builder-workspace/Sources/ViewTypes/VideoPlayer.swift:73:20: error: static stored properties not supported in generic types
71 | public static let v16 = Self(for: .v16)
72 | public static let v17 = Self(for: .v17)
73 | public static let v18 = Self(for: .v18)
| `- error: static stored properties not supported in generic types
74 | public static let v26 = Self(for: .v26)
75 | public static let v27 = Self(for: .v27)
/Users/admin/builder/spi-builder-workspace/Sources/ViewTypes/VideoPlayer.swift:74:37: error: type 'Version' has no member 'v26'
72 | public static let v17 = Self(for: .v17)
73 | public static let v18 = Self(for: .v18)
74 | public static let v26 = Self(for: .v26)
| `- error: type 'Version' has no member 'v26'
75 | public static let v27 = Self(for: .v27)
76 | }
/Users/admin/builder/spi-builder-workspace/Sources/ViewTypes/VideoPlayer.swift:74:20: error: static stored properties not supported in generic types
72 | public static let v17 = Self(for: .v17)
73 | public static let v18 = Self(for: .v18)
74 | public static let v26 = Self(for: .v26)
| `- error: static stored properties not supported in generic types
75 | public static let v27 = Self(for: .v27)
76 | }
/Users/admin/builder/spi-builder-workspace/Sources/ViewTypes/VideoPlayer.swift:75:37: error: type 'Version' has no member 'v27'
73 | public static let v18 = Self(for: .v18)
74 | public static let v26 = Self(for: .v26)
75 | public static let v27 = Self(for: .v27)
| `- error: type 'Version' has no member 'v27'
76 | }
77 |
/Users/admin/builder/spi-builder-workspace/Sources/ViewTypes/VideoPlayer.swift:75:20: error: static stored properties not supported in generic types
73 | public static let v18 = Self(for: .v18)
74 | public static let v26 = Self(for: .v26)
75 | public static let v27 = Self(for: .v27)
| `- error: static stored properties not supported in generic types
76 | }
77 |
/Users/admin/builder/spi-builder-workspace/Sources/ViewTypes/VideoPlayer.swift:78:44: error: cannot find type 'AVPlayerViewController' in scope
76 | }
77 |
78 | extension tvOSViewVersion<VideoPlayerType, AVPlayerViewController> {
| `- error: cannot find type 'AVPlayerViewController' in scope
79 | @available(*, unavailable, message: "VideoPlayer isn't available on tvOS 13")
80 | public static let v13 = Self.unavailable()
/Users/admin/builder/spi-builder-workspace/Sources/ViewTypes/VideoPlayer.swift:80:20: error: static stored properties not supported in generic types
78 | extension tvOSViewVersion<VideoPlayerType, AVPlayerViewController> {
79 | @available(*, unavailable, message: "VideoPlayer isn't available on tvOS 13")
80 | public static let v13 = Self.unavailable()
| `- error: static stored properties not supported in generic types
81 | public static let v14 = Self(for: .v14)
82 | public static let v15 = Self(for: .v15)
/Users/admin/builder/spi-builder-workspace/Sources/ViewTypes/VideoPlayer.swift:80:31: warning: conformance of 'SwiftUIViewType' to protocol 'IntrospectableViewType' may be isolated and cannot be passed to main actor-isolated context [#IsolatedConformances]
78 | extension tvOSViewVersion<VideoPlayerType, AVPlayerViewController> {
79 | @available(*, unavailable, message: "VideoPlayer isn't available on tvOS 13")
80 | public static let v13 = Self.unavailable()
| `- warning: conformance of 'SwiftUIViewType' to protocol 'IntrospectableViewType' may be isolated and cannot be passed to main actor-isolated context [#IsolatedConformances]
81 | public static let v14 = Self(for: .v14)
82 | public static let v15 = Self(for: .v15)
/Users/admin/builder/spi-builder-workspace/Sources/ViewTypes/VideoPlayer.swift:80:31: warning: conformance of 'PlatformSpecificEntity' to protocol 'PlatformEntity' may be isolated and cannot be passed to main actor-isolated context [#IsolatedConformances]
78 | extension tvOSViewVersion<VideoPlayerType, AVPlayerViewController> {
79 | @available(*, unavailable, message: "VideoPlayer isn't available on tvOS 13")
80 | public static let v13 = Self.unavailable()
| `- warning: conformance of 'PlatformSpecificEntity' to protocol 'PlatformEntity' may be isolated and cannot be passed to main actor-isolated context [#IsolatedConformances]
81 | public static let v14 = Self(for: .v14)
82 | public static let v15 = Self(for: .v15)
/Users/admin/builder/spi-builder-workspace/Sources/ViewTypes/VideoPlayer.swift:80:20: error: invalid redeclaration of 'v13'
66 | extension iOSViewVersion<VideoPlayerType, AVPlayerViewController> {
67 | @available(*, unavailable, message: "VideoPlayer isn't available on iOS 13")
68 | public static let v13 = Self.unavailable()
| `- note: 'v13' previously declared here
69 | public static let v14 = Self(for: .v14)
70 | public static let v15 = Self(for: .v15)
:
78 | extension tvOSViewVersion<VideoPlayerType, AVPlayerViewController> {
79 | @available(*, unavailable, message: "VideoPlayer isn't available on tvOS 13")
80 | public static let v13 = Self.unavailable()
| `- error: invalid redeclaration of 'v13'
81 | public static let v14 = Self(for: .v14)
82 | public static let v15 = Self(for: .v15)
/Users/admin/builder/spi-builder-workspace/Sources/ViewTypes/VideoPlayer.swift:81:37: error: type 'Version' has no member 'v14'
79 | @available(*, unavailable, message: "VideoPlayer isn't available on tvOS 13")
80 | public static let v13 = Self.unavailable()
81 | public static let v14 = Self(for: .v14)
| `- error: type 'Version' has no member 'v14'
82 | public static let v15 = Self(for: .v15)
83 | public static let v16 = Self(for: .v16)
/Users/admin/builder/spi-builder-workspace/Sources/ViewTypes/VideoPlayer.swift:81:20: error: static stored properties not supported in generic types
79 | @available(*, unavailable, message: "VideoPlayer isn't available on tvOS 13")
80 | public static let v13 = Self.unavailable()
81 | public static let v14 = Self(for: .v14)
| `- error: static stored properties not supported in generic types
82 | public static let v15 = Self(for: .v15)
83 | public static let v16 = Self(for: .v16)
/Users/admin/builder/spi-builder-workspace/Sources/ViewTypes/VideoPlayer.swift:82:37: error: type 'Version' has no member 'v15'
80 | public static let v13 = Self.unavailable()
81 | public static let v14 = Self(for: .v14)
82 | public static let v15 = Self(for: .v15)
| `- error: type 'Version' has no member 'v15'
83 | public static let v16 = Self(for: .v16)
84 | public static let v17 = Self(for: .v17)
/Users/admin/builder/spi-builder-workspace/Sources/ViewTypes/VideoPlayer.swift:82:20: error: static stored properties not supported in generic types
80 | public static let v13 = Self.unavailable()
81 | public static let v14 = Self(for: .v14)
82 | public static let v15 = Self(for: .v15)
| `- error: static stored properties not supported in generic types
83 | public static let v16 = Self(for: .v16)
84 | public static let v17 = Self(for: .v17)
/Users/admin/builder/spi-builder-workspace/Sources/ViewTypes/VideoPlayer.swift:83:37: error: type 'Version' has no member 'v16'
81 | public static let v14 = Self(for: .v14)
82 | public static let v15 = Self(for: .v15)
83 | public static let v16 = Self(for: .v16)
| `- error: type 'Version' has no member 'v16'
84 | public static let v17 = Self(for: .v17)
85 | public static let v18 = Self(for: .v18)
/Users/admin/builder/spi-builder-workspace/Sources/ViewTypes/VideoPlayer.swift:83:20: error: static stored properties not supported in generic types
81 | public static let v14 = Self(for: .v14)
82 | public static let v15 = Self(for: .v15)
83 | public static let v16 = Self(for: .v16)
| `- error: static stored properties not supported in generic types
84 | public static let v17 = Self(for: .v17)
85 | public static let v18 = Self(for: .v18)
/Users/admin/builder/spi-builder-workspace/Sources/ViewTypes/VideoPlayer.swift:84:37: error: type 'Version' has no member 'v17'
82 | public static let v15 = Self(for: .v15)
83 | public static let v16 = Self(for: .v16)
84 | public static let v17 = Self(for: .v17)
| `- error: type 'Version' has no member 'v17'
85 | public static let v18 = Self(for: .v18)
86 | public static let v26 = Self(for: .v26)
/Users/admin/builder/spi-builder-workspace/Sources/ViewTypes/VideoPlayer.swift:84:20: error: static stored properties not supported in generic types
82 | public static let v15 = Self(for: .v15)
83 | public static let v16 = Self(for: .v16)
84 | public static let v17 = Self(for: .v17)
| `- error: static stored properties not supported in generic types
85 | public static let v18 = Self(for: .v18)
86 | public static let v26 = Self(for: .v26)
/Users/admin/builder/spi-builder-workspace/Sources/ViewTypes/VideoPlayer.swift:85:37: error: type 'Version' has no member 'v18'
83 | public static let v16 = Self(for: .v16)
84 | public static let v17 = Self(for: .v17)
85 | public static let v18 = Self(for: .v18)
| `- error: type 'Version' has no member 'v18'
86 | public static let v26 = Self(for: .v26)
87 | public static let v27 = Self(for: .v27)
/Users/admin/builder/spi-builder-workspace/Sources/ViewTypes/VideoPlayer.swift:85:20: error: static stored properties not supported in generic types
83 | public static let v16 = Self(for: .v16)
84 | public static let v17 = Self(for: .v17)
85 | public static let v18 = Self(for: .v18)
| `- error: static stored properties not supported in generic types
86 | public static let v26 = Self(for: .v26)
87 | public static let v27 = Self(for: .v27)
/Users/admin/builder/spi-builder-workspace/Sources/ViewTypes/VideoPlayer.swift:86:37: error: type 'Version' has no member 'v26'
84 | public static let v17 = Self(for: .v17)
85 | public static let v18 = Self(for: .v18)
86 | public static let v26 = Self(for: .v26)
| `- error: type 'Version' has no member 'v26'
87 | public static let v27 = Self(for: .v27)
88 | }
/Users/admin/builder/spi-builder-workspace/Sources/ViewTypes/VideoPlayer.swift:86:20: error: static stored properties not supported in generic types
84 | public static let v17 = Self(for: .v17)
85 | public static let v18 = Self(for: .v18)
86 | public static let v26 = Self(for: .v26)
| `- error: static stored properties not supported in generic types
87 | public static let v27 = Self(for: .v27)
88 | }
/Users/admin/builder/spi-builder-workspace/Sources/ViewTypes/VideoPlayer.swift:87:37: error: type 'Version' has no member 'v27'
85 | public static let v18 = Self(for: .v18)
86 | public static let v26 = Self(for: .v26)
87 | public static let v27 = Self(for: .v27)
| `- error: type 'Version' has no member 'v27'
88 | }
89 |
/Users/admin/builder/spi-builder-workspace/Sources/ViewTypes/VideoPlayer.swift:87:20: error: static stored properties not supported in generic types
85 | public static let v18 = Self(for: .v18)
86 | public static let v26 = Self(for: .v26)
87 | public static let v27 = Self(for: .v27)
| `- error: static stored properties not supported in generic types
88 | }
89 |
/Users/admin/builder/spi-builder-workspace/Sources/ViewTypes/VideoPlayer.swift:90:48: error: cannot find type 'AVPlayerViewController' in scope
88 | }
89 |
90 | extension visionOSViewVersion<VideoPlayerType, AVPlayerViewController> {
| `- error: cannot find type 'AVPlayerViewController' in scope
91 | public static let v1 = Self(for: .v1)
92 | public static let v2 = Self(for: .v2)
/Users/admin/builder/spi-builder-workspace/Sources/ViewTypes/VideoPlayer.swift:91:36: error: type 'Version' has no member 'v1'
89 |
90 | extension visionOSViewVersion<VideoPlayerType, AVPlayerViewController> {
91 | public static let v1 = Self(for: .v1)
| `- error: type 'Version' has no member 'v1'
92 | public static let v2 = Self(for: .v2)
93 | public static let v26 = Self(for: .v26)
/Users/admin/builder/spi-builder-workspace/Sources/ViewTypes/VideoPlayer.swift:91:20: error: static stored properties not supported in generic types
89 |
90 | extension visionOSViewVersion<VideoPlayerType, AVPlayerViewController> {
91 | public static let v1 = Self(for: .v1)
| `- error: static stored properties not supported in generic types
92 | public static let v2 = Self(for: .v2)
93 | public static let v26 = Self(for: .v26)
/Users/admin/builder/spi-builder-workspace/Sources/ViewTypes/VideoPlayer.swift:92:36: error: type 'Version' has no member 'v2'
90 | extension visionOSViewVersion<VideoPlayerType, AVPlayerViewController> {
91 | public static let v1 = Self(for: .v1)
92 | public static let v2 = Self(for: .v2)
| `- error: type 'Version' has no member 'v2'
93 | public static let v26 = Self(for: .v26)
94 | public static let v27 = Self(for: .v27)
/Users/admin/builder/spi-builder-workspace/Sources/ViewTypes/VideoPlayer.swift:92:20: error: static stored properties not supported in generic types
90 | extension visionOSViewVersion<VideoPlayerType, AVPlayerViewController> {
91 | public static let v1 = Self(for: .v1)
92 | public static let v2 = Self(for: .v2)
| `- error: static stored properties not supported in generic types
93 | public static let v26 = Self(for: .v26)
94 | public static let v27 = Self(for: .v27)
/Users/admin/builder/spi-builder-workspace/Sources/ViewTypes/VideoPlayer.swift:93:37: error: type 'Version' has no member 'v26'
91 | public static let v1 = Self(for: .v1)
92 | public static let v2 = Self(for: .v2)
93 | public static let v26 = Self(for: .v26)
| `- error: type 'Version' has no member 'v26'
94 | public static let v27 = Self(for: .v27)
95 | }
/Users/admin/builder/spi-builder-workspace/Sources/ViewTypes/VideoPlayer.swift:93:20: error: static stored properties not supported in generic types
91 | public static let v1 = Self(for: .v1)
92 | public static let v2 = Self(for: .v2)
93 | public static let v26 = Self(for: .v26)
| `- error: static stored properties not supported in generic types
94 | public static let v27 = Self(for: .v27)
95 | }
/Users/admin/builder/spi-builder-workspace/Sources/ViewTypes/VideoPlayer.swift:94:37: error: type 'Version' has no member 'v27'
92 | public static let v2 = Self(for: .v2)
93 | public static let v26 = Self(for: .v26)
94 | public static let v27 = Self(for: .v27)
| `- error: type 'Version' has no member 'v27'
95 | }
96 | #elseif canImport(AppKit)
/Users/admin/builder/spi-builder-workspace/Sources/ViewTypes/VideoPlayer.swift:94:20: error: static stored properties not supported in generic types
92 | public static let v2 = Self(for: .v2)
93 | public static let v26 = Self(for: .v26)
94 | public static let v27 = Self(for: .v27)
| `- error: static stored properties not supported in generic types
95 | }
96 | #elseif canImport(AppKit)
/Users/admin/builder/spi-builder-workspace/Sources/ViewTypes/VideoPlayer.swift:59:8: warning: public import of 'AVKit' was not used in public declarations or inlinable code [#UnusedImportAccess]
57 |
58 | #if canImport(AVKit)
59 | public import AVKit
| `- warning: public import of 'AVKit' was not used in public declarations or inlinable code [#UnusedImportAccess]
60 |
61 | extension IntrospectableViewType where Self == VideoPlayerType {
/Users/admin/builder/spi-builder-workspace/Sources/ViewTypes/View.swift:77:36: error: 'UIView' is unavailable in watchOS
75 | public import UIKit
76 |
77 | extension iOSViewVersion<ViewType, UIView> {
| `- error: 'UIView' is unavailable in watchOS
78 | public static let v13 = Self(for: .v13)
79 | public static let v14 = Self(for: .v14)
/Applications/Xcode-27.0.0.app/Contents/Developer/Platforms/WatchOS.platform/Developer/SDKs/WatchOS27.0.sdk/System/Library/Frameworks/UIKit.framework/Headers/UIView.h:152:12: note: 'UIView' has been explicitly marked unavailable here
150 |
151 | UIKIT_EXTERN API_AVAILABLE(ios(2.0)) API_UNAVAILABLE(watchos) NS_SWIFT_UI_ACTOR
152 | @interface UIView : UIResponder <NSCoding, UIAppearance, UIAppearanceContainer, UIDynamicItem, UITraitEnvironment, UICoordinateSpace, UIFocusItem, UIFocusItemContainer, CALayerDelegate>
| `- note: 'UIView' has been explicitly marked unavailable here
153 |
154 | @property(class, nonatomic, readonly) Class layerClass; // default is [CALayer class]. Used when creating the underlying layer for the view.
/Users/admin/builder/spi-builder-workspace/Sources/ViewTypes/View.swift:88:37: error: 'UIView' is unavailable in watchOS
86 | }
87 |
88 | extension tvOSViewVersion<ViewType, UIView> {
| `- error: 'UIView' is unavailable in watchOS
89 | public static let v13 = Self(for: .v13)
90 | public static let v14 = Self(for: .v14)
/Applications/Xcode-27.0.0.app/Contents/Developer/Platforms/WatchOS.platform/Developer/SDKs/WatchOS27.0.sdk/System/Library/Frameworks/UIKit.framework/Headers/UIView.h:152:12: note: 'UIView' has been explicitly marked unavailable here
150 |
151 | UIKIT_EXTERN API_AVAILABLE(ios(2.0)) API_UNAVAILABLE(watchos) NS_SWIFT_UI_ACTOR
152 | @interface UIView : UIResponder <NSCoding, UIAppearance, UIAppearanceContainer, UIDynamicItem, UITraitEnvironment, UICoordinateSpace, UIFocusItem, UIFocusItemContainer, CALayerDelegate>
| `- note: 'UIView' has been explicitly marked unavailable here
153 |
154 | @property(class, nonatomic, readonly) Class layerClass; // default is [CALayer class]. Used when creating the underlying layer for the view.
/Users/admin/builder/spi-builder-workspace/Sources/ViewTypes/View.swift:99:41: error: 'UIView' is unavailable in watchOS
97 | }
98 |
99 | extension visionOSViewVersion<ViewType, UIView> {
| `- error: 'UIView' is unavailable in watchOS
100 | public static let v1 = Self(for: .v1)
101 | public static let v2 = Self(for: .v2)
/Applications/Xcode-27.0.0.app/Contents/Developer/Platforms/WatchOS.platform/Developer/SDKs/WatchOS27.0.sdk/System/Library/Frameworks/UIKit.framework/Headers/UIView.h:152:12: note: 'UIView' has been explicitly marked unavailable here
150 |
151 | UIKIT_EXTERN API_AVAILABLE(ios(2.0)) API_UNAVAILABLE(watchos) NS_SWIFT_UI_ACTOR
152 | @interface UIView : UIResponder <NSCoding, UIAppearance, UIAppearanceContainer, UIDynamicItem, UITraitEnvironment, UICoordinateSpace, UIFocusItem, UIFocusItemContainer, CALayerDelegate>
| `- note: 'UIView' has been explicitly marked unavailable here
153 |
154 | @property(class, nonatomic, readonly) Class layerClass; // default is [CALayer class]. Used when creating the underlying layer for the view.
/Users/admin/builder/spi-builder-workspace/Sources/ViewTypes/ViewController.swift:75:46: error: 'UIViewController' is unavailable in watchOS
73 | public import UIKit
74 |
75 | extension iOSViewVersion<ViewControllerType, UIViewController> {
| `- error: 'UIViewController' is unavailable in watchOS
76 | public static let v13 = Self(for: .v13)
77 | public static let v14 = Self(for: .v14)
/Applications/Xcode-27.0.0.app/Contents/Developer/Platforms/WatchOS.platform/Developer/SDKs/WatchOS27.0.sdk/System/Library/Frameworks/UIKit.framework/Headers/UIViewController.h:104:12: note: 'UIViewController' has been explicitly marked unavailable here
102 |
103 | UIKIT_EXTERN API_AVAILABLE(ios(2.0)) API_UNAVAILABLE(watchos) NS_SWIFT_UI_ACTOR
104 | @interface UIViewController : UIResponder <NSCoding, UIAppearanceContainer, UITraitEnvironment, UIContentContainer, UIFocusEnvironment>
| `- note: 'UIViewController' has been explicitly marked unavailable here
105 |
106 | /*
/Users/admin/builder/spi-builder-workspace/Sources/ViewTypes/ViewController.swift:86:47: error: 'UIViewController' is unavailable in watchOS
84 | }
85 |
86 | extension tvOSViewVersion<ViewControllerType, UIViewController> {
| `- error: 'UIViewController' is unavailable in watchOS
87 | public static let v13 = Self(for: .v13)
88 | public static let v14 = Self(for: .v14)
/Applications/Xcode-27.0.0.app/Contents/Developer/Platforms/WatchOS.platform/Developer/SDKs/WatchOS27.0.sdk/System/Library/Frameworks/UIKit.framework/Headers/UIViewController.h:104:12: note: 'UIViewController' has been explicitly marked unavailable here
102 |
103 | UIKIT_EXTERN API_AVAILABLE(ios(2.0)) API_UNAVAILABLE(watchos) NS_SWIFT_UI_ACTOR
104 | @interface UIViewController : UIResponder <NSCoding, UIAppearanceContainer, UITraitEnvironment, UIContentContainer, UIFocusEnvironment>
| `- note: 'UIViewController' has been explicitly marked unavailable here
105 |
106 | /*
/Users/admin/builder/spi-builder-workspace/Sources/ViewTypes/ViewController.swift:97:51: error: 'UIViewController' is unavailable in watchOS
95 | }
96 |
97 | extension visionOSViewVersion<ViewControllerType, UIViewController> {
| `- error: 'UIViewController' is unavailable in watchOS
98 | public static let v1 = Self(for: .v1)
99 | public static let v2 = Self(for: .v2)
/Applications/Xcode-27.0.0.app/Contents/Developer/Platforms/WatchOS.platform/Developer/SDKs/WatchOS27.0.sdk/System/Library/Frameworks/UIKit.framework/Headers/UIViewController.h:104:12: note: 'UIViewController' has been explicitly marked unavailable here
102 |
103 | UIKIT_EXTERN API_AVAILABLE(ios(2.0)) API_UNAVAILABLE(watchos) NS_SWIFT_UI_ACTOR
104 | @interface UIViewController : UIResponder <NSCoding, UIAppearanceContainer, UITraitEnvironment, UIContentContainer, UIFocusEnvironment>
| `- note: 'UIViewController' has been explicitly marked unavailable here
105 |
106 | /*
SwiftCompile normal arm64_32 /Users/admin/builder/spi-builder-workspace/Sources/ViewTypes/VideoPlayer.swift (in target 'SwiftUIIntrospect' from project 'swiftui-introspect')
cd /Users/admin/builder/spi-builder-workspace/.swiftpm/xcode
builtin-SwiftPerFileCompile VideoPlayer.swift
SwiftCompile normal arm64_32 /Users/admin/builder/spi-builder-workspace/Sources/ViewTypes/View.swift (in target 'SwiftUIIntrospect' from project 'swiftui-introspect')
cd /Users/admin/builder/spi-builder-workspace/.swiftpm/xcode
builtin-SwiftPerFileCompile View.swift
SwiftCompile normal arm64_32 /Users/admin/builder/spi-builder-workspace/Sources/ViewTypes/ViewController.swift (in target 'SwiftUIIntrospect' from project 'swiftui-introspect')
cd /Users/admin/builder/spi-builder-workspace/.swiftpm/xcode
builtin-SwiftPerFileCompile ViewController.swift
SwiftCompile normal arm64_32 /Users/admin/builder/spi-builder-workspace/Sources/ViewTypes/WebView.swift (in target 'SwiftUIIntrospect' from project 'swiftui-introspect')
cd /Users/admin/builder/spi-builder-workspace/.swiftpm/xcode
builtin-SwiftPerFileCompile WebView.swift
SwiftCompile normal arm64_32 /Users/admin/builder/spi-builder-workspace/Sources/ViewTypes/Window.swift (in target 'SwiftUIIntrospect' from project 'swiftui-introspect')
cd /Users/admin/builder/spi-builder-workspace/.swiftpm/xcode
builtin-SwiftPerFileCompile Window.swift
SwiftCompile normal arm64_32 /Users/admin/builder/spi-builder-workspace/Sources/Weak.swift (in target 'SwiftUIIntrospect' from project 'swiftui-introspect')
cd /Users/admin/builder/spi-builder-workspace/.swiftpm/xcode
builtin-SwiftPerFileCompile Weak.swift
/Users/admin/builder/spi-builder-workspace/Sources/ViewTypes/Window.swift:73:53: error: 'UIWindow' is unavailable in watchOS
71 | public static let v27 = Self(for: .v27, selector: selector)
72 |
73 | private static var selector: IntrospectionSelector<UIWindow> {
| `- error: 'UIWindow' is unavailable in watchOS
74 | .from(UIView.self, selector: { $0.window })
75 | }
/Applications/Xcode-27.0.0.app/Contents/Developer/Platforms/WatchOS.platform/Developer/SDKs/WatchOS27.0.sdk/System/Library/Frameworks/UIKit.framework/Headers/UIWindow.h:22:12: note: 'UIWindow' has been explicitly marked unavailable here
20 |
21 | UIKIT_EXTERN API_AVAILABLE(ios(2.0)) API_UNAVAILABLE(watchos) NS_SWIFT_UI_ACTOR
22 | @interface UIWindow : UIView
| `- note: 'UIWindow' has been explicitly marked unavailable here
23 |
24 | // instantiate a UIWindow already associated with a given UIWindowScene instance, with matching frame & interface orientations.
/Users/admin/builder/spi-builder-workspace/Sources/ViewTypes/Window.swift:63:38: error: 'UIWindow' is unavailable in watchOS
61 | public import UIKit
62 |
63 | extension iOSViewVersion<WindowType, UIWindow> {
| `- error: 'UIWindow' is unavailable in watchOS
64 | public static let v13 = Self(for: .v13, selector: selector)
65 | public static let v14 = Self(for: .v14, selector: selector)
/Applications/Xcode-27.0.0.app/Contents/Developer/Platforms/WatchOS.platform/Developer/SDKs/WatchOS27.0.sdk/System/Library/Frameworks/UIKit.framework/Headers/UIWindow.h:22:12: note: 'UIWindow' has been explicitly marked unavailable here
20 |
21 | UIKIT_EXTERN API_AVAILABLE(ios(2.0)) API_UNAVAILABLE(watchos) NS_SWIFT_UI_ACTOR
22 | @interface UIWindow : UIView
| `- note: 'UIWindow' has been explicitly marked unavailable here
23 |
24 | // instantiate a UIWindow already associated with a given UIWindowScene instance, with matching frame & interface orientations.
/Users/admin/builder/spi-builder-workspace/Sources/ViewTypes/Window.swift:88:53: error: 'UIWindow' is unavailable in watchOS
86 | public static let v27 = Self(for: .v27, selector: selector)
87 |
88 | private static var selector: IntrospectionSelector<UIWindow> {
| `- error: 'UIWindow' is unavailable in watchOS
89 | .from(UIView.self, selector: { $0.window })
90 | }
/Applications/Xcode-27.0.0.app/Contents/Developer/Platforms/WatchOS.platform/Developer/SDKs/WatchOS27.0.sdk/System/Library/Frameworks/UIKit.framework/Headers/UIWindow.h:22:12: note: 'UIWindow' has been explicitly marked unavailable here
20 |
21 | UIKIT_EXTERN API_AVAILABLE(ios(2.0)) API_UNAVAILABLE(watchos) NS_SWIFT_UI_ACTOR
22 | @interface UIWindow : UIView
| `- note: 'UIWindow' has been explicitly marked unavailable here
23 |
24 | // instantiate a UIWindow already associated with a given UIWindowScene instance, with matching frame & interface orientations.
/Users/admin/builder/spi-builder-workspace/Sources/ViewTypes/Window.swift:78:39: error: 'UIWindow' is unavailable in watchOS
76 | }
77 |
78 | extension tvOSViewVersion<WindowType, UIWindow> {
| `- error: 'UIWindow' is unavailable in watchOS
79 | public static let v13 = Self(for: .v13, selector: selector)
80 | public static let v14 = Self(for: .v14, selector: selector)
/Applications/Xcode-27.0.0.app/Contents/Developer/Platforms/WatchOS.platform/Developer/SDKs/WatchOS27.0.sdk/System/Library/Frameworks/UIKit.framework/Headers/UIWindow.h:22:12: note: 'UIWindow' has been explicitly marked unavailable here
20 |
21 | UIKIT_EXTERN API_AVAILABLE(ios(2.0)) API_UNAVAILABLE(watchos) NS_SWIFT_UI_ACTOR
22 | @interface UIWindow : UIView
| `- note: 'UIWindow' has been explicitly marked unavailable here
23 |
24 | // instantiate a UIWindow already associated with a given UIWindowScene instance, with matching frame & interface orientations.
/Users/admin/builder/spi-builder-workspace/Sources/ViewTypes/Window.swift:99:53: error: 'UIWindow' is unavailable in watchOS
97 | public static let v27 = Self(for: .v27, selector: selector)
98 |
99 | private static var selector: IntrospectionSelector<UIWindow> {
| `- error: 'UIWindow' is unavailable in watchOS
100 | .from(UIView.self, selector: { $0.window })
101 | }
/Applications/Xcode-27.0.0.app/Contents/Developer/Platforms/WatchOS.platform/Developer/SDKs/WatchOS27.0.sdk/System/Library/Frameworks/UIKit.framework/Headers/UIWindow.h:22:12: note: 'UIWindow' has been explicitly marked unavailable here
20 |
21 | UIKIT_EXTERN API_AVAILABLE(ios(2.0)) API_UNAVAILABLE(watchos) NS_SWIFT_UI_ACTOR
22 | @interface UIWindow : UIView
| `- note: 'UIWindow' has been explicitly marked unavailable here
23 |
24 | // instantiate a UIWindow already associated with a given UIWindowScene instance, with matching frame & interface orientations.
/Users/admin/builder/spi-builder-workspace/Sources/ViewTypes/Window.swift:93:43: error: 'UIWindow' is unavailable in watchOS
91 | }
92 |
93 | extension visionOSViewVersion<WindowType, UIWindow> {
| `- error: 'UIWindow' is unavailable in watchOS
94 | public static let v1 = Self(for: .v1, selector: selector)
95 | public static let v2 = Self(for: .v2, selector: selector)
/Applications/Xcode-27.0.0.app/Contents/Developer/Platforms/WatchOS.platform/Developer/SDKs/WatchOS27.0.sdk/System/Library/Frameworks/UIKit.framework/Headers/UIWindow.h:22:12: note: 'UIWindow' has been explicitly marked unavailable here
20 |
21 | UIKIT_EXTERN API_AVAILABLE(ios(2.0)) API_UNAVAILABLE(watchos) NS_SWIFT_UI_ACTOR
22 | @interface UIWindow : UIView
| `- note: 'UIWindow' has been explicitly marked unavailable here
23 |
24 | // instantiate a UIWindow already associated with a given UIWindowScene instance, with matching frame & interface orientations.
/Users/admin/builder/spi-builder-workspace/Sources/ViewTypes/Window.swift:74:9: error: 'UIView' is unavailable in watchOS
72 |
73 | private static var selector: IntrospectionSelector<UIWindow> {
74 | .from(UIView.self, selector: { $0.window })
| `- error: 'UIView' is unavailable in watchOS
75 | }
76 | }
/Applications/Xcode-27.0.0.app/Contents/Developer/Platforms/WatchOS.platform/Developer/SDKs/WatchOS27.0.sdk/System/Library/Frameworks/UIKit.framework/Headers/UIView.h:152:12: note: 'UIView' has been explicitly marked unavailable here
150 |
151 | UIKIT_EXTERN API_AVAILABLE(ios(2.0)) API_UNAVAILABLE(watchos) NS_SWIFT_UI_ACTOR
152 | @interface UIView : UIResponder <NSCoding, UIAppearance, UIAppearanceContainer, UIDynamicItem, UITraitEnvironment, UICoordinateSpace, UIFocusItem, UIFocusItemContainer, CALayerDelegate>
| `- note: 'UIView' has been explicitly marked unavailable here
153 |
154 | @property(class, nonatomic, readonly) Class layerClass; // default is [CALayer class]. Used when creating the underlying layer for the view.
/Users/admin/builder/spi-builder-workspace/Sources/ViewTypes/Window.swift:89:9: error: 'UIView' is unavailable in watchOS
87 |
88 | private static var selector: IntrospectionSelector<UIWindow> {
89 | .from(UIView.self, selector: { $0.window })
| `- error: 'UIView' is unavailable in watchOS
90 | }
91 | }
/Applications/Xcode-27.0.0.app/Contents/Developer/Platforms/WatchOS.platform/Developer/SDKs/WatchOS27.0.sdk/System/Library/Frameworks/UIKit.framework/Headers/UIView.h:152:12: note: 'UIView' has been explicitly marked unavailable here
150 |
151 | UIKIT_EXTERN API_AVAILABLE(ios(2.0)) API_UNAVAILABLE(watchos) NS_SWIFT_UI_ACTOR
152 | @interface UIView : UIResponder <NSCoding, UIAppearance, UIAppearanceContainer, UIDynamicItem, UITraitEnvironment, UICoordinateSpace, UIFocusItem, UIFocusItemContainer, CALayerDelegate>
| `- note: 'UIView' has been explicitly marked unavailable here
153 |
154 | @property(class, nonatomic, readonly) Class layerClass; // default is [CALayer class]. Used when creating the underlying layer for the view.
SwiftExplicitDependencyGeneratePcm arm64 /Users/admin/builder/spi-builder-workspace/.derivedData/SDKExplicitPrecompiledModules/SwiftUI-50RGMSU3855RUN43JPITBT2Y9.pcm
PruneExplicitPrecompiledModules /Users/admin/builder/spi-builder-workspace/.derivedData/Build/Intermediates.noindex/ExplicitPrecompiledModules
PruneExplicitPrecompiledModules /Users/admin/builder/spi-builder-workspace/.derivedData/Build/Intermediates.noindex/SwiftExplicitPrecompiledModules
PruneExplicitPrecompiledModules /Users/admin/builder/spi-builder-workspace/.derivedData/SDKExplicitPrecompiledModules
2026-10-09 17:40:15.128 xcodebuild[853:4872] [MT] IDERunDestination: Supported platforms for the buildables in the current scheme is empty.
** BUILD FAILED **
The following build commands failed:
SwiftCompile normal arm64_32 (in target 'SwiftUIIntrospect' from project 'swiftui-introspect')
SwiftEmitModule normal arm64_32 Emitting\ module\ for\ SwiftUIIntrospect (in target 'SwiftUIIntrospect' from project 'swiftui-introspect')
Building workspace swiftui-introspect with scheme swiftui-introspect
(3 failures)
BUILD FAILURE 6.4 watchOS