The Swift Package Index logo.Swift Package Index

Build Information

Failed to build AgentSessions, reference 0.7.0 (6e28b9), with Swift 6.3 for Android on 30 Sep 2026 08:08:41 UTC.

Build Command

bash -c docker run --pull=always --rm -v "checkouts-54344843-3":/host -w "$PWD" -e JAVA_HOME="/root/.sdkman/candidates/java/current" -e SPI_BUILD="1" -e SPI_PROCESSING="1" registry.gitlab.com/saguaro1/spi-images:android-6.3-latest swift build --swift-sdk aarch64-unknown-linux-android28 2>&1

Build Log

========================================
RunAll
========================================
Builder version: 5.1.1
Interrupt handler set up.
========================================
Checkout
========================================
Clone URL: https://github.com/Ryu0118/AgentSessions.git
Reference: 0.7.0
Initialized empty Git repository in /host/spi-builder-workspace/.git/
hint: Using 'master' as the name for the initial branch. This default branch name
hint: is subject to change. To configure the initial branch name to use in all
hint: of your new repositories, which will suppress this warning, call:
hint:
hint: 	git config --global init.defaultBranch <name>
hint:
hint: Names commonly chosen instead of 'master' are 'main', 'trunk' and
hint: 'development'. The just-created branch can be renamed via this command:
hint:
hint: 	git branch -m <name>
From https://github.com/Ryu0118/AgentSessions
 * tag               0.7.0      -> FETCH_HEAD
HEAD is now at 6e28b9d Merge pull request #8 from Ryu0118/feat/copilot-cli-reader
Cloned https://github.com/Ryu0118/AgentSessions.git
Revision (git rev-parse @):
6e28b9d85b625bd7a70a4c97814b4d6b336befdd
SUCCESS checkout https://github.com/Ryu0118/AgentSessions.git at 0.7.0
========================================
Build
========================================
Selected platform:         android
Swift version:             6.3
Building package at path:  $PWD
https://github.com/Ryu0118/AgentSessions.git
Running build ...
bash -c docker run --pull=always --rm -v "checkouts-54344843-3":/host -w "$PWD" -e JAVA_HOME="/root/.sdkman/candidates/java/current" -e SPI_BUILD="1" -e SPI_PROCESSING="1" registry.gitlab.com/saguaro1/spi-images:android-6.3-latest swift build --swift-sdk aarch64-unknown-linux-android28 2>&1
android-6.3-latest: Pulling from saguaro1/spi-images
Digest: sha256:8ca9e1e6d70fd53f5b05e4f64d92569d697563f7f457a1485802bc9eb2cd1382
Status: Image is up to date for registry.gitlab.com/saguaro1/spi-images:android-6.3-latest
Fetching https://github.com/mtj0928/swift-async-operations.git
[1/1030] Fetching swift-async-operations
Fetched https://github.com/mtj0928/swift-async-operations.git from cache (0.47s)
Computing version for https://github.com/mtj0928/swift-async-operations.git
Computed https://github.com/mtj0928/swift-async-operations.git at 0.5.0 (1.36s)
Creating working copy for https://github.com/mtj0928/swift-async-operations.git
Working copy of https://github.com/mtj0928/swift-async-operations.git resolved at 0.5.0
Building for debugging...
[0/3] Write sources
[2/3] Write swift-version-272D24FF697CF451.txt
[4/18] Compiling AsyncOperations Sequence+AsyncForEach.swift
[5/18] Compiling AsyncOperations Sequence+AsyncMap.swift
[6/20] Compiling AsyncOperations Sequence+AsyncReduce.swift
[7/20] Compiling AsyncOperations numberOfConcurrentTasks.swift
[8/20] Compiling AsyncOperations withOrderedTaskGroup.swift
[9/20] Compiling AsyncOperations withThrowingOrderedTaskGroup.swift
[10/20] Compiling AsyncOperations Sequence+AsyncContains.swift
[11/20] Compiling AsyncOperations Sequence+AsyncFilter.swift
[12/20] Compiling AsyncOperations Sequence+AsyncAllSatisfy.swift
[13/20] Compiling AsyncOperations Sequence+AsyncCompactMap.swift
[14/20] Compiling AsyncOperations Sequence+AsyncFirst.swift
[15/20] Compiling AsyncOperations Sequence+AsyncFlatMap.swift
[16/20] Compiling AsyncOperations Optional+asyncMap.swift
[17/20] Compiling AsyncOperations InternalForEach.swift
[18/20] Emitting module AsyncOperations
[19/20] Compiling AsyncOperations AsyncSequence+AsyncForEach.swift
[20/20] Compiling AsyncOperations Index.swift
error: emit-module command failed with exit code 1 (use -v to see invocation)
[22/47] Emitting module AgentSessions
<module-includes>:1:10: note: in file included from <module-includes>:1:
1 | #include "include/sqlite3_umbrella.h"
  |          `- note: in file included from <module-includes>:1:
2 |
/host/spi-builder-workspace/Sources/CSQLite/include/sqlite3_umbrella.h:1:10: error: 'sqlite3.h' file not found
1 | #include <sqlite3.h>
  |          `- error: 'sqlite3.h' file not found
2 |
/host/spi-builder-workspace/Sources/AgentSessions/Internal/SQLiteReader.swift:1:8: error: could not build C module 'CSQLite'
  1 | import CSQLite
    |        `- error: could not build C module 'CSQLite'
  2 | import Foundation
  3 |
[23/50] Compiling AgentSessions SessionReaderFactory.swift
<module-includes>:1:10: note: in file included from <module-includes>:1:
1 | #include "include/sqlite3_umbrella.h"
  |          `- note: in file included from <module-includes>:1:
2 |
/host/spi-builder-workspace/Sources/CSQLite/include/sqlite3_umbrella.h:1:10: error: 'sqlite3.h' file not found
1 | #include <sqlite3.h>
  |          `- error: 'sqlite3.h' file not found
2 |
/host/spi-builder-workspace/Sources/AgentSessions/Internal/SQLiteReader.swift:1:8: error: could not build C module 'CSQLite'
  1 | import CSQLite
    |        `- error: could not build C module 'CSQLite'
  2 | import Foundation
  3 |
[24/50] Compiling AgentSessions SessionSummary.swift
<module-includes>:1:10: note: in file included from <module-includes>:1:
1 | #include "include/sqlite3_umbrella.h"
  |          `- note: in file included from <module-includes>:1:
2 |
/host/spi-builder-workspace/Sources/CSQLite/include/sqlite3_umbrella.h:1:10: error: 'sqlite3.h' file not found
1 | #include <sqlite3.h>
  |          `- error: 'sqlite3.h' file not found
2 |
/host/spi-builder-workspace/Sources/AgentSessions/Internal/SQLiteReader.swift:1:8: error: could not build C module 'CSQLite'
  1 | import CSQLite
    |        `- error: could not build C module 'CSQLite'
  2 | import Foundation
  3 |
[25/50] Compiling AgentSessions UnifiedConversation.swift
<module-includes>:1:10: note: in file included from <module-includes>:1:
1 | #include "include/sqlite3_umbrella.h"
  |          `- note: in file included from <module-includes>:1:
2 |
/host/spi-builder-workspace/Sources/CSQLite/include/sqlite3_umbrella.h:1:10: error: 'sqlite3.h' file not found
1 | #include <sqlite3.h>
  |          `- error: 'sqlite3.h' file not found
2 |
/host/spi-builder-workspace/Sources/AgentSessions/Internal/SQLiteReader.swift:1:8: error: could not build C module 'CSQLite'
  1 | import CSQLite
    |        `- error: could not build C module 'CSQLite'
  2 | import Foundation
  3 |
[26/50] Compiling AgentSessions SQLiteReader.swift
<module-includes>:1:10: note: in file included from <module-includes>:1:
1 | #include "include/sqlite3_umbrella.h"
  |          `- note: in file included from <module-includes>:1:
2 |
/host/spi-builder-workspace/Sources/CSQLite/include/sqlite3_umbrella.h:1:10: error: 'sqlite3.h' file not found
1 | #include <sqlite3.h>
  |          `- error: 'sqlite3.h' file not found
2 |
/host/spi-builder-workspace/Sources/AgentSessions/Internal/SQLiteReader.swift:1:8: error: could not build C module 'CSQLite'
  1 | import CSQLite
    |        `- error: could not build C module 'CSQLite'
  2 | import Foundation
  3 |
[27/50] Compiling AgentSessions SessionSummaryCollector.swift
<module-includes>:1:10: note: in file included from <module-includes>:1:
1 | #include "include/sqlite3_umbrella.h"
  |          `- note: in file included from <module-includes>:1:
2 |
/host/spi-builder-workspace/Sources/CSQLite/include/sqlite3_umbrella.h:1:10: error: 'sqlite3.h' file not found
1 | #include <sqlite3.h>
  |          `- error: 'sqlite3.h' file not found
2 |
/host/spi-builder-workspace/Sources/AgentSessions/Internal/SQLiteReader.swift:1:8: error: could not build C module 'CSQLite'
  1 | import CSQLite
    |        `- error: could not build C module 'CSQLite'
  2 | import Foundation
  3 |
[28/50] Compiling AgentSessions ClaudeCodeSessionReader.swift
<module-includes>:1:10: note: in file included from <module-includes>:1:
1 | #include "include/sqlite3_umbrella.h"
  |          `- note: in file included from <module-includes>:1:
2 |
/host/spi-builder-workspace/Sources/CSQLite/include/sqlite3_umbrella.h:1:10: error: 'sqlite3.h' file not found
1 | #include <sqlite3.h>
  |          `- error: 'sqlite3.h' file not found
2 |
/host/spi-builder-workspace/Sources/AgentSessions/Internal/SQLiteReader.swift:1:8: error: could not build C module 'CSQLite'
  1 | import CSQLite
    |        `- error: could not build C module 'CSQLite'
  2 | import Foundation
  3 |
[29/50] Compiling AgentSessions CodexSessionReader.swift
<module-includes>:1:10: note: in file included from <module-includes>:1:
1 | #include "include/sqlite3_umbrella.h"
  |          `- note: in file included from <module-includes>:1:
2 |
/host/spi-builder-workspace/Sources/CSQLite/include/sqlite3_umbrella.h:1:10: error: 'sqlite3.h' file not found
1 | #include <sqlite3.h>
  |          `- error: 'sqlite3.h' file not found
2 |
/host/spi-builder-workspace/Sources/AgentSessions/Internal/SQLiteReader.swift:1:8: error: could not build C module 'CSQLite'
  1 | import CSQLite
    |        `- error: could not build C module 'CSQLite'
  2 | import Foundation
  3 |
[30/50] Compiling AgentSessions CopilotCLISessionReader.swift
<module-includes>:1:10: note: in file included from <module-includes>:1:
1 | #include "include/sqlite3_umbrella.h"
  |          `- note: in file included from <module-includes>:1:
2 |
/host/spi-builder-workspace/Sources/CSQLite/include/sqlite3_umbrella.h:1:10: error: 'sqlite3.h' file not found
1 | #include <sqlite3.h>
  |          `- error: 'sqlite3.h' file not found
2 |
/host/spi-builder-workspace/Sources/AgentSessions/Internal/SQLiteReader.swift:1:8: error: could not build C module 'CSQLite'
  1 | import CSQLite
    |        `- error: could not build C module 'CSQLite'
  2 | import Foundation
  3 |
[31/50] Compiling AgentSessions CursorBlobParser.swift
<module-includes>:1:10: note: in file included from <module-includes>:1:
1 | #include "include/sqlite3_umbrella.h"
  |          `- note: in file included from <module-includes>:1:
2 |
/host/spi-builder-workspace/Sources/CSQLite/include/sqlite3_umbrella.h:1:10: error: 'sqlite3.h' file not found
1 | #include <sqlite3.h>
  |          `- error: 'sqlite3.h' file not found
2 |
/host/spi-builder-workspace/Sources/AgentSessions/Internal/SQLiteReader.swift:1:8: error: could not build C module 'CSQLite'
  1 | import CSQLite
    |        `- error: could not build C module 'CSQLite'
  2 | import Foundation
  3 |
[32/50] Compiling AgentSessions CursorSessionReader.swift
<module-includes>:1:10: note: in file included from <module-includes>:1:
1 | #include "include/sqlite3_umbrella.h"
  |          `- note: in file included from <module-includes>:1:
2 |
/host/spi-builder-workspace/Sources/CSQLite/include/sqlite3_umbrella.h:1:10: error: 'sqlite3.h' file not found
1 | #include <sqlite3.h>
  |          `- error: 'sqlite3.h' file not found
2 |
/host/spi-builder-workspace/Sources/AgentSessions/Internal/SQLiteReader.swift:1:8: error: could not build C module 'CSQLite'
  1 | import CSQLite
    |        `- error: could not build C module 'CSQLite'
  2 | import Foundation
  3 |
[33/50] Compiling AgentSessions CursorTranscriptProjectPathResolver.swift
<module-includes>:1:10: note: in file included from <module-includes>:1:
1 | #include "include/sqlite3_umbrella.h"
  |          `- note: in file included from <module-includes>:1:
2 |
/host/spi-builder-workspace/Sources/CSQLite/include/sqlite3_umbrella.h:1:10: error: 'sqlite3.h' file not found
1 | #include <sqlite3.h>
  |          `- error: 'sqlite3.h' file not found
2 |
/host/spi-builder-workspace/Sources/AgentSessions/Internal/SQLiteReader.swift:1:8: error: could not build C module 'CSQLite'
  1 | import CSQLite
    |        `- error: could not build C module 'CSQLite'
  2 | import Foundation
  3 |
[34/50] Compiling AgentSessions CodexSchema.swift
<module-includes>:1:10: note: in file included from <module-includes>:1:
1 | #include "include/sqlite3_umbrella.h"
  |          `- note: in file included from <module-includes>:1:
2 |
/host/spi-builder-workspace/Sources/CSQLite/include/sqlite3_umbrella.h:1:10: error: 'sqlite3.h' file not found
1 | #include <sqlite3.h>
  |          `- error: 'sqlite3.h' file not found
2 |
/host/spi-builder-workspace/Sources/AgentSessions/Internal/SQLiteReader.swift:1:8: error: could not build C module 'CSQLite'
  1 | import CSQLite
    |        `- error: could not build C module 'CSQLite'
  2 | import Foundation
  3 |
[35/50] Compiling AgentSessions ContentBlock.swift
<module-includes>:1:10: note: in file included from <module-includes>:1:
1 | #include "include/sqlite3_umbrella.h"
  |          `- note: in file included from <module-includes>:1:
2 |
/host/spi-builder-workspace/Sources/CSQLite/include/sqlite3_umbrella.h:1:10: error: 'sqlite3.h' file not found
1 | #include <sqlite3.h>
  |          `- error: 'sqlite3.h' file not found
2 |
/host/spi-builder-workspace/Sources/AgentSessions/Internal/SQLiteReader.swift:1:8: error: could not build C module 'CSQLite'
  1 | import CSQLite
    |        `- error: could not build C module 'CSQLite'
  2 | import Foundation
  3 |
[36/50] Compiling AgentSessions CursorSchema.swift
<module-includes>:1:10: note: in file included from <module-includes>:1:
1 | #include "include/sqlite3_umbrella.h"
  |          `- note: in file included from <module-includes>:1:
2 |
/host/spi-builder-workspace/Sources/CSQLite/include/sqlite3_umbrella.h:1:10: error: 'sqlite3.h' file not found
1 | #include <sqlite3.h>
  |          `- error: 'sqlite3.h' file not found
2 |
/host/spi-builder-workspace/Sources/AgentSessions/Internal/SQLiteReader.swift:1:8: error: could not build C module 'CSQLite'
  1 | import CSQLite
    |        `- error: could not build C module 'CSQLite'
  2 | import Foundation
  3 |
[37/50] Compiling AgentSessions FileSystemHelper.swift
<module-includes>:1:10: note: in file included from <module-includes>:1:
1 | #include "include/sqlite3_umbrella.h"
  |          `- note: in file included from <module-includes>:1:
2 |
/host/spi-builder-workspace/Sources/CSQLite/include/sqlite3_umbrella.h:1:10: error: 'sqlite3.h' file not found
1 | #include <sqlite3.h>
  |          `- error: 'sqlite3.h' file not found
2 |
/host/spi-builder-workspace/Sources/AgentSessions/Internal/SQLiteReader.swift:1:8: error: could not build C module 'CSQLite'
  1 | import CSQLite
    |        `- error: could not build C module 'CSQLite'
  2 | import Foundation
  3 |
[38/50] Compiling AgentSessions FileSystemProtocol.swift
<module-includes>:1:10: note: in file included from <module-includes>:1:
1 | #include "include/sqlite3_umbrella.h"
  |          `- note: in file included from <module-includes>:1:
2 |
/host/spi-builder-workspace/Sources/CSQLite/include/sqlite3_umbrella.h:1:10: error: 'sqlite3.h' file not found
1 | #include <sqlite3.h>
  |          `- error: 'sqlite3.h' file not found
2 |
/host/spi-builder-workspace/Sources/AgentSessions/Internal/SQLiteReader.swift:1:8: error: could not build C module 'CSQLite'
  1 | import CSQLite
    |        `- error: could not build C module 'CSQLite'
  2 | import Foundation
  3 |
[39/50] Compiling AgentSessions JSONLFileReader.swift
<module-includes>:1:10: note: in file included from <module-includes>:1:
1 | #include "include/sqlite3_umbrella.h"
  |          `- note: in file included from <module-includes>:1:
2 |
/host/spi-builder-workspace/Sources/CSQLite/include/sqlite3_umbrella.h:1:10: error: 'sqlite3.h' file not found
1 | #include <sqlite3.h>
  |          `- error: 'sqlite3.h' file not found
2 |
/host/spi-builder-workspace/Sources/AgentSessions/Internal/SQLiteReader.swift:1:8: error: could not build C module 'CSQLite'
  1 | import CSQLite
    |        `- error: could not build C module 'CSQLite'
  2 | import Foundation
  3 |
[40/50] Compiling AgentSessions JSONLParser.swift
<module-includes>:1:10: note: in file included from <module-includes>:1:
1 | #include "include/sqlite3_umbrella.h"
  |          `- note: in file included from <module-includes>:1:
2 |
/host/spi-builder-workspace/Sources/CSQLite/include/sqlite3_umbrella.h:1:10: error: 'sqlite3.h' file not found
1 | #include <sqlite3.h>
  |          `- error: 'sqlite3.h' file not found
2 |
/host/spi-builder-workspace/Sources/AgentSessions/Internal/SQLiteReader.swift:1:8: error: could not build C module 'CSQLite'
  1 | import CSQLite
    |        `- error: could not build C module 'CSQLite'
  2 | import Foundation
  3 |
[41/50] Compiling AgentSessions CursorTranscriptStore.swift
<module-includes>:1:10: note: in file included from <module-includes>:1:
1 | #include "include/sqlite3_umbrella.h"
  |          `- note: in file included from <module-includes>:1:
2 |
/host/spi-builder-workspace/Sources/CSQLite/include/sqlite3_umbrella.h:1:10: error: 'sqlite3.h' file not found
1 | #include <sqlite3.h>
  |          `- error: 'sqlite3.h' file not found
2 |
/host/spi-builder-workspace/Sources/AgentSessions/Internal/SQLiteReader.swift:1:8: error: could not build C module 'CSQLite'
  1 | import CSQLite
    |        `- error: could not build C module 'CSQLite'
  2 | import Foundation
  3 |
[42/50] Compiling AgentSessions KimiCodeSessionReader.swift
<module-includes>:1:10: note: in file included from <module-includes>:1:
1 | #include "include/sqlite3_umbrella.h"
  |          `- note: in file included from <module-includes>:1:
2 |
/host/spi-builder-workspace/Sources/CSQLite/include/sqlite3_umbrella.h:1:10: error: 'sqlite3.h' file not found
1 | #include <sqlite3.h>
  |          `- error: 'sqlite3.h' file not found
2 |
/host/spi-builder-workspace/Sources/AgentSessions/Internal/SQLiteReader.swift:1:8: error: could not build C module 'CSQLite'
  1 | import CSQLite
    |        `- error: could not build C module 'CSQLite'
  2 | import Foundation
  3 |
[43/50] Compiling AgentSessions ClaudeCodeSchema.swift
<module-includes>:1:10: note: in file included from <module-includes>:1:
1 | #include "include/sqlite3_umbrella.h"
  |          `- note: in file included from <module-includes>:1:
2 |
/host/spi-builder-workspace/Sources/CSQLite/include/sqlite3_umbrella.h:1:10: error: 'sqlite3.h' file not found
1 | #include <sqlite3.h>
  |          `- error: 'sqlite3.h' file not found
2 |
/host/spi-builder-workspace/Sources/AgentSessions/Internal/SQLiteReader.swift:1:8: error: could not build C module 'CSQLite'
  1 | import CSQLite
    |        `- error: could not build C module 'CSQLite'
  2 | import Foundation
  3 |
[44/50] Compiling AgentSessions KimiCodeSchema.swift
<module-includes>:1:10: note: in file included from <module-includes>:1:
1 | #include "include/sqlite3_umbrella.h"
  |          `- note: in file included from <module-includes>:1:
2 |
/host/spi-builder-workspace/Sources/CSQLite/include/sqlite3_umbrella.h:1:10: error: 'sqlite3.h' file not found
1 | #include <sqlite3.h>
  |          `- error: 'sqlite3.h' file not found
2 |
/host/spi-builder-workspace/Sources/AgentSessions/Internal/SQLiteReader.swift:1:8: error: could not build C module 'CSQLite'
  1 | import CSQLite
    |        `- error: could not build C module 'CSQLite'
  2 | import Foundation
  3 |
[45/50] Compiling AgentSessions SessionReader.swift
<module-includes>:1:10: note: in file included from <module-includes>:1:
1 | #include "include/sqlite3_umbrella.h"
  |          `- note: in file included from <module-includes>:1:
2 |
/host/spi-builder-workspace/Sources/CSQLite/include/sqlite3_umbrella.h:1:10: error: 'sqlite3.h' file not found
1 | #include <sqlite3.h>
  |          `- error: 'sqlite3.h' file not found
2 |
/host/spi-builder-workspace/Sources/AgentSessions/Internal/SQLiteReader.swift:1:8: error: could not build C module 'CSQLite'
  1 | import CSQLite
    |        `- error: could not build C module 'CSQLite'
  2 | import Foundation
  3 |
[46/50] Compiling AgentSessions SessionReaderError.swift
<module-includes>:1:10: note: in file included from <module-includes>:1:
1 | #include "include/sqlite3_umbrella.h"
  |          `- note: in file included from <module-includes>:1:
2 |
/host/spi-builder-workspace/Sources/CSQLite/include/sqlite3_umbrella.h:1:10: error: 'sqlite3.h' file not found
1 | #include <sqlite3.h>
  |          `- error: 'sqlite3.h' file not found
2 |
/host/spi-builder-workspace/Sources/AgentSessions/Internal/SQLiteReader.swift:1:8: error: could not build C module 'CSQLite'
  1 | import CSQLite
    |        `- error: could not build C module 'CSQLite'
  2 | import Foundation
  3 |
[47/50] Compiling AgentSessions AgentSource.swift
<module-includes>:1:10: note: in file included from <module-includes>:1:
1 | #include "include/sqlite3_umbrella.h"
  |          `- note: in file included from <module-includes>:1:
2 |
/host/spi-builder-workspace/Sources/CSQLite/include/sqlite3_umbrella.h:1:10: error: 'sqlite3.h' file not found
1 | #include <sqlite3.h>
  |          `- error: 'sqlite3.h' file not found
2 |
/host/spi-builder-workspace/Sources/AgentSessions/Internal/SQLiteReader.swift:1:8: error: could not build C module 'CSQLite'
  1 | import CSQLite
    |        `- error: could not build C module 'CSQLite'
  2 | import Foundation
  3 |
[48/50] Compiling AgentSessions DateUtils.swift
<module-includes>:1:10: note: in file included from <module-includes>:1:
1 | #include "include/sqlite3_umbrella.h"
  |          `- note: in file included from <module-includes>:1:
2 |
/host/spi-builder-workspace/Sources/CSQLite/include/sqlite3_umbrella.h:1:10: error: 'sqlite3.h' file not found
1 | #include <sqlite3.h>
  |          `- error: 'sqlite3.h' file not found
2 |
/host/spi-builder-workspace/Sources/AgentSessions/Internal/SQLiteReader.swift:1:8: error: could not build C module 'CSQLite'
  1 | import CSQLite
    |        `- error: could not build C module 'CSQLite'
  2 | import Foundation
  3 |
[49/50] Compiling AgentSessions ClaudeCodeContentDecoder.swift
<module-includes>:1:10: note: in file included from <module-includes>:1:
1 | #include "include/sqlite3_umbrella.h"
  |          `- note: in file included from <module-includes>:1:
2 |
/host/spi-builder-workspace/Sources/CSQLite/include/sqlite3_umbrella.h:1:10: error: 'sqlite3.h' file not found
1 | #include <sqlite3.h>
  |          `- error: 'sqlite3.h' file not found
2 |
/host/spi-builder-workspace/Sources/AgentSessions/Internal/SQLiteReader.swift:1:8: error: could not build C module 'CSQLite'
  1 | import CSQLite
    |        `- error: could not build C module 'CSQLite'
  2 | import Foundation
  3 |
[50/50] Compiling AgentSessions CursorAgentContentDecoder.swift
<module-includes>:1:10: note: in file included from <module-includes>:1:
1 | #include "include/sqlite3_umbrella.h"
  |          `- note: in file included from <module-includes>:1:
2 |
/host/spi-builder-workspace/Sources/CSQLite/include/sqlite3_umbrella.h:1:10: error: 'sqlite3.h' file not found
1 | #include <sqlite3.h>
  |          `- error: 'sqlite3.h' file not found
2 |
/host/spi-builder-workspace/Sources/AgentSessions/Internal/SQLiteReader.swift:1:8: error: could not build C module 'CSQLite'
  1 | import CSQLite
    |        `- error: could not build C module 'CSQLite'
  2 | import Foundation
  3 |
BUILD FAILURE 6.3 android