Build Information
Failed to build AmplifyUILiveness, reference main (c472d0), with Swift 6.1 for Wasm on 10 Oct 2026 08:09:48 UTC.
Build Command
bash -c docker run --pull=always --rm -v "checkouts-54344847-1":/host -w "$PWD" -e JAVA_HOME="/root/.sdkman/candidates/java/current" -e SPI_BUILD="1" -e SPI_PROCESSING="1" registry.gitlab.com/saguaro1/spi-images:wasm-6.1-latest swift build --swift-sdk wasm32-unknown-wasi 2>&1Build Log
========================================
RunAll
========================================
Builder version: 5.1.1
Interrupt handler set up.
========================================
Checkout
========================================
Clone URL: https://github.com/aws-amplify/amplify-ui-swift-liveness.git
Reference: main
Initialized empty Git repository in /host/spi-builder-workspace/.git/
hint: Using 'master' as the name for the initial branch. This default branch name
hint: is subject to change. To configure the initial branch name to use in all
hint: of your new repositories, which will suppress this warning, call:
hint:
hint: git config --global init.defaultBranch <name>
hint:
hint: Names commonly chosen instead of 'master' are 'main', 'trunk' and
hint: 'development'. The just-created branch can be renamed via this command:
hint:
hint: git branch -m <name>
From https://github.com/aws-amplify/amplify-ui-swift-liveness
* branch main -> FETCH_HEAD
* [new branch] main -> origin/main
HEAD is now at c472d0b fix: start the check straight away, without restarting the camera (#267)
Cloned https://github.com/aws-amplify/amplify-ui-swift-liveness.git
Revision (git rev-parse @):
c472d0b758f38a5dc33748a05e74b5ebeec36f49
SUCCESS checkout https://github.com/aws-amplify/amplify-ui-swift-liveness.git at main
========================================
Build
========================================
Selected platform: wasm
Swift version: 6.1
Building package at path: $PWD
https://github.com/aws-amplify/amplify-ui-swift-liveness.git
https://github.com/aws-amplify/amplify-ui-swift-liveness.git
WARNING: environment variable SUPPRESS_SWIFT_6_FLAGS is not set
Running build ...
bash -c docker run --pull=always --rm -v "checkouts-54344847-1":/host -w "$PWD" -e JAVA_HOME="/root/.sdkman/candidates/java/current" -e SPI_BUILD="1" -e SPI_PROCESSING="1" registry.gitlab.com/saguaro1/spi-images:wasm-6.1-latest swift build --swift-sdk wasm32-unknown-wasi -Xswiftc -Xfrontend -Xswiftc -stats-output-dir -Xswiftc -Xfrontend -Xswiftc .stats -Xswiftc -strict-concurrency=complete -Xswiftc -enable-upcoming-feature -Xswiftc StrictConcurrency -Xswiftc -enable-upcoming-feature -Xswiftc DisableOutwardActorInference -Xswiftc -enable-upcoming-feature -Xswiftc GlobalActorIsolatedTypesUsability -Xswiftc -enable-upcoming-feature -Xswiftc InferSendableFromCaptures 2>&1
wasm-6.1-latest: Pulling from saguaro1/spi-images
Digest: sha256:005e294ea72e7f7733559677ac003354f37dc6afb35c5bbab6bc9a95fc174f44
Status: Image is up to date for registry.gitlab.com/saguaro1/spi-images:wasm-6.1-latest
Fetching https://github.com/aws-amplify/amplify-swift
[1/181869] Fetching amplify-swift
Fetched https://github.com/aws-amplify/amplify-swift from cache (6.69s)
Computing version for https://github.com/aws-amplify/amplify-swift
Computed https://github.com/aws-amplify/amplify-swift at 2.62.1 (7.02s)
Fetching https://github.com/stephencelis/SQLite.swift.git
Fetching https://github.com/awslabs/aws-sdk-swift
Fetching https://github.com/aws-amplify/amplify-swift-utils-notifications.git
[1/642] Fetching amplify-swift-utils-notifications
Fetched https://github.com/aws-amplify/amplify-swift-utils-notifications.git from cache (0.41s)
[1/11307] Fetching sqlite.swift
[11308/936929] Fetching sqlite.swift, aws-sdk-swift
Fetched https://github.com/stephencelis/SQLite.swift.git from cache (150.03s)
Fetched https://github.com/awslabs/aws-sdk-swift from cache (162.11s)
Computing version for https://github.com/stephencelis/SQLite.swift.git
Computed https://github.com/stephencelis/SQLite.swift.git at 0.15.4 (163.10s)
Fetching https://github.com/swiftlang/swift-toolchain-sqlite
[1/388] Fetching swift-toolchain-sqlite
Fetched https://github.com/swiftlang/swift-toolchain-sqlite from cache (1.94s)
Computing version for https://github.com/awslabs/aws-sdk-swift
Computed https://github.com/awslabs/aws-sdk-swift at 1.7.60 (10.18s)
Fetching https://github.com/smithy-lang/smithy-swift
Fetching https://github.com/awslabs/aws-crt-swift
[1/33843] Fetching aws-crt-swift
[15231/119105] Fetching aws-crt-swift, smithy-swift
Fetched https://github.com/awslabs/aws-crt-swift from cache (1.50s)
Fetched https://github.com/smithy-lang/smithy-swift from cache (2.49s)
Computing version for https://github.com/swiftlang/swift-toolchain-sqlite
Computed https://github.com/swiftlang/swift-toolchain-sqlite at 1.0.4 (3.35s)
Computing version for https://github.com/smithy-lang/smithy-swift
Computed https://github.com/smithy-lang/smithy-swift at 0.242.0 (0.83s)
Fetching https://github.com/apple/swift-log.git
Fetching https://github.com/apple/swift-argument-parser.git
Fetching https://github.com/swift-server/async-http-client.git
[1/8257] Fetching swift-log
[8258/27353] Fetching swift-log, swift-argument-parser
[24108/43817] Fetching swift-log, swift-argument-parser, async-http-client
Fetched https://github.com/apple/swift-argument-parser.git from cache (2.02s)
Fetched https://github.com/apple/swift-log.git from cache (2.25s)
Fetched https://github.com/swift-server/async-http-client.git from cache (2.25s)
Computing version for https://github.com/aws-amplify/amplify-swift-utils-notifications.git
Computed https://github.com/aws-amplify/amplify-swift-utils-notifications.git at 1.1.1 (3.20s)
Computing version for https://github.com/awslabs/aws-crt-swift
Computed https://github.com/awslabs/aws-crt-swift at 0.64.1 (0.95s)
Computing version for https://github.com/apple/swift-argument-parser.git
Computed https://github.com/apple/swift-argument-parser.git at 1.8.2 (0.70s)
Computing version for https://github.com/swift-server/async-http-client.git
Computed https://github.com/swift-server/async-http-client.git at 1.36.2 (1.04s)
Fetching https://github.com/apple/swift-nio-transport-services.git
Fetching https://github.com/apple/swift-nio-extras.git
Fetching https://github.com/apple/swift-atomics.git
Fetching https://github.com/apple/swift-nio-http2.git
Fetching https://github.com/apple/swift-distributed-tracing.git
Fetching https://github.com/apple/swift-algorithms.git
[1/2867] Fetching swift-nio-transport-services
[2868/4756] Fetching swift-nio-transport-services, swift-atomics
[3227/10920] Fetching swift-nio-transport-services, swift-atomics, swift-algorithms
[3639/17623] Fetching swift-nio-transport-services, swift-atomics, swift-algorithms, swift-nio-extras
[4490/24174] Fetching swift-nio-transport-services, swift-atomics, swift-algorithms, swift-nio-extras, swift-distributed-tracing
[18379/36462] Fetching swift-nio-transport-services, swift-atomics, swift-algorithms, swift-nio-extras, swift-distributed-tracing, swift-nio-http2
Fetched https://github.com/apple/swift-algorithms.git from cache (1.48s)
Fetched https://github.com/apple/swift-distributed-tracing.git from cache (1.48s)
Fetching https://github.com/apple/swift-nio-ssl.git
Fetching https://github.com/apple/swift-nio.git
Fetched https://github.com/apple/swift-atomics.git from cache (2.22s)
Fetched https://github.com/apple/swift-nio-transport-services.git from cache (2.22s)
Fetched https://github.com/apple/swift-nio-extras.git from cache (2.22s)
Fetched https://github.com/apple/swift-nio-http2.git from cache (2.22s)
[1/16861] Fetching swift-nio-ssl
[4723/103230] Fetching swift-nio-ssl, swift-nio
Fetched https://github.com/apple/swift-nio-ssl.git from cache (2.78s)
[58731/86369] Fetching swift-nio
Fetched https://github.com/apple/swift-nio.git from cache (6.62s)
Computing version for https://github.com/apple/swift-algorithms.git
Computed https://github.com/apple/swift-algorithms.git at 1.2.1 (9.05s)
Fetching https://github.com/apple/swift-numerics.git
[1/6726] Fetching swift-numerics
Fetched https://github.com/apple/swift-numerics.git from cache (1.40s)
Computing version for https://github.com/apple/swift-distributed-tracing.git
Computed https://github.com/apple/swift-distributed-tracing.git at 1.5.0 (1.92s)
Fetching https://github.com/apple/swift-service-context.git
[1/1500] Fetching swift-service-context
Fetched https://github.com/apple/swift-service-context.git from cache (0.92s)
Computing version for https://github.com/apple/swift-service-context.git
Computed https://github.com/apple/swift-service-context.git at 1.3.0 (1.54s)
Computing version for https://github.com/apple/swift-atomics.git
Computed https://github.com/apple/swift-atomics.git at 1.3.1 (0.45s)
Computing version for https://github.com/apple/swift-numerics.git
Computed https://github.com/apple/swift-numerics.git at 1.1.1 (0.73s)
Computing version for https://github.com/apple/swift-nio-transport-services.git
Computed https://github.com/apple/swift-nio-transport-services.git at 1.28.0 (0.42s)
Computing version for https://github.com/apple/swift-nio.git
Computed https://github.com/apple/swift-nio.git at 2.104.0 (0.50s)
Fetching https://github.com/apple/swift-system.git
Fetching https://github.com/apple/swift-collections.git
[1/28695] Fetching swift-collections
[2584/35936] Fetching swift-collections, swift-system
Fetched https://github.com/apple/swift-system.git from cache (0.88s)
[14061/28695] Fetching swift-collections
Fetched https://github.com/apple/swift-collections.git from cache (1.54s)
Computing version for https://github.com/apple/swift-nio-http2.git
Computed https://github.com/apple/swift-nio-http2.git at 1.46.0 (1.79s)
Computing version for https://github.com/apple/swift-nio-ssl.git
Computed https://github.com/apple/swift-nio-ssl.git at 2.37.5 (0.26s)
Computing version for https://github.com/apple/swift-log.git
Computed https://github.com/apple/swift-log.git at 1.15.1 (0.31s)
Computing version for https://github.com/apple/swift-collections.git
Computed https://github.com/apple/swift-collections.git at 1.6.0 (0.68s)
Computing version for https://github.com/apple/swift-nio-extras.git
Computed https://github.com/apple/swift-nio-extras.git at 1.35.1 (1.11s)
Fetching https://github.com/apple/swift-http-structured-headers.git
Fetching https://github.com/apple/swift-certificates.git
Fetching https://github.com/swift-server/swift-service-lifecycle.git
Fetching https://github.com/apple/swift-asn1.git
Fetching https://github.com/apple/swift-http-types.git
Fetching https://github.com/apple/swift-async-algorithms.git
[1/1253] Fetching swift-http-structured-headers
[553/3192] Fetching swift-http-structured-headers, swift-http-types
[917/5201] Fetching swift-http-structured-headers, swift-http-types, swift-asn1
[1493/8068] Fetching swift-http-structured-headers, swift-http-types, swift-asn1, swift-service-lifecycle
[5436/15677] Fetching swift-http-structured-headers, swift-http-types, swift-asn1, swift-service-lifecycle, swift-certificates
[8222/22496] Fetching swift-http-structured-headers, swift-http-types, swift-asn1, swift-service-lifecycle, swift-certificates, swift-async-algorithms
Fetched https://github.com/apple/swift-asn1.git from cache (0.65s)
Fetched https://github.com/apple/swift-http-types.git from cache (0.65s)
Fetched https://github.com/apple/swift-async-algorithms.git from cache (0.65s)
Fetched https://github.com/apple/swift-http-structured-headers.git from cache (0.70s)
Fetched https://github.com/swift-server/swift-service-lifecycle.git from cache (0.70s)
Fetched https://github.com/apple/swift-certificates.git from cache (0.70s)
Computing version for https://github.com/swift-server/swift-service-lifecycle.git
Computed https://github.com/swift-server/swift-service-lifecycle.git at 2.12.1 (0.94s)
Computing version for https://github.com/apple/swift-async-algorithms.git
Computed https://github.com/apple/swift-async-algorithms.git at 1.1.7 (0.31s)
Computing version for https://github.com/apple/swift-http-structured-headers.git
Computed https://github.com/apple/swift-http-structured-headers.git at 1.7.0 (0.22s)
Computing version for https://github.com/apple/swift-http-types.git
Computed https://github.com/apple/swift-http-types.git at 1.8.0 (0.25s)
Computing version for https://github.com/apple/swift-asn1.git
Computed https://github.com/apple/swift-asn1.git at 1.7.3 (0.38s)
Computing version for https://github.com/apple/swift-certificates.git
Computed https://github.com/apple/swift-certificates.git at 1.21.0 (0.28s)
Fetching https://github.com/apple/swift-crypto.git
[1/18620] Fetching swift-crypto
Fetched https://github.com/apple/swift-crypto.git from cache (1.71s)
Computing version for https://github.com/apple/swift-system.git
Computed https://github.com/apple/swift-system.git at 1.8.1 (1.98s)
Computing version for https://github.com/apple/swift-crypto.git
Computed https://github.com/apple/swift-crypto.git at 4.5.2 (0.78s)
Creating working copy for https://github.com/aws-amplify/amplify-swift-utils-notifications.git
Working copy of https://github.com/aws-amplify/amplify-swift-utils-notifications.git resolved at 1.1.1
Creating working copy for https://github.com/apple/swift-collections.git
Working copy of https://github.com/apple/swift-collections.git resolved at 1.6.0
Creating working copy for https://github.com/apple/swift-nio-http2.git
Working copy of https://github.com/apple/swift-nio-http2.git resolved at 1.46.0
Creating working copy for https://github.com/apple/swift-certificates.git
Working copy of https://github.com/apple/swift-certificates.git resolved at 1.21.0
Creating working copy for https://github.com/apple/swift-nio.git
Working copy of https://github.com/apple/swift-nio.git resolved at 2.104.0
Creating working copy for https://github.com/apple/swift-log.git
Working copy of https://github.com/apple/swift-log.git resolved at 1.15.1
Creating working copy for https://github.com/apple/swift-service-context.git
Working copy of https://github.com/apple/swift-service-context.git resolved at 1.3.0
Creating working copy for https://github.com/awslabs/aws-sdk-swift
Working copy of https://github.com/awslabs/aws-sdk-swift resolved at 1.7.60
Creating working copy for https://github.com/apple/swift-argument-parser.git
Working copy of https://github.com/apple/swift-argument-parser.git resolved at 1.8.2
Creating working copy for https://github.com/apple/swift-system.git
Working copy of https://github.com/apple/swift-system.git resolved at 1.8.1
Creating working copy for https://github.com/apple/swift-nio-ssl.git
Working copy of https://github.com/apple/swift-nio-ssl.git resolved at 2.37.5
Creating working copy for https://github.com/apple/swift-crypto.git
Working copy of https://github.com/apple/swift-crypto.git resolved at 4.5.2
Creating working copy for https://github.com/apple/swift-asn1.git
Working copy of https://github.com/apple/swift-asn1.git resolved at 1.7.3
Creating working copy for https://github.com/apple/swift-numerics.git
Working copy of https://github.com/apple/swift-numerics.git resolved at 1.1.1
Creating working copy for https://github.com/apple/swift-distributed-tracing.git
Working copy of https://github.com/apple/swift-distributed-tracing.git resolved at 1.5.0
Creating working copy for https://github.com/apple/swift-nio-transport-services.git
Working copy of https://github.com/apple/swift-nio-transport-services.git resolved at 1.28.0
Creating working copy for https://github.com/apple/swift-nio-extras.git
Working copy of https://github.com/apple/swift-nio-extras.git resolved at 1.35.1
Creating working copy for https://github.com/apple/swift-http-types.git
Working copy of https://github.com/apple/swift-http-types.git resolved at 1.8.0
Creating working copy for https://github.com/aws-amplify/amplify-swift
Working copy of https://github.com/aws-amplify/amplify-swift resolved at 2.62.1
Creating working copy for https://github.com/awslabs/aws-crt-swift
Working copy of https://github.com/awslabs/aws-crt-swift resolved at 0.64.1
Creating working copy for https://github.com/swift-server/async-http-client.git
Working copy of https://github.com/swift-server/async-http-client.git resolved at 1.36.2
Creating working copy for https://github.com/swift-server/swift-service-lifecycle.git
Working copy of https://github.com/swift-server/swift-service-lifecycle.git resolved at 2.12.1
Creating working copy for https://github.com/apple/swift-http-structured-headers.git
Working copy of https://github.com/apple/swift-http-structured-headers.git resolved at 1.7.0
Creating working copy for https://github.com/smithy-lang/smithy-swift
Working copy of https://github.com/smithy-lang/smithy-swift resolved at 0.242.0
Creating working copy for https://github.com/apple/swift-async-algorithms.git
Working copy of https://github.com/apple/swift-async-algorithms.git resolved at 1.1.7
Creating working copy for https://github.com/apple/swift-atomics.git
Working copy of https://github.com/apple/swift-atomics.git resolved at 1.3.1
Creating working copy for https://github.com/apple/swift-algorithms.git
Working copy of https://github.com/apple/swift-algorithms.git resolved at 1.2.1
Creating working copy for https://github.com/stephencelis/SQLite.swift.git
Working copy of https://github.com/stephencelis/SQLite.swift.git resolved at 0.15.4
Creating working copy for https://github.com/swiftlang/swift-toolchain-sqlite
Working copy of https://github.com/swiftlang/swift-toolchain-sqlite resolved at 1.0.4
warning: you may be able to install libcrypto using your system-packager:
apt-get install openssl libssl-dev
[0/18] Write sources
[7/18] Copying DefaultSwiftHeader.txt
[8/18] Write swift-version-24593BA9C3E375BF.txt
[10/31] Compiling Logging LoggingSystem.swift
<unknown>:0: warning: upcoming feature 'InferSendableFromCaptures' is already enabled as of Swift version 6
<unknown>:0: warning: upcoming feature 'GlobalActorIsolatedTypesUsability' is already enabled as of Swift version 6
<unknown>:0: warning: upcoming feature 'DisableOutwardActorInference' is already enabled as of Swift version 6
[11/32] Emitting module ArgumentParserToolInfo
<unknown>:0: warning: upcoming feature 'InferSendableFromCaptures' is already enabled as of Swift version 6
<unknown>:0: warning: upcoming feature 'GlobalActorIsolatedTypesUsability' is already enabled as of Swift version 6
<unknown>:0: warning: upcoming feature 'DisableOutwardActorInference' is already enabled as of Swift version 6
[12/32] Compiling ArgumentParserToolInfo ToolInfo.swift
<unknown>:0: warning: upcoming feature 'InferSendableFromCaptures' is already enabled as of Swift version 6
<unknown>:0: warning: upcoming feature 'GlobalActorIsolatedTypesUsability' is already enabled as of Swift version 6
<unknown>:0: warning: upcoming feature 'DisableOutwardActorInference' is already enabled as of Swift version 6
[14/33] Compiling Logging Logger+With.swift
unable to find node: pound
unable to find node: pound
<unknown>:0: warning: upcoming feature 'InferSendableFromCaptures' is already enabled as of Swift version 6
<unknown>:0: warning: upcoming feature 'GlobalActorIsolatedTypesUsability' is already enabled as of Swift version 6
<unknown>:0: warning: upcoming feature 'DisableOutwardActorInference' is already enabled as of Swift version 6
[14/33] Wrapping AST for ArgumentParserToolInfo for debugging
[16/80] Compiling ArgumentParser Argument.swift
<unknown>:0: warning: upcoming feature 'InferSendableFromCaptures' is already enabled as of Swift version 6
<unknown>:0: warning: upcoming feature 'GlobalActorIsolatedTypesUsability' is already enabled as of Swift version 6
<unknown>:0: warning: upcoming feature 'DisableOutwardActorInference' is already enabled as of Swift version 6
[17/80] Compiling ArgumentParser ArgumentDiscussion.swift
<unknown>:0: warning: upcoming feature 'InferSendableFromCaptures' is already enabled as of Swift version 6
<unknown>:0: warning: upcoming feature 'GlobalActorIsolatedTypesUsability' is already enabled as of Swift version 6
<unknown>:0: warning: upcoming feature 'DisableOutwardActorInference' is already enabled as of Swift version 6
[18/80] Compiling Logging Logger+Attributes.swift
<unknown>:0: warning: upcoming feature 'InferSendableFromCaptures' is already enabled as of Swift version 6
<unknown>:0: warning: upcoming feature 'GlobalActorIsolatedTypesUsability' is already enabled as of Swift version 6
<unknown>:0: warning: upcoming feature 'DisableOutwardActorInference' is already enabled as of Swift version 6
[19/80] Compiling Logging Logger.swift
<unknown>:0: warning: upcoming feature 'InferSendableFromCaptures' is already enabled as of Swift version 6
<unknown>:0: warning: upcoming feature 'GlobalActorIsolatedTypesUsability' is already enabled as of Swift version 6
<unknown>:0: warning: upcoming feature 'DisableOutwardActorInference' is already enabled as of Swift version 6
[20/80] Emitting module Logging
unable to find node: pound
unable to find node: pound
<unknown>:0: warning: upcoming feature 'InferSendableFromCaptures' is already enabled as of Swift version 6
<unknown>:0: warning: upcoming feature 'GlobalActorIsolatedTypesUsability' is already enabled as of Swift version 6
<unknown>:0: warning: upcoming feature 'DisableOutwardActorInference' is already enabled as of Swift version 6
[21/80] Compiling Logging MetadataProvider.swift
<unknown>:0: warning: upcoming feature 'InferSendableFromCaptures' is already enabled as of Swift version 6
<unknown>:0: warning: upcoming feature 'GlobalActorIsolatedTypesUsability' is already enabled as of Swift version 6
<unknown>:0: warning: upcoming feature 'DisableOutwardActorInference' is already enabled as of Swift version 6
[22/80] Compiling ArgumentParser FishCompletionsGenerator.swift
<unknown>:0: warning: upcoming feature 'InferSendableFromCaptures' is already enabled as of Swift version 6
<unknown>:0: warning: upcoming feature 'GlobalActorIsolatedTypesUsability' is already enabled as of Swift version 6
<unknown>:0: warning: upcoming feature 'DisableOutwardActorInference' is already enabled as of Swift version 6
[23/80] Compiling ArgumentParser ZshCompletionsGenerator.swift
<unknown>:0: warning: upcoming feature 'InferSendableFromCaptures' is already enabled as of Swift version 6
<unknown>:0: warning: upcoming feature 'GlobalActorIsolatedTypesUsability' is already enabled as of Swift version 6
<unknown>:0: warning: upcoming feature 'DisableOutwardActorInference' is already enabled as of Swift version 6
[24/80] Compiling ArgumentParser BashCompletionsGenerator.swift
<unknown>:0: warning: upcoming feature 'InferSendableFromCaptures' is already enabled as of Swift version 6
<unknown>:0: warning: upcoming feature 'GlobalActorIsolatedTypesUsability' is already enabled as of Swift version 6
<unknown>:0: warning: upcoming feature 'DisableOutwardActorInference' is already enabled as of Swift version 6
[25/80] Compiling ArgumentParser CompletionsGenerator.swift
<unknown>:0: warning: upcoming feature 'InferSendableFromCaptures' is already enabled as of Swift version 6
<unknown>:0: warning: upcoming feature 'GlobalActorIsolatedTypesUsability' is already enabled as of Swift version 6
<unknown>:0: warning: upcoming feature 'DisableOutwardActorInference' is already enabled as of Swift version 6
[26/81] Wrapping AST for Logging for debugging
[28/147] Emitting module ArgumentParser
<unknown>:0: warning: upcoming feature 'InferSendableFromCaptures' is already enabled as of Swift version 6
<unknown>:0: warning: upcoming feature 'GlobalActorIsolatedTypesUsability' is already enabled as of Swift version 6
<unknown>:0: warning: upcoming feature 'DisableOutwardActorInference' is already enabled as of Swift version 6
[29/153] Compiling Smithy DocumentError.swift
<unknown>:0: warning: upcoming feature 'InferSendableFromCaptures' is already enabled as of Swift version 6
<unknown>:0: warning: upcoming feature 'GlobalActorIsolatedTypesUsability' is already enabled as of Swift version 6
<unknown>:0: warning: upcoming feature 'DisableOutwardActorInference' is already enabled as of Swift version 6
[30/153] Compiling Smithy BigDecimalDocument.swift
<unknown>:0: warning: upcoming feature 'InferSendableFromCaptures' is already enabled as of Swift version 6
<unknown>:0: warning: upcoming feature 'GlobalActorIsolatedTypesUsability' is already enabled as of Swift version 6
<unknown>:0: warning: upcoming feature 'DisableOutwardActorInference' is already enabled as of Swift version 6
[31/153] Compiling Smithy BigIntegerDocument.swift
<unknown>:0: warning: upcoming feature 'InferSendableFromCaptures' is already enabled as of Swift version 6
<unknown>:0: warning: upcoming feature 'GlobalActorIsolatedTypesUsability' is already enabled as of Swift version 6
<unknown>:0: warning: upcoming feature 'DisableOutwardActorInference' is already enabled as of Swift version 6
[32/153] Compiling Smithy BlobDocument.swift
<unknown>:0: warning: upcoming feature 'InferSendableFromCaptures' is already enabled as of Swift version 6
<unknown>:0: warning: upcoming feature 'GlobalActorIsolatedTypesUsability' is already enabled as of Swift version 6
<unknown>:0: warning: upcoming feature 'DisableOutwardActorInference' is already enabled as of Swift version 6
[33/153] Compiling Smithy BooleanDocument.swift
<unknown>:0: warning: upcoming feature 'InferSendableFromCaptures' is already enabled as of Swift version 6
<unknown>:0: warning: upcoming feature 'GlobalActorIsolatedTypesUsability' is already enabled as of Swift version 6
<unknown>:0: warning: upcoming feature 'DisableOutwardActorInference' is already enabled as of Swift version 6
[34/153] Compiling Smithy ByteDocument.swift
<unknown>:0: warning: upcoming feature 'InferSendableFromCaptures' is already enabled as of Swift version 6
<unknown>:0: warning: upcoming feature 'GlobalActorIsolatedTypesUsability' is already enabled as of Swift version 6
<unknown>:0: warning: upcoming feature 'DisableOutwardActorInference' is already enabled as of Swift version 6
[35/153] Compiling Smithy SchemaExtension.swift
<unknown>:0: warning: upcoming feature 'InferSendableFromCaptures' is already enabled as of Swift version 6
<unknown>:0: warning: upcoming feature 'GlobalActorIsolatedTypesUsability' is already enabled as of Swift version 6
<unknown>:0: warning: upcoming feature 'DisableOutwardActorInference' is already enabled as of Swift version 6
[36/153] Compiling Smithy ShapeID.swift
<unknown>:0: warning: upcoming feature 'InferSendableFromCaptures' is already enabled as of Swift version 6
<unknown>:0: warning: upcoming feature 'GlobalActorIsolatedTypesUsability' is already enabled as of Swift version 6
<unknown>:0: warning: upcoming feature 'DisableOutwardActorInference' is already enabled as of Swift version 6
[37/153] Compiling Smithy ShapeType.swift
<unknown>:0: warning: upcoming feature 'InferSendableFromCaptures' is already enabled as of Swift version 6
<unknown>:0: warning: upcoming feature 'GlobalActorIsolatedTypesUsability' is already enabled as of Swift version 6
<unknown>:0: warning: upcoming feature 'DisableOutwardActorInference' is already enabled as of Swift version 6
[38/153] Compiling Smithy Stream.swift
<unknown>:0: warning: upcoming feature 'InferSendableFromCaptures' is already enabled as of Swift version 6
<unknown>:0: warning: upcoming feature 'GlobalActorIsolatedTypesUsability' is already enabled as of Swift version 6
<unknown>:0: warning: upcoming feature 'DisableOutwardActorInference' is already enabled as of Swift version 6
[39/153] Compiling Smithy TimestampFormat.swift
<unknown>:0: warning: upcoming feature 'InferSendableFromCaptures' is already enabled as of Swift version 6
<unknown>:0: warning: upcoming feature 'GlobalActorIsolatedTypesUsability' is already enabled as of Swift version 6
<unknown>:0: warning: upcoming feature 'DisableOutwardActorInference' is already enabled as of Swift version 6
[40/153] Compiling Smithy InputTrait.swift
<unknown>:0: warning: upcoming feature 'InferSendableFromCaptures' is already enabled as of Swift version 6
<unknown>:0: warning: upcoming feature 'GlobalActorIsolatedTypesUsability' is already enabled as of Swift version 6
<unknown>:0: warning: upcoming feature 'DisableOutwardActorInference' is already enabled as of Swift version 6
[41/153] Compiling ArgumentParser AsyncCompletionsValidator.swift
<unknown>:0: warning: upcoming feature 'InferSendableFromCaptures' is already enabled as of Swift version 6
<unknown>:0: warning: upcoming feature 'GlobalActorIsolatedTypesUsability' is already enabled as of Swift version 6
<unknown>:0: warning: upcoming feature 'DisableOutwardActorInference' is already enabled as of Swift version 6
[42/153] Compiling ArgumentParser CodingKeyValidator.swift
<unknown>:0: warning: upcoming feature 'InferSendableFromCaptures' is already enabled as of Swift version 6
<unknown>:0: warning: upcoming feature 'GlobalActorIsolatedTypesUsability' is already enabled as of Swift version 6
<unknown>:0: warning: upcoming feature 'DisableOutwardActorInference' is already enabled as of Swift version 6
[43/153] Compiling ArgumentParser NonsenseFlagsValidator.swift
<unknown>:0: warning: upcoming feature 'InferSendableFromCaptures' is already enabled as of Swift version 6
<unknown>:0: warning: upcoming feature 'GlobalActorIsolatedTypesUsability' is already enabled as of Swift version 6
<unknown>:0: warning: upcoming feature 'DisableOutwardActorInference' is already enabled as of Swift version 6
[44/153] Compiling ArgumentParser ParsableArgumentsValidation.swift
<unknown>:0: warning: upcoming feature 'InferSendableFromCaptures' is already enabled as of Swift version 6
<unknown>:0: warning: upcoming feature 'GlobalActorIsolatedTypesUsability' is already enabled as of Swift version 6
<unknown>:0: warning: upcoming feature 'DisableOutwardActorInference' is already enabled as of Swift version 6
[45/153] Compiling ArgumentParser PositionalArgumentsValidator.swift
<unknown>:0: warning: upcoming feature 'InferSendableFromCaptures' is already enabled as of Swift version 6
<unknown>:0: warning: upcoming feature 'GlobalActorIsolatedTypesUsability' is already enabled as of Swift version 6
<unknown>:0: warning: upcoming feature 'DisableOutwardActorInference' is already enabled as of Swift version 6
[46/153] Compiling ArgumentParser UniqueNamesValidator.swift
<unknown>:0: warning: upcoming feature 'InferSendableFromCaptures' is already enabled as of Swift version 6
<unknown>:0: warning: upcoming feature 'GlobalActorIsolatedTypesUsability' is already enabled as of Swift version 6
<unknown>:0: warning: upcoming feature 'DisableOutwardActorInference' is already enabled as of Swift version 6
[47/153] Compiling Smithy HTTPQueryTrait.swift
<unknown>:0: warning: upcoming feature 'InferSendableFromCaptures' is already enabled as of Swift version 6
<unknown>:0: warning: upcoming feature 'GlobalActorIsolatedTypesUsability' is already enabled as of Swift version 6
<unknown>:0: warning: upcoming feature 'DisableOutwardActorInference' is already enabled as of Swift version 6
[48/153] Compiling Smithy HTTPTrait.swift
<unknown>:0: warning: upcoming feature 'InferSendableFromCaptures' is already enabled as of Swift version 6
<unknown>:0: warning: upcoming feature 'GlobalActorIsolatedTypesUsability' is already enabled as of Swift version 6
<unknown>:0: warning: upcoming feature 'DisableOutwardActorInference' is already enabled as of Swift version 6
[49/153] Compiling Smithy Attribute.swift
<unknown>:0: warning: upcoming feature 'InferSendableFromCaptures' is already enabled as of Swift version 6
<unknown>:0: warning: upcoming feature 'GlobalActorIsolatedTypesUsability' is already enabled as of Swift version 6
<unknown>:0: warning: upcoming feature 'DisableOutwardActorInference' is already enabled as of Swift version 6
[50/153] Compiling Smithy ByteStream.swift
<unknown>:0: warning: upcoming feature 'InferSendableFromCaptures' is already enabled as of Swift version 6
<unknown>:0: warning: upcoming feature 'GlobalActorIsolatedTypesUsability' is already enabled as of Swift version 6
<unknown>:0: warning: upcoming feature 'DisableOutwardActorInference' is already enabled as of Swift version 6
[51/153] Compiling Smithy ClientError.swift
<unknown>:0: warning: upcoming feature 'InferSendableFromCaptures' is already enabled as of Swift version 6
<unknown>:0: warning: upcoming feature 'GlobalActorIsolatedTypesUsability' is already enabled as of Swift version 6
<unknown>:0: warning: upcoming feature 'DisableOutwardActorInference' is already enabled as of Swift version 6
[52/153] Compiling Smithy Context.swift
<unknown>:0: warning: upcoming feature 'InferSendableFromCaptures' is already enabled as of Swift version 6
<unknown>:0: warning: upcoming feature 'GlobalActorIsolatedTypesUsability' is already enabled as of Swift version 6
<unknown>:0: warning: upcoming feature 'DisableOutwardActorInference' is already enabled as of Swift version 6
[53/153] Emitting module Smithy
[54/162] Compiling Smithy EnumValueTrait.swift
<unknown>:0: warning: upcoming feature 'InferSendableFromCaptures' is already enabled as of Swift version 6
<unknown>:0: warning: upcoming feature 'GlobalActorIsolatedTypesUsability' is already enabled as of Swift version 6
<unknown>:0: warning: upcoming feature 'DisableOutwardActorInference' is already enabled as of Swift version 6
[55/162] Compiling Smithy ErrorTrait.swift
<unknown>:0: warning: upcoming feature 'InferSendableFromCaptures' is already enabled as of Swift version 6
<unknown>:0: warning: upcoming feature 'GlobalActorIsolatedTypesUsability' is already enabled as of Swift version 6
<unknown>:0: warning: upcoming feature 'DisableOutwardActorInference' is already enabled as of Swift version 6
[56/162] Compiling Smithy EventHeaderTrait.swift
<unknown>:0: warning: upcoming feature 'InferSendableFromCaptures' is already enabled as of Swift version 6
<unknown>:0: warning: upcoming feature 'GlobalActorIsolatedTypesUsability' is already enabled as of Swift version 6
<unknown>:0: warning: upcoming feature 'DisableOutwardActorInference' is already enabled as of Swift version 6
[57/162] Compiling Smithy EventPayloadTrait.swift
<unknown>:0: warning: upcoming feature 'InferSendableFromCaptures' is already enabled as of Swift version 6
<unknown>:0: warning: upcoming feature 'GlobalActorIsolatedTypesUsability' is already enabled as of Swift version 6
<unknown>:0: warning: upcoming feature 'DisableOutwardActorInference' is already enabled as of Swift version 6
[58/162] Compiling Smithy HTTPHeaderTrait.swift
<unknown>:0: warning: upcoming feature 'InferSendableFromCaptures' is already enabled as of Swift version 6
<unknown>:0: warning: upcoming feature 'GlobalActorIsolatedTypesUsability' is already enabled as of Swift version 6
<unknown>:0: warning: upcoming feature 'DisableOutwardActorInference' is already enabled as of Swift version 6
[59/162] Compiling Smithy HTTPLabelTrait.swift
<unknown>:0: warning: upcoming feature 'InferSendableFromCaptures' is already enabled as of Swift version 6
<unknown>:0: warning: upcoming feature 'GlobalActorIsolatedTypesUsability' is already enabled as of Swift version 6
<unknown>:0: warning: upcoming feature 'DisableOutwardActorInference' is already enabled as of Swift version 6
[60/162] Compiling Smithy HTTPQueryParamsTrait.swift
<unknown>:0: warning: upcoming feature 'InferSendableFromCaptures' is already enabled as of Swift version 6
<unknown>:0: warning: upcoming feature 'GlobalActorIsolatedTypesUsability' is already enabled as of Swift version 6
<unknown>:0: warning: upcoming feature 'DisableOutwardActorInference' is already enabled as of Swift version 6
[61/162] Compiling Smithy Document.swift
<unknown>:0: warning: upcoming feature 'InferSendableFromCaptures' is already enabled as of Swift version 6
<unknown>:0: warning: upcoming feature 'GlobalActorIsolatedTypesUsability' is already enabled as of Swift version 6
<unknown>:0: warning: upcoming feature 'DisableOutwardActorInference' is already enabled as of Swift version 6
[62/162] Compiling Smithy DoubleDocument.swift
<unknown>:0: warning: upcoming feature 'InferSendableFromCaptures' is already enabled as of Swift version 6
<unknown>:0: warning: upcoming feature 'GlobalActorIsolatedTypesUsability' is already enabled as of Swift version 6
<unknown>:0: warning: upcoming feature 'DisableOutwardActorInference' is already enabled as of Swift version 6
[63/162] Compiling Smithy FloatDocument.swift
<unknown>:0: warning: upcoming feature 'InferSendableFromCaptures' is already enabled as of Swift version 6
<unknown>:0: warning: upcoming feature 'GlobalActorIsolatedTypesUsability' is already enabled as of Swift version 6
<unknown>:0: warning: upcoming feature 'DisableOutwardActorInference' is already enabled as of Swift version 6
[64/162] Compiling Smithy IntegerDocument.swift
<unknown>:0: warning: upcoming feature 'InferSendableFromCaptures' is already enabled as of Swift version 6
<unknown>:0: warning: upcoming feature 'GlobalActorIsolatedTypesUsability' is already enabled as of Swift version 6
<unknown>:0: warning: upcoming feature 'DisableOutwardActorInference' is already enabled as of Swift version 6
[65/162] Compiling Smithy ListDocument.swift
<unknown>:0: warning: upcoming feature 'InferSendableFromCaptures' is already enabled as of Swift version 6
<unknown>:0: warning: upcoming feature 'GlobalActorIsolatedTypesUsability' is already enabled as of Swift version 6
<unknown>:0: warning: upcoming feature 'DisableOutwardActorInference' is already enabled as of Swift version 6
[66/162] Compiling Smithy LongDocument.swift
<unknown>:0: warning: upcoming feature 'InferSendableFromCaptures' is already enabled as of Swift version 6
<unknown>:0: warning: upcoming feature 'GlobalActorIsolatedTypesUsability' is already enabled as of Swift version 6
<unknown>:0: warning: upcoming feature 'DisableOutwardActorInference' is already enabled as of Swift version 6
[67/162] Compiling Smithy NullDocument.swift
<unknown>:0: warning: upcoming feature 'InferSendableFromCaptures' is already enabled as of Swift version 6
<unknown>:0: warning: upcoming feature 'GlobalActorIsolatedTypesUsability' is already enabled as of Swift version 6
<unknown>:0: warning: upcoming feature 'DisableOutwardActorInference' is already enabled as of Swift version 6
[69/162] Compiling Smithy JSONNameTrait.swift
[70/162] Compiling Smithy OutputTrait.swift
[71/162] Compiling Smithy RequiredTrait.swift
[72/162] Compiling Smithy SensitiveTrait.swift
[73/162] Compiling Smithy ServiceTrait.swift
[74/162] Compiling Smithy SparseTrait.swift
[75/162] Compiling Smithy StreamingTrait.swift
[86/162] Compiling Smithy ShortDocument.swift
<unknown>:0: warning: upcoming feature 'InferSendableFromCaptures' is already enabled as of Swift version 6
<unknown>:0: warning: upcoming feature 'GlobalActorIsolatedTypesUsability' is already enabled as of Swift version 6
<unknown>:0: warning: upcoming feature 'DisableOutwardActorInference' is already enabled as of Swift version 6
[87/162] Compiling Smithy StringDocument.swift
<unknown>:0: warning: upcoming feature 'InferSendableFromCaptures' is already enabled as of Swift version 6
<unknown>:0: warning: upcoming feature 'GlobalActorIsolatedTypesUsability' is already enabled as of Swift version 6
<unknown>:0: warning: upcoming feature 'DisableOutwardActorInference' is already enabled as of Swift version 6
[88/162] Compiling Smithy StringMapDocument.swift
<unknown>:0: warning: upcoming feature 'InferSendableFromCaptures' is already enabled as of Swift version 6
<unknown>:0: warning: upcoming feature 'GlobalActorIsolatedTypesUsability' is already enabled as of Swift version 6
<unknown>:0: warning: upcoming feature 'DisableOutwardActorInference' is already enabled as of Swift version 6
[89/162] Compiling Smithy ResponseMessage.swift
<unknown>:0: warning: upcoming feature 'InferSendableFromCaptures' is already enabled as of Swift version 6
<unknown>:0: warning: upcoming feature 'GlobalActorIsolatedTypesUsability' is already enabled as of Swift version 6
<unknown>:0: warning: upcoming feature 'DisableOutwardActorInference' is already enabled as of Swift version 6
[90/162] Compiling Smithy ResponseMessageDeserializer.swift
<unknown>:0: warning: upcoming feature 'InferSendableFromCaptures' is already enabled as of Swift version 6
<unknown>:0: warning: upcoming feature 'GlobalActorIsolatedTypesUsability' is already enabled as of Swift version 6
<unknown>:0: warning: upcoming feature 'DisableOutwardActorInference' is already enabled as of Swift version 6
[91/162] Compiling Smithy Prelude.swift
<unknown>:0: warning: upcoming feature 'InferSendableFromCaptures' is already enabled as of Swift version 6
<unknown>:0: warning: upcoming feature 'GlobalActorIsolatedTypesUsability' is already enabled as of Swift version 6
<unknown>:0: warning: upcoming feature 'DisableOutwardActorInference' is already enabled as of Swift version 6
[92/162] Compiling Smithy Schema.swift
<unknown>:0: warning: upcoming feature 'InferSendableFromCaptures' is already enabled as of Swift version 6
<unknown>:0: warning: upcoming feature 'GlobalActorIsolatedTypesUsability' is already enabled as of Swift version 6
<unknown>:0: warning: upcoming feature 'DisableOutwardActorInference' is already enabled as of Swift version 6
<unknown>:0: warning: upcoming feature 'InferSendableFromCaptures' is already enabled as of Swift version 6
<unknown>:0: warning: upcoming feature 'GlobalActorIsolatedTypesUsability' is already enabled as of Swift version 6
<unknown>:0: warning: upcoming feature 'DisableOutwardActorInference' is already enabled as of Swift version 6
<unknown>:0: warning: upcoming feature 'InferSendableFromCaptures' is already enabled as of Swift version 6
<unknown>:0: warning: upcoming feature 'GlobalActorIsolatedTypesUsability' is already enabled as of Swift version 6
<unknown>:0: warning: upcoming feature 'DisableOutwardActorInference' is already enabled as of Swift version 6
<unknown>:0: warning: upcoming feature 'InferSendableFromCaptures' is already enabled as of Swift version 6
<unknown>:0: warning: upcoming feature 'GlobalActorIsolatedTypesUsability' is already enabled as of Swift version 6
<unknown>:0: warning: upcoming feature 'DisableOutwardActorInference' is already enabled as of Swift version 6
<unknown>:0: warning: upcoming feature 'InferSendableFromCaptures' is already enabled as of Swift version 6
<unknown>:0: warning: upcoming feature 'GlobalActorIsolatedTypesUsability' is already enabled as of Swift version 6
<unknown>:0: warning: upcoming feature 'DisableOutwardActorInference' is already enabled as of Swift version 6
<unknown>:0: warning: upcoming feature 'InferSendableFromCaptures' is already enabled as of Swift version 6
<unknown>:0: warning: upcoming feature 'GlobalActorIsolatedTypesUsability' is already enabled as of Swift version 6
<unknown>:0: warning: upcoming feature 'DisableOutwardActorInference' is already enabled as of Swift version 6
<unknown>:0: warning: upcoming feature 'InferSendableFromCaptures' is already enabled as of Swift version 6
<unknown>:0: warning: upcoming feature 'GlobalActorIsolatedTypesUsability' is already enabled as of Swift version 6
<unknown>:0: warning: upcoming feature 'DisableOutwardActorInference' is already enabled as of Swift version 6
<unknown>:0: warning: upcoming feature 'InferSendableFromCaptures' is already enabled as of Swift version 6
<unknown>:0: warning: upcoming feature 'GlobalActorIsolatedTypesUsability' is already enabled as of Swift version 6
<unknown>:0: warning: upcoming feature 'DisableOutwardActorInference' is already enabled as of Swift version 6
[100/163] Wrapping AST for ArgumentParser for debugging
[136/163] Compiling Smithy AddedDefaultTrait.swift
[137/163] Compiling Smithy AllRuntimeTraits.swift
[138/163] Compiling Smithy ClientOptionalTrait.swift
[139/163] Compiling Smithy DefaultTrait.swift
[140/163] Compiling Smithy TimestampDocument.swift
[141/163] Compiling Smithy SmithyDocument.swift
[142/163] Compiling Smithy LogAgent.swift
[143/163] Compiling Smithy LogAgentLevel.swift
[144/163] Compiling Smithy SwiftLog+LogAgent.swift
[145/163] Compiling Smithy Node.swift
[146/163] Compiling Smithy RequestMessage.swift
[147/163] Compiling Smithy RequestMessageBuilder.swift
[148/163] Compiling Smithy RequestMessageSerializer.swift
[149/163] Compiling Smithy TimestampFormatTrait.swift
[150/163] Compiling Smithy UnitTypeTrait.swift
[151/163] Compiling Smithy URI.swift
[152/163] Compiling Smithy URIQueryItem.swift
[153/163] Compiling Smithy URIScheme.swift
[154/163] Compiling Smithy UniqueIndexCounter.swift
[155/163] Compiling Smithy UniquelyIndexedByType.swift
[156/163] Compiling Smithy UniquelyIndexedCollection.swift
[157/163] Compiling Smithy UniquelyIndexedMutableCollection.swift
[158/164] Wrapping AST for Smithy for debugging
[160/182] Compiling SmithySerialization DeserializableShape.swift
[161/182] Compiling SmithySerialization DeserializableStruct.swift
[162/182] Compiling SmithySerialization ReadValueConsumer.swift
[163/182] Compiling SmithySerialization WriteValueConsumer.swift
[164/182] Compiling SmithySerialization SerializerError.swift
[165/184] Compiling SmithySerialization Codec.swift
[166/184] Compiling SmithySerialization Context+Operation.swift
[167/184] Compiling SmithySerialization DecodedNull.swift
[168/184] Emitting module SmithySerialization
[169/184] Compiling SmithySerialization SerializableStruct.swift
[170/184] Compiling SmithySerialization ShapeSerializer.swift
[171/184] Compiling SmithySerialization SerdeUtils.swift
[172/184] Compiling SmithySerialization SerializableShape.swift
[173/184] Compiling SmithySerialization ClientProtocol.swift
[174/184] Compiling SmithySerialization Operation.swift
[175/184] Compiling SmithySerialization OperationProperties.swift
[176/184] Compiling SmithySerialization ShapeDeserializer.swift
[177/184] Compiling SmithySerialization ResponseDecodingError.swift
[178/184] Compiling SmithySerialization StringSerializer.swift
[179/184] Compiling SmithySerialization TypeRegistry.swift
[180/185] Wrapping AST for SmithySerialization for debugging
[182/240] Emitting module SmithyCodegenCore
[183/247] Compiling SmithyCodegenCore EnumShape.swift
[184/247] Compiling SmithyCodegenCore HasMembers.swift
[185/247] Compiling SmithyCodegenCore IntEnumShape.swift
[186/247] Compiling SmithyCodegenCore IntegerShape.swift
[187/247] Compiling SmithyCodegenCore ListShape.swift
[188/247] Compiling SmithyCodegenCore MapShape.swift
[189/247] Compiling SmithyCodegenCore MemberShape.swift
[190/247] Compiling SmithyCodegenCore OperationShape.swift
[191/247] Compiling SmithyCodegenCore ASTError.swift
[192/247] Compiling SmithyCodegenCore ASTMember.swift
[193/247] Compiling SmithyCodegenCore ASTModel.swift
[194/247] Compiling SmithyCodegenCore ASTReference.swift
[195/247] Compiling SmithyCodegenCore ASTShape.swift
[196/247] Compiling SmithyCodegenCore ASTType.swift
[197/247] Compiling SmithyCodegenCore Node+AST.swift
[198/247] Compiling SmithyCodegenCore CodeGenerator.swift
[199/247] Compiling SmithyCodegenCore Node+Rendered.swift
[200/247] Compiling SmithyCodegenCore String+Utils.swift
[201/247] Compiling SmithyCodegenCore SwiftWriter.swift
[202/247] Compiling SmithyCodegenCore SwiftSettings.swift
[203/247] Compiling SmithyCodegenCore String+ReservedWords.swift
[204/247] Compiling SmithyCodegenCore SymbolProvider.swift
[205/247] Compiling SmithyCodegenCore SymbolProviderError.swift
[206/247] Compiling SmithyCodegenCore ShapeID+AST.swift
[207/247] Compiling SmithyCodegenCore ShapeType+AST.swift
[208/247] Compiling SmithyCodegenCore Model+Box.swift
[209/247] Compiling SmithyCodegenCore Model+Deprecated.swift
[210/247] Compiling SmithyCodegenCore Model+InputOutput.swift
[211/247] Compiling SmithyCodegenCore Model+Operations.swift
[212/247] Compiling SmithyCodegenCore Model+PruneToService.swift
[213/247] Compiling SmithyCodegenCore Model+TrimReferences.swift
[214/247] Compiling SmithyCodegenCore CodegenError.swift
[215/247] Compiling SmithyCodegenCore DeserializeCodegen.swift
[216/247] Compiling SmithyCodegenCore Shape+DeserializeMethodName.swift
[217/247] Compiling SmithyCodegenCore GenerationContext.swift
[218/247] Compiling SmithyCodegenCore HasShapeID.swift
[219/247] Compiling SmithyCodegenCore Model+AST.swift
[220/247] Compiling SmithyCodegenCore Model.swift
[221/247] Compiling SmithyCodegenCore ModelError.swift
[222/247] Compiling SmithyCodegenCore ResourceShape.swift
[223/247] Compiling SmithyCodegenCore ServiceShape.swift
[224/247] Compiling SmithyCodegenCore Shape+Prelude.swift
[225/247] Compiling SmithyCodegenCore Shape.swift
[226/247] Compiling SmithyCodegenCore StringShape.swift
[227/247] Compiling SmithyCodegenCore StructureShape.swift
[228/247] Compiling SmithyCodegenCore UnionShape.swift
[229/247] Compiling SmithyCodegenCore Model+Union.swift
[230/247] Compiling SmithyCodegenCore NullableIndex.swift
[231/247] Compiling SmithyCodegenCore OperationsCodegen.swift
[232/247] Compiling SmithyCodegenCore SchemasCodegen.swift
[233/247] Compiling SmithyCodegenCore Shape+Schema.swift
[234/247] Compiling SmithyCodegenCore SerializeCodegen.swift
[235/247] Compiling SmithyCodegenCore Shape+SerializeMethodName.swift
[236/247] Compiling SmithyCodegenCore DocumentShape.swift
[237/247] Compiling SmithyCodegenCore AllCodegenTraits.swift
[238/247] Compiling SmithyCodegenCore DeprecatedTrait.swift
[239/247] Compiling SmithyCodegenCore EnumTrait.swift
[240/247] Compiling SmithyCodegenCore UsedAsInputTrait.swift
[241/247] Compiling SmithyCodegenCore UsedAsOutputTrait.swift
[242/247] Compiling SmithyCodegenCore TypeRegistryCodegen.swift
[243/247] Compiling SmithyCodegenCore resource_bundle_accessor.swift
[244/248] Wrapping AST for SmithyCodegenCore for debugging
[246/250] Compiling SmithyCodegenCLI SmithyCodegenCLI.swift
[247/250] Emitting module SmithyCodegenCLI
[248/251] Wrapping AST for SmithyCodegenCLI for debugging
[249/251] Write Objects.LinkFileList
[250/251] Linking SmithyCodegenCLI-tool
warning: you may be able to install libcrypto using your system-packager:
apt-get install openssl libssl-dev
warning: 'spi-builder-workspace': found 1 file(s) which are unhandled; explicitly declare them as resources or exclude from the target
/host/spi-builder-workspace/Sources/FaceLiveness/Resources/Assets.xcassets
warning: 'amplify-swift': found 1 file(s) which are unhandled; explicitly declare them as resources or exclude from the target
/host/spi-builder-workspace/.build/checkouts/amplify-swift/AmplifyPlugins/Core/AWSPluginsCore/WebSocket/README.md
warning: 'amplify-swift': found 1 file(s) which are unhandled; explicitly declare them as resources or exclude from the target
/host/spi-builder-workspace/.build/checkouts/amplify-swift/Amplify/AGENTS.md
[1/1] Compiling plugin SmithyCodeGeneratorPlugin
[2/2] Compiling plugin GenerateManual
[3/3] Compiling plugin GenerateDoccReference
Building for debugging...
[3/492] Write sources
[8/492] Compiling libtommathAmplify amplify_bn_mp_init.c
[8/492] Copying DefaultSwiftHeader.txt
[8/492] Write sources
[8/492] Compiling libtommathAmplify amplify_bn_mp_get_double.c
[8/492] Write sources
[8/492] Copying PrivacyInfo.xcprivacy
[18/492] Compiling libtommathAmplify amplify_bn_mp_grow.c
[19/492] Compiling libtommathAmplify amplify_bn_mp_fwrite.c
[20/492] Compiling libtommathAmplify amplify_bn_mp_init_copy.c
[21/492] Compiling libtommathAmplify amplify_bn_mp_incr.c
[22/492] Compiling libtommathAmplify amplify_bn_s_mp_toom_sqr.c
[22/492] Compiling libtommathAmplify amplify_bn_s_mp_sub.c
[24/492] Compiling libtommathAmplify amplify_bn_s_mp_toom_mul.c
[25/492] Compiling libtommathAmplify amplify_bn_s_mp_sqr_fast.c
[26/492] Compiling libtommathAmplify amplify_bn_s_mp_sqr.c
[26/492] Compiling libtommathAmplify amplify_bn_s_mp_reverse.c
[28/492] Compiling libtommathAmplify amplify_bn_s_mp_rand_platform.c
[29/492] Compiling libtommathAmplify amplify_bn_s_mp_mul_high_digs_fast.c
[29/492] Compiling libtommathAmplify amplify_bn_s_mp_mul_high_digs.c
[31/492] Compiling libtommathAmplify amplify_bn_s_mp_mul_digs_fast.c
[32/492] Compiling libtommathAmplify amplify_bn_s_mp_mul_digs.c
[33/492] Compiling libtommathAmplify amplify_bn_s_mp_karatsuba_mul.c
[33/492] Compiling libtommathAmplify amplify_bn_s_mp_prime_is_divisible.c
[33/492] Compiling libtommathAmplify amplify_bn_s_mp_montgomery_reduce_fast.c
[36/492] Compiling libtommathAmplify amplify_bn_s_mp_rand_jenkins.c
[37/492] Compiling libtommathAmplify amplify_bn_s_mp_karatsuba_sqr.c
[38/492] Compiling libtommathAmplify amplify_bn_s_mp_invmod_slow.c
[39/492] Compiling libtommathAmplify amplify_bn_s_mp_get_bit.c
[40/492] Compiling libtommathAmplify amplify_bn_s_mp_invmod_fast.c
[41/492] Compiling libtommathAmplify amplify_bn_s_mp_balance_mul.c
[42/492] Compiling libtommathAmplify amplify_bn_s_mp_exptmod.c
[43/492] Compiling libtommathAmplify amplify_bn_s_mp_exptmod_fast.c
[44/492] Compiling libtommathAmplify amplify_bn_mp_gcd.c
[45/492] Write swift-version-24593BA9C3E375BF.txt
[45/492] Compiling libtommathAmplify amplify_bn_s_mp_add.c
[47/492] Compiling libtommathAmplify amplify_bn_prime_tab.c
[48/492] Compiling libtommathAmplify amplify_bn_mp_zero.c
[49/492] Compiling libtommathAmplify amplify_bn_mp_ubin_size.c
[50/492] Compiling libtommathAmplify amplify_bn_mp_unpack.c
[51/492] Compiling libtommathAmplify amplify_bn_mp_xor.c
[52/492] Compiling libtommathAmplify amplify_bn_mp_to_ubin.c
[53/492] Compiling libtommathAmplify amplify_bn_mp_to_radix.c
[53/492] Compiling libtommathAmplify amplify_bn_mp_to_sbin.c
[55/492] Compiling libtommathAmplify amplify_bn_mp_submod.c
[56/492] Compiling libtommathAmplify amplify_bn_mp_sub.c
[56/492] Compiling libtommathAmplify amplify_bn_mp_sub_d.c
[58/492] Compiling libtommathAmplify amplify_bn_mp_sqrtmod_prime.c
[59/492] Compiling libtommathAmplify amplify_bn_mp_sqr.c
[60/492] Compiling libtommathAmplify amplify_bn_mp_sqrt.c
[60/492] Compiling libtommathAmplify amplify_bn_mp_sqrmod.c
[62/492] Compiling libtommathAmplify amplify_bn_mp_signed_rsh.c
[63/492] Compiling libtommathAmplify amplify_bn_mp_shrink.c
[64/492] Compiling libtommathAmplify amplify_bn_mp_set_ull.c
[64/492] Compiling libtommathAmplify amplify_bn_mp_set_ul.c
[66/492] Compiling libtommathAmplify amplify_bn_mp_set_u64.c
[67/507] Compiling libtommathAmplify amplify_bn_mp_set_l.c
[68/509] Compiling libtommathAmplify amplify_bn_mp_set_u32.c
[69/510] Compiling libtommathAmplify amplify_bn_mp_set_i64.c
[70/511] Compiling libtommathAmplify amplify_bn_mp_set_ll.c
[71/511] Compiling libtommathAmplify amplify_bn_mp_set_i32.c
[72/511] Compiling libtommathAmplify amplify_bn_mp_set_double.c
[73/511] Compiling libtommathAmplify amplify_bn_mp_sbin_size.c
[74/511] Compiling libtommathAmplify amplify_bn_mp_set.c
[75/511] Compiling libtommathAmplify amplify_bn_mp_rshd.c
[76/511] Compiling libtommathAmplify amplify_bn_mp_reduce_setup.c
[77/511] Compiling libtommathAmplify amplify_bn_mp_root_u32.c
[78/511] Compiling libtommathAmplify amplify_bn_mp_reduce_is_2k_l.c
[79/511] Compiling libtommathAmplify amplify_bn_mp_reduce_is_2k.c
[80/511] Compiling libtommathAmplify amplify_bn_mp_reduce_2k_setup.c
[81/511] Compiling libtommathAmplify amplify_bn_mp_reduce_2k.c
[82/511] Compiling libtommathAmplify amplify_bn_mp_reduce_2k_l.c
[83/511] Compiling libtommathAmplify amplify_bn_mp_reduce_2k_setup_l.c
[84/511] Compiling libtommathAmplify amplify_bn_mp_reduce.c
[85/511] Compiling libtommathAmplify amplify_bn_mp_read_radix.c
[86/511] Compiling libtommathAmplify amplify_bn_mp_radix_smap.c
[87/511] Compiling libtommathAmplify amplify_bn_mp_rand.c
[88/511] Compiling libtommathAmplify amplify_bn_mp_prime_rand.c
[89/511] Compiling libtommathAmplify amplify_bn_mp_radix_size.c
[91/511] Emitting module ArgumentParserToolInfo
<unknown>:0: warning: upcoming feature 'InferSendableFromCaptures' is already enabled as of Swift version 6
<unknown>:0: warning: upcoming feature 'GlobalActorIsolatedTypesUsability' is already enabled as of Swift version 6
<unknown>:0: warning: upcoming feature 'DisableOutwardActorInference' is already enabled as of Swift version 6
[91/512] Compiling libtommathAmplify amplify_bn_mp_prime_strong_lucas_selfridge.c
[92/512] Compiling libtommathAmplify amplify_bn_mp_prime_rabin_miller_trials.c
[93/512] Compiling libtommathAmplify amplify_bn_mp_prime_miller_rabin.c
[94/512] Compiling libtommathAmplify amplify_bn_mp_prime_next_prime.c
[95/512] Compiling libtommathAmplify amplify_bn_mp_prime_is_prime.c
[96/512] Compiling libtommathAmplify amplify_bn_mp_prime_frobenius_underwood.c
[97/512] Compiling libtommathAmplify amplify_bn_mp_prime_fermat.c
[98/512] Compiling libtommathAmplify amplify_bn_mp_pack_count.c
[100/512] Compiling libtommathAmplify amplify_bn_mp_pack.c
[101/512] Compiling libtommathAmplify amplify_bn_mp_mulmod.c
[102/512] Compiling libtommathAmplify amplify_bn_mp_or.c
[103/512] Compiling libtommathAmplify amplify_bn_mp_neg.c
[104/512] Compiling libtommathAmplify amplify_bn_mp_mul_d.c
[105/512] Compiling libtommathAmplify amplify_bn_mp_mul_2d.c
[106/512] Compiling libtommathAmplify amplify_bn_mp_mul_2.c
[107/512] Compiling libtommathAmplify amplify_bn_mp_mul.c
[109/512] Emitting module Logging
unable to find node: pound
unable to find node: pound
<unknown>:0: warning: upcoming feature 'InferSendableFromCaptures' is already enabled as of Swift version 6
<unknown>:0: warning: upcoming feature 'GlobalActorIsolatedTypesUsability' is already enabled as of Swift version 6
<unknown>:0: warning: upcoming feature 'DisableOutwardActorInference' is already enabled as of Swift version 6
[109/513] Compiling libtommathAmplify amplify_bn_mp_montgomery_setup.c
[110/513] Compiling libtommathAmplify amplify_bn_mp_montgomery_calc_normalization.c
[111/513] Compiling libtommathAmplify amplify_bn_mp_montgomery_reduce.c
[112/513] Compiling libtommathAmplify amplify_bn_mp_mod.c
[113/513] Compiling libtommathAmplify amplify_bn_mp_mod_d.c
[114/513] Compiling libtommathAmplify amplify_bn_mp_mod_2d.c
[115/513] Wrapping AST for ArgumentParserToolInfo for debugging
[117/513] Compiling libtommathAmplify amplify_bn_mp_lshd.c
[118/513] Compiling libtommathAmplify amplify_bn_mp_log_u32.c
[119/513] Compiling libtommathAmplify amplify_bn_mp_lcm.c
[120/513] Compiling libtommathAmplify amplify_bn_mp_kronecker.c
[121/513] Compiling libtommathAmplify amplify_bn_mp_iseven.c
[122/513] Compiling libtommathAmplify amplify_bn_mp_isodd.c
[123/513] Compiling libtommathAmplify amplify_bn_mp_invmod.c
[124/513] Compiling libtommathAmplify amplify_bn_mp_is_square.c
[125/514] Compiling libtommathAmplify amplify_bn_mp_init_ull.c
[126/514] Compiling libtommathAmplify amplify_bn_mp_init_ul.c
[127/514] Compiling libtommathAmplify amplify_bn_mp_init_u64.c
[128/514] Compiling libtommathAmplify amplify_bn_mp_init_size.c
[129/514] Compiling libtommathAmplify amplify_bn_mp_init_u32.c
[130/514] Compiling libtommathAmplify amplify_bn_mp_init_set.c
[131/514] Compiling libtommathAmplify amplify_bn_mp_init_multi.c
[132/514] Wrapping AST for Logging for debugging
[133/514] Compiling libtommathAmplify amplify_bn_mp_init_ll.c
[134/514] Compiling libtommathAmplify amplify_bn_mp_init_l.c
[135/514] Compiling libtommathAmplify amplify_bn_mp_init_i64.c
[136/514] Compiling libtommathAmplify amplify_bn_mp_init_i32.c
[137/514] Compiling libtommathAmplify amplify_bn_mp_get_mag_ull.c
[138/514] Compiling libtommathAmplify amplify_bn_mp_get_mag_ul.c
[139/514] Compiling libtommathAmplify amplify_bn_mp_get_mag_u64.c
[140/514] Compiling libtommathAmplify amplify_bn_mp_get_mag_u32.c
[141/514] Compiling libtommathAmplify amplify_bn_mp_get_ll.c
[142/514] Compiling libtommathAmplify amplify_bn_mp_get_i64.c
[143/514] Compiling libtommathAmplify amplify_bn_mp_get_l.c
[144/514] Compiling libtommathAmplify amplify_bn_mp_from_ubin.c
[145/515] Compiling libtommathAmplify amplify_bn_mp_get_i32.c
[146/515] Compiling libtommathAmplify amplify_bn_mp_from_sbin.c
[147/515] Compiling libtommathAmplify amplify_bn_mp_fread.c
[148/515] Compiling libtommathAmplify amplify_bn_mp_exteuclid.c
[149/515] Compiling libtommathAmplify amplify_bn_mp_exptmod.c
[150/515] Compiling libtommathAmplify amplify_bn_mp_exch.c
[151/515] Compiling libtommathAmplify amplify_bn_mp_expt_u32.c
[152/515] Compiling libtommathAmplify amplify_bn_mp_dr_setup.c
[153/515] Compiling libtommathAmplify amplify_bn_mp_error_to_string.c
[154/515] Compiling libtommathAmplify amplify_bn_mp_dr_reduce.c
[155/515] Compiling libtommathAmplify amplify_bn_mp_dr_is_modulus.c
[156/515] Compiling libtommathAmplify amplify_bn_mp_div_d.c
[157/515] Compiling libtommathAmplify amplify_bn_mp_div_3.c
[158/515] Compiling libtommathAmplify amplify_bn_mp_div_2d.c
[159/515] Compiling libtommathAmplify amplify_bn_mp_div.c
[159/515] Compiling libtommathAmplify amplify_bn_mp_div_2.c
[161/515] Compiling libtommathAmplify amplify_bn_mp_decr.c
[162/515] Compiling libtommathAmplify amplify_bn_mp_count_bits.c
[163/515] Compiling libtommathAmplify amplify_bn_mp_copy.c
[164/515] Compiling libtommathAmplify amplify_bn_mp_complement.c
[165/515] Compiling libtommathAmplify amplify_bn_mp_cnt_lsb.c
[166/515] Compiling libtommathAmplify amplify_bn_mp_cmp.c
[167/515] Compiling libtommathAmplify amplify_bn_mp_cmp_mag.c
[168/515] Compiling libtommathAmplify amplify_bn_mp_cmp_d.c
[169/515] Compiling libtommathAmplify amplify_bn_mp_clear.c
[170/515] Compiling libtommathAmplify amplify_bn_mp_clear_multi.c
[171/515] Compiling libtommathAmplify amplify_bn_mp_clamp.c
[172/515] Compiling libtommathAmplify amplify_bn_mp_and.c
[173/515] Compiling libtommathAmplify amplify_bn_mp_addmod.c
[174/515] Compiling libtommathAmplify amplify_bn_mp_add_d.c
[175/515] Compiling libtommathAmplify amplify_bn_mp_abs.c
[176/515] Compiling libtommathAmplify amplify_bn_mp_2expt.c
[177/515] Copying PrivacyInfo.xcprivacy
[179/515] Compiling libtommathAmplify amplify_bn_mp_add.c
[179/515] Write sources
[212/515] Compiling libtommathAmplify amplify_bn_cutoffs.c
[213/515] Compiling libtommathAmplify amplify_bn_deprecated.c
In file included from /host/spi-builder-workspace/.build/checkouts/aws-crt-swift/aws-common-runtime/aws-c-mqtt/source/v5/mqtt5_types.c:6:
In file included from /host/spi-builder-workspace/.build/checkouts/aws-crt-swift/aws-common-runtime/aws-c-mqtt/include/aws/mqtt/private/v5/mqtt5_utils.h:9:
In file included from /host/spi-builder-workspace/.build/checkouts/aws-crt-swift/aws-common-runtime/aws-c-mqtt/include/aws/mqtt/mqtt.h:10:
In file included from /host/spi-builder-workspace/.build/checkouts/aws-crt-swift/aws-common-runtime/aws-c-common/include/aws/common/logging.h:11:
/host/spi-builder-workspace/.build/checkouts/aws-crt-swift/aws-common-runtime/aws-c-common/include/aws/common/thread.h:12:14: fatal error: 'pthread.h' file not found
12 | # include <pthread.h>
| ^~~~~~~~~~~
1 error generated.
[214/515] Compiling mqtt5_types.c
In file included from /host/spi-builder-workspace/.build/checkouts/aws-crt-swift/aws-common-runtime/aws-c-mqtt/source/v5/rate_limiters.c:6:
In file included from /host/spi-builder-workspace/.build/checkouts/aws-crt-swift/aws-common-runtime/aws-c-mqtt/include/aws/mqtt/private/v5/rate_limiters.h:9:
In file included from /host/spi-builder-workspace/.build/checkouts/aws-crt-swift/aws-common-runtime/aws-c-mqtt/include/aws/mqtt/mqtt.h:10:
In file included from /host/spi-builder-workspace/.build/checkouts/aws-crt-swift/aws-common-runtime/aws-c-common/include/aws/common/logging.h:11:
/host/spi-builder-workspace/.build/checkouts/aws-crt-swift/aws-common-runtime/aws-c-common/include/aws/common/thread.h:12:14: fatal error: 'pthread.h' file not found
12 | # include <pthread.h>
| ^~~~~~~~~~~
1 error generated.
[214/515] Compiling rate_limiters.c
In file included from /host/spi-builder-workspace/.build/checkouts/aws-crt-swift/aws-common-runtime/aws-c-mqtt/source/v5/mqtt5_utils.c:6:
In file included from /host/spi-builder-workspace/.build/checkouts/aws-crt-swift/aws-common-runtime/aws-c-mqtt/include/aws/mqtt/private/v5/mqtt5_utils.h:9:
In file included from /host/spi-builder-workspace/.build/checkouts/aws-crt-swift/aws-common-runtime/aws-c-mqtt/include/aws/mqtt/mqtt.h:10:
In file included from /host/spi-builder-workspace/.build/checkouts/aws-crt-swift/aws-common-runtime/aws-c-common/include/aws/common/logging.h:11:
/host/spi-builder-workspace/.build/checkouts/aws-crt-swift/aws-common-runtime/aws-c-common/include/aws/common/thread.h:12:14: fatal error: 'pthread.h' file not found
12 | # include <pthread.h>
| ^~~~~~~~~~~
[214/515] Compiling mqtt5_utils.c
<unknown>:0: warning: upcoming feature 'InferSendableFromCaptures' is already enabled as of Swift version 6
<unknown>:0: warning: upcoming feature 'GlobalActorIsolatedTypesUsability' is already enabled as of Swift version 6
<unknown>:0: warning: upcoming feature 'DisableOutwardActorInference' is already enabled as of Swift version 6
Running build ...
bash -c docker run --pull=always --rm -v "checkouts-54344847-1":/host -w "$PWD" -e JAVA_HOME="/root/.sdkman/candidates/java/current" -e SPI_BUILD="1" -e SPI_PROCESSING="1" registry.gitlab.com/saguaro1/spi-images:wasm-6.1-latest swift build --swift-sdk wasm32-unknown-wasi 2>&1
wasm-6.1-latest: Pulling from saguaro1/spi-images
Digest: sha256:005e294ea72e7f7733559677ac003354f37dc6afb35c5bbab6bc9a95fc174f44
Status: Image is up to date for registry.gitlab.com/saguaro1/spi-images:wasm-6.1-latest
warning: you may be able to install libcrypto using your system-packager:
apt-get install openssl libssl-dev
[0/11] Copying DefaultSwiftHeader.txt
[1/11] Write swift-version-24593BA9C3E375BF.txt
[3/24] Compiling Logging LoggingSystem.swift
[4/25] Compiling Logging MetadataProvider.swift
[5/25] Compiling Logging LogEvent.swift
[6/25] Compiling Logging LogHandler.swift
[7/25] Compiling Logging SwiftLogNoOpLogHandler.swift
[8/25] Compiling Logging Locks.swift
[9/25] Compiling Logging Logger+Attributes.swift
[10/25] Compiling Logging Logger.swift
[11/25] Compiling Logging Logger+With.swift
unable to find node: pound
unable to find node: pound
[12/25] Compiling Logging MultiplexLogHandler.swift
[13/25] Compiling Logging StreamLogHandler.swift
[14/25] Emitting module Logging
unable to find node: pound
unable to find node: pound
[15/26] Wrapping AST for Logging for debugging
[17/92] Emitting module ArgumentParserToolInfo
[18/92] Compiling ArgumentParserToolInfo ToolInfo.swift
[20/93] Compiling Smithy InputTrait.swift
[21/93] Compiling Smithy JSONNameTrait.swift
[22/93] Compiling Smithy OutputTrait.swift
[23/93] Compiling Smithy RequiredTrait.swift
[24/93] Compiling Smithy SensitiveTrait.swift
[25/93] Compiling Smithy ServiceTrait.swift
[26/93] Compiling Smithy SparseTrait.swift
[27/93] Compiling Smithy StreamingTrait.swift
[28/93] Compiling Smithy TargetsUnitTrait.swift
[29/102] Compiling Smithy EnumValueTrait.swift
[30/102] Compiling Smithy ErrorTrait.swift
[31/102] Compiling Smithy EventHeaderTrait.swift
[32/102] Compiling Smithy EventPayloadTrait.swift
[33/102] Compiling Smithy HTTPHeaderTrait.swift
[34/102] Compiling Smithy HTTPLabelTrait.swift
[35/102] Compiling Smithy HTTPQueryParamsTrait.swift
[36/102] Compiling Smithy HTTPQueryTrait.swift
[37/102] Compiling Smithy HTTPTrait.swift
[37/102] Wrapping AST for ArgumentParserToolInfo for debugging
[39/102] Emitting module Smithy
[40/102] Compiling Smithy ResponseMessage.swift
[41/102] Compiling Smithy ResponseMessageDeserializer.swift
[42/102] Compiling Smithy Prelude.swift
[43/102] Compiling Smithy Schema.swift
[44/102] Compiling Smithy SchemaExtension.swift
[45/102] Compiling Smithy ShapeID.swift
[46/102] Compiling Smithy ShapeType.swift
[47/102] Compiling Smithy Stream.swift
[48/102] Compiling Smithy TimestampFormat.swift
[49/102] Compiling Smithy Document.swift
[50/102] Compiling Smithy DoubleDocument.swift
[51/102] Compiling Smithy FloatDocument.swift
[52/102] Compiling Smithy IntegerDocument.swift
[53/102] Compiling Smithy ListDocument.swift
[54/102] Compiling Smithy LongDocument.swift
[55/102] Compiling Smithy NullDocument.swift
[56/102] Compiling Smithy ShortDocument.swift
[57/102] Compiling Smithy StringDocument.swift
[58/102] Compiling Smithy StringMapDocument.swift
[59/102] Compiling Smithy TimestampDocument.swift
[60/102] Compiling Smithy SmithyDocument.swift
[61/102] Compiling Smithy LogAgent.swift
[62/102] Compiling Smithy LogAgentLevel.swift
[63/102] Compiling Smithy SwiftLog+LogAgent.swift
[64/102] Compiling Smithy Node.swift
[65/102] Compiling Smithy RequestMessage.swift
[66/102] Compiling Smithy RequestMessageBuilder.swift
[67/102] Compiling Smithy RequestMessageSerializer.swift
[68/102] Compiling Smithy Trait.swift
[69/102] Compiling Smithy TraitCollection.swift
[70/102] Compiling Smithy TraitError.swift
[71/102] Compiling Smithy AWSQueryCompatibleTrait.swift
[72/102] Compiling Smithy AWSQueryErrorTrait.swift
[73/102] Compiling Smithy AddedDefaultTrait.swift
[74/102] Compiling Smithy AllRuntimeTraits.swift
[75/102] Compiling Smithy ClientOptionalTrait.swift
[76/102] Compiling Smithy DefaultTrait.swift
[77/102] Compiling Smithy Attribute.swift
[78/102] Compiling Smithy ByteStream.swift
[79/102] Compiling Smithy ClientError.swift
[80/102] Compiling Smithy Context.swift
[81/102] Compiling Smithy DocumentError.swift
[82/102] Compiling Smithy BigDecimalDocument.swift
[83/102] Compiling Smithy BigIntegerDocument.swift
[84/102] Compiling Smithy BlobDocument.swift
[85/102] Compiling Smithy BooleanDocument.swift
[86/102] Compiling Smithy ByteDocument.swift
[87/149] Compiling Smithy TimestampFormatTrait.swift
[88/149] Compiling Smithy UnitTypeTrait.swift
[89/149] Compiling Smithy URI.swift
[90/149] Compiling Smithy URIQueryItem.swift
[91/149] Compiling Smithy URIScheme.swift
[92/149] Compiling Smithy UniqueIndexCounter.swift
[93/149] Compiling Smithy UniquelyIndexedByType.swift
[94/149] Compiling Smithy UniquelyIndexedCollection.swift
[95/149] Compiling Smithy UniquelyIndexedMutableCollection.swift
[97/167] Emitting module SmithySerialization
[98/169] Compiling ArgumentParser ParentCommand.swift
[99/169] Compiling ArgumentParser AsyncParsableCommand.swift
[100/169] Compiling ArgumentParser CommandConfiguration.swift
[101/169] Compiling ArgumentParser CommandGroup.swift
[102/169] Compiling ArgumentParser EnumerableFlag.swift
[103/169] Compiling ArgumentParser ExpressibleByArgument.swift
[104/169] Compiling ArgumentParser ParsableArguments.swift
[105/169] Compiling ArgumentParser Mutex.swift
[106/169] Compiling ArgumentParser Platform.swift
[107/169] Compiling ArgumentParser SequenceExtensions.swift
[108/169] Compiling ArgumentParser StringExtensions.swift
[109/169] Compiling ArgumentParser SwiftExtensions.swift
[110/169] Compiling ArgumentParser Tree.swift
[111/175] Compiling SmithySerialization ShapeDeserializer.swift
[112/175] Compiling SmithySerialization ResponseDecodingError.swift
[113/175] Compiling SmithySerialization ClientProtocol.swift
[114/175] Compiling SmithySerialization Operation.swift
[115/175] Compiling SmithySerialization OperationProperties.swift
[116/175] Compiling SmithySerialization Codec.swift
[117/175] Compiling SmithySerialization Context+Operation.swift
[118/175] Compiling SmithySerialization DecodedNull.swift
[119/175] Compiling SmithySerialization WriteValueConsumer.swift
[120/175] Compiling SmithySerialization SerializerError.swift
[121/175] Compiling SmithySerialization SerdeUtils.swift
[122/175] Compiling SmithySerialization SerializableShape.swift
[123/175] Compiling SmithySerialization SerializableStruct.swift
[124/175] Compiling SmithySerialization ShapeSerializer.swift
[125/175] Compiling SmithySerialization DeserializableShape.swift
[126/175] Compiling SmithySerialization DeserializableStruct.swift
[127/175] Compiling SmithySerialization ReadValueConsumer.swift
[128/175] Compiling SmithySerialization StringSerializer.swift
[129/175] Compiling SmithySerialization TypeRegistry.swift
[131/197] Compiling ArgumentParser HelpCommand.swift
[132/197] Compiling ArgumentParser HelpGenerator.swift
[133/197] Compiling ArgumentParser MessageInfo.swift
[134/197] Compiling ArgumentParser UsageGenerator.swift
[135/197] Compiling ArgumentParser CollectionExtensions.swift
[136/197] Compiling ArgumentParser Foundation.swift
[137/230] Compiling SmithyCodegenCore ASTError.swift
[138/230] Compiling SmithyCodegenCore ASTMember.swift
[139/230] Compiling SmithyCodegenCore ASTModel.swift
[140/230] Compiling SmithyCodegenCore ASTReference.swift
[141/230] Compiling SmithyCodegenCore ASTShape.swift
[142/230] Compiling SmithyCodegenCore ASTType.swift
[143/230] Compiling SmithyCodegenCore Node+AST.swift
[144/230] Compiling SmithyCodegenCore SymbolProviderError.swift
[145/230] Compiling SmithyCodegenCore ResourceShape.swift
[146/230] Compiling SmithyCodegenCore ServiceShape.swift
[147/230] Compiling SmithyCodegenCore Shape+Prelude.swift
[148/230] Compiling SmithyCodegenCore Shape.swift
[149/230] Compiling SmithyCodegenCore StringShape.swift
[150/230] Compiling SmithyCodegenCore SerializeCodegen.swift
[151/230] Compiling SmithyCodegenCore Shape+SerializeMethodName.swift
[152/230] Compiling SmithyCodegenCore DocumentShape.swift
[153/230] Compiling SmithyCodegenCore ShapeID+AST.swift
[154/230] Compiling SmithyCodegenCore ShapeType+AST.swift
[155/230] Compiling SmithyCodegenCore Model+Box.swift
[156/230] Compiling SmithyCodegenCore Model+Deprecated.swift
[157/230] Compiling SmithyCodegenCore CodeGenerator.swift
[158/230] Compiling SmithyCodegenCore Model+Union.swift
[159/230] Compiling SmithyCodegenCore NullableIndex.swift
[160/230] Compiling SmithyCodegenCore OperationsCodegen.swift
[161/230] Compiling SmithyCodegenCore SchemasCodegen.swift
[162/230] Compiling SmithyCodegenCore Shape+Schema.swift
[163/230] Emitting module SmithyCodegenCore
[164/237] Compiling SmithyCodegenCore EnumShape.swift
[165/237] Compiling SmithyCodegenCore HasMembers.swift
[166/237] Compiling SmithyCodegenCore IntEnumShape.swift
[167/237] Compiling SmithyCodegenCore IntegerShape.swift
[168/237] Compiling SmithyCodegenCore ListShape.swift
[169/237] Compiling SmithyCodegenCore MapShape.swift
[170/237] Compiling SmithyCodegenCore MemberShape.swift
[171/237] Compiling SmithyCodegenCore OperationShape.swift
[177/237] Compiling SmithyCodegenCore StructureShape.swift
[178/237] Compiling SmithyCodegenCore UnionShape.swift
[179/237] Compiling SmithyCodegenCore Node+Rendered.swift
[180/237] Compiling SmithyCodegenCore String+Utils.swift
[181/237] Compiling SmithyCodegenCore SwiftWriter.swift
[182/237] Compiling SmithyCodegenCore SwiftSettings.swift
[183/237] Compiling SmithyCodegenCore String+ReservedWords.swift
[184/237] Compiling SmithyCodegenCore SymbolProvider.swift
[194/237] Compiling SmithyCodegenCore CodegenError.swift
[195/237] Compiling SmithyCodegenCore DeserializeCodegen.swift
[196/237] Compiling SmithyCodegenCore Shape+DeserializeMethodName.swift
[197/237] Compiling SmithyCodegenCore GenerationContext.swift
[198/237] Compiling SmithyCodegenCore HasShapeID.swift
[199/237] Compiling SmithyCodegenCore Model+AST.swift
[200/237] Compiling SmithyCodegenCore Model.swift
[201/237] Compiling SmithyCodegenCore ModelError.swift
[214/237] Compiling SmithyCodegenCore Model+InputOutput.swift
[215/237] Compiling SmithyCodegenCore Model+Operations.swift
[216/237] Compiling SmithyCodegenCore Model+PruneToService.swift
[217/237] Compiling SmithyCodegenCore Model+TrimReferences.swift
[218/237] Emitting module ArgumentParser
[226/237] Compiling SmithyCodegenCore AllCodegenTraits.swift
[227/237] Compiling SmithyCodegenCore DeprecatedTrait.swift
[228/237] Compiling SmithyCodegenCore EnumTrait.swift
[229/237] Compiling SmithyCodegenCore UsedAsInputTrait.swift
[230/237] Compiling SmithyCodegenCore UsedAsOutputTrait.swift
[231/237] Compiling SmithyCodegenCore TypeRegistryCodegen.swift
[232/237] Compiling SmithyCodegenCore resource_bundle_accessor.swift
[235/239] Emitting module SmithyCodegenCLI
[236/239] Compiling SmithyCodegenCLI SmithyCodegenCLI.swift
[237/239] Write Objects.LinkFileList
[238/239] Linking SmithyCodegenCLI-tool
warning: you may be able to install libcrypto using your system-packager:
apt-get install openssl libssl-dev
warning: 'spi-builder-workspace': found 1 file(s) which are unhandled; explicitly declare them as resources or exclude from the target
/host/spi-builder-workspace/Sources/FaceLiveness/Resources/Assets.xcassets
warning: 'amplify-swift': found 1 file(s) which are unhandled; explicitly declare them as resources or exclude from the target
/host/spi-builder-workspace/.build/checkouts/amplify-swift/AmplifyPlugins/Core/AWSPluginsCore/WebSocket/README.md
warning: 'amplify-swift': found 1 file(s) which are unhandled; explicitly declare them as resources or exclude from the target
/host/spi-builder-workspace/.build/checkouts/amplify-swift/Amplify/AGENTS.md
[0/1] Planning build
[1/1] Compiling plugin SmithyCodeGeneratorPlugin
[2/2] Compiling plugin GenerateManual
[3/3] Compiling plugin GenerateDoccReference
Building for debugging...
In file included from /host/spi-builder-workspace/.build/checkouts/aws-crt-swift/aws-common-runtime/aws-c-mqtt/source/v5/mqtt5_types.c:6:
In file included from /host/spi-builder-workspace/.build/checkouts/aws-crt-swift/aws-common-runtime/aws-c-mqtt/include/aws/mqtt/private/v5/mqtt5_utils.h:9:
In file included from /host/spi-builder-workspace/.build/checkouts/aws-crt-swift/aws-common-runtime/aws-c-mqtt/include/aws/mqtt/mqtt.h:10:
In file included from /host/spi-builder-workspace/.build/checkouts/aws-crt-swift/aws-common-runtime/aws-c-common/include/aws/common/logging.h:11:
/host/spi-builder-workspace/.build/checkouts/aws-crt-swift/aws-common-runtime/aws-c-common/include/aws/common/thread.h:12:14: fatal error: 'pthread.h' file not found
12 | # include <pthread.h>
| ^~~~~~~~~~~
1 error generated.
[3/289] Compiling mqtt5_types.c
In file included from /host/spi-builder-workspace/.build/checkouts/aws-crt-swift/aws-common-runtime/aws-c-mqtt/source/v5/mqtt5_topic_alias.c:6:
In file included from /host/spi-builder-workspace/.build/checkouts/aws-crt-swift/aws-common-runtime/aws-c-mqtt/include/aws/mqtt/private/v5/mqtt5_topic_alias.h:9:
In file included from /host/spi-builder-workspace/.build/checkouts/aws-crt-swift/aws-common-runtime/aws-c-mqtt/include/aws/mqtt/mqtt.h:10:
In file included from /host/spi-builder-workspace/.build/checkouts/aws-crt-swift/aws-common-runtime/aws-c-common/include/aws/common/logging.h:11:
/host/spi-builder-workspace/.build/checkouts/aws-crt-swift/aws-common-runtime/aws-c-common/include/aws/common/thread.h:12:14: fatal error: 'pthread.h' file not found
12 | # include <pthread.h>
| ^~~~~~~~~~~
[3/289] Compiling mqtt5_topic_alias.c
In file included from /host/spi-builder-workspace/.build/checkouts/aws-crt-swift/aws-common-runtime/aws-c-mqtt/source/v5/mqtt5_utils.c:6:
In file included from /host/spi-builder-workspace/.build/checkouts/aws-crt-swift/aws-common-runtime/aws-c-mqtt/include/aws/mqtt/private/v5/mqtt5_utils.h:9:
In file included from /host/spi-builder-workspace/.build/checkouts/aws-crt-swift/aws-common-runtime/aws-c-mqtt/include/aws/mqtt/mqtt.h:10:
In file included from /host/spi-builder-workspace/.build/checkouts/aws-crt-swift/aws-common-runtime/aws-c-common/include/aws/common/logging.h:11:
/host/spi-builder-workspace/.build/checkouts/aws-crt-swift/aws-common-runtime/aws-c-common/include/aws/common/thread.h:12:14: fatal error: 'pthread.h' file not found
12 | # include <pthread.h>
| ^~~~~~~~~~~
1 error generated.
[3/289] Compiling mqtt5_utils.c
In file included from /host/spi-builder-workspace/.build/checkouts/aws-crt-swift/aws-common-runtime/aws-c-mqtt/source/v5/rate_limiters.c:6:
In file included from /host/spi-builder-workspace/.build/checkouts/aws-crt-swift/aws-common-runtime/aws-c-mqtt/include/aws/mqtt/private/v5/rate_limiters.h:9:
In file included from /host/spi-builder-workspace/.build/checkouts/aws-crt-swift/aws-common-runtime/aws-c-mqtt/include/aws/mqtt/mqtt.h:10:
In file included from /host/spi-builder-workspace/.build/checkouts/aws-crt-swift/aws-common-runtime/aws-c-common/include/aws/common/logging.h:11:
/host/spi-builder-workspace/.build/checkouts/aws-crt-swift/aws-common-runtime/aws-c-common/include/aws/common/thread.h:12:14: fatal error: 'pthread.h' file not found
12 | # include <pthread.h>
| ^~~~~~~~~~~
[3/289] Compiling rate_limiters.c
In file included from /host/spi-builder-workspace/.build/checkouts/aws-crt-swift/aws-common-runtime/aws-c-mqtt/source/v5/mqtt5_encoder.c:6:
In file included from /host/spi-builder-workspace/.build/checkouts/aws-crt-swift/aws-common-runtime/aws-c-mqtt/include/aws/mqtt/private/v5/mqtt5_encoder.h:9:
In file included from /host/spi-builder-workspace/.build/checkouts/aws-crt-swift/aws-common-runtime/aws-c-mqtt/include/aws/mqtt/mqtt.h:10:
In file included from /host/spi-builder-workspace/.build/checkouts/aws-crt-swift/aws-common-runtime/aws-c-common/include/aws/common/logging.h:11:
/host/spi-builder-workspace/.build/checkouts/aws-crt-swift/aws-common-runtime/aws-c-common/include/aws/common/thread.h:12:14: fatal error: 'pthread.h' file not found
12 | # include <pthread.h>
| ^~~~~~~~~~~
[3/289] Compiling mqtt5_encoder.c
In file included from /host/spi-builder-workspace/.build/checkouts/aws-crt-swift/aws-common-runtime/aws-c-mqtt/source/v5/mqtt5_options_storage.c:6:
In file included from /host/spi-builder-workspace/.build/checkouts/aws-crt-swift/aws-common-runtime/aws-c-mqtt/include/aws/mqtt/private/v5/mqtt5_options_storage.h:9:
In file included from /host/spi-builder-workspace/.build/checkouts/aws-crt-swift/aws-common-runtime/aws-c-mqtt/include/aws/mqtt/mqtt.h:10:
In file included from /host/spi-builder-workspace/.build/checkouts/aws-crt-swift/aws-common-runtime/aws-c-common/include/aws/common/logging.h:11:
/host/spi-builder-workspace/.build/checkouts/aws-crt-swift/aws-common-runtime/aws-c-common/include/aws/common/thread.h:12:14: fatal error: 'pthread.h' file not found
12 | # include <pthread.h>
| ^~~~~~~~~~~
[3/289] Compiling mqtt5_options_storage.c
In file included from /host/spi-builder-workspace/.build/checkouts/aws-crt-swift/aws-common-runtime/aws-c-mqtt/source/v5/mqtt5_to_mqtt3_adapter.c:6:
In file included from /host/spi-builder-workspace/.build/checkouts/aws-crt-swift/aws-common-runtime/aws-c-mqtt/include/aws/mqtt/mqtt.h:10:
In file included from /host/spi-builder-workspace/.build/checkouts/aws-crt-swift/aws-common-runtime/aws-c-common/include/aws/common/logging.h:11:
/host/spi-builder-workspace/.build/checkouts/aws-crt-swift/aws-common-runtime/aws-c-common/include/aws/common/thread.h:12:14: fatal error: 'pthread.h' file not found
12 | # include <pthread.h>
| ^~~~~~~~~~~
[3/289] Compiling mqtt5_to_mqtt3_adapter.c
In file included from /host/spi-builder-workspace/.build/checkouts/aws-crt-swift/aws-common-runtime/aws-c-mqtt/source/v5/mqtt5_listener.c:6:
In file included from /host/spi-builder-workspace/.build/checkouts/aws-crt-swift/aws-common-runtime/aws-c-mqtt/include/aws/mqtt/v5/mqtt5_listener.h:9:
In file included from /host/spi-builder-workspace/.build/checkouts/aws-crt-swift/aws-common-runtime/aws-c-mqtt/include/aws/mqtt/mqtt.h:10:
In file included from /host/spi-builder-workspace/.build/checkouts/aws-crt-swift/aws-common-runtime/aws-c-common/include/aws/common/logging.h:11:
/host/spi-builder-workspace/.build/checkouts/aws-crt-swift/aws-common-runtime/aws-c-common/include/aws/common/thread.h:12:14: fatal error: 'pthread.h' file not found
12 | # include <pthread.h>
| ^~~~~~~~~~~
[3/289] Compiling mqtt5_listener.c
BUILD FAILURE 6.1 wasm