The Swift Package Index logo.Swift Package Index

Build Information

Failed to build OCCTSwiftMesh, reference main (4bad74), with Swift 6.1 for Linux on 13 Oct 2026 02:51:20 UTC.

Build Command

bash -c docker run --pull=always --rm -v "checkouts-54344847-0":/host -w "$PWD" -e JAVA_HOME="/root/.sdkman/candidates/java/current" -e SPI_BUILD="1" -e SPI_PROCESSING="1" registry.gitlab.com/saguaro1/spi-images:basic-6.1-latest swift build --triple x86_64-unknown-linux-gnu 2>&1

Build Log

========================================
RunAll
========================================
Builder version: 5.1.1
Interrupt handler set up.
========================================
Checkout
========================================
Clone URL: https://github.com/SecondMouseAU/OCCTSwiftMesh.git
Reference: main
Initialized empty Git repository in /host/spi-builder-workspace/.git/
hint: Using 'master' as the name for the initial branch. This default branch name
hint: is subject to change. To configure the initial branch name to use in all
hint: of your new repositories, which will suppress this warning, call:
hint:
hint: 	git config --global init.defaultBranch <name>
hint:
hint: Names commonly chosen instead of 'master' are 'main', 'trunk' and
hint: 'development'. The just-created branch can be renamed via this command:
hint:
hint: 	git branch -m <name>
From https://github.com/SecondMouseAU/OCCTSwiftMesh
 * branch            main       -> FETCH_HEAD
 * [new branch]      main       -> origin/main
HEAD is now at 4bad74a Merge pull request #50 from SecondMouseAU/release/repin-beta.5
Cloned https://github.com/SecondMouseAU/OCCTSwiftMesh.git
Revision (git rev-parse @):
4bad74a76385e6efbfb62138c02cad34ee287b93
SPI manifest file found: $PWD/.spi.yml
SUCCESS checkout https://github.com/SecondMouseAU/OCCTSwiftMesh.git at main
========================================
Build
========================================
Selected platform:         linux
Swift version:             6.1
Building package at path:  $PWD
https://github.com/SecondMouseAU/OCCTSwiftMesh.git
https://github.com/SecondMouseAU/OCCTSwiftMesh.git
WARNING: environment variable SUPPRESS_SWIFT_6_FLAGS is not set
Running build ...
bash -c docker run --pull=always --rm -v "checkouts-54344847-0":/host -w "$PWD" -e JAVA_HOME="/root/.sdkman/candidates/java/current" -e SPI_BUILD="1" -e SPI_PROCESSING="1" registry.gitlab.com/saguaro1/spi-images:basic-6.1-latest swift build --triple x86_64-unknown-linux-gnu -Xswiftc -Xfrontend -Xswiftc -stats-output-dir -Xswiftc -Xfrontend -Xswiftc .stats -Xswiftc -strict-concurrency=complete -Xswiftc -enable-upcoming-feature -Xswiftc StrictConcurrency -Xswiftc -enable-upcoming-feature -Xswiftc DisableOutwardActorInference -Xswiftc -enable-upcoming-feature -Xswiftc GlobalActorIsolatedTypesUsability -Xswiftc -enable-upcoming-feature -Xswiftc InferSendableFromCaptures 2>&1
basic-6.1-latest: Pulling from saguaro1/spi-images
Digest: sha256:13a529f31207afe6597b18f20995fc2db944100da935819188c653038756cb1b
Status: Image is up to date for registry.gitlab.com/saguaro1/spi-images:basic-6.1-latest
Fetching https://github.com/SecondMouseAU/OCCTSwift.git
[1/69614] Fetching occtswift
Fetched https://github.com/SecondMouseAU/OCCTSwift.git from cache (6.52s)
Computing version for https://github.com/SecondMouseAU/OCCTSwift.git
Computed https://github.com/SecondMouseAU/OCCTSwift.git at 4.0.0-beta.5 (7.60s)
Creating working copy for https://github.com/SecondMouseAU/OCCTSwift.git
Working copy of https://github.com/SecondMouseAU/OCCTSwift.git resolved at 4.0.0-beta.5
Downloading binary artifact https://github.com/SecondMouseAU/OCCTSwift/releases/download/v4.0.0-kernel.6/OCCT.xcframework.zip
[2212/149428849] Downloading https://github.com/SecondMouseAU/OCCTSwift/releases/download/v4.0.0-kernel.6/OCCT.xcframework.zip
Downloaded https://github.com/SecondMouseAU/OCCTSwift/releases/download/v4.0.0-kernel.6/OCCT.xcframework.zip (9.89s)
Building for debugging...
[0/98] Write sources
[3/98] Compiling vfetchoptimizer.cpp
[4/98] Compiling stripifier.cpp
[5/98] Compiling indexcodec.cpp
[5/98] Compiling vcacheoptimizer.cpp
[7/98] Compiling quantization.cpp
[8/98] Compiling rasterizer.cpp
[9/98] Compiling spatialorder.cpp
[10/98] Compiling vertexcodec.cpp
[11/98] Compiling indexanalyzer.cpp
[12/98] Compiling overdrawoptimizer.cpp
[13/98] Compiling vertexfilter.cpp
[14/98] Write swift-version-24593BA9C3E375BF.txt
[15/98] Compiling allocator.cpp
[16/98] Compiling simplifier.cpp
[17/98] Compiling partition.cpp
[18/98] Compiling meshletcodec.cpp
[19/98] Compiling opacitymap.cpp
[20/98] Compiling indexgenerator.cpp
[21/98] Compiling meshletutils.cpp
[22/102] Compiling OCCTMeshOptimizerBridge.cpp
[23/102] Compiling clusterizer.cpp
In file included from /host/spi-builder-workspace/.build/checkouts/OCCTSwift/Sources/OCCTBridge/src/OCCTBridge_Visualization_Appearance.mm:40:
/host/spi-builder-workspace/.build/checkouts/OCCTSwift/Sources/OCCTBridge/src/../include/OCCTBridge.h:33:11: fatal error: 'Foundation/Foundation.h' file not found
   33 |   #import <Foundation/Foundation.h>
      |           ^~~~~~~~~~~~~~~~~~~~~~~~~
1 error generated.
In file included from /host/spi-builder-workspace/.build/checkouts/OCCTSwift/Sources/OCCTBridge/src/OCCTBridge_Visualization_Assets.mm:40:
/host/spi-builder-workspace/.build/checkouts/OCCTSwift/Sources/OCCTBridge/src/../include/OCCTBridge.h:33:11: fatal error: 'Foundation/Foundation.h' file not found
   33 |   #import <Foundation/Foundation.h>
      |           ^~~~~~~~~~~~~~~~~~~~~~~~~
1 error generated.
[24/102] Compiling OCCTBridge_Visualization_Assets.mm
In file included from /host/spi-builder-workspace/.build/checkouts/OCCTSwift/Sources/OCCTBridge/src/OCCTBridge_Visualization_Presentation.mm:41:
/host/spi-builder-workspace/.build/checkouts/OCCTSwift/Sources/OCCTBridge/src/../include/OCCTBridge.h:33:11: fatal error: 'Foundation/Foundation.h' file not found
   33 |   #import <Foundation/Foundation.h>
      |           ^~~~~~~~~~~~~~~~~~~~~~~~~
1 error generated.
[24/102] Compiling OCCTBridge_Visualization_Presentation.mm
In file included from /host/spi-builder-workspace/.build/checkouts/OCCTSwift/Sources/OCCTBridge/src/OCCTBridge_Topology_ShapeQueries.mm:30:
/host/spi-builder-workspace/.build/checkouts/OCCTSwift/Sources/OCCTBridge/src/../include/OCCTBridge.h:33:11: fatal error: 'Foundation/Foundation.h' file not found
   33 |   #import <Foundation/Foundation.h>
      |           ^~~~~~~~~~~~~~~~~~~~~~~~~
[24/102] Compiling OCCTBridge_Topology_ShapeQueries.mm
[24/102] Compiling OCCTBridge_Visualization_Appearance.mm
In file included from /host/spi-builder-workspace/.build/checkouts/OCCTSwift/Sources/OCCTBridge/src/OCCTBridge_Topology_Extrema.mm:29:
/host/spi-builder-workspace/.build/checkouts/OCCTSwift/Sources/OCCTBridge/src/../include/OCCTBridge.h:33:11: fatal error: 'Foundation/Foundation.h' file not found
   33 |   #import <Foundation/Foundation.h>
      |           ^~~~~~~~~~~~~~~~~~~~~~~~~
[24/102] Compiling OCCTBridge_Topology_Extrema.mm
<unknown>:0: warning: upcoming feature 'InferSendableFromCaptures' is already enabled as of Swift version 6
<unknown>:0: warning: upcoming feature 'GlobalActorIsolatedTypesUsability' is already enabled as of Swift version 6
<unknown>:0: warning: upcoming feature 'DisableOutwardActorInference' is already enabled as of Swift version 6
In file included from /host/spi-builder-workspace/.build/checkouts/OCCTSwift/Sources/OCCTBridge/src/OCCTBridge_Visualization_Camera.mm:40:
/host/spi-builder-workspace/.build/checkouts/OCCTSwift/Sources/OCCTBridge/src/../include/OCCTBridge.h:33:11: fatal error: 'Foundation/Foundation.h' file not found
   33 |   #import <Foundation/Foundation.h>
      |           ^~~~~~~~~~~~~~~~~~~~~~~~~
[24/102] Compiling OCCTBridge_Visualization_Camera.mm
In file included from /host/spi-builder-workspace/.build/checkouts/OCCTSwift/Sources/OCCTBridge/src/OCCTBridge_Topology_BoundingBox.mm:29:
/host/spi-builder-workspace/.build/checkouts/OCCTSwift/Sources/OCCTBridge/src/../include/OCCTBridge.h:33:11: fatal error: 'Foundation/Foundation.h' file not found
   33 |   #import <Foundation/Foundation.h>
      |           ^~~~~~~~~~~~~~~~~~~~~~~~~
[24/102] Compiling OCCTBridge_Topology_BoundingBox.mm
Running build ...
bash -c docker run --pull=always --rm -v "checkouts-54344847-0":/host -w "$PWD" -e JAVA_HOME="/root/.sdkman/candidates/java/current" -e SPI_BUILD="1" -e SPI_PROCESSING="1" registry.gitlab.com/saguaro1/spi-images:basic-6.1-latest swift build --triple x86_64-unknown-linux-gnu 2>&1
basic-6.1-latest: Pulling from saguaro1/spi-images
Digest: sha256:13a529f31207afe6597b18f20995fc2db944100da935819188c653038756cb1b
Status: Image is up to date for registry.gitlab.com/saguaro1/spi-images:basic-6.1-latest
[0/1] Planning build
Building for debugging...
In file included from /host/spi-builder-workspace/.build/checkouts/OCCTSwift/Sources/OCCTBridge/src/OCCTBridge_Topology_Analysis.mm:29:
/host/spi-builder-workspace/.build/checkouts/OCCTSwift/Sources/OCCTBridge/src/../include/OCCTBridge.h:33:11: fatal error: 'Foundation/Foundation.h' file not found
   33 |   #import <Foundation/Foundation.h>
      |           ^~~~~~~~~~~~~~~~~~~~~~~~~
1 error generated.
[0/75] Compiling OCCTBridge_Topology_Analysis.mm
In file included from /host/spi-builder-workspace/.build/checkouts/OCCTSwift/Sources/OCCTBridge/src/OCCTBridge_Visualization_Camera.mm:40:
/host/spi-builder-workspace/.build/checkouts/OCCTSwift/Sources/OCCTBridge/src/../include/OCCTBridge.h:33:11: fatal error: 'Foundation/Foundation.h' file not found
   33 |   #import <Foundation/Foundation.h>
      |           ^~~~~~~~~~~~~~~~~~~~~~~~~
1 error generated.
In file included from /host/spi-builder-workspace/.build/checkouts/OCCTSwift/Sources/OCCTBridge/src/OCCTBridge_Visualization_Assets.mm:40:
/host/spi-builder-workspace/.build/checkouts/OCCTSwift/Sources/OCCTBridge/src/../include/OCCTBridge.h:33:11: fatal error: 'Foundation/Foundation.h' file not found
   33 |   #import <Foundation/Foundation.h>
      |           ^~~~~~~~~~~~~~~~~~~~~~~~~
1 error generated.
In file included from /host/spi-builder-workspace/.build/checkouts/OCCTSwift/Sources/OCCTBridge/src/OCCTBridge_Topology_BoundingBox.mm:29:
/host/spi-builder-workspace/.build/checkouts/OCCTSwift/Sources/OCCTBridge/src/../include/OCCTBridge.h:33:11: fatal error: 'Foundation/Foundation.h' file not found
   33 |   #import <Foundation/Foundation.h>
      |           ^~~~~~~~~~~~~~~~~~~~~~~~~
1 error generated.
[0/75] Compiling OCCTBridge_Topology_BoundingBox.mm
[0/75] Compiling OCCTBridge_Visualization_Assets.mm
[0/75] Compiling OCCTBridge_Visualization_Camera.mm
In file included from /host/spi-builder-workspace/.build/checkouts/OCCTSwift/Sources/OCCTBridge/src/OCCTBridge_Visualization_Presentation.mm:41:
/host/spi-builder-workspace/.build/checkouts/OCCTSwift/Sources/OCCTBridge/src/../include/OCCTBridge.h:33:11: fatal error: 'Foundation/Foundation.h' file not found
   33 |   #import <Foundation/Foundation.h>
      |           ^~~~~~~~~~~~~~~~~~~~~~~~~
1 error generated.
[0/75] Compiling OCCTBridge_Visualization_Presentation.mm
In file included from /host/spi-builder-workspace/.build/checkouts/OCCTSwift/Sources/OCCTBridge/src/OCCTBridge_Visualization_Appearance.mm:40:
/host/spi-builder-workspace/.build/checkouts/OCCTSwift/Sources/OCCTBridge/src/../include/OCCTBridge.h:33:11: fatal error: 'Foundation/Foundation.h' file not found
   33 |   #import <Foundation/Foundation.h>
      |           ^~~~~~~~~~~~~~~~~~~~~~~~~
1 error generated.
[0/75] Compiling OCCTBridge_Visualization_Appearance.mm
In file included from /host/spi-builder-workspace/.build/checkouts/OCCTSwift/Sources/OCCTBridge/src/OCCTBridge_Topology_Extrema.mm:29:
/host/spi-builder-workspace/.build/checkouts/OCCTSwift/Sources/OCCTBridge/src/../include/OCCTBridge.h:33:11: fatal error: 'Foundation/Foundation.h' file not found
   33 |   #import <Foundation/Foundation.h>
      |           ^~~~~~~~~~~~~~~~~~~~~~~~~
1 error generated.
[0/75] Compiling OCCTBridge_Topology_Extrema.mm
In file included from /host/spi-builder-workspace/.build/checkouts/OCCTSwift/Sources/OCCTBridge/src/OCCTBridge_Topology_ShapeQueries.mm:30:
/host/spi-builder-workspace/.build/checkouts/OCCTSwift/Sources/OCCTBridge/src/../include/OCCTBridge.h:33:11: fatal error: 'Foundation/Foundation.h' file not found
   33 |   #import <Foundation/Foundation.h>
      |           ^~~~~~~~~~~~~~~~~~~~~~~~~
[0/75] Compiling OCCTBridge_Topology_ShapeQueries.mm
BUILD FAILURE 6.1 linux