The Swift Package Index logo.Swift Package Index

Build Information

Failed to build spfk-sox, reference main (7c10d8), with Swift 6.4 for watchOS using Xcode 27.0 on 24 Sep 2026 10:34:48 UTC.

Build Command

env DEVELOPER_DIR=/Applications/Xcode-27.0.0-Release.Candidate.app xcrun xcodebuild -IDEClonedSourcePackagesDirPathOverride=$PWD/.dependencies -skipMacroValidation -skipPackagePluginValidation -derivedDataPath $PWD/.derivedData build -scheme spfk-sox -destination generic/platform=watchOS

Build Log

========================================
RunAll
========================================
Builder version: 5.1.0
Interrupt handler set up.
========================================
Checkout
========================================
Clone URL: https://github.com/ryanfrancesconi/spfk-sox.git
Reference: main
Initialized empty Git repository in /Users/admin/builder/spi-builder-workspace/.git/
From https://github.com/ryanfrancesconi/spfk-sox
 * branch            main       -> FETCH_HEAD
 * [new branch]      main       -> origin/main
HEAD is now at 7c10d8a update dependencies for SPFKAudioNodes refactor
Cloned https://github.com/ryanfrancesconi/spfk-sox.git
Revision (git rev-parse @):
7c10d8af61c3fde1f468a7349c5a3b0e1eb0f798
SUCCESS checkout https://github.com/ryanfrancesconi/spfk-sox.git at main
========================================
Build
========================================
Selected platform:         watchOS
Swift version:             6.4
Building package at path:  $PWD
https://github.com/ryanfrancesconi/spfk-sox.git
Command line invocation:
    /Applications/Xcode-27.0.0-Release.Candidate.app/Contents/Developer/usr/bin/xcodebuild -IDEClonedSourcePackagesDirPathOverride=/Users/admin/builder/spi-builder-workspace/.dependencies -resolvePackageDependencies
Resolve Package Graph
Fetching from https://github.com/sbooth/opus-binary-xcframework
Fetching from https://github.com/sbooth/vorbis-binary-xcframework
Fetching from https://github.com/ryanfrancesconi/spfk-audio-base
Fetching from https://github.com/sbooth/sndfile-binary-xcframework
Fetching from https://github.com/ryanfrancesconi/spfk-testing
Fetching from https://github.com/sbooth/ogg-binary-xcframework
Fetching from https://github.com/sbooth/flac-binary-xcframework
Fetching from https://github.com/ryanfrancesconi/spfk-base
Fetching from https://github.com/apple/swift-collections
Fetching from https://github.com/apple/swift-numerics
Fetching from https://github.com/orchetect/swift-extensions
Fetching from https://github.com/apple/swift-async-algorithms
Fetching from https://github.com/orchetect/swift-data-parsing
Creating working copy of package ‘swift-extensions’
Checking out 2.3.2 of package ‘swift-extensions’
Creating working copy of package ‘spfk-audio-base’
Checking out 0.0.14 of package ‘spfk-audio-base’
Creating working copy of package ‘swift-numerics’
Checking out 1.1.1 of package ‘swift-numerics’
Creating working copy of package ‘spfk-base’
Checking out 0.0.12 of package ‘spfk-base’
Creating working copy of package ‘swift-collections’
Checking out 1.7.0 of package ‘swift-collections’
Creating working copy of package ‘swift-async-algorithms’
Checking out 1.1.5 of package ‘swift-async-algorithms’
Creating working copy of package ‘vorbis-binary-xcframework’
Checking out 0.1.2 of package ‘vorbis-binary-xcframework’
Creating working copy of package ‘sndfile-binary-xcframework’
Checking out 0.1.2 of package ‘sndfile-binary-xcframework’
Creating working copy of package ‘ogg-binary-xcframework’
Checking out 0.1.3 of package ‘ogg-binary-xcframework’
Creating working copy of package ‘spfk-testing’
Checking out 0.0.13 of package ‘spfk-testing’
Creating working copy of package ‘flac-binary-xcframework’
Checking out 0.2.0 of package ‘flac-binary-xcframework’
Creating working copy of package ‘swift-data-parsing’
Checking out 0.1.2 of package ‘swift-data-parsing’
Creating working copy of package ‘opus-binary-xcframework’
Checking out 0.3.0 of package ‘opus-binary-xcframework’
Resolve Package Graph
Resolved source packages:
  swift-extensions: https://github.com/orchetect/swift-extensions @ 2.3.2
  opus-binary-xcframework: https://github.com/sbooth/opus-binary-xcframework @ 0.3.0
  sndfile-binary-xcframework: https://github.com/sbooth/sndfile-binary-xcframework @ 0.1.2
  spfk-base: https://github.com/ryanfrancesconi/spfk-base @ 0.0.12
  ogg-binary-xcframework: https://github.com/sbooth/ogg-binary-xcframework @ 0.1.3
  swift-numerics: https://github.com/apple/swift-numerics @ 1.1.1
  swift-data-parsing: https://github.com/orchetect/swift-data-parsing @ 0.1.2
  vorbis-binary-xcframework: https://github.com/sbooth/vorbis-binary-xcframework @ 0.1.2
  spfk-sox: /Users/admin/builder/spi-builder-workspace
  swift-collections: https://github.com/apple/swift-collections @ 1.7.0
  spfk-testing: https://github.com/ryanfrancesconi/spfk-testing @ 0.0.13
  swift-async-algorithms: https://github.com/apple/swift-async-algorithms @ 1.1.5
  flac-binary-xcframework: https://github.com/sbooth/flac-binary-xcframework @ 0.2.0
  spfk-audio-base: https://github.com/ryanfrancesconi/spfk-audio-base @ 0.0.14
resolved source packages: swift-extensions, opus-binary-xcframework, sndfile-binary-xcframework, spfk-base, ogg-binary-xcframework, swift-numerics, swift-data-parsing, vorbis-binary-xcframework, spfk-sox, swift-collections, spfk-testing, swift-async-algorithms, flac-binary-xcframework, spfk-audio-base
2026-09-24 06:33:56.251 xcodebuild[522:2982] [MT] IDERunDestination: Supported platforms for the buildables in the current scheme is empty.
{
  "cxx_language_standard" : "c++20",
  "default_localization" : "en",
  "dependencies" : [
    {
      "identity" : "spfk-audio-base",
      "requirement" : {
        "range" : [
          {
            "lower_bound" : "0.0.6",
            "upper_bound" : "1.0.0"
          }
        ]
      },
      "type" : "sourceControl",
      "url" : "https://github.com/ryanfrancesconi/spfk-audio-base"
    },
    {
      "identity" : "spfk-testing",
      "requirement" : {
        "range" : [
          {
            "lower_bound" : "0.0.9",
            "upper_bound" : "1.0.0"
          }
        ]
      },
      "type" : "sourceControl",
      "url" : "https://github.com/ryanfrancesconi/spfk-testing"
    },
    {
      "identity" : "sndfile-binary-xcframework",
      "requirement" : {
        "range" : [
          {
            "lower_bound" : "0.1.2",
            "upper_bound" : "1.0.0"
          }
        ]
      },
      "type" : "sourceControl",
      "url" : "https://github.com/sbooth/sndfile-binary-xcframework"
    },
    {
      "identity" : "ogg-binary-xcframework",
      "requirement" : {
        "range" : [
          {
            "lower_bound" : "0.1.3",
            "upper_bound" : "1.0.0"
          }
        ]
      },
      "type" : "sourceControl",
      "url" : "https://github.com/sbooth/ogg-binary-xcframework"
    },
    {
      "identity" : "flac-binary-xcframework",
      "requirement" : {
        "range" : [
          {
            "lower_bound" : "0.2.0",
            "upper_bound" : "1.0.0"
          }
        ]
      },
      "type" : "sourceControl",
      "url" : "https://github.com/sbooth/flac-binary-xcframework"
    },
    {
      "identity" : "vorbis-binary-xcframework",
      "requirement" : {
        "range" : [
          {
            "lower_bound" : "0.1.2",
            "upper_bound" : "1.0.0"
          }
        ]
      },
      "type" : "sourceControl",
      "url" : "https://github.com/sbooth/vorbis-binary-xcframework"
    },
    {
      "identity" : "opus-binary-xcframework",
      "requirement" : {
        "range" : [
          {
            "lower_bound" : "0.2.2",
            "upper_bound" : "1.0.0"
          }
        ]
      },
      "type" : "sourceControl",
      "url" : "https://github.com/sbooth/opus-binary-xcframework"
    }
  ],
  "manifest_display_name" : "spfk-sox",
  "name" : "spfk-sox",
  "path" : "/Users/admin/builder/spi-builder-workspace",
  "platforms" : [
    {
      "name" : "macos",
      "version" : "13.0"
    }
  ],
  "products" : [
    {
      "name" : "SPFKSoX",
      "targets" : [
        "SPFKSoX",
        "SPFKSoXC"
      ],
      "type" : {
        "library" : [
          "automatic"
        ]
      }
    }
  ],
  "targets" : [
    {
      "c99name" : "libsox",
      "module_type" : "BinaryTarget",
      "name" : "libsox",
      "path" : "Frameworks/libsox.xcframework",
      "product_memberships" : [
        "SPFKSoX"
      ],
      "sources" : [
      ],
      "type" : "binary"
    },
    {
      "c99name" : "libsamplerate",
      "module_type" : "BinaryTarget",
      "name" : "libsamplerate",
      "path" : "Frameworks/libsamplerate.xcframework",
      "product_memberships" : [
        "SPFKSoX"
      ],
      "sources" : [
      ],
      "type" : "binary"
    },
    {
      "c99name" : "libmpg123",
      "module_type" : "BinaryTarget",
      "name" : "libmpg123",
      "path" : "Frameworks/libmpg123.xcframework",
      "product_memberships" : [
        "SPFKSoX"
      ],
      "sources" : [
      ],
      "type" : "binary"
    },
    {
      "c99name" : "libmp3lame",
      "module_type" : "BinaryTarget",
      "name" : "libmp3lame",
      "path" : "Frameworks/libmp3lame.xcframework",
      "product_memberships" : [
        "SPFKSoX"
      ],
      "sources" : [
      ],
      "type" : "binary"
    },
    {
      "c99name" : "libmad",
      "module_type" : "BinaryTarget",
      "name" : "libmad",
      "path" : "Frameworks/libmad.xcframework",
      "product_memberships" : [
        "SPFKSoX"
      ],
      "sources" : [
      ],
      "type" : "binary"
    },
    {
      "c99name" : "SPFKSoXTests",
      "module_type" : "SwiftTarget",
      "name" : "SPFKSoXTests",
      "path" : "Tests/SPFKSoXTests",
      "product_dependencies" : [
        "SPFKTesting"
      ],
      "sources" : [
        "ChannelTests.swift",
        "ConversionTests.swift",
        "MultiChannelTests.swift",
        "SoXTests.swift",
        "TrimTests.swift"
      ],
      "target_dependencies" : [
        "SPFKSoX",
        "SPFKSoXC"
      ],
      "type" : "test"
    },
    {
      "c99name" : "SPFKSoXC",
      "module_type" : "ClangTarget",
      "name" : "SPFKSoXC",
      "path" : "Sources/SPFKSoXC",
      "product_dependencies" : [
        "sndfile",
        "ogg",
        "FLAC",
        "vorbis",
        "opus"
      ],
      "product_memberships" : [
        "SPFKSoX"
      ],
      "sources" : [
        "SoxWrapper.m",
        "sox.c"
      ],
      "target_dependencies" : [
        "libsamplerate",
        "libsox",
        "libmad",
        "libmp3lame",
        "libmpg123"
      ],
      "type" : "library"
    },
    {
      "c99name" : "SPFKSoX",
      "module_type" : "SwiftTarget",
      "name" : "SPFKSoX",
      "path" : "Sources/SPFKSoX",
      "product_dependencies" : [
        "SPFKAudioBase"
      ],
      "product_memberships" : [
        "SPFKSoX"
      ],
      "sources" : [
        "SoX.swift"
      ],
      "target_dependencies" : [
        "SPFKSoXC"
      ],
      "type" : "library"
    }
  ],
  "tools_version" : "6.2"
}
{
  "workspace" : {
    "name" : "spfk-sox",
    "schemes" : [
      "spfk-sox",
      "swift-data-parsing"
    ]
  }
}
2026-09-24 06:34:29.877 xcodebuild[1198:6240] [MT] IDERunDestination: Supported platforms for the buildables in the current scheme is empty.
{
  "workspace" : {
    "name" : "spfk-sox",
    "schemes" : [
      "spfk-sox",
      "swift-data-parsing"
    ]
  }
}
2026-09-24 06:34:31.353 xcodebuild[1200:6294] [MT] IDERunDestination: Supported platforms for the buildables in the current scheme is empty.
Running build ...
env DEVELOPER_DIR=/Applications/Xcode-27.0.0-Release.Candidate.app xcrun xcodebuild -IDEClonedSourcePackagesDirPathOverride=$PWD/.dependencies -skipMacroValidation -skipPackagePluginValidation -derivedDataPath $PWD/.derivedData build -scheme spfk-sox -destination generic/platform=watchOS
Command line invocation:
    /Applications/Xcode-27.0.0-Release.Candidate.app/Contents/Developer/usr/bin/xcodebuild -IDEClonedSourcePackagesDirPathOverride=/Users/admin/builder/spi-builder-workspace/.dependencies -skipMacroValidation -skipPackagePluginValidation -derivedDataPath /Users/admin/builder/spi-builder-workspace/.derivedData build -scheme spfk-sox -destination generic/platform=watchOS
Resolve Package Graph
Resolve Package Graph
Resolved source packages:
  swift-async-algorithms: https://github.com/apple/swift-async-algorithms @ 1.1.5
  ogg-binary-xcframework: https://github.com/sbooth/ogg-binary-xcframework @ 0.1.3
  vorbis-binary-xcframework: https://github.com/sbooth/vorbis-binary-xcframework @ 0.1.2
  spfk-audio-base: https://github.com/ryanfrancesconi/spfk-audio-base @ 0.0.14
  swift-extensions: https://github.com/orchetect/swift-extensions @ 2.3.2
  sndfile-binary-xcframework: https://github.com/sbooth/sndfile-binary-xcframework @ 0.1.2
  flac-binary-xcframework: https://github.com/sbooth/flac-binary-xcframework @ 0.2.0
  spfk-testing: https://github.com/ryanfrancesconi/spfk-testing @ 0.0.13
  spfk-base: https://github.com/ryanfrancesconi/spfk-base @ 0.0.12
  swift-numerics: https://github.com/apple/swift-numerics @ 1.1.1
  swift-collections: https://github.com/apple/swift-collections @ 1.7.0
  opus-binary-xcframework: https://github.com/sbooth/opus-binary-xcframework @ 0.3.0
  spfk-sox: /Users/admin/builder/spi-builder-workspace
  swift-data-parsing: https://github.com/orchetect/swift-data-parsing @ 0.1.2
ComputePackagePrebuildTargetDependencyGraph
Prepare packages
CreateBuildRequest
SendProjectDescription
CreateBuildOperation
ComputeTargetDependencyGraph
note: Building targets in dependency order
note: Target dependency graph (37 targets)
    Target 'SPFKSoX-product' in project 'spfk-sox'
        ➜ Explicit dependency on target 'SPFKSoX' in project 'spfk-sox'
        ➜ Explicit dependency on target 'SPFKSoXC' in project 'spfk-sox'
        ➜ Explicit dependency on target 'sndfile-product' in project 'sndfile-binary-xcframework'
        ➜ Explicit dependency on target 'ogg-product' in project 'ogg-binary-xcframework'
        ➜ Explicit dependency on target 'FLAC-product' in project 'flac-binary-xcframework'
        ➜ Explicit dependency on target 'vorbis-product' in project 'vorbis-binary-xcframework'
        ➜ Explicit dependency on target 'opus-product' in project 'opus-binary-xcframework'
        ➜ Explicit dependency on target 'SPFKAudioBase-product' in project 'spfk-audio-base'
    Target 'SPFKSoX' in project 'spfk-sox'
        ➜ Explicit dependency on target 'SPFKSoXC' in project 'spfk-sox'
        ➜ Explicit dependency on target 'sndfile-product' in project 'sndfile-binary-xcframework'
        ➜ Explicit dependency on target 'ogg-product' in project 'ogg-binary-xcframework'
        ➜ Explicit dependency on target 'FLAC-product' in project 'flac-binary-xcframework'
        ➜ Explicit dependency on target 'vorbis-product' in project 'vorbis-binary-xcframework'
        ➜ Explicit dependency on target 'opus-product' in project 'opus-binary-xcframework'
        ➜ Explicit dependency on target 'SPFKAudioBase-product' in project 'spfk-audio-base'
    Target 'SPFKAudioBase-product' in project 'spfk-audio-base'
        ➜ Explicit dependency on target 'SPFKAudioBase' in project 'spfk-audio-base'
        ➜ Explicit dependency on target 'spfk-audio-base_SPFKAudioBase' in project 'spfk-audio-base'
        ➜ Explicit dependency on target 'SPFKBase-product' in project 'spfk-base'
    Target 'SPFKAudioBase' in project 'spfk-audio-base'
        ➜ Explicit dependency on target 'spfk-audio-base_SPFKAudioBase' in project 'spfk-audio-base'
        ➜ Explicit dependency on target 'SPFKBase-product' in project 'spfk-base'
    Target 'SPFKBase-product' in project 'spfk-base'
        ➜ Explicit dependency on target 'SPFKBase' in project 'spfk-base'
        ➜ Explicit dependency on target 'SPFKBaseC' in project 'spfk-base'
        ➜ Explicit dependency on target 'SwiftExtensions-product' in project 'swift-extensions'
        ➜ Explicit dependency on target 'Numerics-product' in project 'swift-numerics'
        ➜ Explicit dependency on target 'Collections-product' in project 'swift-collections'
        ➜ Explicit dependency on target 'AsyncAlgorithms-product' in project 'swift-async-algorithms'
    Target 'SPFKBase' in project 'spfk-base'
        ➜ Explicit dependency on target 'SPFKBaseC' in project 'spfk-base'
        ➜ Explicit dependency on target 'SwiftExtensions-product' in project 'swift-extensions'
        ➜ Explicit dependency on target 'Numerics-product' in project 'swift-numerics'
        ➜ Explicit dependency on target 'Collections-product' in project 'swift-collections'
        ➜ Explicit dependency on target 'AsyncAlgorithms-product' in project 'swift-async-algorithms'
    Target 'AsyncAlgorithms-product' in project 'swift-async-algorithms'
        ➜ Explicit dependency on target 'AsyncAlgorithms' in project 'swift-async-algorithms'
        ➜ Explicit dependency on target 'OrderedCollections-product' in project 'swift-collections'
        ➜ Explicit dependency on target 'DequeModule-product' in project 'swift-collections'
    Target 'AsyncAlgorithms' in project 'swift-async-algorithms'
        ➜ Explicit dependency on target 'OrderedCollections-product' in project 'swift-collections'
        ➜ Explicit dependency on target 'DequeModule-product' in project 'swift-collections'
    Target 'DequeModule-product' in project 'swift-collections'
        ➜ Explicit dependency on target 'DequeModule' in project 'swift-collections'
        ➜ Explicit dependency on target 'InternalCollectionsUtilities' in project 'swift-collections'
        ➜ Explicit dependency on target 'SpanPreview' in project 'swift-collections'
    Target 'OrderedCollections-product' in project 'swift-collections'
        ➜ Explicit dependency on target 'OrderedCollections' in project 'swift-collections'
        ➜ Explicit dependency on target 'InternalCollectionsUtilities' in project 'swift-collections'
    Target 'Collections-product' in project 'swift-collections'
        ➜ Explicit dependency on target 'Collections' in project 'swift-collections'
        ➜ Explicit dependency on target 'InternalCollectionsUtilities' in project 'swift-collections'
        ➜ Explicit dependency on target 'BitCollections' in project 'swift-collections'
        ➜ Explicit dependency on target 'SpanPreview' in project 'swift-collections'
        ➜ Explicit dependency on target 'DequeModule' in project 'swift-collections'
        ➜ Explicit dependency on target 'HashTreeCollections' in project 'swift-collections'
        ➜ Explicit dependency on target 'HeapModule' in project 'swift-collections'
        ➜ Explicit dependency on target 'OrderedCollections' in project 'swift-collections'
        ➜ Explicit dependency on target '_RopeModule' in project 'swift-collections'
    Target 'Collections' in project 'swift-collections'
        ➜ Explicit dependency on target 'InternalCollectionsUtilities' in project 'swift-collections'
        ➜ Explicit dependency on target 'BitCollections' in project 'swift-collections'
        ➜ Explicit dependency on target 'SpanPreview' in project 'swift-collections'
        ➜ Explicit dependency on target 'DequeModule' in project 'swift-collections'
        ➜ Explicit dependency on target 'HashTreeCollections' in project 'swift-collections'
        ➜ Explicit dependency on target 'HeapModule' in project 'swift-collections'
        ➜ Explicit dependency on target 'OrderedCollections' in project 'swift-collections'
        ➜ Explicit dependency on target '_RopeModule' in project 'swift-collections'
    Target '_RopeModule' in project 'swift-collections'
        ➜ Explicit dependency on target 'InternalCollectionsUtilities' in project 'swift-collections'
    Target 'OrderedCollections' in project 'swift-collections'
        ➜ Explicit dependency on target 'InternalCollectionsUtilities' in project 'swift-collections'
    Target 'HeapModule' in project 'swift-collections'
        ➜ Explicit dependency on target 'InternalCollectionsUtilities' in project 'swift-collections'
    Target 'HashTreeCollections' in project 'swift-collections'
        ➜ Explicit dependency on target 'InternalCollectionsUtilities' in project 'swift-collections'
    Target 'DequeModule' in project 'swift-collections'
        ➜ Explicit dependency on target 'InternalCollectionsUtilities' in project 'swift-collections'
        ➜ Explicit dependency on target 'SpanPreview' in project 'swift-collections'
    Target 'SpanPreview' in project 'swift-collections'
        ➜ Explicit dependency on target 'InternalCollectionsUtilities' in project 'swift-collections'
    Target 'BitCollections' in project 'swift-collections'
        ➜ Explicit dependency on target 'InternalCollectionsUtilities' in project 'swift-collections'
    Target 'InternalCollectionsUtilities' in project 'swift-collections' (no dependencies)
    Target 'Numerics-product' in project 'swift-numerics'
        ➜ Explicit dependency on target 'Numerics' in project 'swift-numerics'
        ➜ Explicit dependency on target '_NumericsShims' in project 'swift-numerics'
        ➜ Explicit dependency on target 'RealModule' in project 'swift-numerics'
        ➜ Explicit dependency on target 'ComplexModule' in project 'swift-numerics'
    Target 'Numerics' in project 'swift-numerics'
        ➜ Explicit dependency on target '_NumericsShims' in project 'swift-numerics'
        ➜ Explicit dependency on target 'RealModule' in project 'swift-numerics'
        ➜ Explicit dependency on target 'ComplexModule' in project 'swift-numerics'
    Target 'ComplexModule' in project 'swift-numerics'
        ➜ Explicit dependency on target '_NumericsShims' in project 'swift-numerics'
        ➜ Explicit dependency on target 'RealModule' in project 'swift-numerics'
    Target 'RealModule' in project 'swift-numerics'
        ➜ Explicit dependency on target '_NumericsShims' in project 'swift-numerics'
    Target '_NumericsShims' in project 'swift-numerics' (no dependencies)
    Target 'SwiftExtensions-product' in project 'swift-extensions'
        ➜ Explicit dependency on target 'SwiftExtensions' in project 'swift-extensions'
        ➜ Explicit dependency on target 'SwiftDataParsing-product' in project 'swift-data-parsing'
    Target 'SwiftExtensions' in project 'swift-extensions'
        ➜ Explicit dependency on target 'SwiftDataParsing-product' in project 'swift-data-parsing'
    Target 'SwiftDataParsing-product' in project 'swift-data-parsing'
        ➜ Explicit dependency on target 'SwiftDataParsing' in project 'swift-data-parsing'
    Target 'SwiftDataParsing' in project 'swift-data-parsing' (no dependencies)
    Target 'SPFKBaseC' in project 'spfk-base' (no dependencies)
    Target 'spfk-audio-base_SPFKAudioBase' in project 'spfk-audio-base' (no dependencies)
    Target 'SPFKSoXC' in project 'spfk-sox'
        ➜ Explicit dependency on target 'sndfile-product' in project 'sndfile-binary-xcframework'
        ➜ Explicit dependency on target 'ogg-product' in project 'ogg-binary-xcframework'
        ➜ Explicit dependency on target 'FLAC-product' in project 'flac-binary-xcframework'
        ➜ Explicit dependency on target 'vorbis-product' in project 'vorbis-binary-xcframework'
        ➜ Explicit dependency on target 'opus-product' in project 'opus-binary-xcframework'
    Target 'opus-product' in project 'opus-binary-xcframework' (no dependencies)
    Target 'vorbis-product' in project 'vorbis-binary-xcframework' (no dependencies)
    Target 'FLAC-product' in project 'flac-binary-xcframework' (no dependencies)
    Target 'ogg-product' in project 'ogg-binary-xcframework' (no dependencies)
    Target 'sndfile-product' in project 'sndfile-binary-xcframework' (no dependencies)
GatherProvisioningInputs
CreateBuildDescription
ExecuteExternalTool /Applications/Xcode-27.0.0-Release.Candidate.app/Contents/Developer/Toolchains/XcodeDefault.xctoolchain/usr/bin/clang -v -E -dM -arch arm64 -isysroot /Applications/Xcode-27.0.0-Release.Candidate.app/Contents/Developer/Platforms/WatchOS.platform/Developer/SDKs/WatchOS27.0.sdk -x objective-c -c /dev/null
ExecuteExternalTool /Applications/Xcode-27.0.0-Release.Candidate.app/Contents/Developer/usr/bin/xcstringstool compile --dry-run --output-directory /Users/admin/builder/spi-builder-workspace/.derivedData/Build/Intermediates.noindex/spfk-audio-base.build/Debug-watchos/spfk-audio-base_SPFKAudioBase-b.build /Users/admin/builder/spi-builder-workspace/.dependencies/checkouts/spfk-audio-base/Sources/SPFKAudioBase/Resources/Localizable.xcstrings
ExecuteExternalTool /Applications/Xcode-27.0.0-Release.Candidate.app/Contents/Developer/Toolchains/XcodeDefault.xctoolchain/usr/bin/swiftc --version
ExecuteExternalTool /Applications/Xcode-27.0.0-Release.Candidate.app/Contents/Developer/Toolchains/XcodeDefault.xctoolchain/usr/bin/clang -v -E -dM -arch arm64 -isysroot /Applications/Xcode-27.0.0-Release.Candidate.app/Contents/Developer/Platforms/WatchOS.platform/Developer/SDKs/WatchOS27.0.sdk -x c -c /dev/null
ExecuteExternalTool /Applications/Xcode-27.0.0-Release.Candidate.app/Contents/Developer/Toolchains/XcodeDefault.xctoolchain/usr/bin/clang -v -E -dM -isysroot /Applications/Xcode-27.0.0-Release.Candidate.app/Contents/Developer/Platforms/WatchOS.platform/Developer/SDKs/WatchOS27.0.sdk -x c -c /dev/null
ExecuteExternalTool /Applications/Xcode-27.0.0-Release.Candidate.app/Contents/Developer/Toolchains/XcodeDefault.xctoolchain/usr/bin/ld -version_details
ExecuteExternalTool /Applications/Xcode-27.0.0-Release.Candidate.app/Contents/Developer/Toolchains/XcodeDefault.xctoolchain/usr/bin/clang -v -E -dM -arch arm64_32 -isysroot /Applications/Xcode-27.0.0-Release.Candidate.app/Contents/Developer/Platforms/WatchOS.platform/Developer/SDKs/WatchOS27.0.sdk -x objective-c -c /dev/null
ExecuteExternalTool /Applications/Xcode-27.0.0-Release.Candidate.app/Contents/Developer/Toolchains/XcodeDefault.xctoolchain/usr/bin/clang -v -E -dM -arch arm64_32 -isysroot /Applications/Xcode-27.0.0-Release.Candidate.app/Contents/Developer/Platforms/WatchOS.platform/Developer/SDKs/WatchOS27.0.sdk -x c -c /dev/null
ReadFileContents /Applications/Xcode-27.0.0-Release.Candidate.app/Contents/Developer/Toolchains/XcodeDefault.xctoolchain/usr/share/docc/features.json
Build description signature: a9358e06320a08293ffde0b6425319cf
Build description path: /Users/admin/builder/spi-builder-workspace/.derivedData/Build/Intermediates.noindex/XCBuildData/a9358e06320a08293ffde0b6425319cf.xcbuilddata
/Users/admin/builder/spi-builder-workspace/Frameworks/libsamplerate.xcframework:1:1: error: While building for watchOS, no library for this platform was found in '/Users/admin/builder/spi-builder-workspace/Frameworks/libsamplerate.xcframework'. (in target 'SPFKSoXC' from project 'spfk-sox')
/Users/admin/builder/spi-builder-workspace/Frameworks/libsox.xcframework:1:1: error: While building for watchOS, no library for this platform was found in '/Users/admin/builder/spi-builder-workspace/Frameworks/libsox.xcframework'. (in target 'SPFKSoXC' from project 'spfk-sox')
/Users/admin/builder/spi-builder-workspace/Frameworks/libmad.xcframework:1:1: error: While building for watchOS, no library for this platform was found in '/Users/admin/builder/spi-builder-workspace/Frameworks/libmad.xcframework'. (in target 'SPFKSoXC' from project 'spfk-sox')
/Users/admin/builder/spi-builder-workspace/Frameworks/libmp3lame.xcframework:1:1: error: While building for watchOS, no library for this platform was found in '/Users/admin/builder/spi-builder-workspace/Frameworks/libmp3lame.xcframework'. (in target 'SPFKSoXC' from project 'spfk-sox')
/Users/admin/builder/spi-builder-workspace/Frameworks/libmpg123.xcframework:1:1: error: While building for watchOS, no library for this platform was found in '/Users/admin/builder/spi-builder-workspace/Frameworks/libmpg123.xcframework'. (in target 'SPFKSoXC' from project 'spfk-sox')
/Users/admin/builder/spi-builder-workspace/.dependencies/artifacts/sndfile-binary-xcframework/sndfile/sndfile.xcframework:1:1: error: While building for watchOS, no library for this platform was found in '/Users/admin/builder/spi-builder-workspace/.dependencies/artifacts/sndfile-binary-xcframework/sndfile/sndfile.xcframework'. (in target 'SPFKSoXC' from project 'spfk-sox')
/Users/admin/builder/spi-builder-workspace/.dependencies/artifacts/ogg-binary-xcframework/ogg/ogg.xcframework:1:1: error: While building for watchOS, no library for this platform was found in '/Users/admin/builder/spi-builder-workspace/.dependencies/artifacts/ogg-binary-xcframework/ogg/ogg.xcframework'. (in target 'SPFKSoXC' from project 'spfk-sox')
/Users/admin/builder/spi-builder-workspace/.dependencies/artifacts/flac-binary-xcframework/FLAC/FLAC.xcframework:1:1: error: While building for watchOS, no library for this platform was found in '/Users/admin/builder/spi-builder-workspace/.dependencies/artifacts/flac-binary-xcframework/FLAC/FLAC.xcframework'. (in target 'SPFKSoXC' from project 'spfk-sox')
/Users/admin/builder/spi-builder-workspace/.dependencies/artifacts/vorbis-binary-xcframework/vorbis/vorbis.xcframework:1:1: error: While building for watchOS, no library for this platform was found in '/Users/admin/builder/spi-builder-workspace/.dependencies/artifacts/vorbis-binary-xcframework/vorbis/vorbis.xcframework'. (in target 'SPFKSoXC' from project 'spfk-sox')
/Users/admin/builder/spi-builder-workspace/.dependencies/artifacts/opus-binary-xcframework/opus/opus.xcframework:1:1: error: While building for watchOS, no library for this platform was found in '/Users/admin/builder/spi-builder-workspace/.dependencies/artifacts/opus-binary-xcframework/opus/opus.xcframework'. (in target 'SPFKSoXC' from project 'spfk-sox')
/Users/admin/builder/spi-builder-workspace/.dependencies/artifacts/sndfile-binary-xcframework/sndfile/sndfile.xcframework:1:1: error: While building for watchOS, no library for this platform was found in '/Users/admin/builder/spi-builder-workspace/.dependencies/artifacts/sndfile-binary-xcframework/sndfile/sndfile.xcframework'. (in target 'sndfile-product' from project 'sndfile-binary-xcframework')
/Users/admin/builder/spi-builder-workspace/.dependencies/artifacts/flac-binary-xcframework/FLAC/FLAC.xcframework:1:1: error: While building for watchOS, no library for this platform was found in '/Users/admin/builder/spi-builder-workspace/.dependencies/artifacts/flac-binary-xcframework/FLAC/FLAC.xcframework'. (in target 'FLAC-product' from project 'flac-binary-xcframework')
/Users/admin/builder/spi-builder-workspace/Frameworks/libsamplerate.xcframework:1:1: error: While building for watchOS, no library for this platform was found in '/Users/admin/builder/spi-builder-workspace/Frameworks/libsamplerate.xcframework'. (in target 'SPFKSoX' from project 'spfk-sox')
/Users/admin/builder/spi-builder-workspace/Frameworks/libsox.xcframework:1:1: error: While building for watchOS, no library for this platform was found in '/Users/admin/builder/spi-builder-workspace/Frameworks/libsox.xcframework'. (in target 'SPFKSoX' from project 'spfk-sox')
/Users/admin/builder/spi-builder-workspace/Frameworks/libmad.xcframework:1:1: error: While building for watchOS, no library for this platform was found in '/Users/admin/builder/spi-builder-workspace/Frameworks/libmad.xcframework'. (in target 'SPFKSoX' from project 'spfk-sox')
/Users/admin/builder/spi-builder-workspace/Frameworks/libmp3lame.xcframework:1:1: error: While building for watchOS, no library for this platform was found in '/Users/admin/builder/spi-builder-workspace/Frameworks/libmp3lame.xcframework'. (in target 'SPFKSoX' from project 'spfk-sox')
/Users/admin/builder/spi-builder-workspace/Frameworks/libmpg123.xcframework:1:1: error: While building for watchOS, no library for this platform was found in '/Users/admin/builder/spi-builder-workspace/Frameworks/libmpg123.xcframework'. (in target 'SPFKSoX' from project 'spfk-sox')
/Users/admin/builder/spi-builder-workspace/.dependencies/artifacts/sndfile-binary-xcframework/sndfile/sndfile.xcframework:1:1: error: While building for watchOS, no library for this platform was found in '/Users/admin/builder/spi-builder-workspace/.dependencies/artifacts/sndfile-binary-xcframework/sndfile/sndfile.xcframework'. (in target 'SPFKSoX' from project 'spfk-sox')
/Users/admin/builder/spi-builder-workspace/.dependencies/artifacts/ogg-binary-xcframework/ogg/ogg.xcframework:1:1: error: While building for watchOS, no library for this platform was found in '/Users/admin/builder/spi-builder-workspace/.dependencies/artifacts/ogg-binary-xcframework/ogg/ogg.xcframework'. (in target 'SPFKSoX' from project 'spfk-sox')
/Users/admin/builder/spi-builder-workspace/.dependencies/artifacts/flac-binary-xcframework/FLAC/FLAC.xcframework:1:1: error: While building for watchOS, no library for this platform was found in '/Users/admin/builder/spi-builder-workspace/.dependencies/artifacts/flac-binary-xcframework/FLAC/FLAC.xcframework'. (in target 'SPFKSoX' from project 'spfk-sox')
/Users/admin/builder/spi-builder-workspace/.dependencies/artifacts/vorbis-binary-xcframework/vorbis/vorbis.xcframework:1:1: error: While building for watchOS, no library for this platform was found in '/Users/admin/builder/spi-builder-workspace/.dependencies/artifacts/vorbis-binary-xcframework/vorbis/vorbis.xcframework'. (in target 'SPFKSoX' from project 'spfk-sox')
/Users/admin/builder/spi-builder-workspace/.dependencies/artifacts/opus-binary-xcframework/opus/opus.xcframework:1:1: error: While building for watchOS, no library for this platform was found in '/Users/admin/builder/spi-builder-workspace/.dependencies/artifacts/opus-binary-xcframework/opus/opus.xcframework'. (in target 'SPFKSoX' from project 'spfk-sox')
/Users/admin/builder/spi-builder-workspace/Frameworks/libsamplerate.xcframework:1:1: error: While building for watchOS, no library for this platform was found in '/Users/admin/builder/spi-builder-workspace/Frameworks/libsamplerate.xcframework'. (in target 'SPFKSoX-product' from project 'spfk-sox')
/Users/admin/builder/spi-builder-workspace/Frameworks/libsox.xcframework:1:1: error: While building for watchOS, no library for this platform was found in '/Users/admin/builder/spi-builder-workspace/Frameworks/libsox.xcframework'. (in target 'SPFKSoX-product' from project 'spfk-sox')
/Users/admin/builder/spi-builder-workspace/Frameworks/libmad.xcframework:1:1: error: While building for watchOS, no library for this platform was found in '/Users/admin/builder/spi-builder-workspace/Frameworks/libmad.xcframework'. (in target 'SPFKSoX-product' from project 'spfk-sox')
/Users/admin/builder/spi-builder-workspace/Frameworks/libmp3lame.xcframework:1:1: error: While building for watchOS, no library for this platform was found in '/Users/admin/builder/spi-builder-workspace/Frameworks/libmp3lame.xcframework'. (in target 'SPFKSoX-product' from project 'spfk-sox')
/Users/admin/builder/spi-builder-workspace/Frameworks/libmpg123.xcframework:1:1: error: While building for watchOS, no library for this platform was found in '/Users/admin/builder/spi-builder-workspace/Frameworks/libmpg123.xcframework'. (in target 'SPFKSoX-product' from project 'spfk-sox')
/Users/admin/builder/spi-builder-workspace/.dependencies/artifacts/sndfile-binary-xcframework/sndfile/sndfile.xcframework:1:1: error: While building for watchOS, no library for this platform was found in '/Users/admin/builder/spi-builder-workspace/.dependencies/artifacts/sndfile-binary-xcframework/sndfile/sndfile.xcframework'. (in target 'SPFKSoX-product' from project 'spfk-sox')
/Users/admin/builder/spi-builder-workspace/.dependencies/artifacts/ogg-binary-xcframework/ogg/ogg.xcframework:1:1: error: While building for watchOS, no library for this platform was found in '/Users/admin/builder/spi-builder-workspace/.dependencies/artifacts/ogg-binary-xcframework/ogg/ogg.xcframework'. (in target 'SPFKSoX-product' from project 'spfk-sox')
/Users/admin/builder/spi-builder-workspace/.dependencies/artifacts/flac-binary-xcframework/FLAC/FLAC.xcframework:1:1: error: While building for watchOS, no library for this platform was found in '/Users/admin/builder/spi-builder-workspace/.dependencies/artifacts/flac-binary-xcframework/FLAC/FLAC.xcframework'. (in target 'SPFKSoX-product' from project 'spfk-sox')
/Users/admin/builder/spi-builder-workspace/.dependencies/artifacts/vorbis-binary-xcframework/vorbis/vorbis.xcframework:1:1: error: While building for watchOS, no library for this platform was found in '/Users/admin/builder/spi-builder-workspace/.dependencies/artifacts/vorbis-binary-xcframework/vorbis/vorbis.xcframework'. (in target 'SPFKSoX-product' from project 'spfk-sox')
/Users/admin/builder/spi-builder-workspace/.dependencies/artifacts/opus-binary-xcframework/opus/opus.xcframework:1:1: error: While building for watchOS, no library for this platform was found in '/Users/admin/builder/spi-builder-workspace/.dependencies/artifacts/opus-binary-xcframework/opus/opus.xcframework'. (in target 'SPFKSoX-product' from project 'spfk-sox')
/Users/admin/builder/spi-builder-workspace/.dependencies/artifacts/sndfile-binary-xcframework/sndfile/sndfile.xcframework:1:1: error: While building for watchOS, no library for this platform was found in '/Users/admin/builder/spi-builder-workspace/.dependencies/artifacts/sndfile-binary-xcframework/sndfile/sndfile.xcframework'. (in target 'SPFKSoX-product' from project 'spfk-sox')
/Users/admin/builder/spi-builder-workspace/.dependencies/artifacts/ogg-binary-xcframework/ogg/ogg.xcframework:1:1: error: While building for watchOS, no library for this platform was found in '/Users/admin/builder/spi-builder-workspace/.dependencies/artifacts/ogg-binary-xcframework/ogg/ogg.xcframework'. (in target 'SPFKSoX-product' from project 'spfk-sox')
/Users/admin/builder/spi-builder-workspace/.dependencies/artifacts/flac-binary-xcframework/FLAC/FLAC.xcframework:1:1: error: While building for watchOS, no library for this platform was found in '/Users/admin/builder/spi-builder-workspace/.dependencies/artifacts/flac-binary-xcframework/FLAC/FLAC.xcframework'. (in target 'SPFKSoX-product' from project 'spfk-sox')
/Users/admin/builder/spi-builder-workspace/.dependencies/artifacts/vorbis-binary-xcframework/vorbis/vorbis.xcframework:1:1: error: While building for watchOS, no library for this platform was found in '/Users/admin/builder/spi-builder-workspace/.dependencies/artifacts/vorbis-binary-xcframework/vorbis/vorbis.xcframework'. (in target 'SPFKSoX-product' from project 'spfk-sox')
/Users/admin/builder/spi-builder-workspace/.dependencies/artifacts/opus-binary-xcframework/opus/opus.xcframework:1:1: error: While building for watchOS, no library for this platform was found in '/Users/admin/builder/spi-builder-workspace/.dependencies/artifacts/opus-binary-xcframework/opus/opus.xcframework'. (in target 'SPFKSoX-product' from project 'spfk-sox')
/Users/admin/builder/spi-builder-workspace/.dependencies/artifacts/opus-binary-xcframework/opus/opus.xcframework:1:1: error: While building for watchOS, no library for this platform was found in '/Users/admin/builder/spi-builder-workspace/.dependencies/artifacts/opus-binary-xcframework/opus/opus.xcframework'. (in target 'opus-product' from project 'opus-binary-xcframework')
/Users/admin/builder/spi-builder-workspace/.dependencies/artifacts/ogg-binary-xcframework/ogg/ogg.xcframework:1:1: error: While building for watchOS, no library for this platform was found in '/Users/admin/builder/spi-builder-workspace/.dependencies/artifacts/ogg-binary-xcframework/ogg/ogg.xcframework'. (in target 'ogg-product' from project 'ogg-binary-xcframework')
/Users/admin/builder/spi-builder-workspace/.dependencies/artifacts/vorbis-binary-xcframework/vorbis/vorbis.xcframework:1:1: error: While building for watchOS, no library for this platform was found in '/Users/admin/builder/spi-builder-workspace/.dependencies/artifacts/vorbis-binary-xcframework/vorbis/vorbis.xcframework'. (in target 'vorbis-product' from project 'vorbis-binary-xcframework')
2026-09-24 06:34:38.416 xcodebuild[1201:6323] [MT] IDERunDestination: Supported platforms for the buildables in the current scheme is empty.
** BUILD FAILED **
The following build commands failed:
	Building workspace spfk-sox with scheme spfk-sox
(1 failure)
Command line invocation:
    /Applications/Xcode-27.0.0-Release.Candidate.app/Contents/Developer/usr/bin/xcodebuild -IDEClonedSourcePackagesDirPathOverride=/Users/admin/builder/spi-builder-workspace/.dependencies -resolvePackageDependencies
Resolve Package Graph
Resolved source packages:
  ogg-binary-xcframework: https://github.com/sbooth/ogg-binary-xcframework @ 0.1.3
  swift-numerics: https://github.com/apple/swift-numerics @ 1.1.1
  flac-binary-xcframework: https://github.com/sbooth/flac-binary-xcframework @ 0.2.0
  sndfile-binary-xcframework: https://github.com/sbooth/sndfile-binary-xcframework @ 0.1.2
  vorbis-binary-xcframework: https://github.com/sbooth/vorbis-binary-xcframework @ 0.1.2
  spfk-base: https://github.com/ryanfrancesconi/spfk-base @ 0.0.12
  spfk-testing: https://github.com/ryanfrancesconi/spfk-testing @ 0.0.13
  swift-async-algorithms: https://github.com/apple/swift-async-algorithms @ 1.1.5
  opus-binary-xcframework: https://github.com/sbooth/opus-binary-xcframework @ 0.3.0
  spfk-sox: /Users/admin/builder/spi-builder-workspace
  swift-extensions: https://github.com/orchetect/swift-extensions @ 2.3.2
  swift-collections: https://github.com/apple/swift-collections @ 1.7.0
  swift-data-parsing: https://github.com/orchetect/swift-data-parsing @ 0.1.2
  spfk-audio-base: https://github.com/ryanfrancesconi/spfk-audio-base @ 0.0.14
resolved source packages: ogg-binary-xcframework, swift-numerics, flac-binary-xcframework, sndfile-binary-xcframework, vorbis-binary-xcframework, spfk-base, spfk-testing, swift-async-algorithms, opus-binary-xcframework, spfk-sox, swift-extensions, swift-collections, swift-data-parsing, spfk-audio-base
2026-09-24 06:34:42.295 xcodebuild[1328:6986] [MT] IDERunDestination: Supported platforms for the buildables in the current scheme is empty.
{
  "cxx_language_standard" : "c++20",
  "default_localization" : "en",
  "dependencies" : [
    {
      "identity" : "spfk-audio-base",
      "requirement" : {
        "range" : [
          {
            "lower_bound" : "0.0.6",
            "upper_bound" : "1.0.0"
          }
        ]
      },
      "type" : "sourceControl",
      "url" : "https://github.com/ryanfrancesconi/spfk-audio-base"
    },
    {
      "identity" : "spfk-testing",
      "requirement" : {
        "range" : [
          {
            "lower_bound" : "0.0.9",
            "upper_bound" : "1.0.0"
          }
        ]
      },
      "type" : "sourceControl",
      "url" : "https://github.com/ryanfrancesconi/spfk-testing"
    },
    {
      "identity" : "sndfile-binary-xcframework",
      "requirement" : {
        "range" : [
          {
            "lower_bound" : "0.1.2",
            "upper_bound" : "1.0.0"
          }
        ]
      },
      "type" : "sourceControl",
      "url" : "https://github.com/sbooth/sndfile-binary-xcframework"
    },
    {
      "identity" : "ogg-binary-xcframework",
      "requirement" : {
        "range" : [
          {
            "lower_bound" : "0.1.3",
            "upper_bound" : "1.0.0"
          }
        ]
      },
      "type" : "sourceControl",
      "url" : "https://github.com/sbooth/ogg-binary-xcframework"
    },
    {
      "identity" : "flac-binary-xcframework",
      "requirement" : {
        "range" : [
          {
            "lower_bound" : "0.2.0",
            "upper_bound" : "1.0.0"
          }
        ]
      },
      "type" : "sourceControl",
      "url" : "https://github.com/sbooth/flac-binary-xcframework"
    },
    {
      "identity" : "vorbis-binary-xcframework",
      "requirement" : {
        "range" : [
          {
            "lower_bound" : "0.1.2",
            "upper_bound" : "1.0.0"
          }
        ]
      },
      "type" : "sourceControl",
      "url" : "https://github.com/sbooth/vorbis-binary-xcframework"
    },
    {
      "identity" : "opus-binary-xcframework",
      "requirement" : {
        "range" : [
          {
            "lower_bound" : "0.2.2",
            "upper_bound" : "1.0.0"
          }
        ]
      },
      "type" : "sourceControl",
      "url" : "https://github.com/sbooth/opus-binary-xcframework"
    }
  ],
  "manifest_display_name" : "spfk-sox",
  "name" : "spfk-sox",
  "path" : "/Users/admin/builder/spi-builder-workspace",
  "platforms" : [
    {
      "name" : "macos",
      "version" : "13.0"
    }
  ],
  "products" : [
    {
      "name" : "SPFKSoX",
      "targets" : [
        "SPFKSoX",
        "SPFKSoXC"
      ],
      "type" : {
        "library" : [
          "automatic"
        ]
      }
    }
  ],
  "targets" : [
    {
      "c99name" : "libsox",
      "module_type" : "BinaryTarget",
      "name" : "libsox",
      "path" : "Frameworks/libsox.xcframework",
      "product_memberships" : [
        "SPFKSoX"
      ],
      "sources" : [
      ],
      "type" : "binary"
    },
    {
      "c99name" : "libsamplerate",
      "module_type" : "BinaryTarget",
      "name" : "libsamplerate",
      "path" : "Frameworks/libsamplerate.xcframework",
      "product_memberships" : [
        "SPFKSoX"
      ],
      "sources" : [
      ],
      "type" : "binary"
    },
    {
      "c99name" : "libmpg123",
      "module_type" : "BinaryTarget",
      "name" : "libmpg123",
      "path" : "Frameworks/libmpg123.xcframework",
      "product_memberships" : [
        "SPFKSoX"
      ],
      "sources" : [
      ],
      "type" : "binary"
    },
    {
      "c99name" : "libmp3lame",
      "module_type" : "BinaryTarget",
      "name" : "libmp3lame",
      "path" : "Frameworks/libmp3lame.xcframework",
      "product_memberships" : [
        "SPFKSoX"
      ],
      "sources" : [
      ],
      "type" : "binary"
    },
    {
      "c99name" : "libmad",
      "module_type" : "BinaryTarget",
      "name" : "libmad",
      "path" : "Frameworks/libmad.xcframework",
      "product_memberships" : [
        "SPFKSoX"
      ],
      "sources" : [
      ],
      "type" : "binary"
    },
    {
      "c99name" : "SPFKSoXTests",
      "module_type" : "SwiftTarget",
      "name" : "SPFKSoXTests",
      "path" : "Tests/SPFKSoXTests",
      "product_dependencies" : [
        "SPFKTesting"
      ],
      "sources" : [
        "ChannelTests.swift",
        "ConversionTests.swift",
        "MultiChannelTests.swift",
        "SoXTests.swift",
        "TrimTests.swift"
      ],
      "target_dependencies" : [
        "SPFKSoX",
        "SPFKSoXC"
      ],
      "type" : "test"
    },
    {
      "c99name" : "SPFKSoXC",
      "module_type" : "ClangTarget",
      "name" : "SPFKSoXC",
      "path" : "Sources/SPFKSoXC",
      "product_dependencies" : [
        "sndfile",
        "ogg",
        "FLAC",
        "vorbis",
        "opus"
      ],
      "product_memberships" : [
        "SPFKSoX"
      ],
      "sources" : [
        "SoxWrapper.m",
        "sox.c"
      ],
      "target_dependencies" : [
        "libsamplerate",
        "libsox",
        "libmad",
        "libmp3lame",
        "libmpg123"
      ],
      "type" : "library"
    },
    {
      "c99name" : "SPFKSoX",
      "module_type" : "SwiftTarget",
      "name" : "SPFKSoX",
      "path" : "Sources/SPFKSoX",
      "product_dependencies" : [
        "SPFKAudioBase"
      ],
      "product_memberships" : [
        "SPFKSoX"
      ],
      "sources" : [
        "SoX.swift"
      ],
      "target_dependencies" : [
        "SPFKSoXC"
      ],
      "type" : "library"
    }
  ],
  "tools_version" : "6.2"
}
{
  "workspace" : {
    "name" : "spfk-sox",
    "schemes" : [
      "spfk-sox",
      "swift-data-parsing"
    ]
  }
}
2026-09-24 06:34:43.958 xcodebuild[1336:7051] [MT] IDERunDestination: Supported platforms for the buildables in the current scheme is empty.
{
  "workspace" : {
    "name" : "spfk-sox",
    "schemes" : [
      "spfk-sox",
      "swift-data-parsing"
    ]
  }
}
2026-09-24 06:34:45.456 xcodebuild[1338:7082] [MT] IDERunDestination: Supported platforms for the buildables in the current scheme is empty.
Running build ...
env DEVELOPER_DIR=/Applications/Xcode-27.0.0-Release.Candidate.app xcrun xcodebuild -IDEClonedSourcePackagesDirPathOverride=$PWD/.dependencies -skipMacroValidation -skipPackagePluginValidation -derivedDataPath $PWD/.derivedData build -scheme spfk-sox -destination generic/platform=watchOS
Command line invocation:
    /Applications/Xcode-27.0.0-Release.Candidate.app/Contents/Developer/usr/bin/xcodebuild -IDEClonedSourcePackagesDirPathOverride=/Users/admin/builder/spi-builder-workspace/.dependencies -skipMacroValidation -skipPackagePluginValidation -derivedDataPath /Users/admin/builder/spi-builder-workspace/.derivedData build -scheme spfk-sox -destination generic/platform=watchOS
Resolve Package Graph
Resolved source packages:
  vorbis-binary-xcframework: https://github.com/sbooth/vorbis-binary-xcframework @ 0.1.2
  swift-extensions: https://github.com/orchetect/swift-extensions @ 2.3.2
  sndfile-binary-xcframework: https://github.com/sbooth/sndfile-binary-xcframework @ 0.1.2
  spfk-testing: https://github.com/ryanfrancesconi/spfk-testing @ 0.0.13
  swift-async-algorithms: https://github.com/apple/swift-async-algorithms @ 1.1.5
  spfk-sox: /Users/admin/builder/spi-builder-workspace
  opus-binary-xcframework: https://github.com/sbooth/opus-binary-xcframework @ 0.3.0
  flac-binary-xcframework: https://github.com/sbooth/flac-binary-xcframework @ 0.2.0
  swift-numerics: https://github.com/apple/swift-numerics @ 1.1.1
  ogg-binary-xcframework: https://github.com/sbooth/ogg-binary-xcframework @ 0.1.3
  swift-data-parsing: https://github.com/orchetect/swift-data-parsing @ 0.1.2
  spfk-base: https://github.com/ryanfrancesconi/spfk-base @ 0.0.12
  spfk-audio-base: https://github.com/ryanfrancesconi/spfk-audio-base @ 0.0.14
  swift-collections: https://github.com/apple/swift-collections @ 1.7.0
ComputePackagePrebuildTargetDependencyGraph
Prepare packages
CreateBuildRequest
SendProjectDescription
CreateBuildOperation
ComputeTargetDependencyGraph
note: Building targets in dependency order
note: Target dependency graph (37 targets)
    Target 'SPFKSoX-product' in project 'spfk-sox'
        ➜ Explicit dependency on target 'SPFKSoX' in project 'spfk-sox'
        ➜ Explicit dependency on target 'SPFKSoXC' in project 'spfk-sox'
        ➜ Explicit dependency on target 'sndfile-product' in project 'sndfile-binary-xcframework'
        ➜ Explicit dependency on target 'ogg-product' in project 'ogg-binary-xcframework'
        ➜ Explicit dependency on target 'FLAC-product' in project 'flac-binary-xcframework'
        ➜ Explicit dependency on target 'vorbis-product' in project 'vorbis-binary-xcframework'
        ➜ Explicit dependency on target 'opus-product' in project 'opus-binary-xcframework'
        ➜ Explicit dependency on target 'SPFKAudioBase-product' in project 'spfk-audio-base'
    Target 'SPFKSoX' in project 'spfk-sox'
        ➜ Explicit dependency on target 'SPFKSoXC' in project 'spfk-sox'
        ➜ Explicit dependency on target 'sndfile-product' in project 'sndfile-binary-xcframework'
        ➜ Explicit dependency on target 'ogg-product' in project 'ogg-binary-xcframework'
        ➜ Explicit dependency on target 'FLAC-product' in project 'flac-binary-xcframework'
        ➜ Explicit dependency on target 'vorbis-product' in project 'vorbis-binary-xcframework'
        ➜ Explicit dependency on target 'opus-product' in project 'opus-binary-xcframework'
        ➜ Explicit dependency on target 'SPFKAudioBase-product' in project 'spfk-audio-base'
    Target 'SPFKAudioBase-product' in project 'spfk-audio-base'
        ➜ Explicit dependency on target 'SPFKAudioBase' in project 'spfk-audio-base'
        ➜ Explicit dependency on target 'spfk-audio-base_SPFKAudioBase' in project 'spfk-audio-base'
        ➜ Explicit dependency on target 'SPFKBase-product' in project 'spfk-base'
    Target 'SPFKAudioBase' in project 'spfk-audio-base'
        ➜ Explicit dependency on target 'spfk-audio-base_SPFKAudioBase' in project 'spfk-audio-base'
        ➜ Explicit dependency on target 'SPFKBase-product' in project 'spfk-base'
    Target 'SPFKBase-product' in project 'spfk-base'
        ➜ Explicit dependency on target 'SPFKBase' in project 'spfk-base'
        ➜ Explicit dependency on target 'SPFKBaseC' in project 'spfk-base'
        ➜ Explicit dependency on target 'SwiftExtensions-product' in project 'swift-extensions'
        ➜ Explicit dependency on target 'Numerics-product' in project 'swift-numerics'
        ➜ Explicit dependency on target 'Collections-product' in project 'swift-collections'
        ➜ Explicit dependency on target 'AsyncAlgorithms-product' in project 'swift-async-algorithms'
    Target 'SPFKBase' in project 'spfk-base'
        ➜ Explicit dependency on target 'SPFKBaseC' in project 'spfk-base'
        ➜ Explicit dependency on target 'SwiftExtensions-product' in project 'swift-extensions'
        ➜ Explicit dependency on target 'Numerics-product' in project 'swift-numerics'
        ➜ Explicit dependency on target 'Collections-product' in project 'swift-collections'
        ➜ Explicit dependency on target 'AsyncAlgorithms-product' in project 'swift-async-algorithms'
    Target 'AsyncAlgorithms-product' in project 'swift-async-algorithms'
        ➜ Explicit dependency on target 'AsyncAlgorithms' in project 'swift-async-algorithms'
        ➜ Explicit dependency on target 'OrderedCollections-product' in project 'swift-collections'
        ➜ Explicit dependency on target 'DequeModule-product' in project 'swift-collections'
    Target 'AsyncAlgorithms' in project 'swift-async-algorithms'
        ➜ Explicit dependency on target 'OrderedCollections-product' in project 'swift-collections'
        ➜ Explicit dependency on target 'DequeModule-product' in project 'swift-collections'
    Target 'DequeModule-product' in project 'swift-collections'
        ➜ Explicit dependency on target 'DequeModule' in project 'swift-collections'
        ➜ Explicit dependency on target 'InternalCollectionsUtilities' in project 'swift-collections'
        ➜ Explicit dependency on target 'SpanPreview' in project 'swift-collections'
    Target 'OrderedCollections-product' in project 'swift-collections'
        ➜ Explicit dependency on target 'OrderedCollections' in project 'swift-collections'
        ➜ Explicit dependency on target 'InternalCollectionsUtilities' in project 'swift-collections'
    Target 'Collections-product' in project 'swift-collections'
        ➜ Explicit dependency on target 'Collections' in project 'swift-collections'
        ➜ Explicit dependency on target 'InternalCollectionsUtilities' in project 'swift-collections'
        ➜ Explicit dependency on target 'BitCollections' in project 'swift-collections'
        ➜ Explicit dependency on target 'SpanPreview' in project 'swift-collections'
        ➜ Explicit dependency on target 'DequeModule' in project 'swift-collections'
        ➜ Explicit dependency on target 'HashTreeCollections' in project 'swift-collections'
        ➜ Explicit dependency on target 'HeapModule' in project 'swift-collections'
        ➜ Explicit dependency on target 'OrderedCollections' in project 'swift-collections'
        ➜ Explicit dependency on target '_RopeModule' in project 'swift-collections'
    Target 'Collections' in project 'swift-collections'
        ➜ Explicit dependency on target 'InternalCollectionsUtilities' in project 'swift-collections'
        ➜ Explicit dependency on target 'BitCollections' in project 'swift-collections'
        ➜ Explicit dependency on target 'SpanPreview' in project 'swift-collections'
        ➜ Explicit dependency on target 'DequeModule' in project 'swift-collections'
        ➜ Explicit dependency on target 'HashTreeCollections' in project 'swift-collections'
        ➜ Explicit dependency on target 'HeapModule' in project 'swift-collections'
        ➜ Explicit dependency on target 'OrderedCollections' in project 'swift-collections'
        ➜ Explicit dependency on target '_RopeModule' in project 'swift-collections'
    Target '_RopeModule' in project 'swift-collections'
        ➜ Explicit dependency on target 'InternalCollectionsUtilities' in project 'swift-collections'
    Target 'OrderedCollections' in project 'swift-collections'
        ➜ Explicit dependency on target 'InternalCollectionsUtilities' in project 'swift-collections'
    Target 'HeapModule' in project 'swift-collections'
        ➜ Explicit dependency on target 'InternalCollectionsUtilities' in project 'swift-collections'
    Target 'HashTreeCollections' in project 'swift-collections'
        ➜ Explicit dependency on target 'InternalCollectionsUtilities' in project 'swift-collections'
    Target 'DequeModule' in project 'swift-collections'
        ➜ Explicit dependency on target 'InternalCollectionsUtilities' in project 'swift-collections'
        ➜ Explicit dependency on target 'SpanPreview' in project 'swift-collections'
    Target 'SpanPreview' in project 'swift-collections'
        ➜ Explicit dependency on target 'InternalCollectionsUtilities' in project 'swift-collections'
    Target 'BitCollections' in project 'swift-collections'
        ➜ Explicit dependency on target 'InternalCollectionsUtilities' in project 'swift-collections'
    Target 'InternalCollectionsUtilities' in project 'swift-collections' (no dependencies)
    Target 'Numerics-product' in project 'swift-numerics'
        ➜ Explicit dependency on target 'Numerics' in project 'swift-numerics'
        ➜ Explicit dependency on target '_NumericsShims' in project 'swift-numerics'
        ➜ Explicit dependency on target 'RealModule' in project 'swift-numerics'
        ➜ Explicit dependency on target 'ComplexModule' in project 'swift-numerics'
    Target 'Numerics' in project 'swift-numerics'
        ➜ Explicit dependency on target '_NumericsShims' in project 'swift-numerics'
        ➜ Explicit dependency on target 'RealModule' in project 'swift-numerics'
        ➜ Explicit dependency on target 'ComplexModule' in project 'swift-numerics'
    Target 'ComplexModule' in project 'swift-numerics'
        ➜ Explicit dependency on target '_NumericsShims' in project 'swift-numerics'
        ➜ Explicit dependency on target 'RealModule' in project 'swift-numerics'
    Target 'RealModule' in project 'swift-numerics'
        ➜ Explicit dependency on target '_NumericsShims' in project 'swift-numerics'
    Target '_NumericsShims' in project 'swift-numerics' (no dependencies)
    Target 'SwiftExtensions-product' in project 'swift-extensions'
        ➜ Explicit dependency on target 'SwiftExtensions' in project 'swift-extensions'
        ➜ Explicit dependency on target 'SwiftDataParsing-product' in project 'swift-data-parsing'
    Target 'SwiftExtensions' in project 'swift-extensions'
        ➜ Explicit dependency on target 'SwiftDataParsing-product' in project 'swift-data-parsing'
    Target 'SwiftDataParsing-product' in project 'swift-data-parsing'
        ➜ Explicit dependency on target 'SwiftDataParsing' in project 'swift-data-parsing'
    Target 'SwiftDataParsing' in project 'swift-data-parsing' (no dependencies)
    Target 'SPFKBaseC' in project 'spfk-base' (no dependencies)
    Target 'spfk-audio-base_SPFKAudioBase' in project 'spfk-audio-base' (no dependencies)
    Target 'SPFKSoXC' in project 'spfk-sox'
        ➜ Explicit dependency on target 'sndfile-product' in project 'sndfile-binary-xcframework'
        ➜ Explicit dependency on target 'ogg-product' in project 'ogg-binary-xcframework'
        ➜ Explicit dependency on target 'FLAC-product' in project 'flac-binary-xcframework'
        ➜ Explicit dependency on target 'vorbis-product' in project 'vorbis-binary-xcframework'
        ➜ Explicit dependency on target 'opus-product' in project 'opus-binary-xcframework'
    Target 'opus-product' in project 'opus-binary-xcframework' (no dependencies)
    Target 'vorbis-product' in project 'vorbis-binary-xcframework' (no dependencies)
    Target 'FLAC-product' in project 'flac-binary-xcframework' (no dependencies)
    Target 'ogg-product' in project 'ogg-binary-xcframework' (no dependencies)
    Target 'sndfile-product' in project 'sndfile-binary-xcframework' (no dependencies)
GatherProvisioningInputs
CreateBuildDescription
/Users/admin/builder/spi-builder-workspace/.dependencies/artifacts/sndfile-binary-xcframework/sndfile/sndfile.xcframework:1:1: error: While building for watchOS, no library for this platform was found in '/Users/admin/builder/spi-builder-workspace/.dependencies/artifacts/sndfile-binary-xcframework/sndfile/sndfile.xcframework'. (in target 'sndfile-product' from project 'sndfile-binary-xcframework')
/Users/admin/builder/spi-builder-workspace/.dependencies/artifacts/ogg-binary-xcframework/ogg/ogg.xcframework:1:1: error: While building for watchOS, no library for this platform was found in '/Users/admin/builder/spi-builder-workspace/.dependencies/artifacts/ogg-binary-xcframework/ogg/ogg.xcframework'. (in target 'ogg-product' from project 'ogg-binary-xcframework')
/Users/admin/builder/spi-builder-workspace/.dependencies/artifacts/flac-binary-xcframework/FLAC/FLAC.xcframework:1:1: error: While building for watchOS, no library for this platform was found in '/Users/admin/builder/spi-builder-workspace/.dependencies/artifacts/flac-binary-xcframework/FLAC/FLAC.xcframework'. (in target 'SPFKSoX-product' from project 'spfk-sox')
/Users/admin/builder/spi-builder-workspace/.dependencies/artifacts/flac-binary-xcframework/FLAC/FLAC.xcframework:1:1: error: While building for watchOS, no library for this platform was found in '/Users/admin/builder/spi-builder-workspace/.dependencies/artifacts/flac-binary-xcframework/FLAC/FLAC.xcframework'. (in target 'SPFKSoX-product' from project 'spfk-sox')
/Users/admin/builder/spi-builder-workspace/.dependencies/artifacts/ogg-binary-xcframework/ogg/ogg.xcframework:1:1: error: While building for watchOS, no library for this platform was found in '/Users/admin/builder/spi-builder-workspace/.dependencies/artifacts/ogg-binary-xcframework/ogg/ogg.xcframework'. (in target 'SPFKSoX-product' from project 'spfk-sox')
/Users/admin/builder/spi-builder-workspace/.dependencies/artifacts/ogg-binary-xcframework/ogg/ogg.xcframework:1:1: error: While building for watchOS, no library for this platform was found in '/Users/admin/builder/spi-builder-workspace/.dependencies/artifacts/ogg-binary-xcframework/ogg/ogg.xcframework'. (in target 'SPFKSoX-product' from project 'spfk-sox')
/Users/admin/builder/spi-builder-workspace/.dependencies/artifacts/opus-binary-xcframework/opus/opus.xcframework:1:1: error: While building for watchOS, no library for this platform was found in '/Users/admin/builder/spi-builder-workspace/.dependencies/artifacts/opus-binary-xcframework/opus/opus.xcframework'. (in target 'SPFKSoX-product' from project 'spfk-sox')
/Users/admin/builder/spi-builder-workspace/.dependencies/artifacts/opus-binary-xcframework/opus/opus.xcframework:1:1: error: While building for watchOS, no library for this platform was found in '/Users/admin/builder/spi-builder-workspace/.dependencies/artifacts/opus-binary-xcframework/opus/opus.xcframework'. (in target 'SPFKSoX-product' from project 'spfk-sox')
/Users/admin/builder/spi-builder-workspace/.dependencies/artifacts/sndfile-binary-xcframework/sndfile/sndfile.xcframework:1:1: error: While building for watchOS, no library for this platform was found in '/Users/admin/builder/spi-builder-workspace/.dependencies/artifacts/sndfile-binary-xcframework/sndfile/sndfile.xcframework'. (in target 'SPFKSoX-product' from project 'spfk-sox')
/Users/admin/builder/spi-builder-workspace/.dependencies/artifacts/sndfile-binary-xcframework/sndfile/sndfile.xcframework:1:1: error: While building for watchOS, no library for this platform was found in '/Users/admin/builder/spi-builder-workspace/.dependencies/artifacts/sndfile-binary-xcframework/sndfile/sndfile.xcframework'. (in target 'SPFKSoX-product' from project 'spfk-sox')
/Users/admin/builder/spi-builder-workspace/.dependencies/artifacts/vorbis-binary-xcframework/vorbis/vorbis.xcframework:1:1: error: While building for watchOS, no library for this platform was found in '/Users/admin/builder/spi-builder-workspace/.dependencies/artifacts/vorbis-binary-xcframework/vorbis/vorbis.xcframework'. (in target 'SPFKSoX-product' from project 'spfk-sox')
/Users/admin/builder/spi-builder-workspace/.dependencies/artifacts/vorbis-binary-xcframework/vorbis/vorbis.xcframework:1:1: error: While building for watchOS, no library for this platform was found in '/Users/admin/builder/spi-builder-workspace/.dependencies/artifacts/vorbis-binary-xcframework/vorbis/vorbis.xcframework'. (in target 'SPFKSoX-product' from project 'spfk-sox')
/Users/admin/builder/spi-builder-workspace/Frameworks/libmad.xcframework:1:1: error: While building for watchOS, no library for this platform was found in '/Users/admin/builder/spi-builder-workspace/Frameworks/libmad.xcframework'. (in target 'SPFKSoX-product' from project 'spfk-sox')
/Users/admin/builder/spi-builder-workspace/Frameworks/libmp3lame.xcframework:1:1: error: While building for watchOS, no library for this platform was found in '/Users/admin/builder/spi-builder-workspace/Frameworks/libmp3lame.xcframework'. (in target 'SPFKSoX-product' from project 'spfk-sox')
/Users/admin/builder/spi-builder-workspace/Frameworks/libmpg123.xcframework:1:1: error: While building for watchOS, no library for this platform was found in '/Users/admin/builder/spi-builder-workspace/Frameworks/libmpg123.xcframework'. (in target 'SPFKSoX-product' from project 'spfk-sox')
/Users/admin/builder/spi-builder-workspace/Frameworks/libsamplerate.xcframework:1:1: error: While building for watchOS, no library for this platform was found in '/Users/admin/builder/spi-builder-workspace/Frameworks/libsamplerate.xcframework'. (in target 'SPFKSoX-product' from project 'spfk-sox')
/Users/admin/builder/spi-builder-workspace/Frameworks/libsox.xcframework:1:1: error: While building for watchOS, no library for this platform was found in '/Users/admin/builder/spi-builder-workspace/Frameworks/libsox.xcframework'. (in target 'SPFKSoX-product' from project 'spfk-sox')
/Users/admin/builder/spi-builder-workspace/.dependencies/artifacts/opus-binary-xcframework/opus/opus.xcframework:1:1: error: While building for watchOS, no library for this platform was found in '/Users/admin/builder/spi-builder-workspace/.dependencies/artifacts/opus-binary-xcframework/opus/opus.xcframework'. (in target 'opus-product' from project 'opus-binary-xcframework')
/Users/admin/builder/spi-builder-workspace/.dependencies/artifacts/flac-binary-xcframework/FLAC/FLAC.xcframework:1:1: error: While building for watchOS, no library for this platform was found in '/Users/admin/builder/spi-builder-workspace/.dependencies/artifacts/flac-binary-xcframework/FLAC/FLAC.xcframework'. (in target 'FLAC-product' from project 'flac-binary-xcframework')
/Users/admin/builder/spi-builder-workspace/.dependencies/artifacts/flac-binary-xcframework/FLAC/FLAC.xcframework:1:1: error: While building for watchOS, no library for this platform was found in '/Users/admin/builder/spi-builder-workspace/.dependencies/artifacts/flac-binary-xcframework/FLAC/FLAC.xcframework'. (in target 'SPFKSoX' from project 'spfk-sox')
/Users/admin/builder/spi-builder-workspace/.dependencies/artifacts/ogg-binary-xcframework/ogg/ogg.xcframework:1:1: error: While building for watchOS, no library for this platform was found in '/Users/admin/builder/spi-builder-workspace/.dependencies/artifacts/ogg-binary-xcframework/ogg/ogg.xcframework'. (in target 'SPFKSoX' from project 'spfk-sox')
/Users/admin/builder/spi-builder-workspace/.dependencies/artifacts/opus-binary-xcframework/opus/opus.xcframework:1:1: error: While building for watchOS, no library for this platform was found in '/Users/admin/builder/spi-builder-workspace/.dependencies/artifacts/opus-binary-xcframework/opus/opus.xcframework'. (in target 'SPFKSoX' from project 'spfk-sox')
/Users/admin/builder/spi-builder-workspace/.dependencies/artifacts/sndfile-binary-xcframework/sndfile/sndfile.xcframework:1:1: error: While building for watchOS, no library for this platform was found in '/Users/admin/builder/spi-builder-workspace/.dependencies/artifacts/sndfile-binary-xcframework/sndfile/sndfile.xcframework'. (in target 'SPFKSoX' from project 'spfk-sox')
/Users/admin/builder/spi-builder-workspace/.dependencies/artifacts/vorbis-binary-xcframework/vorbis/vorbis.xcframework:1:1: error: While building for watchOS, no library for this platform was found in '/Users/admin/builder/spi-builder-workspace/.dependencies/artifacts/vorbis-binary-xcframework/vorbis/vorbis.xcframework'. (in target 'SPFKSoX' from project 'spfk-sox')
/Users/admin/builder/spi-builder-workspace/Frameworks/libmad.xcframework:1:1: error: While building for watchOS, no library for this platform was found in '/Users/admin/builder/spi-builder-workspace/Frameworks/libmad.xcframework'. (in target 'SPFKSoX' from project 'spfk-sox')
/Users/admin/builder/spi-builder-workspace/Frameworks/libmp3lame.xcframework:1:1: error: While building for watchOS, no library for this platform was found in '/Users/admin/builder/spi-builder-workspace/Frameworks/libmp3lame.xcframework'. (in target 'SPFKSoX' from project 'spfk-sox')
/Users/admin/builder/spi-builder-workspace/Frameworks/libmpg123.xcframework:1:1: error: While building for watchOS, no library for this platform was found in '/Users/admin/builder/spi-builder-workspace/Frameworks/libmpg123.xcframework'. (in target 'SPFKSoX' from project 'spfk-sox')
/Users/admin/builder/spi-builder-workspace/Frameworks/libsamplerate.xcframework:1:1: error: While building for watchOS, no library for this platform was found in '/Users/admin/builder/spi-builder-workspace/Frameworks/libsamplerate.xcframework'. (in target 'SPFKSoX' from project 'spfk-sox')
/Users/admin/builder/spi-builder-workspace/Frameworks/libsox.xcframework:1:1: error: While building for watchOS, no library for this platform was found in '/Users/admin/builder/spi-builder-workspace/Frameworks/libsox.xcframework'. (in target 'SPFKSoX' from project 'spfk-sox')
/Users/admin/builder/spi-builder-workspace/.dependencies/artifacts/flac-binary-xcframework/FLAC/FLAC.xcframework:1:1: error: While building for watchOS, no library for this platform was found in '/Users/admin/builder/spi-builder-workspace/.dependencies/artifacts/flac-binary-xcframework/FLAC/FLAC.xcframework'. (in target 'SPFKSoXC' from project 'spfk-sox')
/Users/admin/builder/spi-builder-workspace/.dependencies/artifacts/ogg-binary-xcframework/ogg/ogg.xcframework:1:1: error: While building for watchOS, no library for this platform was found in '/Users/admin/builder/spi-builder-workspace/.dependencies/artifacts/ogg-binary-xcframework/ogg/ogg.xcframework'. (in target 'SPFKSoXC' from project 'spfk-sox')
/Users/admin/builder/spi-builder-workspace/.dependencies/artifacts/opus-binary-xcframework/opus/opus.xcframework:1:1: error: While building for watchOS, no library for this platform was found in '/Users/admin/builder/spi-builder-workspace/.dependencies/artifacts/opus-binary-xcframework/opus/opus.xcframework'. (in target 'SPFKSoXC' from project 'spfk-sox')
/Users/admin/builder/spi-builder-workspace/.dependencies/artifacts/sndfile-binary-xcframework/sndfile/sndfile.xcframework:1:1: error: While building for watchOS, no library for this platform was found in '/Users/admin/builder/spi-builder-workspace/.dependencies/artifacts/sndfile-binary-xcframework/sndfile/sndfile.xcframework'. (in target 'SPFKSoXC' from project 'spfk-sox')
/Users/admin/builder/spi-builder-workspace/.dependencies/artifacts/vorbis-binary-xcframework/vorbis/vorbis.xcframework:1:1: error: While building for watchOS, no library for this platform was found in '/Users/admin/builder/spi-builder-workspace/.dependencies/artifacts/vorbis-binary-xcframework/vorbis/vorbis.xcframework'. (in target 'SPFKSoXC' from project 'spfk-sox')
/Users/admin/builder/spi-builder-workspace/Frameworks/libmad.xcframework:1:1: error: While building for watchOS, no library for this platform was found in '/Users/admin/builder/spi-builder-workspace/Frameworks/libmad.xcframework'. (in target 'SPFKSoXC' from project 'spfk-sox')
/Users/admin/builder/spi-builder-workspace/Frameworks/libmp3lame.xcframework:1:1: error: While building for watchOS, no library for this platform was found in '/Users/admin/builder/spi-builder-workspace/Frameworks/libmp3lame.xcframework'. (in target 'SPFKSoXC' from project 'spfk-sox')
/Users/admin/builder/spi-builder-workspace/Frameworks/libmpg123.xcframework:1:1: error: While building for watchOS, no library for this platform was found in '/Users/admin/builder/spi-builder-workspace/Frameworks/libmpg123.xcframework'. (in target 'SPFKSoXC' from project 'spfk-sox')
/Users/admin/builder/spi-builder-workspace/Frameworks/libsamplerate.xcframework:1:1: error: While building for watchOS, no library for this platform was found in '/Users/admin/builder/spi-builder-workspace/Frameworks/libsamplerate.xcframework'. (in target 'SPFKSoXC' from project 'spfk-sox')
/Users/admin/builder/spi-builder-workspace/Frameworks/libsox.xcframework:1:1: error: While building for watchOS, no library for this platform was found in '/Users/admin/builder/spi-builder-workspace/Frameworks/libsox.xcframework'. (in target 'SPFKSoXC' from project 'spfk-sox')
/Users/admin/builder/spi-builder-workspace/.dependencies/artifacts/vorbis-binary-xcframework/vorbis/vorbis.xcframework:1:1: error: While building for watchOS, no library for this platform was found in '/Users/admin/builder/spi-builder-workspace/.dependencies/artifacts/vorbis-binary-xcframework/vorbis/vorbis.xcframework'. (in target 'vorbis-product' from project 'vorbis-binary-xcframework')
2026-09-24 06:34:46.911 xcodebuild[1339:7108] [MT] IDERunDestination: Supported platforms for the buildables in the current scheme is empty.
** BUILD FAILED **
The following build commands failed:
	Building workspace spfk-sox with scheme spfk-sox
(1 failure)
BUILD FAILURE 6.4 watchOS