Build Information
Failed to build TOMLKit, reference main (cc89e8), with Swift 6.1 for Wasm on 4 Oct 2026 08:24:08 UTC.
Build Command
bash -c docker run --pull=always --rm -v "checkouts-54344844-2":/host -w "$PWD" -e JAVA_HOME="/root/.sdkman/candidates/java/current" -e SPI_BUILD="1" -e SPI_PROCESSING="1" registry.gitlab.com/saguaro1/spi-images:wasm-6.1-latest swift build --swift-sdk wasm32-unknown-wasi 2>&1Build Log
========================================
RunAll
========================================
Builder version: 5.1.1
Interrupt handler set up.
========================================
Checkout
========================================
Clone URL: https://github.com/stackotter/TOMLKit.git
Reference: main
Initialized empty Git repository in /host/spi-builder-workspace/.git/
hint: Using 'master' as the name for the initial branch. This default branch name
hint: is subject to change. To configure the initial branch name to use in all
hint: of your new repositories, which will suppress this warning, call:
hint:
hint: git config --global init.defaultBranch <name>
hint:
hint: Names commonly chosen instead of 'master' are 'main', 'trunk' and
hint: 'development'. The just-created branch can be renamed via this command:
hint:
hint: git branch -m <name>
From https://github.com/stackotter/TOMLKit
* branch main -> FETCH_HEAD
* [new branch] main -> origin/main
HEAD is now at cc89e8f Fix userInfo propagation
Cloned https://github.com/stackotter/TOMLKit.git
Revision (git rev-parse @):
cc89e8fd33d96b5fad7e578add25534d5b236362
SPI manifest file found: $PWD/.spi.yml
SUCCESS checkout https://github.com/stackotter/TOMLKit.git at main
========================================
Build
========================================
Selected platform: wasm
Swift version: 6.1
Building package at path: $PWD
https://github.com/stackotter/TOMLKit.git
https://github.com/stackotter/TOMLKit.git
WARNING: environment variable SUPPRESS_SWIFT_6_FLAGS is not set
Running build ...
bash -c docker run --pull=always --rm -v "checkouts-54344844-2":/host -w "$PWD" -e JAVA_HOME="/root/.sdkman/candidates/java/current" -e SPI_BUILD="1" -e SPI_PROCESSING="1" registry.gitlab.com/saguaro1/spi-images:wasm-6.1-latest swift build --swift-sdk wasm32-unknown-wasi -Xswiftc -Xfrontend -Xswiftc -stats-output-dir -Xswiftc -Xfrontend -Xswiftc .stats -Xswiftc -strict-concurrency=complete -Xswiftc -enable-upcoming-feature -Xswiftc StrictConcurrency -Xswiftc -enable-upcoming-feature -Xswiftc DisableOutwardActorInference -Xswiftc -enable-upcoming-feature -Xswiftc GlobalActorIsolatedTypesUsability -Xswiftc -enable-upcoming-feature -Xswiftc InferSendableFromCaptures 2>&1
wasm-6.1-latest: Pulling from saguaro1/spi-images
Digest: sha256:beceeede496da67681f4fa220a6b97cc098a0178841a413735f598dc6bbaf4c8
Status: Image is up to date for registry.gitlab.com/saguaro1/spi-images:wasm-6.1-latest
Fetching https://github.com/apple/swift-docc-plugin
[1/2345] Fetching swift-docc-plugin
Fetched https://github.com/apple/swift-docc-plugin from cache (0.59s)
Fetching https://github.com/karwa/swift-checkit.git
[1/74] Fetching swift-checkit
Fetched https://github.com/karwa/swift-checkit.git from cache (0.36s)
Computing version for https://github.com/karwa/swift-checkit.git
Computed https://github.com/karwa/swift-checkit.git at 0.0.2 (1.42s)
Computing version for https://github.com/apple/swift-docc-plugin
Computed https://github.com/apple/swift-docc-plugin at 1.5.0 (0.39s)
Fetching https://github.com/swiftlang/swift-docc-symbolkit
[39/3833] Fetching swift-docc-symbolkit
Fetched https://github.com/swiftlang/swift-docc-symbolkit from cache (0.63s)
Computing version for https://github.com/swiftlang/swift-docc-symbolkit
Computed https://github.com/swiftlang/swift-docc-symbolkit at 1.0.0 (1.30s)
Creating working copy for https://github.com/karwa/swift-checkit.git
Working copy of https://github.com/karwa/swift-checkit.git resolved at 0.0.2
Creating working copy for https://github.com/swiftlang/swift-docc-symbolkit
Working copy of https://github.com/swiftlang/swift-docc-symbolkit resolved at 1.0.0
Creating working copy for https://github.com/apple/swift-docc-plugin
Working copy of https://github.com/apple/swift-docc-plugin resolved at 1.5.0
[1/1] Compiling plugin Swift-DocC Preview
[2/2] Compiling plugin Swift-DocC
Building for debugging...
[2/9] Write sources
[3/9] Write swift-version-24593BA9C3E375BF.txt
In file included from /host/spi-builder-workspace/Sources/CTOML/Sources/Table.cpp:7:
In file included from /host/spi-builder-workspace/Sources/CTOML/Sources/Conversion.hpp:12:
/host/spi-builder-workspace/Sources/CTOML/Sources/toml.hpp:16223:17: error: implicit instantiation of undefined template 'std::basic_ifstream<char>'
16223 | std::ifstream file;
| ^
/root/.swiftpm/swift-sdks/swift-wasm-6.1-RELEASE-wasm32-unknown-wasi.artifactbundle/6.1-RELEASE-wasm32-unknown-wasi/wasm32-unknown-wasi/WASI.sdk/include/c++/v1/__fwd/fstream.h:24:28: note: template is declared here
24 | class _LIBCPP_TEMPLATE_VIS basic_ifstream;
| ^
In file included from /host/spi-builder-workspace/Sources/CTOML/Sources/Table.cpp:7:
In file included from /host/spi-builder-workspace/Sources/CTOML/Sources/Conversion.hpp:12:
/host/spi-builder-workspace/Sources/CTOML/Sources/toml.hpp:16229:33: error: implicit instantiation of undefined template 'std::basic_ifstream<char>'
16229 | file.open(file_path_str, std::ifstream::in | std::ifstream::binary | std::ifstream::ate);
| ^
/root/.swiftpm/swift-sdks/swift-wasm-6.1-RELEASE-wasm32-unknown-wasi.artifactbundle/6.1-RELEASE-wasm32-unknown-wasi/wasm32-unknown-wasi/WASI.sdk/include/c++/v1/__fwd/fstream.h:24:28: note: template is declared here
24 | class _LIBCPP_TEMPLATE_VIS basic_ifstream;
| ^
In file included from /host/spi-builder-workspace/Sources/CTOML/Sources/Table.cpp:7:
In file included from /host/spi-builder-workspace/Sources/CTOML/Sources/Conversion.hpp:12:
/host/spi-builder-workspace/Sources/CTOML/Sources/toml.hpp:16229:53: error: implicit instantiation of undefined template 'std::basic_ifstream<char>'
16229 | file.open(file_path_str, std::ifstream::in | std::ifstream::binary | std::ifstream::ate);
| ^
/root/.swiftpm/swift-sdks/swift-wasm-6.1-RELEASE-wasm32-unknown-wasi.artifactbundle/6.1-RELEASE-wasm32-unknown-wasi/wasm32-unknown-wasi/WASI.sdk/include/c++/v1/__fwd/fstream.h:24:28: note: template is declared here
24 | class _LIBCPP_TEMPLATE_VIS basic_ifstream;
| ^
In file included from /host/spi-builder-workspace/Sources/CTOML/Sources/Table.cpp:7:
In file included from /host/spi-builder-workspace/Sources/CTOML/Sources/Conversion.hpp:12:
/host/spi-builder-workspace/Sources/CTOML/Sources/toml.hpp:16229:77: error: implicit instantiation of undefined template 'std::basic_ifstream<char>'
16229 | file.open(file_path_str, std::ifstream::in | std::ifstream::binary | std::ifstream::ate);
| ^
/root/.swiftpm/swift-sdks/swift-wasm-6.1-RELEASE-wasm32-unknown-wasi.artifactbundle/6.1-RELEASE-wasm32-unknown-wasi/wasm32-unknown-wasi/WASI.sdk/include/c++/v1/__fwd/fstream.h:24:28: note: template is declared here
24 | class _LIBCPP_TEMPLATE_VIS basic_ifstream;
| ^
In file included from /host/spi-builder-workspace/Sources/CTOML/Sources/Table.cpp:7:
In file included from /host/spi-builder-workspace/Sources/CTOML/Sources/Conversion.hpp:12:
/host/spi-builder-workspace/Sources/CTOML/Sources/toml.hpp:16238:22: error: implicit instantiation of undefined template 'std::basic_ifstream<char>'
16238 | file.seekg(0, std::ifstream::beg);
| ^
/root/.swiftpm/swift-sdks/swift-wasm-6.1-RELEASE-wasm32-unknown-wasi.artifactbundle/6.1-RELEASE-wasm32-unknown-wasi/wasm32-unknown-wasi/WASI.sdk/include/c++/v1/__fwd/fstream.h:24:28: note: template is declared here
24 | class _LIBCPP_TEMPLATE_VIS basic_ifstream;
| ^
5 errors generated.
[4/9] Compiling Table.cpp
In file included from /host/spi-builder-workspace/Sources/CTOML/Sources/Array.cpp:7:
In file included from /host/spi-builder-workspace/Sources/CTOML/Sources/Conversion.hpp:12:
/host/spi-builder-workspace/Sources/CTOML/Sources/toml.hpp:16223:17: error: implicit instantiation of undefined template 'std::basic_ifstream<char>'
16223 | std::ifstream file;
| ^
/root/.swiftpm/swift-sdks/swift-wasm-6.1-RELEASE-wasm32-unknown-wasi.artifactbundle/6.1-RELEASE-wasm32-unknown-wasi/wasm32-unknown-wasi/WASI.sdk/include/c++/v1/__fwd/fstream.h:24:28: note: template is declared here
24 | class _LIBCPP_TEMPLATE_VIS basic_ifstream;
| ^
In file included from /host/spi-builder-workspace/Sources/CTOML/Sources/Array.cpp:7:
In file included from /host/spi-builder-workspace/Sources/CTOML/Sources/Conversion.hpp:12:
/host/spi-builder-workspace/Sources/CTOML/Sources/toml.hpp:16229:33: error: implicit instantiation of undefined template 'std::basic_ifstream<char>'
16229 | file.open(file_path_str, std::ifstream::in | std::ifstream::binary | std::ifstream::ate);
| ^
/root/.swiftpm/swift-sdks/swift-wasm-6.1-RELEASE-wasm32-unknown-wasi.artifactbundle/6.1-RELEASE-wasm32-unknown-wasi/wasm32-unknown-wasi/WASI.sdk/include/c++/v1/__fwd/fstream.h:24:28: note: template is declared here
24 | class _LIBCPP_TEMPLATE_VIS basic_ifstream;
| ^
In file included from /host/spi-builder-workspace/Sources/CTOML/Sources/Array.cpp:7:
In file included from /host/spi-builder-workspace/Sources/CTOML/Sources/Conversion.hpp:12:
/host/spi-builder-workspace/Sources/CTOML/Sources/toml.hpp:16229:53: error: implicit instantiation of undefined template 'std::basic_ifstream<char>'
16229 | file.open(file_path_str, std::ifstream::in | std::ifstream::binary | std::ifstream::ate);
| ^
/root/.swiftpm/swift-sdks/swift-wasm-6.1-RELEASE-wasm32-unknown-wasi.artifactbundle/6.1-RELEASE-wasm32-unknown-wasi/wasm32-unknown-wasi/WASI.sdk/include/c++/v1/__fwd/fstream.h:24:28: note: template is declared here
24 | class _LIBCPP_TEMPLATE_VIS basic_ifstream;
| ^
In file included from /host/spi-builder-workspace/Sources/CTOML/Sources/Array.cpp:7:
In file included from /host/spi-builder-workspace/Sources/CTOML/Sources/Conversion.hpp:12:
/host/spi-builder-workspace/Sources/CTOML/Sources/toml.hpp:16229:77: error: implicit instantiation of undefined template 'std::basic_ifstream<char>'
16229 | file.open(file_path_str, std::ifstream::in | std::ifstream::binary | std::ifstream::ate);
| ^
/root/.swiftpm/swift-sdks/swift-wasm-6.1-RELEASE-wasm32-unknown-wasi.artifactbundle/6.1-RELEASE-wasm32-unknown-wasi/wasm32-unknown-wasi/WASI.sdk/include/c++/v1/__fwd/fstream.h:24:28: note: template is declared here
24 | class _LIBCPP_TEMPLATE_VIS basic_ifstream;
| ^
In file included from /host/spi-builder-workspace/Sources/CTOML/Sources/Array.cpp:7:
In file included from /host/spi-builder-workspace/Sources/CTOML/Sources/Conversion.hpp:12:
/host/spi-builder-workspace/Sources/CTOML/Sources/toml.hpp:16238:22: error: implicit instantiation of undefined template 'std::basic_ifstream<char>'
16238 | file.seekg(0, std::ifstream::beg);
| ^
/root/.swiftpm/swift-sdks/swift-wasm-6.1-RELEASE-wasm32-unknown-wasi.artifactbundle/6.1-RELEASE-wasm32-unknown-wasi/wasm32-unknown-wasi/WASI.sdk/include/c++/v1/__fwd/fstream.h:24:28: note: template is declared here
24 | class _LIBCPP_TEMPLATE_VIS basic_ifstream;
| ^
[4/9] Compiling Array.cpp
In file included from /host/spi-builder-workspace/Sources/CTOML/Sources/Conversion.cpp:9:
In file included from /host/spi-builder-workspace/Sources/CTOML/Sources/Conversion.hpp:12:
/host/spi-builder-workspace/Sources/CTOML/Sources/toml.hpp:16223:17: error: implicit instantiation of undefined template 'std::basic_ifstream<char>'
16223 | std::ifstream file;
| ^
/root/.swiftpm/swift-sdks/swift-wasm-6.1-RELEASE-wasm32-unknown-wasi.artifactbundle/6.1-RELEASE-wasm32-unknown-wasi/wasm32-unknown-wasi/WASI.sdk/include/c++/v1/__fwd/fstream.h:24:28: note: template is declared here
24 | class _LIBCPP_TEMPLATE_VIS basic_ifstream;
| ^
In file included from /host/spi-builder-workspace/Sources/CTOML/Sources/Conversion.cpp:9:
In file included from /host/spi-builder-workspace/Sources/CTOML/Sources/Conversion.hpp:12:
/host/spi-builder-workspace/Sources/CTOML/Sources/toml.hpp:16229:33: error: implicit instantiation of undefined template 'std::basic_ifstream<char>'
16229 | file.open(file_path_str, std::ifstream::in | std::ifstream::binary | std::ifstream::ate);
| ^
/root/.swiftpm/swift-sdks/swift-wasm-6.1-RELEASE-wasm32-unknown-wasi.artifactbundle/6.1-RELEASE-wasm32-unknown-wasi/wasm32-unknown-wasi/WASI.sdk/include/c++/v1/__fwd/fstream.h:24:28: note: template is declared here
24 | class _LIBCPP_TEMPLATE_VIS basic_ifstream;
| ^
In file included from /host/spi-builder-workspace/Sources/CTOML/Sources/Conversion.cpp:9:
In file included from /host/spi-builder-workspace/Sources/CTOML/Sources/Conversion.hpp:12:
/host/spi-builder-workspace/Sources/CTOML/Sources/toml.hpp:16229:53: error: implicit instantiation of undefined template 'std::basic_ifstream<char>'
16229 | file.open(file_path_str, std::ifstream::in | std::ifstream::binary | std::ifstream::ate);
| ^
/root/.swiftpm/swift-sdks/swift-wasm-6.1-RELEASE-wasm32-unknown-wasi.artifactbundle/6.1-RELEASE-wasm32-unknown-wasi/wasm32-unknown-wasi/WASI.sdk/include/c++/v1/__fwd/fstream.h:24:28: note: template is declared here
24 | class _LIBCPP_TEMPLATE_VIS basic_ifstream;
| ^
In file included from /host/spi-builder-workspace/Sources/CTOML/Sources/Conversion.cpp:9:
In file included from /host/spi-builder-workspace/Sources/CTOML/Sources/Conversion.hpp:12:
/host/spi-builder-workspace/Sources/CTOML/Sources/toml.hpp:16229:77: error: implicit instantiation of undefined template 'std::basic_ifstream<char>'
16229 | file.open(file_path_str, std::ifstream::in | std::ifstream::binary | std::ifstream::ate);
| ^
/root/.swiftpm/swift-sdks/swift-wasm-6.1-RELEASE-wasm32-unknown-wasi.artifactbundle/6.1-RELEASE-wasm32-unknown-wasi/wasm32-unknown-wasi/WASI.sdk/include/c++/v1/__fwd/fstream.h:24:28: note: template is declared here
24 | class _LIBCPP_TEMPLATE_VIS basic_ifstream;
| ^
In file included from /host/spi-builder-workspace/Sources/CTOML/Sources/Conversion.cpp:9:
In file included from /host/spi-builder-workspace/Sources/CTOML/Sources/Conversion.hpp:12:
/host/spi-builder-workspace/Sources/CTOML/Sources/toml.hpp:16238:22: error: implicit instantiation of undefined template 'std::basic_ifstream<char>'
16238 | file.seekg(0, std::ifstream::beg);
| ^
/root/.swiftpm/swift-sdks/swift-wasm-6.1-RELEASE-wasm32-unknown-wasi.artifactbundle/6.1-RELEASE-wasm32-unknown-wasi/wasm32-unknown-wasi/WASI.sdk/include/c++/v1/__fwd/fstream.h:24:28: note: template is declared here
24 | class _LIBCPP_TEMPLATE_VIS basic_ifstream;
| ^
[4/9] Compiling Conversion.cpp
In file included from /host/spi-builder-workspace/Sources/CTOML/Sources/Date&Time&DateTime.cpp:2:
In file included from /host/spi-builder-workspace/Sources/CTOML/Sources/Conversion.hpp:12:
/host/spi-builder-workspace/Sources/CTOML/Sources/toml.hpp:16223:17: error: implicit instantiation of undefined template 'std::basic_ifstream<char>'
16223 | std::ifstream file;
| ^
/root/.swiftpm/swift-sdks/swift-wasm-6.1-RELEASE-wasm32-unknown-wasi.artifactbundle/6.1-RELEASE-wasm32-unknown-wasi/wasm32-unknown-wasi/WASI.sdk/include/c++/v1/__fwd/fstream.h:24:28: note: template is declared here
24 | class _LIBCPP_TEMPLATE_VIS basic_ifstream;
| ^
In file included from /host/spi-builder-workspace/Sources/CTOML/Sources/Date&Time&DateTime.cpp:2:
In file included from /host/spi-builder-workspace/Sources/CTOML/Sources/Conversion.hpp:12:
/host/spi-builder-workspace/Sources/CTOML/Sources/toml.hpp:16229:33: error: implicit instantiation of undefined template 'std::basic_ifstream<char>'
16229 | file.open(file_path_str, std::ifstream::in | std::ifstream::binary | std::ifstream::ate);
| ^
/root/.swiftpm/swift-sdks/swift-wasm-6.1-RELEASE-wasm32-unknown-wasi.artifactbundle/6.1-RELEASE-wasm32-unknown-wasi/wasm32-unknown-wasi/WASI.sdk/include/c++/v1/__fwd/fstream.h:24:28: note: template is declared here
24 | class _LIBCPP_TEMPLATE_VIS basic_ifstream;
| ^
In file included from /host/spi-builder-workspace/Sources/CTOML/Sources/Date&Time&DateTime.cpp:2:
In file included from /host/spi-builder-workspace/Sources/CTOML/Sources/Conversion.hpp:12:
/host/spi-builder-workspace/Sources/CTOML/Sources/toml.hpp:16229:53: error: implicit instantiation of undefined template 'std::basic_ifstream<char>'
16229 | file.open(file_path_str, std::ifstream::in | std::ifstream::binary | std::ifstream::ate);
| ^
/root/.swiftpm/swift-sdks/swift-wasm-6.1-RELEASE-wasm32-unknown-wasi.artifactbundle/6.1-RELEASE-wasm32-unknown-wasi/wasm32-unknown-wasi/WASI.sdk/include/c++/v1/__fwd/fstream.h:24:28: note: template is declared here
24 | class _LIBCPP_TEMPLATE_VIS basic_ifstream;
| ^
In file included from /host/spi-builder-workspace/Sources/CTOML/Sources/Date&Time&DateTime.cpp:2:
In file included from /host/spi-builder-workspace/Sources/CTOML/Sources/Conversion.hpp:12:
/host/spi-builder-workspace/Sources/CTOML/Sources/toml.hpp:16229:77: error: implicit instantiation of undefined template 'std::basic_ifstream<char>'
16229 | file.open(file_path_str, std::ifstream::in | std::ifstream::binary | std::ifstream::ate);
| ^
/root/.swiftpm/swift-sdks/swift-wasm-6.1-RELEASE-wasm32-unknown-wasi.artifactbundle/6.1-RELEASE-wasm32-unknown-wasi/wasm32-unknown-wasi/WASI.sdk/include/c++/v1/__fwd/fstream.h:24:28: note: template is declared here
24 | class _LIBCPP_TEMPLATE_VIS basic_ifstream;
| ^
In file included from /host/spi-builder-workspace/Sources/CTOML/Sources/Date&Time&DateTime.cpp:2:
In file included from /host/spi-builder-workspace/Sources/CTOML/Sources/Conversion.hpp:12:
/host/spi-builder-workspace/Sources/CTOML/Sources/toml.hpp:16238:22: error: implicit instantiation of undefined template 'std::basic_ifstream<char>'
16238 | file.seekg(0, std::ifstream::beg);
| ^
/root/.swiftpm/swift-sdks/swift-wasm-6.1-RELEASE-wasm32-unknown-wasi.artifactbundle/6.1-RELEASE-wasm32-unknown-wasi/wasm32-unknown-wasi/WASI.sdk/include/c++/v1/__fwd/fstream.h:24:28: note: template is declared here
24 | class _LIBCPP_TEMPLATE_VIS basic_ifstream;
| ^
[4/9] Compiling Date&Time&DateTime.cpp
In file included from /host/spi-builder-workspace/Sources/CTOML/Sources/Node.cpp:7:
In file included from /host/spi-builder-workspace/Sources/CTOML/Sources/Conversion.hpp:12:
/host/spi-builder-workspace/Sources/CTOML/Sources/toml.hpp:16223:17: error: implicit instantiation of undefined template 'std::basic_ifstream<char>'
16223 | std::ifstream file;
| ^
/root/.swiftpm/swift-sdks/swift-wasm-6.1-RELEASE-wasm32-unknown-wasi.artifactbundle/6.1-RELEASE-wasm32-unknown-wasi/wasm32-unknown-wasi/WASI.sdk/include/c++/v1/__fwd/fstream.h:24:28: note: template is declared here
24 | class _LIBCPP_TEMPLATE_VIS basic_ifstream;
| ^
In file included from /host/spi-builder-workspace/Sources/CTOML/Sources/Node.cpp:7:
In file included from /host/spi-builder-workspace/Sources/CTOML/Sources/Conversion.hpp:12:
/host/spi-builder-workspace/Sources/CTOML/Sources/toml.hpp:16229:33: error: implicit instantiation of undefined template 'std::basic_ifstream<char>'
16229 | file.open(file_path_str, std::ifstream::in | std::ifstream::binary | std::ifstream::ate);
| ^
/root/.swiftpm/swift-sdks/swift-wasm-6.1-RELEASE-wasm32-unknown-wasi.artifactbundle/6.1-RELEASE-wasm32-unknown-wasi/wasm32-unknown-wasi/WASI.sdk/include/c++/v1/__fwd/fstream.h:24:28: note: template is declared here
24 | class _LIBCPP_TEMPLATE_VIS basic_ifstream;
| ^
In file included from /host/spi-builder-workspace/Sources/CTOML/Sources/Node.cpp:7:
In file included from /host/spi-builder-workspace/Sources/CTOML/Sources/Conversion.hpp:12:
/host/spi-builder-workspace/Sources/CTOML/Sources/toml.hpp:16229:53: error: implicit instantiation of undefined template 'std::basic_ifstream<char>'
16229 | file.open(file_path_str, std::ifstream::in | std::ifstream::binary | std::ifstream::ate);
| ^
/root/.swiftpm/swift-sdks/swift-wasm-6.1-RELEASE-wasm32-unknown-wasi.artifactbundle/6.1-RELEASE-wasm32-unknown-wasi/wasm32-unknown-wasi/WASI.sdk/include/c++/v1/__fwd/fstream.h:24:28: note: template is declared here
24 | class _LIBCPP_TEMPLATE_VIS basic_ifstream;
| ^
In file included from /host/spi-builder-workspace/Sources/CTOML/Sources/Node.cpp:7:
In file included from /host/spi-builder-workspace/Sources/CTOML/Sources/Conversion.hpp:12:
/host/spi-builder-workspace/Sources/CTOML/Sources/toml.hpp:16229:77: error: implicit instantiation of undefined template 'std::basic_ifstream<char>'
16229 | file.open(file_path_str, std::ifstream::in | std::ifstream::binary | std::ifstream::ate);
| ^
/root/.swiftpm/swift-sdks/swift-wasm-6.1-RELEASE-wasm32-unknown-wasi.artifactbundle/6.1-RELEASE-wasm32-unknown-wasi/wasm32-unknown-wasi/WASI.sdk/include/c++/v1/__fwd/fstream.h:24:28: note: template is declared here
24 | class _LIBCPP_TEMPLATE_VIS basic_ifstream;
| ^
In file included from /host/spi-builder-workspace/Sources/CTOML/Sources/Node.cpp:7:
In file included from /host/spi-builder-workspace/Sources/CTOML/Sources/Conversion.hpp:12:
/host/spi-builder-workspace/Sources/CTOML/Sources/toml.hpp:16238:22: error: implicit instantiation of undefined template 'std::basic_ifstream<char>'
16238 | file.seekg(0, std::ifstream::beg);
| ^
/root/.swiftpm/swift-sdks/swift-wasm-6.1-RELEASE-wasm32-unknown-wasi.artifactbundle/6.1-RELEASE-wasm32-unknown-wasi/wasm32-unknown-wasi/WASI.sdk/include/c++/v1/__fwd/fstream.h:24:28: note: template is declared here
24 | class _LIBCPP_TEMPLATE_VIS basic_ifstream;
| ^
[4/9] Compiling Node.cpp
Running build ...
bash -c docker run --pull=always --rm -v "checkouts-54344844-2":/host -w "$PWD" -e JAVA_HOME="/root/.sdkman/candidates/java/current" -e SPI_BUILD="1" -e SPI_PROCESSING="1" registry.gitlab.com/saguaro1/spi-images:wasm-6.1-latest swift build --swift-sdk wasm32-unknown-wasi 2>&1
wasm-6.1-latest: Pulling from saguaro1/spi-images
Digest: sha256:beceeede496da67681f4fa220a6b97cc098a0178841a413735f598dc6bbaf4c8
Status: Image is up to date for registry.gitlab.com/saguaro1/spi-images:wasm-6.1-latest
[0/1] Planning build
[1/1] Compiling plugin Swift-DocC Preview
[2/2] Compiling plugin Swift-DocC
Building for debugging...
In file included from /host/spi-builder-workspace/Sources/CTOML/Sources/Array.cpp:7:
In file included from /host/spi-builder-workspace/Sources/CTOML/Sources/Conversion.hpp:12:
/host/spi-builder-workspace/Sources/CTOML/Sources/toml.hpp:16223:17: error: implicit instantiation of undefined template 'std::basic_ifstream<char>'
16223 | std::ifstream file;
| ^
/root/.swiftpm/swift-sdks/swift-wasm-6.1-RELEASE-wasm32-unknown-wasi.artifactbundle/6.1-RELEASE-wasm32-unknown-wasi/wasm32-unknown-wasi/WASI.sdk/include/c++/v1/__fwd/fstream.h:24:28: note: template is declared here
24 | class _LIBCPP_TEMPLATE_VIS basic_ifstream;
| ^
In file included from /host/spi-builder-workspace/Sources/CTOML/Sources/Array.cpp:7:
In file included from /host/spi-builder-workspace/Sources/CTOML/Sources/Conversion.hpp:12:
/host/spi-builder-workspace/Sources/CTOML/Sources/toml.hpp:16229:33: error: implicit instantiation of undefined template 'std::basic_ifstream<char>'
16229 | file.open(file_path_str, std::ifstream::in | std::ifstream::binary | std::ifstream::ate);
| ^
/root/.swiftpm/swift-sdks/swift-wasm-6.1-RELEASE-wasm32-unknown-wasi.artifactbundle/6.1-RELEASE-wasm32-unknown-wasi/wasm32-unknown-wasi/WASI.sdk/include/c++/v1/__fwd/fstream.h:24:28: note: template is declared here
24 | class _LIBCPP_TEMPLATE_VIS basic_ifstream;
| ^
In file included from /host/spi-builder-workspace/Sources/CTOML/Sources/Array.cpp:7:
In file included from /host/spi-builder-workspace/Sources/CTOML/Sources/Conversion.hpp:12:
/host/spi-builder-workspace/Sources/CTOML/Sources/toml.hpp:16229:53: error: implicit instantiation of undefined template 'std::basic_ifstream<char>'
16229 | file.open(file_path_str, std::ifstream::in | std::ifstream::binary | std::ifstream::ate);
| ^
/root/.swiftpm/swift-sdks/swift-wasm-6.1-RELEASE-wasm32-unknown-wasi.artifactbundle/6.1-RELEASE-wasm32-unknown-wasi/wasm32-unknown-wasi/WASI.sdk/include/c++/v1/__fwd/fstream.h:24:28: note: template is declared here
24 | class _LIBCPP_TEMPLATE_VIS basic_ifstream;
| ^
In file included from /host/spi-builder-workspace/Sources/CTOML/Sources/Array.cpp:7:
In file included from /host/spi-builder-workspace/Sources/CTOML/Sources/Conversion.hpp:12:
/host/spi-builder-workspace/Sources/CTOML/Sources/toml.hpp:16229:77: error: implicit instantiation of undefined template 'std::basic_ifstream<char>'
16229 | file.open(file_path_str, std::ifstream::in | std::ifstream::binary | std::ifstream::ate);
| ^
/root/.swiftpm/swift-sdks/swift-wasm-6.1-RELEASE-wasm32-unknown-wasi.artifactbundle/6.1-RELEASE-wasm32-unknown-wasi/wasm32-unknown-wasi/WASI.sdk/include/c++/v1/__fwd/fstream.h:24:28: note: template is declared here
24 | class _LIBCPP_TEMPLATE_VIS basic_ifstream;
| ^
In file included from /host/spi-builder-workspace/Sources/CTOML/Sources/Array.cpp:7:
In file included from /host/spi-builder-workspace/Sources/CTOML/Sources/Conversion.hpp:12:
/host/spi-builder-workspace/Sources/CTOML/Sources/toml.hpp:16238:22: error: implicit instantiation of undefined template 'std::basic_ifstream<char>'
16238 | file.seekg(0, std::ifstream::beg);
| ^
/root/.swiftpm/swift-sdks/swift-wasm-6.1-RELEASE-wasm32-unknown-wasi.artifactbundle/6.1-RELEASE-wasm32-unknown-wasi/wasm32-unknown-wasi/WASI.sdk/include/c++/v1/__fwd/fstream.h:24:28: note: template is declared here
24 | class _LIBCPP_TEMPLATE_VIS basic_ifstream;
| ^
5 errors generated.
[2/8] Compiling Array.cpp
[2/8] Compiling Table.cpp
[2/8] Compiling Node.cpp
[2/8] Compiling Date&Time&DateTime.cpp
[2/8] Write swift-version-24593BA9C3E375BF.txt
[2/8] Compiling Conversion.cpp
BUILD FAILURE 6.1 wasm