Build Information
Failed to build IntuneMAM, reference 22.1.1 (603a67), with Swift 6.2 for watchOS using Xcode 26.3 on 4 Oct 2026 15:12:52 UTC.
Build Command
env DEVELOPER_DIR=/Applications/Xcode-26.3.0.app xcrun xcodebuild -IDEClonedSourcePackagesDirPathOverride=$PWD/.dependencies -skipMacroValidation -skipPackagePluginValidation -derivedDataPath $PWD/.derivedData build -scheme IntuneMAM-Package -destination generic/platform=watchOSBuild Log
========================================
RunAll
========================================
Builder version: 5.1.1
Interrupt handler set up.
========================================
Checkout
========================================
Clone URL: https://github.com/microsoftconnect/ms-intune-app-sdk-ios.git
Reference: 22.1.1
Initialized empty Git repository in /Users/admin/builder/spi-builder-workspace/.git/
From https://github.com/microsoftconnect/ms-intune-app-sdk-ios
* tag 22.1.1 -> FETCH_HEAD
HEAD is now at 603a675 22.1.1
Cloned https://github.com/microsoftconnect/ms-intune-app-sdk-ios.git
Revision (git rev-parse @):
603a675fb76050c6c5abc8a914600d5c8ce33b5d
SUCCESS checkout https://github.com/microsoftconnect/ms-intune-app-sdk-ios.git at 22.1.1
========================================
Build
========================================
Selected platform: watchOS
Swift version: 6.2
Building package at path: $PWD
https://github.com/microsoftconnect/ms-intune-app-sdk-ios.git
Command line invocation:
/Applications/Xcode-26.3.0.app/Contents/Developer/usr/bin/xcodebuild -IDEClonedSourcePackagesDirPathOverride=/Users/admin/builder/spi-builder-workspace/.dependencies -resolvePackageDependencies
Resolve Package Graph
Resolve Package Graph
Resolved source packages:
IntuneMAM: /Users/admin/builder/spi-builder-workspace
resolved source packages: IntuneMAM
2026-10-04 11:12:27.671 xcodebuild[537:3096] [MT] IDERunDestination: Supported platforms for the buildables in the current scheme is empty.
{
"dependencies" : [
],
"manifest_display_name" : "IntuneMAM",
"name" : "IntuneMAM",
"path" : "/Users/admin/builder/spi-builder-workspace",
"platforms" : [
{
"name" : "ios",
"version" : "17.0"
}
],
"products" : [
{
"name" : "IntuneMAMSwift",
"targets" : [
"IntuneMAMSwift",
"IntuneMAMSwiftStub"
],
"type" : {
"library" : [
"automatic"
]
}
},
{
"name" : "IntuneMAMStatic",
"targets" : [
"IntuneMAMStatic",
"IntuneMAMSwiftStub"
],
"type" : {
"library" : [
"automatic"
]
}
},
{
"name" : "IntuneMAMTelemetry",
"targets" : [
"IntuneMAMTelemetry"
],
"type" : {
"library" : [
"automatic"
]
}
},
{
"name" : "libIntuneMAMSwiftFileProvider",
"targets" : [
"libIntuneMAMSwiftFileProvider",
"IntuneMAMSwiftStub"
],
"type" : {
"library" : [
"automatic"
]
}
}
],
"targets" : [
{
"c99name" : "libIntuneMAMSwiftFileProvider",
"module_type" : "BinaryTarget",
"name" : "libIntuneMAMSwiftFileProvider",
"path" : "libIntuneMAMSwiftFileProvider.xcframework",
"product_memberships" : [
"libIntuneMAMSwiftFileProvider"
],
"sources" : [
],
"type" : "binary"
},
{
"c99name" : "IntuneMAMTelemetry",
"module_type" : "BinaryTarget",
"name" : "IntuneMAMTelemetry",
"path" : "IntuneMAMTelemetry.xcframework",
"product_memberships" : [
"IntuneMAMTelemetry"
],
"sources" : [
],
"type" : "binary"
},
{
"c99name" : "IntuneMAMSwiftStub",
"module_type" : "BinaryTarget",
"name" : "IntuneMAMSwiftStub",
"path" : "IntuneMAMSwiftStub.xcframework",
"product_memberships" : [
"IntuneMAMSwift",
"IntuneMAMStatic",
"libIntuneMAMSwiftFileProvider"
],
"sources" : [
],
"type" : "binary"
},
{
"c99name" : "IntuneMAMSwift",
"module_type" : "BinaryTarget",
"name" : "IntuneMAMSwift",
"path" : "IntuneMAMSwift.xcframework",
"product_memberships" : [
"IntuneMAMSwift"
],
"sources" : [
],
"type" : "binary"
},
{
"c99name" : "IntuneMAMStatic",
"module_type" : "BinaryTarget",
"name" : "IntuneMAMStatic",
"path" : "IntuneMAMStatic.xcframework",
"product_memberships" : [
"IntuneMAMStatic"
],
"sources" : [
],
"type" : "binary"
}
],
"tools_version" : "5.9"
}
{
"workspace" : {
"name" : "spi-builder-workspace",
"schemes" : [
"IntuneMAM-Package",
"IntuneMAMStatic",
"IntuneMAMSwift",
"IntuneMAMTelemetry",
"libIntuneMAMSwiftFileProvider"
]
}
}
2026-10-04 11:12:46.051 xcodebuild[691:4309] [MT] IDERunDestination: Supported platforms for the buildables in the current scheme is empty.
Running build ...
env DEVELOPER_DIR=/Applications/Xcode-26.3.0.app xcrun xcodebuild -IDEClonedSourcePackagesDirPathOverride=$PWD/.dependencies -skipMacroValidation -skipPackagePluginValidation -derivedDataPath $PWD/.derivedData build -scheme IntuneMAM-Package -destination generic/platform=watchOS
Command line invocation:
/Applications/Xcode-26.3.0.app/Contents/Developer/usr/bin/xcodebuild -IDEClonedSourcePackagesDirPathOverride=/Users/admin/builder/spi-builder-workspace/.dependencies -skipMacroValidation -skipPackagePluginValidation -derivedDataPath /Users/admin/builder/spi-builder-workspace/.derivedData build -scheme IntuneMAM-Package -destination generic/platform=watchOS
Resolve Package Graph
Resolved source packages:
IntuneMAM: /Users/admin/builder/spi-builder-workspace
ComputePackagePrebuildTargetDependencyGraph
Prepare packages
CreateBuildRequest
SendProjectDescription
CreateBuildOperation
ComputeTargetDependencyGraph
note: Building targets in dependency order
note: Target dependency graph (4 targets)
Target 'libIntuneMAMSwiftFileProvider' in project 'IntuneMAM' (no dependencies)
Target 'IntuneMAMTelemetry' in project 'IntuneMAM' (no dependencies)
Target 'IntuneMAMSwift' in project 'IntuneMAM' (no dependencies)
Target 'IntuneMAMStatic' in project 'IntuneMAM' (no dependencies)
GatherProvisioningInputs
CreateBuildDescription
ExecuteExternalTool /Applications/Xcode-26.3.0.app/Contents/Developer/Toolchains/XcodeDefault.xctoolchain/usr/bin/clang -v -E -dM -isysroot /Applications/Xcode-26.3.0.app/Contents/Developer/Platforms/WatchOS.platform/Developer/SDKs/WatchOS26.2.sdk -x c -c /dev/null
Build description signature: d8210983e3c128da0c29f1785947d56c
Build description path: /Users/admin/builder/spi-builder-workspace/.derivedData/Build/Intermediates.noindex/XCBuildData/d8210983e3c128da0c29f1785947d56c.xcbuilddata
/Users/admin/builder/spi-builder-workspace/IntuneMAMSwift.xcframework:1:1: error: While building for watchOS, no library for this platform was found in '/Users/admin/builder/spi-builder-workspace/IntuneMAMSwift.xcframework'. (in target 'IntuneMAMSwift' from project 'IntuneMAM')
/Users/admin/builder/spi-builder-workspace/IntuneMAMSwiftStub.xcframework:1:1: error: While building for watchOS, no library for this platform was found in '/Users/admin/builder/spi-builder-workspace/IntuneMAMSwiftStub.xcframework'. (in target 'IntuneMAMSwift' from project 'IntuneMAM')
/Users/admin/builder/spi-builder-workspace/IntuneMAMStatic.xcframework:1:1: error: While building for watchOS, no library for this platform was found in '/Users/admin/builder/spi-builder-workspace/IntuneMAMStatic.xcframework'. (in target 'IntuneMAMStatic' from project 'IntuneMAM')
/Users/admin/builder/spi-builder-workspace/IntuneMAMSwiftStub.xcframework:1:1: error: While building for watchOS, no library for this platform was found in '/Users/admin/builder/spi-builder-workspace/IntuneMAMSwiftStub.xcframework'. (in target 'IntuneMAMStatic' from project 'IntuneMAM')
/Users/admin/builder/spi-builder-workspace/IntuneMAMTelemetry.xcframework:1:1: error: While building for watchOS, no library for this platform was found in '/Users/admin/builder/spi-builder-workspace/IntuneMAMTelemetry.xcframework'. (in target 'IntuneMAMTelemetry' from project 'IntuneMAM')
/Users/admin/builder/spi-builder-workspace/libIntuneMAMSwiftFileProvider.xcframework:1:1: error: While building for watchOS, no library for this platform was found in '/Users/admin/builder/spi-builder-workspace/libIntuneMAMSwiftFileProvider.xcframework'. (in target 'libIntuneMAMSwiftFileProvider' from project 'IntuneMAM')
/Users/admin/builder/spi-builder-workspace/IntuneMAMSwiftStub.xcframework:1:1: error: While building for watchOS, no library for this platform was found in '/Users/admin/builder/spi-builder-workspace/IntuneMAMSwiftStub.xcframework'. (in target 'libIntuneMAMSwiftFileProvider' from project 'IntuneMAM')
2026-10-04 11:12:47.523 xcodebuild[693:4359] [MT] IDERunDestination: Supported platforms for the buildables in the current scheme is empty.
** BUILD FAILED **
The following build commands failed:
Building workspace spi-builder-workspace with scheme IntuneMAM-Package
(1 failure)
Command line invocation:
/Applications/Xcode-26.3.0.app/Contents/Developer/usr/bin/xcodebuild -IDEClonedSourcePackagesDirPathOverride=/Users/admin/builder/spi-builder-workspace/.dependencies -resolvePackageDependencies
Resolve Package Graph
Resolved source packages:
IntuneMAM: /Users/admin/builder/spi-builder-workspace
resolved source packages: IntuneMAM
2026-10-04 11:12:49.928 xcodebuild[706:4461] [MT] IDERunDestination: Supported platforms for the buildables in the current scheme is empty.
{
"dependencies" : [
],
"manifest_display_name" : "IntuneMAM",
"name" : "IntuneMAM",
"path" : "/Users/admin/builder/spi-builder-workspace",
"platforms" : [
{
"name" : "ios",
"version" : "17.0"
}
],
"products" : [
{
"name" : "IntuneMAMSwift",
"targets" : [
"IntuneMAMSwift",
"IntuneMAMSwiftStub"
],
"type" : {
"library" : [
"automatic"
]
}
},
{
"name" : "IntuneMAMStatic",
"targets" : [
"IntuneMAMStatic",
"IntuneMAMSwiftStub"
],
"type" : {
"library" : [
"automatic"
]
}
},
{
"name" : "IntuneMAMTelemetry",
"targets" : [
"IntuneMAMTelemetry"
],
"type" : {
"library" : [
"automatic"
]
}
},
{
"name" : "libIntuneMAMSwiftFileProvider",
"targets" : [
"libIntuneMAMSwiftFileProvider",
"IntuneMAMSwiftStub"
],
"type" : {
"library" : [
"automatic"
]
}
}
],
"targets" : [
{
"c99name" : "libIntuneMAMSwiftFileProvider",
"module_type" : "BinaryTarget",
"name" : "libIntuneMAMSwiftFileProvider",
"path" : "libIntuneMAMSwiftFileProvider.xcframework",
"product_memberships" : [
"libIntuneMAMSwiftFileProvider"
],
"sources" : [
],
"type" : "binary"
},
{
"c99name" : "IntuneMAMTelemetry",
"module_type" : "BinaryTarget",
"name" : "IntuneMAMTelemetry",
"path" : "IntuneMAMTelemetry.xcframework",
"product_memberships" : [
"IntuneMAMTelemetry"
],
"sources" : [
],
"type" : "binary"
},
{
"c99name" : "IntuneMAMSwiftStub",
"module_type" : "BinaryTarget",
"name" : "IntuneMAMSwiftStub",
"path" : "IntuneMAMSwiftStub.xcframework",
"product_memberships" : [
"IntuneMAMSwift",
"IntuneMAMStatic",
"libIntuneMAMSwiftFileProvider"
],
"sources" : [
],
"type" : "binary"
},
{
"c99name" : "IntuneMAMSwift",
"module_type" : "BinaryTarget",
"name" : "IntuneMAMSwift",
"path" : "IntuneMAMSwift.xcframework",
"product_memberships" : [
"IntuneMAMSwift"
],
"sources" : [
],
"type" : "binary"
},
{
"c99name" : "IntuneMAMStatic",
"module_type" : "BinaryTarget",
"name" : "IntuneMAMStatic",
"path" : "IntuneMAMStatic.xcframework",
"product_memberships" : [
"IntuneMAMStatic"
],
"sources" : [
],
"type" : "binary"
}
],
"tools_version" : "5.9"
}
{
"workspace" : {
"name" : "spi-builder-workspace",
"schemes" : [
"IntuneMAM-Package",
"IntuneMAMStatic",
"IntuneMAMSwift",
"IntuneMAMTelemetry",
"libIntuneMAMSwiftFileProvider"
]
}
}
2026-10-04 11:12:51.039 xcodebuild[714:4521] [MT] IDERunDestination: Supported platforms for the buildables in the current scheme is empty.
Running build ...
env DEVELOPER_DIR=/Applications/Xcode-26.3.0.app xcrun xcodebuild -IDEClonedSourcePackagesDirPathOverride=$PWD/.dependencies -skipMacroValidation -skipPackagePluginValidation -derivedDataPath $PWD/.derivedData build -scheme IntuneMAM-Package -destination generic/platform=watchOS
Command line invocation:
/Applications/Xcode-26.3.0.app/Contents/Developer/usr/bin/xcodebuild -IDEClonedSourcePackagesDirPathOverride=/Users/admin/builder/spi-builder-workspace/.dependencies -skipMacroValidation -skipPackagePluginValidation -derivedDataPath /Users/admin/builder/spi-builder-workspace/.derivedData build -scheme IntuneMAM-Package -destination generic/platform=watchOS
Resolve Package Graph
Resolved source packages:
IntuneMAM: /Users/admin/builder/spi-builder-workspace
ComputePackagePrebuildTargetDependencyGraph
Prepare packages
CreateBuildRequest
SendProjectDescription
CreateBuildOperation
ComputeTargetDependencyGraph
note: Building targets in dependency order
note: Target dependency graph (4 targets)
Target 'libIntuneMAMSwiftFileProvider' in project 'IntuneMAM' (no dependencies)
Target 'IntuneMAMTelemetry' in project 'IntuneMAM' (no dependencies)
Target 'IntuneMAMSwift' in project 'IntuneMAM' (no dependencies)
Target 'IntuneMAMStatic' in project 'IntuneMAM' (no dependencies)
GatherProvisioningInputs
CreateBuildDescription
ExecuteExternalTool /Applications/Xcode-26.3.0.app/Contents/Developer/Toolchains/XcodeDefault.xctoolchain/usr/bin/clang -v -E -dM -isysroot /Applications/Xcode-26.3.0.app/Contents/Developer/Platforms/WatchOS.platform/Developer/SDKs/WatchOS26.2.sdk -x c -c /dev/null
Build description signature: d8210983e3c128da0c29f1785947d56c
Build description path: /Users/admin/builder/spi-builder-workspace/.derivedData/Build/Intermediates.noindex/XCBuildData/d8210983e3c128da0c29f1785947d56c.xcbuilddata
/Users/admin/builder/spi-builder-workspace/IntuneMAMTelemetry.xcframework:1:1: error: While building for watchOS, no library for this platform was found in '/Users/admin/builder/spi-builder-workspace/IntuneMAMTelemetry.xcframework'. (in target 'IntuneMAMTelemetry' from project 'IntuneMAM')
/Users/admin/builder/spi-builder-workspace/IntuneMAMStatic.xcframework:1:1: error: While building for watchOS, no library for this platform was found in '/Users/admin/builder/spi-builder-workspace/IntuneMAMStatic.xcframework'. (in target 'IntuneMAMStatic' from project 'IntuneMAM')
/Users/admin/builder/spi-builder-workspace/IntuneMAMSwiftStub.xcframework:1:1: error: While building for watchOS, no library for this platform was found in '/Users/admin/builder/spi-builder-workspace/IntuneMAMSwiftStub.xcframework'. (in target 'IntuneMAMStatic' from project 'IntuneMAM')
/Users/admin/builder/spi-builder-workspace/IntuneMAMSwift.xcframework:1:1: error: While building for watchOS, no library for this platform was found in '/Users/admin/builder/spi-builder-workspace/IntuneMAMSwift.xcframework'. (in target 'IntuneMAMSwift' from project 'IntuneMAM')
/Users/admin/builder/spi-builder-workspace/IntuneMAMSwiftStub.xcframework:1:1: error: While building for watchOS, no library for this platform was found in '/Users/admin/builder/spi-builder-workspace/IntuneMAMSwiftStub.xcframework'. (in target 'IntuneMAMSwift' from project 'IntuneMAM')
/Users/admin/builder/spi-builder-workspace/libIntuneMAMSwiftFileProvider.xcframework:1:1: error: While building for watchOS, no library for this platform was found in '/Users/admin/builder/spi-builder-workspace/libIntuneMAMSwiftFileProvider.xcframework'. (in target 'libIntuneMAMSwiftFileProvider' from project 'IntuneMAM')
/Users/admin/builder/spi-builder-workspace/IntuneMAMSwiftStub.xcframework:1:1: error: While building for watchOS, no library for this platform was found in '/Users/admin/builder/spi-builder-workspace/IntuneMAMSwiftStub.xcframework'. (in target 'libIntuneMAMSwiftFileProvider' from project 'IntuneMAM')
2026-10-04 11:12:51.939 xcodebuild[716:4550] [MT] IDERunDestination: Supported platforms for the buildables in the current scheme is empty.
** BUILD FAILED **
The following build commands failed:
Building workspace spi-builder-workspace with scheme IntuneMAM-Package
(1 failure)
BUILD FAILURE 6.2 watchOS