Build Information
Failed to build MetalHLO, reference main (7fabaa), with Swift 6.3 for visionOS using Xcode 26.4 on 14 Oct 2026 06:45:33 UTC.
Build Command
env DEVELOPER_DIR=/Applications/Xcode-26.5.0.app xcrun xcodebuild -IDEClonedSourcePackagesDirPathOverride=$PWD/.dependencies -skipMacroValidation -skipPackagePluginValidation -derivedDataPath $PWD/.derivedData build -scheme MetalHLO-Package -destination generic/platform=xrOSBuild Log
"ComputeUnit.swift",
"ContentionModel.swift",
"ConvolutionCPU.swift",
"ConvolutionGPU.swift",
"ConvolutionMPS.swift",
"ElementwiseCPU.swift",
"ElementwiseGPU.swift",
"EligibilityAnnotationPass.swift",
"EmbeddingCPU.swift",
"EmbeddingGPU.swift",
"FusedExecutor.swift",
"FusedMatmul.swift",
"HardwareCalibration.swift",
"HardwareMonitor.swift",
"HardwareProfile.swift",
"HeteroGraph.swift",
"HeterogeneousError.swift",
"HeterogeneousPartitioningPass.swift",
"LayerNormCPU.swift",
"LayerNormGPU.swift",
"MatmulANE.swift",
"MatmulCPU.swift",
"MatmulGPU.swift",
"OpFusionPass.swift",
"OptimalSplitter.swift",
"PartitionDescriptor.swift",
"ProfileDatabase.swift",
"ProfitabilityGuard.swift",
"SequentialScheduler.swift",
"SoftmaxCPU.swift",
"SoftmaxGPU.swift",
"ThroughputCurve.swift"
],
"type" : "library"
},
{
"c99name" : "GPT2EndToEnd",
"module_type" : "SwiftTarget",
"name" : "GPT2EndToEnd",
"path" : "Sources/GPT2EndToEnd",
"product_memberships" : [
"GPT2EndToEnd"
],
"sources" : [
"main.swift"
],
"target_dependencies" : [
"HeterogeneousFusion"
],
"type" : "executable"
},
{
"c99name" : "DepthAttentionBenchmark",
"module_type" : "SwiftTarget",
"name" : "DepthAttentionBenchmark",
"path" : "Sources/DepthAttentionBenchmark",
"product_memberships" : [
"DepthAttentionBenchmark"
],
"sources" : [
"main.swift"
],
"target_dependencies" : [
"MetalHLOCore",
"MetalHLOBenchmarks"
],
"type" : "executable"
},
{
"c99name" : "CalibrateTest",
"module_type" : "SwiftTarget",
"name" : "CalibrateTest",
"path" : "Sources/CalibrateTest",
"product_memberships" : [
"CalibrateTest"
],
"sources" : [
"main.swift"
],
"target_dependencies" : [
"HeterogeneousFusion"
],
"type" : "executable"
},
{
"c99name" : "CPJRTApi",
"module_type" : "ClangTarget",
"name" : "CPJRTApi",
"path" : "Sources/CPJRTApi",
"product_memberships" : [
"PJRTMetalHLO"
],
"sources" : [
"shim.c"
],
"type" : "library"
},
{
"c99name" : "CMetalHLO",
"module_type" : "SwiftTarget",
"name" : "CMetalHLO",
"path" : "Sources/CMetalHLO",
"product_memberships" : [
"CMetalHLO"
],
"sources" : [
"CInterface.swift"
],
"target_dependencies" : [
"MetalHLO",
"ANERuntime"
],
"type" : "library"
},
{
"c99name" : "BenchmarkRunner",
"module_type" : "SwiftTarget",
"name" : "BenchmarkRunner",
"path" : "Sources/BenchmarkRunner",
"product_memberships" : [
"benchmark-runner"
],
"sources" : [
"main.swift"
],
"target_dependencies" : [
"MetalHLOBenchmarks"
],
"type" : "executable"
},
{
"c99name" : "ANERuntimeTests",
"module_type" : "SwiftTarget",
"name" : "ANERuntimeTests",
"path" : "Tests/ANERuntimeTests",
"sources" : [
"ANEAvailabilityTests.swift",
"ANEBufferTests.swift",
"ANECompileCounterTests.swift",
"ANEDeviceTests.swift",
"ANEMILIntegrationTests.swift",
"ANEWatchdogTests.swift",
"CoreMLBridgeTests.swift"
],
"target_dependencies" : [
"ANERuntime",
"MetalHLOCore"
],
"type" : "test"
},
{
"c99name" : "ANERuntime",
"module_type" : "SwiftTarget",
"name" : "ANERuntime",
"path" : "Sources/ANERuntime",
"product_memberships" : [
"MetalHLO",
"CMetalHLO",
"PJRTMetalHLO",
"ANERuntime",
"MetalHLOBenchmarks",
"MLXBenchmarks",
"benchmark-runner",
"mlx-comparison",
"DepthAttentionBenchmark"
],
"sources" : [
"ANEAvailability.swift",
"ANEBuffer.swift",
"ANEDevice.swift",
"ANEError.swift",
"ANEProgram.swift",
"ANEWatchdog.swift",
"CompileCounter.swift",
"CoreMLBridge.swift",
"CoreMLModelBuilder.swift",
"CoreMLOp.swift",
"CoreMLProgram.swift",
"MILWeightTemplate.swift",
"Protobuf/CoreMLProto.swift",
"Protobuf/ProtobufWriter.swift"
],
"type" : "library"
}
],
"tools_version" : "6.0"
}
{
"workspace" : {
"name" : "spi-builder-workspace",
"schemes" : [
"ANERuntime",
"benchmark-runner",
"CalibrateTest",
"CMetalHLO",
"DepthAttentionBenchmark",
"GPT2EndToEnd",
"HeterogeneousFusionBenchmark",
"MetalHLO",
"MetalHLO-Package",
"MetalHLOBenchmarks",
"mlx-comparison",
"MLXBenchmarks",
"PJRTMetalHLO"
]
}
}
2026-10-14 02:45:25.395 xcodebuild[1504:6867] [MT] IDERunDestination: Supported platforms for the buildables in the current scheme is empty.
{
"workspace" : {
"name" : "spi-builder-workspace",
"schemes" : [
"ANERuntime",
"benchmark-runner",
"CalibrateTest",
"CMetalHLO",
"DepthAttentionBenchmark",
"GPT2EndToEnd",
"HeterogeneousFusionBenchmark",
"MetalHLO",
"MetalHLO-Package",
"MetalHLOBenchmarks",
"mlx-comparison",
"MLXBenchmarks",
"PJRTMetalHLO"
]
}
}
2026-10-14 02:45:26.955 xcodebuild[1514:6924] [MT] IDERunDestination: Supported platforms for the buildables in the current scheme is empty.
Running build ...
env DEVELOPER_DIR=/Applications/Xcode-26.5.0.app xcrun xcodebuild -IDEClonedSourcePackagesDirPathOverride=$PWD/.dependencies -skipMacroValidation -skipPackagePluginValidation -derivedDataPath $PWD/.derivedData build -scheme MetalHLO-Package -destination generic/platform=xrOS
Command line invocation:
/Applications/Xcode-26.5.0.app/Contents/Developer/usr/bin/xcodebuild -IDEClonedSourcePackagesDirPathOverride=/Users/admin/builder/spi-builder-workspace/.dependencies -skipMacroValidation -skipPackagePluginValidation -derivedDataPath /Users/admin/builder/spi-builder-workspace/.derivedData build -scheme MetalHLO-Package -destination generic/platform=xrOS
Resolve Package Graph
Resolved source packages:
MetalHLO: /Users/admin/builder/spi-builder-workspace
swift-numerics: https://github.com/apple/swift-numerics @ 1.1.1
mlx-swift: https://github.com/ml-explore/mlx-swift @ 0.32.3
ComputePackagePrebuildTargetDependencyGraph
Prepare packages
CreateBuildRequest
SendProjectDescription
CreateBuildOperation
ComputeTargetDependencyGraph
note: Building targets in dependency order
note: Target dependency graph (33 targets)
Target 'mlx-comparison' in project 'MetalHLO'
➜ Explicit dependency on target 'ANERuntime' in project 'MetalHLO'
➜ Explicit dependency on target 'MetalHLOCore' in project 'MetalHLO'
➜ Explicit dependency on target 'MetalHLO' in project 'MetalHLO'
➜ Explicit dependency on target 'MetalHLOBenchmarks' in project 'MetalHLO'
➜ Explicit dependency on target 'MLXBenchmarks' in project 'MetalHLO'
➜ Explicit dependency on target 'MLX' in project 'mlx-swift'
➜ Explicit dependency on target 'MLXRandom' in project 'mlx-swift'
Target 'benchmark-runner' in project 'MetalHLO'
➜ Explicit dependency on target 'ANERuntime' in project 'MetalHLO'
➜ Explicit dependency on target 'MetalHLOCore' in project 'MetalHLO'
➜ Explicit dependency on target 'MetalHLO' in project 'MetalHLO'
➜ Explicit dependency on target 'MetalHLOBenchmarks' in project 'MetalHLO'
Target 'HeterogeneousFusionBenchmark' in project 'MetalHLO'
➜ Explicit dependency on target 'HeterogeneousFusion' in project 'MetalHLO'
Target 'GPT2EndToEnd' in project 'MetalHLO'
➜ Explicit dependency on target 'HeterogeneousFusion' in project 'MetalHLO'
Target 'DepthAttentionBenchmark' in project 'MetalHLO'
➜ Explicit dependency on target 'ANERuntime' in project 'MetalHLO'
➜ Explicit dependency on target 'MetalHLOCore' in project 'MetalHLO'
➜ Explicit dependency on target 'MetalHLO' in project 'MetalHLO'
➜ Explicit dependency on target 'MetalHLOBenchmarks' in project 'MetalHLO'
Target 'CalibrateTest' in project 'MetalHLO'
➜ Explicit dependency on target 'HeterogeneousFusion' in project 'MetalHLO'
Target 'HeterogeneousFusion' in project 'MetalHLO' (no dependencies)
Target 'PJRTMetalHLO' in project 'MetalHLO'
➜ Explicit dependency on target 'PJRTMetalHLO' in project 'MetalHLO'
➜ Explicit dependency on target 'ANERuntime' in project 'MetalHLO'
➜ Explicit dependency on target 'MetalHLOCore' in project 'MetalHLO'
➜ Explicit dependency on target 'MetalHLO' in project 'MetalHLO'
➜ Explicit dependency on target 'CPJRTApi' in project 'MetalHLO'
Target 'PJRTMetalHLO' in project 'MetalHLO'
➜ Explicit dependency on target 'ANERuntime' in project 'MetalHLO'
➜ Explicit dependency on target 'MetalHLOCore' in project 'MetalHLO'
➜ Explicit dependency on target 'MetalHLO' in project 'MetalHLO'
➜ Explicit dependency on target 'CPJRTApi' in project 'MetalHLO'
Target 'CPJRTApi' in project 'MetalHLO' (no dependencies)
Target 'MetalHLOBenchmarks' in project 'MetalHLO'
➜ Explicit dependency on target 'MetalHLOBenchmarks' in project 'MetalHLO'
➜ Explicit dependency on target 'ANERuntime' in project 'MetalHLO'
➜ Explicit dependency on target 'MetalHLOCore' in project 'MetalHLO'
➜ Explicit dependency on target 'MetalHLO' in project 'MetalHLO'
Target 'MetalHLO' in project 'MetalHLO'
➜ Explicit dependency on target 'MetalHLO' in project 'MetalHLO'
➜ Explicit dependency on target 'ANERuntime' in project 'MetalHLO'
➜ Explicit dependency on target 'MetalHLOCore' in project 'MetalHLO'
Target 'MLXBenchmarks' in project 'MetalHLO'
➜ Explicit dependency on target 'MLXBenchmarks' in project 'MetalHLO'
➜ Explicit dependency on target 'ANERuntime' in project 'MetalHLO'
➜ Explicit dependency on target 'MetalHLOCore' in project 'MetalHLO'
➜ Explicit dependency on target 'MetalHLO' in project 'MetalHLO'
➜ Explicit dependency on target 'MetalHLOBenchmarks' in project 'MetalHLO'
➜ Explicit dependency on target 'MLX' in project 'mlx-swift'
➜ Explicit dependency on target 'MLXRandom' in project 'mlx-swift'
Target 'MLXBenchmarks' in project 'MetalHLO'
➜ Explicit dependency on target 'ANERuntime' in project 'MetalHLO'
➜ Explicit dependency on target 'MetalHLOCore' in project 'MetalHLO'
➜ Explicit dependency on target 'MetalHLO' in project 'MetalHLO'
➜ Explicit dependency on target 'MetalHLOBenchmarks' in project 'MetalHLO'
➜ Explicit dependency on target 'MLX' in project 'mlx-swift'
➜ Explicit dependency on target 'MLXRandom' in project 'mlx-swift'
Target 'MLXRandom' in project 'mlx-swift'
➜ Explicit dependency on target 'MLXRandom' in project 'mlx-swift'
➜ Explicit dependency on target 'Cmlx' in project 'mlx-swift'
➜ Explicit dependency on target 'cLogSupport' in project 'mlx-swift'
➜ Explicit dependency on target 'MLX' in project 'mlx-swift'
➜ Explicit dependency on target 'Numerics' in project 'swift-numerics'
Target 'MLXRandom' in project 'mlx-swift'
➜ Explicit dependency on target 'Cmlx' in project 'mlx-swift'
➜ Explicit dependency on target 'cLogSupport' in project 'mlx-swift'
➜ Explicit dependency on target 'MLX' in project 'mlx-swift'
➜ Explicit dependency on target 'Numerics' in project 'swift-numerics'
Target 'MLX' in project 'mlx-swift'
➜ Explicit dependency on target 'MLX' in project 'mlx-swift'
➜ Explicit dependency on target 'Cmlx' in project 'mlx-swift'
➜ Explicit dependency on target 'cLogSupport' in project 'mlx-swift'
➜ Explicit dependency on target 'Numerics' in project 'swift-numerics'
Target 'MLX' in project 'mlx-swift'
➜ Explicit dependency on target 'Cmlx' in project 'mlx-swift'
➜ Explicit dependency on target 'cLogSupport' in project 'mlx-swift'
➜ Explicit dependency on target 'Numerics' in project 'swift-numerics'
Target 'Numerics' in project 'swift-numerics'
➜ Explicit dependency on target 'Numerics' in project 'swift-numerics'
➜ Explicit dependency on target '_NumericsShims' in project 'swift-numerics'
➜ Explicit dependency on target 'RealModule' in project 'swift-numerics'
➜ Explicit dependency on target 'ComplexModule' in project 'swift-numerics'
Target 'Numerics' in project 'swift-numerics'
➜ Explicit dependency on target '_NumericsShims' in project 'swift-numerics'
➜ Explicit dependency on target 'RealModule' in project 'swift-numerics'
➜ Explicit dependency on target 'ComplexModule' in project 'swift-numerics'
Target 'ComplexModule' in project 'swift-numerics'
➜ Explicit dependency on target '_NumericsShims' in project 'swift-numerics'
➜ Explicit dependency on target 'RealModule' in project 'swift-numerics'
Target 'RealModule' in project 'swift-numerics'
➜ Explicit dependency on target '_NumericsShims' in project 'swift-numerics'
Target '_NumericsShims' in project 'swift-numerics' (no dependencies)
Target 'cLogSupport' in project 'mlx-swift' (no dependencies)
Target 'Cmlx' in project 'mlx-swift'
➜ Explicit dependency on target 'mlx-swift_Cmlx' in project 'mlx-swift'
Target 'mlx-swift_Cmlx' in project 'mlx-swift' (no dependencies)
Target 'MetalHLOBenchmarks' in project 'MetalHLO'
➜ Explicit dependency on target 'ANERuntime' in project 'MetalHLO'
➜ Explicit dependency on target 'MetalHLOCore' in project 'MetalHLO'
➜ Explicit dependency on target 'MetalHLO' in project 'MetalHLO'
Target 'CMetalHLO' in project 'MetalHLO'
➜ Explicit dependency on target 'CMetalHLO' in project 'MetalHLO'
➜ Explicit dependency on target 'ANERuntime' in project 'MetalHLO'
➜ Explicit dependency on target 'MetalHLOCore' in project 'MetalHLO'
➜ Explicit dependency on target 'MetalHLO' in project 'MetalHLO'
Target 'CMetalHLO' in project 'MetalHLO'
➜ Explicit dependency on target 'ANERuntime' in project 'MetalHLO'
➜ Explicit dependency on target 'MetalHLOCore' in project 'MetalHLO'
➜ Explicit dependency on target 'MetalHLO' in project 'MetalHLO'
Target 'MetalHLO' in project 'MetalHLO'
➜ Explicit dependency on target 'ANERuntime' in project 'MetalHLO'
➜ Explicit dependency on target 'MetalHLOCore' in project 'MetalHLO'
Target 'MetalHLOCore' in project 'MetalHLO'
➜ Explicit dependency on target 'ANERuntime' in project 'MetalHLO'
Target 'ANERuntime' in project 'MetalHLO'
➜ Explicit dependency on target 'ANERuntime' in project 'MetalHLO'
Target 'ANERuntime' in project 'MetalHLO' (no dependencies)
GatherProvisioningInputs
CreateBuildDescription
ClangStatCache /Applications/Xcode-26.5.0.app/Contents/Developer/Toolchains/XcodeDefault.xctoolchain/usr/bin/clang-stat-cache /Applications/Xcode-26.5.0.app/Contents/Developer/Platforms/XROS.platform/Developer/SDKs/XROS26.5.sdk /Users/admin/builder/spi-builder-workspace/.derivedData/SDKStatCaches.noindex/xros26.5-23O469-688ef53f1462e2c8f657fdc38a81448f73f9c068cd48276448ef291a7ea74bec.sdkstatcache
cd /Users/admin/builder/spi-builder-workspace/.swiftpm/xcode
/Applications/Xcode-26.5.0.app/Contents/Developer/Toolchains/XcodeDefault.xctoolchain/usr/bin/clang-stat-cache /Applications/Xcode-26.5.0.app/Contents/Developer/Platforms/XROS.platform/Developer/SDKs/XROS26.5.sdk -o /Users/admin/builder/spi-builder-workspace/.derivedData/SDKStatCaches.noindex/xros26.5-23O469-688ef53f1462e2c8f657fdc38a81448f73f9c068cd48276448ef291a7ea74bec.sdkstatcache
CompileC /Users/admin/builder/spi-builder-workspace/.derivedData/Build/Intermediates.noindex/mlx-swift.build/Debug-xros/Cmlx.build/Objects-normal/arm64/binary-d7b97f0381813eeebea1c34129e663a1.o /Users/admin/builder/spi-builder-workspace/.dependencies/checkouts/mlx-swift/Source/Cmlx/mlx/mlx/backend/cpu/binary.cpp normal arm64 c++ com.apple.compilers.llvm.clang.1_0.compiler (in target 'Cmlx' from project 'mlx-swift')
cd /Users/admin/builder/spi-builder-workspace/.swiftpm/xcode
Using response file: /Users/admin/builder/spi-builder-workspace/.derivedData/Build/Intermediates.noindex/mlx-swift.build/Debug-xros/Cmlx.build/Objects-normal/arm64/82b82416624d2658e5098eb0a28c15c5-common-args.resp
/Applications/Xcode-26.5.0.app/Contents/Developer/Toolchains/XcodeDefault.xctoolchain/usr/bin/clang -x c++ -ivfsstatcache /Users/admin/builder/spi-builder-workspace/.derivedData/SDKStatCaches.noindex/xros26.5-23O469-688ef53f1462e2c8f657fdc38a81448f73f9c068cd48276448ef291a7ea74bec.sdkstatcache -target arm64-apple-xros1.0 -fmessage-length\=0 -fdiagnostics-show-note-include-stack -fmacro-backtrace-limit\=0 -fno-color-diagnostics -fmodules-prune-interval\=86400 -fmodules-prune-after\=345600 -fbuild-session-file\=/Users/admin/builder/spi-builder-workspace/.derivedData/ModuleCache.noindex/Session.modulevalidation -fmodules-validate-once-per-build-session -Wnon-modular-include-in-framework-module -Werror\=non-modular-include-in-framework-module -Wno-trigraphs -Wno-missing-field-initializers -Wno-missing-prototypes -Wno-return-type -Wno-non-virtual-dtor -Wno-overloaded-virtual -Wno-exit-time-destructors -Wno-missing-braces -Wparentheses -Wswitch -Wno-unused-function -Wno-unused-label -Wno-unused-parameter -Wno-unused-variable -Wunused-value -Wno-empty-body -Wno-uninitialized -Wno-unknown-pragmas -w -Wno-shadow -Wno-four-char-constants -Wno-conversion -Wno-constant-conversion -Wno-int-conversion -Wno-bool-conversion -Wno-enum-conversion -Wno-float-conversion -Wno-non-literal-null-conversion -Wno-objc-literal-conversion -Wshorten-64-to-32 -Wno-newline-eof -Wno-c++11-extensions -Wno-implicit-fallthrough -isysroot /Applications/Xcode-26.5.0.app/Contents/Developer/Platforms/XROS.platform/Developer/SDKs/XROS26.5.sdk -fstrict-aliasing -Wdeprecated-declarations -Winvalid-offsetof -Wno-sign-conversion -Wno-infinite-recursion -Wno-move -Wno-comma -Wno-block-capture-autoreleasing -Wno-strict-prototypes -Wno-range-loop-analysis -Wno-semicolon-before-method-body -index-store-path /Users/admin/builder/spi-builder-workspace/.derivedData/Index.noindex/DataStore @/Users/admin/builder/spi-builder-workspace/.derivedData/Build/Intermediates.noindex/mlx-swift.build/Debug-xros/Cmlx.build/Objects-normal/arm64/82b82416624d2658e5098eb0a28c15c5-common-args.resp -MMD -MT dependencies -MF /Users/admin/builder/spi-builder-workspace/.derivedData/Build/Intermediates.noindex/mlx-swift.build/Debug-xros/Cmlx.build/Objects-normal/arm64/binary-d7b97f0381813eeebea1c34129e663a1.d --serialize-diagnostics /Users/admin/builder/spi-builder-workspace/.derivedData/Build/Intermediates.noindex/mlx-swift.build/Debug-xros/Cmlx.build/Objects-normal/arm64/binary-d7b97f0381813eeebea1c34129e663a1.dia -c /Users/admin/builder/spi-builder-workspace/.dependencies/checkouts/mlx-swift/Source/Cmlx/mlx/mlx/backend/cpu/binary.cpp -o /Users/admin/builder/spi-builder-workspace/.derivedData/Build/Intermediates.noindex/mlx-swift.build/Debug-xros/Cmlx.build/Objects-normal/arm64/binary-d7b97f0381813eeebea1c34129e663a1.o -index-unit-output-path /mlx-swift.build/Debug-xros/Cmlx.build/Objects-normal/arm64/binary-d7b97f0381813eeebea1c34129e663a1.o
SwiftDriver MetalHLOCore normal arm64 com.apple.xcode.tools.swift.compiler (in target 'MetalHLOCore' from project 'MetalHLO')
cd /Users/admin/builder/spi-builder-workspace/.swiftpm/xcode
builtin-SwiftDriver -- /Applications/Xcode-26.5.0.app/Contents/Developer/Toolchains/XcodeDefault.xctoolchain/usr/bin/swiftc -module-name MetalHLOCore -Onone @/Users/admin/builder/spi-builder-workspace/.derivedData/Build/Intermediates.noindex/MetalHLO.build/Debug-xros/MetalHLOCore.build/Objects-normal/arm64/MetalHLOCore.SwiftFileList -DSWIFT_PACKAGE -DDEBUG -DSWIFT_MODULE_RESOURCE_BUNDLE_UNAVAILABLE -DXcode -plugin-path /Applications/Xcode-26.5.0.app/Contents/Developer/Toolchains/XcodeDefault.xctoolchain/usr/lib/swift/host/plugins/testing -enable-experimental-feature DebugDescriptionMacro -sdk /Applications/Xcode-26.5.0.app/Contents/Developer/Platforms/XROS.platform/Developer/SDKs/XROS26.5.sdk -target arm64-apple-xros1.0 -g -module-cache-path /Users/admin/builder/spi-builder-workspace/.derivedData/ModuleCache.noindex -Xfrontend -serialize-debugging-options -profile-coverage-mapping -profile-generate -enable-testing -index-store-path /Users/admin/builder/spi-builder-workspace/.derivedData/Index.noindex/DataStore -Xcc -D_LIBCPP_HARDENING_MODE\=_LIBCPP_HARDENING_MODE_DEBUG -swift-version 6 -I /Users/admin/builder/spi-builder-workspace/.derivedData/Build/Products/Debug-xros -Isystem /Applications/Xcode-26.5.0.app/Contents/Developer/Platforms/XROS.platform/Developer/usr/lib -F /Users/admin/builder/spi-builder-workspace/.derivedData/Build/Products/Debug-xros/PackageFrameworks -F /Users/admin/builder/spi-builder-workspace/.derivedData/Build/Products/Debug-xros -F /Applications/Xcode-26.5.0.app/Contents/Developer/Platforms/XROS.platform/Developer/Library/Frameworks -F /Applications/Xcode-26.5.0.app/Contents/Developer/Platforms/XROS.platform/Developer/SDKs/XROS26.5.sdk/Developer/Library/Frameworks -c -j10 -enable-batch-mode -incremental -Xcc -ivfsstatcache -Xcc /Users/admin/builder/spi-builder-workspace/.derivedData/SDKStatCaches.noindex/xros26.5-23O469-688ef53f1462e2c8f657fdc38a81448f73f9c068cd48276448ef291a7ea74bec.sdkstatcache -output-file-map /Users/admin/builder/spi-builder-workspace/.derivedData/Build/Intermediates.noindex/MetalHLO.build/Debug-xros/MetalHLOCore.build/Objects-normal/arm64/MetalHLOCore-OutputFileMap.json -use-frontend-parseable-output -save-temps -no-color-diagnostics -explicit-module-build -module-cache-path /Users/admin/builder/spi-builder-workspace/.derivedData/Build/Intermediates.noindex/SwiftExplicitPrecompiledModules -clang-scanner-module-cache-path /Users/admin/builder/spi-builder-workspace/.derivedData/ModuleCache.noindex -sdk-module-cache-path /Users/admin/builder/spi-builder-workspace/.derivedData/ModuleCache.noindex -serialize-diagnostics -emit-dependencies -emit-module -emit-module-path /Users/admin/builder/spi-builder-workspace/.derivedData/Build/Intermediates.noindex/MetalHLO.build/Debug-xros/MetalHLOCore.build/Objects-normal/arm64/MetalHLOCore.swiftmodule -validate-clang-modules-once -clang-build-session-file /Users/admin/builder/spi-builder-workspace/.derivedData/ModuleCache.noindex/Session.modulevalidation -package-name spi_builder_workspace -Xcc -I/Users/admin/builder/spi-builder-workspace/.derivedData/Build/Intermediates.noindex/MetalHLO.build/Debug-xros/MetalHLOCore.build/swift-overrides.hmap -emit-const-values -Xfrontend -const-gather-protocols-file -Xfrontend /Users/admin/builder/spi-builder-workspace/.derivedData/Build/Intermediates.noindex/MetalHLO.build/Debug-xros/MetalHLOCore.build/Objects-normal/arm64/MetalHLOCore_const_extract_protocols.json -Xcc -I/Users/admin/builder/spi-builder-workspace/.derivedData/Build/Products/Debug-xros/include -Xcc -I/Users/admin/builder/spi-builder-workspace/.derivedData/Build/Intermediates.noindex/MetalHLO.build/Debug-xros/MetalHLOCore.build/DerivedSources-normal/arm64 -Xcc -I/Users/admin/builder/spi-builder-workspace/.derivedData/Build/Intermediates.noindex/MetalHLO.build/Debug-xros/MetalHLOCore.build/DerivedSources/arm64 -Xcc -I/Users/admin/builder/spi-builder-workspace/.derivedData/Build/Intermediates.noindex/MetalHLO.build/Debug-xros/MetalHLOCore.build/DerivedSources -Xcc -DSWIFT_PACKAGE -Xcc -DDEBUG\=1 -emit-objc-header -emit-objc-header-path /Users/admin/builder/spi-builder-workspace/.derivedData/Build/Intermediates.noindex/MetalHLO.build/Debug-xros/MetalHLOCore.build/Objects-normal/arm64/MetalHLOCore-Swift.h -working-directory /Users/admin/builder/spi-builder-workspace/.swiftpm/xcode -experimental-emit-module-separately -disable-cmo
SwiftDriver HeterogeneousFusionBenchmark normal arm64 com.apple.xcode.tools.swift.compiler (in target 'HeterogeneousFusionBenchmark' from project 'MetalHLO')
cd /Users/admin/builder/spi-builder-workspace/.swiftpm/xcode
builtin-SwiftDriver -- /Applications/Xcode-26.5.0.app/Contents/Developer/Toolchains/XcodeDefault.xctoolchain/usr/bin/swiftc -module-name HeterogeneousFusionBenchmark -Onone @/Users/admin/builder/spi-builder-workspace/.derivedData/Build/Intermediates.noindex/MetalHLO.build/Debug-xros/HeterogeneousFusionBenchmark.build/Objects-normal/arm64/HeterogeneousFusionBenchmark.SwiftFileList -DSWIFT_PACKAGE -DDEBUG -DXcode -plugin-path /Applications/Xcode-26.5.0.app/Contents/Developer/Toolchains/XcodeDefault.xctoolchain/usr/lib/swift/host/plugins/testing -enable-experimental-feature DebugDescriptionMacro -sdk /Applications/Xcode-26.5.0.app/Contents/Developer/Platforms/XROS.platform/Developer/SDKs/XROS26.5.sdk -target arm64-apple-xros1.0 -g -module-cache-path /Users/admin/builder/spi-builder-workspace/.derivedData/ModuleCache.noindex -Xfrontend -serialize-debugging-options -profile-coverage-mapping -profile-generate -enable-testing -index-store-path /Users/admin/builder/spi-builder-workspace/.derivedData/Index.noindex/DataStore -Xcc -D_LIBCPP_HARDENING_MODE\=_LIBCPP_HARDENING_MODE_DEBUG -swift-version 6 -I /Users/admin/builder/spi-builder-workspace/.derivedData/Build/Products/Debug-xros -Isystem /Applications/Xcode-26.5.0.app/Contents/Developer/Platforms/XROS.platform/Developer/usr/lib -F /Users/admin/builder/spi-builder-workspace/.derivedData/Build/Products/Debug-xros/PackageFrameworks -F /Users/admin/builder/spi-builder-workspace/.derivedData/Build/Products/Debug-xros -F /Applications/Xcode-26.5.0.app/Contents/Developer/Platforms/XROS.platform/Developer/Library/Frameworks -F /Applications/Xcode-26.5.0.app/Contents/Developer/Platforms/XROS.platform/Developer/SDKs/XROS26.5.sdk/Developer/Library/Frameworks -c -j10 -enable-batch-mode -incremental -Xcc -ivfsstatcache -Xcc /Users/admin/builder/spi-builder-workspace/.derivedData/SDKStatCaches.noindex/xros26.5-23O469-688ef53f1462e2c8f657fdc38a81448f73f9c068cd48276448ef291a7ea74bec.sdkstatcache -output-file-map /Users/admin/builder/spi-builder-workspace/.derivedData/Build/Intermediates.noindex/MetalHLO.build/Debug-xros/HeterogeneousFusionBenchmark.build/Objects-normal/arm64/HeterogeneousFusionBenchmark-OutputFileMap.json -use-frontend-parseable-output -save-temps -no-color-diagnostics -explicit-module-build -module-cache-path /Users/admin/builder/spi-builder-workspace/.derivedData/Build/Intermediates.noindex/SwiftExplicitPrecompiledModules -clang-scanner-module-cache-path /Users/admin/builder/spi-builder-workspace/.derivedData/ModuleCache.noindex -sdk-module-cache-path /Users/admin/builder/spi-builder-workspace/.derivedData/ModuleCache.noindex -serialize-diagnostics -emit-dependencies -emit-module -emit-module-path /Users/admin/builder/spi-builder-workspace/.derivedData/Build/Intermediates.noindex/MetalHLO.build/Debug-xros/HeterogeneousFusionBenchmark.build/Objects-normal/arm64/HeterogeneousFusionBenchmark.swiftmodule -validate-clang-modules-once -clang-build-session-file /Users/admin/builder/spi-builder-workspace/.derivedData/ModuleCache.noindex/Session.modulevalidation -package-name spi_builder_workspace -emit-const-values -Xfrontend -const-gather-protocols-file -Xfrontend /Users/admin/builder/spi-builder-workspace/.derivedData/Build/Intermediates.noindex/MetalHLO.build/Debug-xros/HeterogeneousFusionBenchmark.build/Objects-normal/arm64/HeterogeneousFusionBenchmark_const_extract_protocols.json -Xcc -I/Users/admin/builder/spi-builder-workspace/.derivedData/Build/Products/Debug-xros/include -Xcc -I/Users/admin/builder/spi-builder-workspace/.derivedData/Build/Intermediates.noindex/MetalHLO.build/Debug-xros/HeterogeneousFusionBenchmark.build/DerivedSources-normal/arm64 -Xcc -I/Users/admin/builder/spi-builder-workspace/.derivedData/Build/Intermediates.noindex/MetalHLO.build/Debug-xros/HeterogeneousFusionBenchmark.build/DerivedSources/arm64 -Xcc -I/Users/admin/builder/spi-builder-workspace/.derivedData/Build/Intermediates.noindex/MetalHLO.build/Debug-xros/HeterogeneousFusionBenchmark.build/DerivedSources -Xcc -DSWIFT_PACKAGE -Xcc -DDEBUG\=1 -working-directory /Users/admin/builder/spi-builder-workspace/.swiftpm/xcode -experimental-emit-module-separately -disable-cmo
SwiftDriver GPT2EndToEnd normal arm64 com.apple.xcode.tools.swift.compiler (in target 'GPT2EndToEnd' from project 'MetalHLO')
cd /Users/admin/builder/spi-builder-workspace/.swiftpm/xcode
builtin-SwiftDriver -- /Applications/Xcode-26.5.0.app/Contents/Developer/Toolchains/XcodeDefault.xctoolchain/usr/bin/swiftc -module-name GPT2EndToEnd -Onone @/Users/admin/builder/spi-builder-workspace/.derivedData/Build/Intermediates.noindex/MetalHLO.build/Debug-xros/GPT2EndToEnd.build/Objects-normal/arm64/GPT2EndToEnd.SwiftFileList -DSWIFT_PACKAGE -DDEBUG -DXcode -plugin-path /Applications/Xcode-26.5.0.app/Contents/Developer/Toolchains/XcodeDefault.xctoolchain/usr/lib/swift/host/plugins/testing -enable-experimental-feature DebugDescriptionMacro -sdk /Applications/Xcode-26.5.0.app/Contents/Developer/Platforms/XROS.platform/Developer/SDKs/XROS26.5.sdk -target arm64-apple-xros1.0 -g -module-cache-path /Users/admin/builder/spi-builder-workspace/.derivedData/ModuleCache.noindex -Xfrontend -serialize-debugging-options -profile-coverage-mapping -profile-generate -enable-testing -index-store-path /Users/admin/builder/spi-builder-workspace/.derivedData/Index.noindex/DataStore -Xcc -D_LIBCPP_HARDENING_MODE\=_LIBCPP_HARDENING_MODE_DEBUG -swift-version 6 -I /Users/admin/builder/spi-builder-workspace/.derivedData/Build/Products/Debug-xros -Isystem /Applications/Xcode-26.5.0.app/Contents/Developer/Platforms/XROS.platform/Developer/usr/lib -F /Users/admin/builder/spi-builder-workspace/.derivedData/Build/Products/Debug-xros/PackageFrameworks -F /Users/admin/builder/spi-builder-workspace/.derivedData/Build/Products/Debug-xros -F /Applications/Xcode-26.5.0.app/Contents/Developer/Platforms/XROS.platform/Developer/Library/Frameworks -F /Applications/Xcode-26.5.0.app/Contents/Developer/Platforms/XROS.platform/Developer/SDKs/XROS26.5.sdk/Developer/Library/Frameworks -c -j10 -enable-batch-mode -incremental -Xcc -ivfsstatcache -Xcc /Users/admin/builder/spi-builder-workspace/.derivedData/SDKStatCaches.noindex/xros26.5-23O469-688ef53f1462e2c8f657fdc38a81448f73f9c068cd48276448ef291a7ea74bec.sdkstatcache -output-file-map /Users/admin/builder/spi-builder-workspace/.derivedData/Build/Intermediates.noindex/MetalHLO.build/Debug-xros/GPT2EndToEnd.build/Objects-normal/arm64/GPT2EndToEnd-OutputFileMap.json -use-frontend-parseable-output -save-temps -no-color-diagnostics -explicit-module-build -module-cache-path /Users/admin/builder/spi-builder-workspace/.derivedData/Build/Intermediates.noindex/SwiftExplicitPrecompiledModules -clang-scanner-module-cache-path /Users/admin/builder/spi-builder-workspace/.derivedData/ModuleCache.noindex -sdk-module-cache-path /Users/admin/builder/spi-builder-workspace/.derivedData/ModuleCache.noindex -serialize-diagnostics -emit-dependencies -emit-module -emit-module-path /Users/admin/builder/spi-builder-workspace/.derivedData/Build/Intermediates.noindex/MetalHLO.build/Debug-xros/GPT2EndToEnd.build/Objects-normal/arm64/GPT2EndToEnd.swiftmodule -validate-clang-modules-once -clang-build-session-file /Users/admin/builder/spi-builder-workspace/.derivedData/ModuleCache.noindex/Session.modulevalidation -package-name spi_builder_workspace -emit-const-values -Xfrontend -const-gather-protocols-file -Xfrontend /Users/admin/builder/spi-builder-workspace/.derivedData/Build/Intermediates.noindex/MetalHLO.build/Debug-xros/GPT2EndToEnd.build/Objects-normal/arm64/GPT2EndToEnd_const_extract_protocols.json -Xcc -I/Users/admin/builder/spi-builder-workspace/.derivedData/Build/Products/Debug-xros/include -Xcc -I/Users/admin/builder/spi-builder-workspace/.derivedData/Build/Intermediates.noindex/MetalHLO.build/Debug-xros/GPT2EndToEnd.build/DerivedSources-normal/arm64 -Xcc -I/Users/admin/builder/spi-builder-workspace/.derivedData/Build/Intermediates.noindex/MetalHLO.build/Debug-xros/GPT2EndToEnd.build/DerivedSources/arm64 -Xcc -I/Users/admin/builder/spi-builder-workspace/.derivedData/Build/Intermediates.noindex/MetalHLO.build/Debug-xros/GPT2EndToEnd.build/DerivedSources -Xcc -DSWIFT_PACKAGE -Xcc -DDEBUG\=1 -working-directory /Users/admin/builder/spi-builder-workspace/.swiftpm/xcode -experimental-emit-module-separately -disable-cmo
SwiftDriver ComplexModule normal arm64 com.apple.xcode.tools.swift.compiler (in target 'ComplexModule' from project 'swift-numerics')
cd /Users/admin/builder/spi-builder-workspace/.swiftpm/xcode
builtin-SwiftDriver -- /Applications/Xcode-26.5.0.app/Contents/Developer/Toolchains/XcodeDefault.xctoolchain/usr/bin/swiftc -module-name ComplexModule -Onone @/Users/admin/builder/spi-builder-workspace/.derivedData/Build/Intermediates.noindex/swift-numerics.build/Debug-xros/ComplexModule.build/Objects-normal/arm64/ComplexModule.SwiftFileList -DSWIFT_PACKAGE -DDEBUG -DSWIFT_MODULE_RESOURCE_BUNDLE_UNAVAILABLE -DXcode -plugin-path /Applications/Xcode-26.5.0.app/Contents/Developer/Toolchains/XcodeDefault.xctoolchain/usr/lib/swift/host/plugins/testing -enable-experimental-feature DebugDescriptionMacro -sdk /Applications/Xcode-26.5.0.app/Contents/Developer/Platforms/XROS.platform/Developer/SDKs/XROS26.5.sdk -target arm64-apple-xros1.0 -g -module-cache-path /Users/admin/builder/spi-builder-workspace/.derivedData/ModuleCache.noindex -Xfrontend -serialize-debugging-options -profile-coverage-mapping -profile-generate -enable-testing -suppress-warnings -index-store-path /Users/admin/builder/spi-builder-workspace/.derivedData/Index.noindex/DataStore -Xcc -D_LIBCPP_HARDENING_MODE\=_LIBCPP_HARDENING_MODE_DEBUG -swift-version 5 -I /Users/admin/builder/spi-builder-workspace/.derivedData/Build/Products/Debug-xros -Isystem /Applications/Xcode-26.5.0.app/Contents/Developer/Platforms/XROS.platform/Developer/usr/lib -F /Users/admin/builder/spi-builder-workspace/.derivedData/Build/Products/Debug-xros/PackageFrameworks -F /Users/admin/builder/spi-builder-workspace/.derivedData/Build/Products/Debug-xros/PackageFrameworks -F /Users/admin/builder/spi-builder-workspace/.derivedData/Build/Products/Debug-xros -F /Applications/Xcode-26.5.0.app/Contents/Developer/Platforms/XROS.platform/Developer/Library/Frameworks -F /Applications/Xcode-26.5.0.app/Contents/Developer/Platforms/XROS.platform/Developer/SDKs/XROS26.5.sdk/Developer/Library/Frameworks -c -j10 -enable-batch-mode -incremental -Xcc -ivfsstatcache -Xcc /Users/admin/builder/spi-builder-workspace/.derivedData/SDKStatCaches.noindex/xros26.5-23O469-688ef53f1462e2c8f657fdc38a81448f73f9c068cd48276448ef291a7ea74bec.sdkstatcache -output-file-map /Users/admin/builder/spi-builder-workspace/.derivedData/Build/Intermediates.noindex/swift-numerics.build/Debug-xros/ComplexModule.build/Objects-normal/arm64/ComplexModule-OutputFileMap.json -use-frontend-parseable-output -save-temps -no-color-diagnostics -explicit-module-build -module-cache-path /Users/admin/builder/spi-builder-workspace/.derivedData/Build/Intermediates.noindex/SwiftExplicitPrecompiledModules -clang-scanner-module-cache-path /Users/admin/builder/spi-builder-workspace/.derivedData/ModuleCache.noindex -sdk-module-cache-path /Users/admin/builder/spi-builder-workspace/.derivedData/ModuleCache.noindex -serialize-diagnostics -emit-dependencies -emit-module -emit-module-path /Users/admin/builder/spi-builder-workspace/.derivedData/Build/Intermediates.noindex/swift-numerics.build/Debug-xros/ComplexModule.build/Objects-normal/arm64/ComplexModule.swiftmodule -validate-clang-modules-once -clang-build-session-file /Users/admin/builder/spi-builder-workspace/.derivedData/ModuleCache.noindex/Session.modulevalidation -package-name swift_numerics -Xcc -I/Users/admin/builder/spi-builder-workspace/.derivedData/Build/Intermediates.noindex/swift-numerics.build/Debug-xros/ComplexModule.build/swift-overrides.hmap -emit-const-values -Xfrontend -const-gather-protocols-file -Xfrontend /Users/admin/builder/spi-builder-workspace/.derivedData/Build/Intermediates.noindex/swift-numerics.build/Debug-xros/ComplexModule.build/Objects-normal/arm64/ComplexModule_const_extract_protocols.json -Xcc -I/Users/admin/builder/spi-builder-workspace/.dependencies/checkouts/swift-numerics/Sources/_NumericsShims/include -Xcc -I/Users/admin/builder/spi-builder-workspace/.derivedData/Build/Products/Debug-xros/include -Xcc -I/Users/admin/builder/spi-builder-workspace/.derivedData/Build/Intermediates.noindex/swift-numerics.build/Debug-xros/ComplexModule.build/DerivedSources-normal/arm64 -Xcc -I/Users/admin/builder/spi-builder-workspace/.derivedData/Build/Intermediates.noindex/swift-numerics.build/Debug-xros/ComplexModule.build/DerivedSources/arm64 -Xcc -I/Users/admin/builder/spi-builder-workspace/.derivedData/Build/Intermediates.noindex/swift-numerics.build/Debug-xros/ComplexModule.build/DerivedSources -Xcc -DSWIFT_PACKAGE -Xcc -DDEBUG\=1 -emit-objc-header -emit-objc-header-path /Users/admin/builder/spi-builder-workspace/.derivedData/Build/Intermediates.noindex/swift-numerics.build/Debug-xros/ComplexModule.build/Objects-normal/arm64/ComplexModule-Swift.h -working-directory /Users/admin/builder/spi-builder-workspace/.swiftpm/xcode -experimental-emit-module-separately -disable-cmo
SwiftDriver Numerics normal arm64 com.apple.xcode.tools.swift.compiler (in target 'Numerics' from project 'swift-numerics')
cd /Users/admin/builder/spi-builder-workspace/.swiftpm/xcode
builtin-SwiftDriver -- /Applications/Xcode-26.5.0.app/Contents/Developer/Toolchains/XcodeDefault.xctoolchain/usr/bin/swiftc -module-name Numerics -Onone @/Users/admin/builder/spi-builder-workspace/.derivedData/Build/Intermediates.noindex/swift-numerics.build/Debug-xros/Numerics.build/Objects-normal/arm64/Numerics.SwiftFileList -DSWIFT_PACKAGE -DDEBUG -DSWIFT_MODULE_RESOURCE_BUNDLE_UNAVAILABLE -DXcode -plugin-path /Applications/Xcode-26.5.0.app/Contents/Developer/Toolchains/XcodeDefault.xctoolchain/usr/lib/swift/host/plugins/testing -enable-experimental-feature DebugDescriptionMacro -sdk /Applications/Xcode-26.5.0.app/Contents/Developer/Platforms/XROS.platform/Developer/SDKs/XROS26.5.sdk -target arm64-apple-xros1.0 -g -module-cache-path /Users/admin/builder/spi-builder-workspace/.derivedData/ModuleCache.noindex -Xfrontend -serialize-debugging-options -profile-coverage-mapping -profile-generate -enable-testing -suppress-warnings -index-store-path /Users/admin/builder/spi-builder-workspace/.derivedData/Index.noindex/DataStore -Xcc -D_LIBCPP_HARDENING_MODE\=_LIBCPP_HARDENING_MODE_DEBUG -swift-version 5 -I /Users/admin/builder/spi-builder-workspace/.derivedData/Build/Products/Debug-xros -Isystem /Applications/Xcode-26.5.0.app/Contents/Developer/Platforms/XROS.platform/Developer/usr/lib -F /Users/admin/builder/spi-builder-workspace/.derivedData/Build/Products/Debug-xros/PackageFrameworks -F /Users/admin/builder/spi-builder-workspace/.derivedData/Build/Products/Debug-xros/PackageFrameworks -F /Users/admin/builder/spi-builder-workspace/.derivedData/Build/Products/Debug-xros/PackageFrameworks -F /Users/admin/builder/spi-builder-workspace/.derivedData/Build/Products/Debug-xros -F /Applications/Xcode-26.5.0.app/Contents/Developer/Platforms/XROS.platform/Developer/Library/Frameworks -F /Applications/Xcode-26.5.0.app/Contents/Developer/Platforms/XROS.platform/Developer/SDKs/XROS26.5.sdk/Developer/Library/Frameworks -parse-as-library -c -j10 -enable-batch-mode -incremental -Xcc -ivfsstatcache -Xcc /Users/admin/builder/spi-builder-workspace/.derivedData/SDKStatCaches.noindex/xros26.5-23O469-688ef53f1462e2c8f657fdc38a81448f73f9c068cd48276448ef291a7ea74bec.sdkstatcache -output-file-map /Users/admin/builder/spi-builder-workspace/.derivedData/Build/Intermediates.noindex/swift-numerics.build/Debug-xros/Numerics.build/Objects-normal/arm64/Numerics-OutputFileMap.json -use-frontend-parseable-output -save-temps -no-color-diagnostics -explicit-module-build -module-cache-path /Users/admin/builder/spi-builder-workspace/.derivedData/Build/Intermediates.noindex/SwiftExplicitPrecompiledModules -clang-scanner-module-cache-path /Users/admin/builder/spi-builder-workspace/.derivedData/ModuleCache.noindex -sdk-module-cache-path /Users/admin/builder/spi-builder-workspace/.derivedData/ModuleCache.noindex -serialize-diagnostics -emit-dependencies -emit-module -emit-module-path /Users/admin/builder/spi-builder-workspace/.derivedData/Build/Intermediates.noindex/swift-numerics.build/Debug-xros/Numerics.build/Objects-normal/arm64/Numerics.swiftmodule -validate-clang-modules-once -clang-build-session-file /Users/admin/builder/spi-builder-workspace/.derivedData/ModuleCache.noindex/Session.modulevalidation -package-name swift_numerics -Xcc -I/Users/admin/builder/spi-builder-workspace/.derivedData/Build/Intermediates.noindex/swift-numerics.build/Debug-xros/Numerics.build/swift-overrides.hmap -emit-const-values -Xfrontend -const-gather-protocols-file -Xfrontend /Users/admin/builder/spi-builder-workspace/.derivedData/Build/Intermediates.noindex/swift-numerics.build/Debug-xros/Numerics.build/Objects-normal/arm64/Numerics_const_extract_protocols.json -Xcc -I/Users/admin/builder/spi-builder-workspace/.dependencies/checkouts/swift-numerics/Sources/_NumericsShims/include -Xcc -I/Users/admin/builder/spi-builder-workspace/.derivedData/Build/Products/Debug-xros/include -Xcc -I/Users/admin/builder/spi-builder-workspace/.derivedData/Build/Intermediates.noindex/swift-numerics.build/Debug-xros/Numerics.build/DerivedSources-normal/arm64 -Xcc -I/Users/admin/builder/spi-builder-workspace/.derivedData/Build/Intermediates.noindex/swift-numerics.build/Debug-xros/Numerics.build/DerivedSources/arm64 -Xcc -I/Users/admin/builder/spi-builder-workspace/.derivedData/Build/Intermediates.noindex/swift-numerics.build/Debug-xros/Numerics.build/DerivedSources -Xcc -DSWIFT_PACKAGE -Xcc -DDEBUG\=1 -emit-objc-header -emit-objc-header-path /Users/admin/builder/spi-builder-workspace/.derivedData/Build/Intermediates.noindex/swift-numerics.build/Debug-xros/Numerics.build/Objects-normal/arm64/Numerics-Swift.h -working-directory /Users/admin/builder/spi-builder-workspace/.swiftpm/xcode -experimental-emit-module-separately -disable-cmo
Ld /Users/admin/builder/spi-builder-workspace/.derivedData/Build/Products/Debug-xros/ANERuntime.o normal (in target 'ANERuntime' from project 'MetalHLO')
cd /Users/admin/builder/spi-builder-workspace
/Applications/Xcode-26.5.0.app/Contents/Developer/Toolchains/XcodeDefault.xctoolchain/usr/bin/clang -Xlinker -reproducible -target arm64-apple-xros1.0 -r -isysroot /Applications/Xcode-26.5.0.app/Contents/Developer/Platforms/XROS.platform/Developer/SDKs/XROS26.5.sdk -O0 -F/Users/admin/builder/spi-builder-workspace/.derivedData/Build/Intermediates.noindex/EagerLinkingTBDs/Debug-xros -F/Users/admin/builder/spi-builder-workspace/.derivedData/Build/Products/Debug-xros -iframework /Applications/Xcode-26.5.0.app/Contents/Developer/Platforms/XROS.platform/Developer/Library/Frameworks -iframework /Applications/Xcode-26.5.0.app/Contents/Developer/Platforms/XROS.platform/Developer/SDKs/XROS26.5.sdk/Developer/Library/Frameworks -filelist /Users/admin/builder/spi-builder-workspace/.derivedData/Build/Intermediates.noindex/MetalHLO.build/Debug-xros/ANERuntime.build/Objects-normal/arm64/ANERuntime.LinkFileList -nostdlib -Xlinker -object_path_lto -Xlinker /Users/admin/builder/spi-builder-workspace/.derivedData/Build/Intermediates.noindex/MetalHLO.build/Debug-xros/ANERuntime.build/Objects-normal/arm64/ANERuntime_lto.o -Xlinker -no_deduplicate -Xlinker -debug_variant -Xlinker -dependency_info -Xlinker /Users/admin/builder/spi-builder-workspace/.derivedData/Build/Intermediates.noindex/MetalHLO.build/Debug-xros/ANERuntime.build/Objects-normal/arm64/ANERuntime_dependency_info.dat -fobjc-link-runtime -L/Applications/Xcode-26.5.0.app/Contents/Developer/Toolchains/XcodeDefault.xctoolchain/usr/lib/swift/xros -L/usr/lib/swift -Xlinker -add_ast_path -Xlinker /Users/admin/builder/spi-builder-workspace/.derivedData/Build/Intermediates.noindex/MetalHLO.build/Debug-xros/ANERuntime.build/Objects-normal/arm64/ANERuntime.swiftmodule @/Users/admin/builder/spi-builder-workspace/.derivedData/Build/Intermediates.noindex/MetalHLO.build/Debug-xros/ANERuntime.build/Objects-normal/arm64/ANERuntime-linker-args.resp -o /Users/admin/builder/spi-builder-workspace/.derivedData/Build/Products/Debug-xros/ANERuntime.o
RegisterExecutionPolicyException /Users/admin/builder/spi-builder-workspace/.derivedData/Build/Products/Debug-xros/RealModule.o (in target 'RealModule' from project 'swift-numerics')
cd /Users/admin/builder/spi-builder-workspace/.dependencies/checkouts/swift-numerics
builtin-RegisterExecutionPolicyException /Users/admin/builder/spi-builder-workspace/.derivedData/Build/Products/Debug-xros/RealModule.o
SwiftDriver MetalHLO normal arm64 com.apple.xcode.tools.swift.compiler (in target 'MetalHLO' from project 'MetalHLO')
cd /Users/admin/builder/spi-builder-workspace/.swiftpm/xcode
builtin-SwiftDriver -- /Applications/Xcode-26.5.0.app/Contents/Developer/Toolchains/XcodeDefault.xctoolchain/usr/bin/swiftc -module-name MetalHLO -Onone @/Users/admin/builder/spi-builder-workspace/.derivedData/Build/Intermediates.noindex/MetalHLO.build/Debug-xros/MetalHLO.build/Objects-normal/arm64/MetalHLO.SwiftFileList -DSWIFT_PACKAGE -DDEBUG -DSWIFT_MODULE_RESOURCE_BUNDLE_UNAVAILABLE -DXcode -plugin-path /Applications/Xcode-26.5.0.app/Contents/Developer/Toolchains/XcodeDefault.xctoolchain/usr/lib/swift/host/plugins/testing -enable-experimental-feature DebugDescriptionMacro -sdk /Applications/Xcode-26.5.0.app/Contents/Developer/Platforms/XROS.platform/Developer/SDKs/XROS26.5.sdk -target arm64-apple-xros1.0 -g -module-cache-path /Users/admin/builder/spi-builder-workspace/.derivedData/ModuleCache.noindex -Xfrontend -serialize-debugging-options -profile-coverage-mapping -profile-generate -enable-testing -index-store-path /Users/admin/builder/spi-builder-workspace/.derivedData/Index.noindex/DataStore -Xcc -D_LIBCPP_HARDENING_MODE\=_LIBCPP_HARDENING_MODE_DEBUG -swift-version 6 -I /Users/admin/builder/spi-builder-workspace/.derivedData/Build/Products/Debug-xros -Isystem /Applications/Xcode-26.5.0.app/Contents/Developer/Platforms/XROS.platform/Developer/usr/lib -F /Users/admin/builder/spi-builder-workspace/.derivedData/Build/Products/Debug-xros/PackageFrameworks -F /Users/admin/builder/spi-builder-workspace/.derivedData/Build/Products/Debug-xros/PackageFrameworks -F /Users/admin/builder/spi-builder-workspace/.derivedData/Build/Products/Debug-xros -F /Applications/Xcode-26.5.0.app/Contents/Developer/Platforms/XROS.platform/Developer/Library/Frameworks -F /Applications/Xcode-26.5.0.app/Contents/Developer/Platforms/XROS.platform/Developer/SDKs/XROS26.5.sdk/Developer/Library/Frameworks -c -j10 -enable-batch-mode -incremental -Xcc -ivfsstatcache -Xcc /Users/admin/builder/spi-builder-workspace/.derivedData/SDKStatCaches.noindex/xros26.5-23O469-688ef53f1462e2c8f657fdc38a81448f73f9c068cd48276448ef291a7ea74bec.sdkstatcache -output-file-map /Users/admin/builder/spi-builder-workspace/.derivedData/Build/Intermediates.noindex/MetalHLO.build/Debug-xros/MetalHLO.build/Objects-normal/arm64/MetalHLO-OutputFileMap.json -use-frontend-parseable-output -save-temps -no-color-diagnostics -explicit-module-build -module-cache-path /Users/admin/builder/spi-builder-workspace/.derivedData/Build/Intermediates.noindex/SwiftExplicitPrecompiledModules -clang-scanner-module-cache-path /Users/admin/builder/spi-builder-workspace/.derivedData/ModuleCache.noindex -sdk-module-cache-path /Users/admin/builder/spi-builder-workspace/.derivedData/ModuleCache.noindex -serialize-diagnostics -emit-dependencies -emit-module -emit-module-path /Users/admin/builder/spi-builder-workspace/.derivedData/Build/Intermediates.noindex/MetalHLO.build/Debug-xros/MetalHLO.build/Objects-normal/arm64/MetalHLO.swiftmodule -validate-clang-modules-once -clang-build-session-file /Users/admin/builder/spi-builder-workspace/.derivedData/ModuleCache.noindex/Session.modulevalidation -package-name spi_builder_workspace -Xcc -I/Users/admin/builder/spi-builder-workspace/.derivedData/Build/Intermediates.noindex/MetalHLO.build/Debug-xros/MetalHLO.build/swift-overrides.hmap -emit-const-values -Xfrontend -const-gather-protocols-file -Xfrontend /Users/admin/builder/spi-builder-workspace/.derivedData/Build/Intermediates.noindex/MetalHLO.build/Debug-xros/MetalHLO.build/Objects-normal/arm64/MetalHLO_const_extract_protocols.json -Xcc -I/Users/admin/builder/spi-builder-workspace/.derivedData/Build/Products/Debug-xros/include -Xcc -I/Users/admin/builder/spi-builder-workspace/.derivedData/Build/Intermediates.noindex/MetalHLO.build/Debug-xros/MetalHLO.build/DerivedSources-normal/arm64 -Xcc -I/Users/admin/builder/spi-builder-workspace/.derivedData/Build/Intermediates.noindex/MetalHLO.build/Debug-xros/MetalHLO.build/DerivedSources/arm64 -Xcc -I/Users/admin/builder/spi-builder-workspace/.derivedData/Build/Intermediates.noindex/MetalHLO.build/Debug-xros/MetalHLO.build/DerivedSources -Xcc -DSWIFT_PACKAGE -Xcc -DDEBUG\=1 -emit-objc-header -emit-objc-header-path /Users/admin/builder/spi-builder-workspace/.derivedData/Build/Intermediates.noindex/MetalHLO.build/Debug-xros/MetalHLO.build/Objects-normal/arm64/MetalHLO-Swift.h -working-directory /Users/admin/builder/spi-builder-workspace/.swiftpm/xcode -experimental-emit-module-separately -disable-cmo
SwiftDriver CalibrateTest normal arm64 com.apple.xcode.tools.swift.compiler (in target 'CalibrateTest' from project 'MetalHLO')
cd /Users/admin/builder/spi-builder-workspace/.swiftpm/xcode
builtin-SwiftDriver -- /Applications/Xcode-26.5.0.app/Contents/Developer/Toolchains/XcodeDefault.xctoolchain/usr/bin/swiftc -module-name CalibrateTest -Onone @/Users/admin/builder/spi-builder-workspace/.derivedData/Build/Intermediates.noindex/MetalHLO.build/Debug-xros/CalibrateTest.build/Objects-normal/arm64/CalibrateTest.SwiftFileList -DSWIFT_PACKAGE -DDEBUG -DXcode -plugin-path /Applications/Xcode-26.5.0.app/Contents/Developer/Toolchains/XcodeDefault.xctoolchain/usr/lib/swift/host/plugins/testing -enable-experimental-feature DebugDescriptionMacro -sdk /Applications/Xcode-26.5.0.app/Contents/Developer/Platforms/XROS.platform/Developer/SDKs/XROS26.5.sdk -target arm64-apple-xros1.0 -g -module-cache-path /Users/admin/builder/spi-builder-workspace/.derivedData/ModuleCache.noindex -Xfrontend -serialize-debugging-options -profile-coverage-mapping -profile-generate -enable-testing -index-store-path /Users/admin/builder/spi-builder-workspace/.derivedData/Index.noindex/DataStore -Xcc -D_LIBCPP_HARDENING_MODE\=_LIBCPP_HARDENING_MODE_DEBUG -swift-version 6 -I /Users/admin/builder/spi-builder-workspace/.derivedData/Build/Products/Debug-xros -Isystem /Applications/Xcode-26.5.0.app/Contents/Developer/Platforms/XROS.platform/Developer/usr/lib -F /Users/admin/builder/spi-builder-workspace/.derivedData/Build/Products/Debug-xros/PackageFrameworks -F /Users/admin/builder/spi-builder-workspace/.derivedData/Build/Products/Debug-xros -F /Applications/Xcode-26.5.0.app/Contents/Developer/Platforms/XROS.platform/Developer/Library/Frameworks -F /Applications/Xcode-26.5.0.app/Contents/Developer/Platforms/XROS.platform/Developer/SDKs/XROS26.5.sdk/Developer/Library/Frameworks -c -j10 -enable-batch-mode -incremental -Xcc -ivfsstatcache -Xcc /Users/admin/builder/spi-builder-workspace/.derivedData/SDKStatCaches.noindex/xros26.5-23O469-688ef53f1462e2c8f657fdc38a81448f73f9c068cd48276448ef291a7ea74bec.sdkstatcache -output-file-map /Users/admin/builder/spi-builder-workspace/.derivedData/Build/Intermediates.noindex/MetalHLO.build/Debug-xros/CalibrateTest.build/Objects-normal/arm64/CalibrateTest-OutputFileMap.json -use-frontend-parseable-output -save-temps -no-color-diagnostics -explicit-module-build -module-cache-path /Users/admin/builder/spi-builder-workspace/.derivedData/Build/Intermediates.noindex/SwiftExplicitPrecompiledModules -clang-scanner-module-cache-path /Users/admin/builder/spi-builder-workspace/.derivedData/ModuleCache.noindex -sdk-module-cache-path /Users/admin/builder/spi-builder-workspace/.derivedData/ModuleCache.noindex -serialize-diagnostics -emit-dependencies -emit-module -emit-module-path /Users/admin/builder/spi-builder-workspace/.derivedData/Build/Intermediates.noindex/MetalHLO.build/Debug-xros/CalibrateTest.build/Objects-normal/arm64/CalibrateTest.swiftmodule -validate-clang-modules-once -clang-build-session-file /Users/admin/builder/spi-builder-workspace/.derivedData/ModuleCache.noindex/Session.modulevalidation -package-name spi_builder_workspace -emit-const-values -Xfrontend -const-gather-protocols-file -Xfrontend /Users/admin/builder/spi-builder-workspace/.derivedData/Build/Intermediates.noindex/MetalHLO.build/Debug-xros/CalibrateTest.build/Objects-normal/arm64/CalibrateTest_const_extract_protocols.json -Xcc -I/Users/admin/builder/spi-builder-workspace/.derivedData/Build/Products/Debug-xros/include -Xcc -I/Users/admin/builder/spi-builder-workspace/.derivedData/Build/Intermediates.noindex/MetalHLO.build/Debug-xros/CalibrateTest.build/DerivedSources-normal/arm64 -Xcc -I/Users/admin/builder/spi-builder-workspace/.derivedData/Build/Intermediates.noindex/MetalHLO.build/Debug-xros/CalibrateTest.build/DerivedSources/arm64 -Xcc -I/Users/admin/builder/spi-builder-workspace/.derivedData/Build/Intermediates.noindex/MetalHLO.build/Debug-xros/CalibrateTest.build/DerivedSources -Xcc -DSWIFT_PACKAGE -Xcc -DDEBUG\=1 -working-directory /Users/admin/builder/spi-builder-workspace/.swiftpm/xcode -experimental-emit-module-separately -disable-cmo
RegisterExecutionPolicyException /Users/admin/builder/spi-builder-workspace/.derivedData/Build/Products/Debug-xros/HeterogeneousFusion.o (in target 'HeterogeneousFusion' from project 'MetalHLO')
cd /Users/admin/builder/spi-builder-workspace
builtin-RegisterExecutionPolicyException /Users/admin/builder/spi-builder-workspace/.derivedData/Build/Products/Debug-xros/HeterogeneousFusion.o
RegisterExecutionPolicyException /Users/admin/builder/spi-builder-workspace/.derivedData/Build/Products/Debug-xros/CPJRTApi.o (in target 'CPJRTApi' from project 'MetalHLO')
cd /Users/admin/builder/spi-builder-workspace
builtin-RegisterExecutionPolicyException /Users/admin/builder/spi-builder-workspace/.derivedData/Build/Products/Debug-xros/CPJRTApi.o
ExtractAppIntentsMetadata (in target 'ANERuntime' from project 'MetalHLO')
cd /Users/admin/builder/spi-builder-workspace
/Applications/Xcode-26.5.0.app/Contents/Developer/Toolchains/XcodeDefault.xctoolchain/usr/bin/appintentsmetadataprocessor --toolchain-dir /var/run/com.apple.security.cryptexd/mnt/com.apple.MobileAsset.MetalToolchain-v17.6.42.0.1BS9nt/Metal.xctoolchain --module-name ANERuntime --sdk-root /Applications/Xcode-26.5.0.app/Contents/Developer/Platforms/XROS.platform/Developer/SDKs/XROS26.5.sdk --xcode-version 17F42 --platform-family xrOS --deployment-target 1.0 --bundle-identifier spi-builder-workspace.ANERuntime --output /Users/admin/builder/spi-builder-workspace/.derivedData/Build/Products/Debug-xros/ANERuntime.appintents --target-triple arm64-apple-xros1.0 --binary-file /Users/admin/builder/spi-builder-workspace/.derivedData/Build/Products/Debug-xros/ANERuntime.o --dependency-file /Users/admin/builder/spi-builder-workspace/.derivedData/Build/Intermediates.noindex/MetalHLO.build/Debug-xros/ANERuntime.build/Objects-normal/arm64/ANERuntime_dependency_info.dat --stringsdata-file /Users/admin/builder/spi-builder-workspace/.derivedData/Build/Intermediates.noindex/MetalHLO.build/Debug-xros/ANERuntime.build/Objects-normal/arm64/ExtractedAppShortcutsMetadata.stringsdata --source-file-list /Users/admin/builder/spi-builder-workspace/.derivedData/Build/Intermediates.noindex/MetalHLO.build/Debug-xros/ANERuntime.build/Objects-normal/arm64/ANERuntime.SwiftFileList --metadata-file-list /Users/admin/builder/spi-builder-workspace/.derivedData/Build/Intermediates.noindex/MetalHLO.build/Debug-xros/ANERuntime.build/ANERuntime.DependencyMetadataFileList --static-metadata-file-list /Users/admin/builder/spi-builder-workspace/.derivedData/Build/Intermediates.noindex/MetalHLO.build/Debug-xros/ANERuntime.build/ANERuntime.DependencyStaticMetadataFileList --swift-const-vals-list /Users/admin/builder/spi-builder-workspace/.derivedData/Build/Intermediates.noindex/MetalHLO.build/Debug-xros/ANERuntime.build/Objects-normal/arm64/ANERuntime.SwiftConstValuesFileList --force --compile-time-extraction --deployment-aware-processing --validate-assistant-intents --no-app-shortcuts-localization
2026-10-14 02:45:30.168 appintentsmetadataprocessor[1538:7072] Starting appintentsmetadataprocessor export
2026-10-14 02:45:30.178 appintentsmetadataprocessor[1538:7072] Extracted no relevant App Intents symbols, skipping writing output
RegisterExecutionPolicyException /Users/admin/builder/spi-builder-workspace/.derivedData/Build/Products/Debug-xros/ANERuntime.o (in target 'ANERuntime' from project 'MetalHLO')
cd /Users/admin/builder/spi-builder-workspace
builtin-RegisterExecutionPolicyException /Users/admin/builder/spi-builder-workspace/.derivedData/Build/Products/Debug-xros/ANERuntime.o
SwiftEmitModule normal arm64 Emitting\ module\ for\ Numerics (in target 'Numerics' from project 'swift-numerics')
SwiftCompile normal arm64 /Users/admin/builder/spi-builder-workspace/.dependencies/checkouts/swift-numerics/Sources/Numerics/Numerics.swift (in target 'Numerics' from project 'swift-numerics')
cd /Users/admin/builder/spi-builder-workspace/.swiftpm/xcode
SwiftCompile normal arm64 Compiling\ Numerics.swift /Users/admin/builder/spi-builder-workspace/.dependencies/checkouts/swift-numerics/Sources/Numerics/Numerics.swift (in target 'Numerics' from project 'swift-numerics')
SwiftCompile normal arm64 /Users/admin/builder/spi-builder-workspace/.dependencies/checkouts/swift-numerics/Sources/Numerics/Numerics.swift (in target 'Numerics' from project 'swift-numerics')
cd /Users/admin/builder/spi-builder-workspace/.swiftpm/xcode
SwiftDriver\ Compilation ComplexModule normal arm64 com.apple.xcode.tools.swift.compiler (in target 'ComplexModule' from project 'swift-numerics')
cd /Users/admin/builder/spi-builder-workspace/.swiftpm/xcode
builtin-Swift-Compilation -- /Applications/Xcode-26.5.0.app/Contents/Developer/Toolchains/XcodeDefault.xctoolchain/usr/bin/swiftc -module-name ComplexModule -Onone @/Users/admin/builder/spi-builder-workspace/.derivedData/Build/Intermediates.noindex/swift-numerics.build/Debug-xros/ComplexModule.build/Objects-normal/arm64/ComplexModule.SwiftFileList -DSWIFT_PACKAGE -DDEBUG -DSWIFT_MODULE_RESOURCE_BUNDLE_UNAVAILABLE -DXcode -plugin-path /Applications/Xcode-26.5.0.app/Contents/Developer/Toolchains/XcodeDefault.xctoolchain/usr/lib/swift/host/plugins/testing -enable-experimental-feature DebugDescriptionMacro -sdk /Applications/Xcode-26.5.0.app/Contents/Developer/Platforms/XROS.platform/Developer/SDKs/XROS26.5.sdk -target arm64-apple-xros1.0 -g -module-cache-path /Users/admin/builder/spi-builder-workspace/.derivedData/ModuleCache.noindex -Xfrontend -serialize-debugging-options -profile-coverage-mapping -profile-generate -enable-testing -suppress-warnings -index-store-path /Users/admin/builder/spi-builder-workspace/.derivedData/Index.noindex/DataStore -Xcc -D_LIBCPP_HARDENING_MODE\=_LIBCPP_HARDENING_MODE_DEBUG -swift-version 5 -I /Users/admin/builder/spi-builder-workspace/.derivedData/Build/Products/Debug-xros -Isystem /Applications/Xcode-26.5.0.app/Contents/Developer/Platforms/XROS.platform/Developer/usr/lib -F /Users/admin/builder/spi-builder-workspace/.derivedData/Build/Products/Debug-xros/PackageFrameworks -F /Users/admin/builder/spi-builder-workspace/.derivedData/Build/Products/Debug-xros/PackageFrameworks -F /Users/admin/builder/spi-builder-workspace/.derivedData/Build/Products/Debug-xros -F /Applications/Xcode-26.5.0.app/Contents/Developer/Platforms/XROS.platform/Developer/Library/Frameworks -F /Applications/Xcode-26.5.0.app/Contents/Developer/Platforms/XROS.platform/Developer/SDKs/XROS26.5.sdk/Developer/Library/Frameworks -c -j10 -enable-batch-mode -incremental -Xcc -ivfsstatcache -Xcc /Users/admin/builder/spi-builder-workspace/.derivedData/SDKStatCaches.noindex/xros26.5-23O469-688ef53f1462e2c8f657fdc38a81448f73f9c068cd48276448ef291a7ea74bec.sdkstatcache -output-file-map /Users/admin/builder/spi-builder-workspace/.derivedData/Build/Intermediates.noindex/swift-numerics.build/Debug-xros/ComplexModule.build/Objects-normal/arm64/ComplexModule-OutputFileMap.json -use-frontend-parseable-output -save-temps -no-color-diagnostics -explicit-module-build -module-cache-path /Users/admin/builder/spi-builder-workspace/.derivedData/Build/Intermediates.noindex/SwiftExplicitPrecompiledModules -clang-scanner-module-cache-path /Users/admin/builder/spi-builder-workspace/.derivedData/ModuleCache.noindex -sdk-module-cache-path /Users/admin/builder/spi-builder-workspace/.derivedData/ModuleCache.noindex -serialize-diagnostics -emit-dependencies -emit-module -emit-module-path /Users/admin/builder/spi-builder-workspace/.derivedData/Build/Intermediates.noindex/swift-numerics.build/Debug-xros/ComplexModule.build/Objects-normal/arm64/ComplexModule.swiftmodule -validate-clang-modules-once -clang-build-session-file /Users/admin/builder/spi-builder-workspace/.derivedData/ModuleCache.noindex/Session.modulevalidation -package-name swift_numerics -Xcc -I/Users/admin/builder/spi-builder-workspace/.derivedData/Build/Intermediates.noindex/swift-numerics.build/Debug-xros/ComplexModule.build/swift-overrides.hmap -emit-const-values -Xfrontend -const-gather-protocols-file -Xfrontend /Users/admin/builder/spi-builder-workspace/.derivedData/Build/Intermediates.noindex/swift-numerics.build/Debug-xros/ComplexModule.build/Objects-normal/arm64/ComplexModule_const_extract_protocols.json -Xcc -I/Users/admin/builder/spi-builder-workspace/.dependencies/checkouts/swift-numerics/Sources/_NumericsShims/include -Xcc -I/Users/admin/builder/spi-builder-workspace/.derivedData/Build/Products/Debug-xros/include -Xcc -I/Users/admin/builder/spi-builder-workspace/.derivedData/Build/Intermediates.noindex/swift-numerics.build/Debug-xros/ComplexModule.build/DerivedSources-normal/arm64 -Xcc -I/Users/admin/builder/spi-builder-workspace/.derivedData/Build/Intermediates.noindex/swift-numerics.build/Debug-xros/ComplexModule.build/DerivedSources/arm64 -Xcc -I/Users/admin/builder/spi-builder-workspace/.derivedData/Build/Intermediates.noindex/swift-numerics.build/Debug-xros/ComplexModule.build/DerivedSources -Xcc -DSWIFT_PACKAGE -Xcc -DDEBUG\=1 -emit-objc-header -emit-objc-header-path /Users/admin/builder/spi-builder-workspace/.derivedData/Build/Intermediates.noindex/swift-numerics.build/Debug-xros/ComplexModule.build/Objects-normal/arm64/ComplexModule-Swift.h -working-directory /Users/admin/builder/spi-builder-workspace/.swiftpm/xcode -experimental-emit-module-separately -disable-cmo
Ld /Users/admin/builder/spi-builder-workspace/.derivedData/Build/Products/Debug-xros/ComplexModule.o normal (in target 'ComplexModule' from project 'swift-numerics')
cd /Users/admin/builder/spi-builder-workspace/.dependencies/checkouts/swift-numerics
/Applications/Xcode-26.5.0.app/Contents/Developer/Toolchains/XcodeDefault.xctoolchain/usr/bin/clang -Xlinker -reproducible -target arm64-apple-xros1.0 -r -isysroot /Applications/Xcode-26.5.0.app/Contents/Developer/Platforms/XROS.platform/Developer/SDKs/XROS26.5.sdk -O0 -w -F/Users/admin/builder/spi-builder-workspace/.derivedData/Build/Intermediates.noindex/EagerLinkingTBDs/Debug-xros -F/Users/admin/builder/spi-builder-workspace/.derivedData/Build/Products/Debug-xros/PackageFrameworks -F/Users/admin/builder/spi-builder-workspace/.derivedData/Build/Products/Debug-xros/PackageFrameworks -F/Users/admin/builder/spi-builder-workspace/.derivedData/Build/Products/Debug-xros -iframework /Applications/Xcode-26.5.0.app/Contents/Developer/Platforms/XROS.platform/Developer/Library/Frameworks -iframework /Applications/Xcode-26.5.0.app/Contents/Developer/Platforms/XROS.platform/Developer/SDKs/XROS26.5.sdk/Developer/Library/Frameworks -filelist /Users/admin/builder/spi-builder-workspace/.derivedData/Build/Intermediates.noindex/swift-numerics.build/Debug-xros/ComplexModule.build/Objects-normal/arm64/ComplexModule.LinkFileList -nostdlib -Xlinker -object_path_lto -Xlinker /Users/admin/builder/spi-builder-workspace/.derivedData/Build/Intermediates.noindex/swift-numerics.build/Debug-xros/ComplexModule.build/Objects-normal/arm64/ComplexModule_lto.o -Xlinker -no_deduplicate -Xlinker -debug_variant -Xlinker -dependency_info -Xlinker /Users/admin/builder/spi-builder-workspace/.derivedData/Build/Intermediates.noindex/swift-numerics.build/Debug-xros/ComplexModule.build/Objects-normal/arm64/ComplexModule_dependency_info.dat -fobjc-link-runtime -L/Applications/Xcode-26.5.0.app/Contents/Developer/Toolchains/XcodeDefault.xctoolchain/usr/lib/swift/xros -L/usr/lib/swift -Xlinker -add_ast_path -Xlinker /Users/admin/builder/spi-builder-workspace/.derivedData/Build/Intermediates.noindex/swift-numerics.build/Debug-xros/ComplexModule.build/Objects-normal/arm64/ComplexModule.swiftmodule @/Users/admin/builder/spi-builder-workspace/.derivedData/Build/Intermediates.noindex/swift-numerics.build/Debug-xros/ComplexModule.build/Objects-normal/arm64/ComplexModule-linker-args.resp -o /Users/admin/builder/spi-builder-workspace/.derivedData/Build/Products/Debug-xros/ComplexModule.o
ExtractAppIntentsMetadata (in target 'ComplexModule' from project 'swift-numerics')
cd /Users/admin/builder/spi-builder-workspace/.dependencies/checkouts/swift-numerics
/Applications/Xcode-26.5.0.app/Contents/Developer/Toolchains/XcodeDefault.xctoolchain/usr/bin/appintentsmetadataprocessor --toolchain-dir /var/run/com.apple.security.cryptexd/mnt/com.apple.MobileAsset.MetalToolchain-v17.6.42.0.1BS9nt/Metal.xctoolchain --module-name ComplexModule --sdk-root /Applications/Xcode-26.5.0.app/Contents/Developer/Platforms/XROS.platform/Developer/SDKs/XROS26.5.sdk --xcode-version 17F42 --platform-family xrOS --deployment-target 1.0 --bundle-identifier swift-numerics.ComplexModule --output /Users/admin/builder/spi-builder-workspace/.derivedData/Build/Products/Debug-xros/ComplexModule.appintents --target-triple arm64-apple-xros1.0 --binary-file /Users/admin/builder/spi-builder-workspace/.derivedData/Build/Products/Debug-xros/ComplexModule.o --dependency-file /Users/admin/builder/spi-builder-workspace/.derivedData/Build/Intermediates.noindex/swift-numerics.build/Debug-xros/ComplexModule.build/Objects-normal/arm64/ComplexModule_dependency_info.dat --stringsdata-file /Users/admin/builder/spi-builder-workspace/.derivedData/Build/Intermediates.noindex/swift-numerics.build/Debug-xros/ComplexModule.build/Objects-normal/arm64/ExtractedAppShortcutsMetadata.stringsdata --source-file-list /Users/admin/builder/spi-builder-workspace/.derivedData/Build/Intermediates.noindex/swift-numerics.build/Debug-xros/ComplexModule.build/Objects-normal/arm64/ComplexModule.SwiftFileList --metadata-file-list /Users/admin/builder/spi-builder-workspace/.derivedData/Build/Intermediates.noindex/swift-numerics.build/Debug-xros/ComplexModule.build/ComplexModule.DependencyMetadataFileList --static-metadata-file-list /Users/admin/builder/spi-builder-workspace/.derivedData/Build/Intermediates.noindex/swift-numerics.build/Debug-xros/ComplexModule.build/ComplexModule.DependencyStaticMetadataFileList --swift-const-vals-list /Users/admin/builder/spi-builder-workspace/.derivedData/Build/Intermediates.noindex/swift-numerics.build/Debug-xros/ComplexModule.build/Objects-normal/arm64/ComplexModule.SwiftConstValuesFileList --force --compile-time-extraction --deployment-aware-processing --validate-assistant-intents --no-app-shortcuts-localization
2026-10-14 02:45:30.502 appintentsmetadataprocessor[1585:7261] Starting appintentsmetadataprocessor export
2026-10-14 02:45:30.513 appintentsmetadataprocessor[1585:7261] Extracted no relevant App Intents symbols, skipping writing output
SwiftDriverJobDiscovery normal arm64 Emitting module for Numerics (in target 'Numerics' from project 'swift-numerics')
SwiftDriver\ Compilation\ Requirements Numerics normal arm64 com.apple.xcode.tools.swift.compiler (in target 'Numerics' from project 'swift-numerics')
cd /Users/admin/builder/spi-builder-workspace/.swiftpm/xcode
builtin-Swift-Compilation-Requirements -- /Applications/Xcode-26.5.0.app/Contents/Developer/Toolchains/XcodeDefault.xctoolchain/usr/bin/swiftc -module-name Numerics -Onone @/Users/admin/builder/spi-builder-workspace/.derivedData/Build/Intermediates.noindex/swift-numerics.build/Debug-xros/Numerics.build/Objects-normal/arm64/Numerics.SwiftFileList -DSWIFT_PACKAGE -DDEBUG -DSWIFT_MODULE_RESOURCE_BUNDLE_UNAVAILABLE -DXcode -plugin-path /Applications/Xcode-26.5.0.app/Contents/Developer/Toolchains/XcodeDefault.xctoolchain/usr/lib/swift/host/plugins/testing -enable-experimental-feature DebugDescriptionMacro -sdk /Applications/Xcode-26.5.0.app/Contents/Developer/Platforms/XROS.platform/Developer/SDKs/XROS26.5.sdk -target arm64-apple-xros1.0 -g -module-cache-path /Users/admin/builder/spi-builder-workspace/.derivedData/ModuleCache.noindex -Xfrontend -serialize-debugging-options -profile-coverage-mapping -profile-generate -enable-testing -suppress-warnings -index-store-path /Users/admin/builder/spi-builder-workspace/.derivedData/Index.noindex/DataStore -Xcc -D_LIBCPP_HARDENING_MODE\=_LIBCPP_HARDENING_MODE_DEBUG -swift-version 5 -I /Users/admin/builder/spi-builder-workspace/.derivedData/Build/Products/Debug-xros -Isystem /Applications/Xcode-26.5.0.app/Contents/Developer/Platforms/XROS.platform/Developer/usr/lib -F /Users/admin/builder/spi-builder-workspace/.derivedData/Build/Products/Debug-xros/PackageFrameworks -F /Users/admin/builder/spi-builder-workspace/.derivedData/Build/Products/Debug-xros/PackageFrameworks -F /Users/admin/builder/spi-builder-workspace/.derivedData/Build/Products/Debug-xros/PackageFrameworks -F /Users/admin/builder/spi-builder-workspace/.derivedData/Build/Products/Debug-xros -F /Applications/Xcode-26.5.0.app/Contents/Developer/Platforms/XROS.platform/Developer/Library/Frameworks -F /Applications/Xcode-26.5.0.app/Contents/Developer/Platforms/XROS.platform/Developer/SDKs/XROS26.5.sdk/Developer/Library/Frameworks -parse-as-library -c -j10 -enable-batch-mode -incremental -Xcc -ivfsstatcache -Xcc /Users/admin/builder/spi-builder-workspace/.derivedData/SDKStatCaches.noindex/xros26.5-23O469-688ef53f1462e2c8f657fdc38a81448f73f9c068cd48276448ef291a7ea74bec.sdkstatcache -output-file-map /Users/admin/builder/spi-builder-workspace/.derivedData/Build/Intermediates.noindex/swift-numerics.build/Debug-xros/Numerics.build/Objects-normal/arm64/Numerics-OutputFileMap.json -use-frontend-parseable-output -save-temps -no-color-diagnostics -explicit-module-build -module-cache-path /Users/admin/builder/spi-builder-workspace/.derivedData/Build/Intermediates.noindex/SwiftExplicitPrecompiledModules -clang-scanner-module-cache-path /Users/admin/builder/spi-builder-workspace/.derivedData/ModuleCache.noindex -sdk-module-cache-path /Users/admin/builder/spi-builder-workspace/.derivedData/ModuleCache.noindex -serialize-diagnostics -emit-dependencies -emit-module -emit-module-path /Users/admin/builder/spi-builder-workspace/.derivedData/Build/Intermediates.noindex/swift-numerics.build/Debug-xros/Numerics.build/Objects-normal/arm64/Numerics.swiftmodule -validate-clang-modules-once -clang-build-session-file /Users/admin/builder/spi-builder-workspace/.derivedData/ModuleCache.noindex/Session.modulevalidation -package-name swift_numerics -Xcc -I/Users/admin/builder/spi-builder-workspace/.derivedData/Build/Intermediates.noindex/swift-numerics.build/Debug-xros/Numerics.build/swift-overrides.hmap -emit-const-values -Xfrontend -const-gather-protocols-file -Xfrontend /Users/admin/builder/spi-builder-workspace/.derivedData/Build/Intermediates.noindex/swift-numerics.build/Debug-xros/Numerics.build/Objects-normal/arm64/Numerics_const_extract_protocols.json -Xcc -I/Users/admin/builder/spi-builder-workspace/.dependencies/checkouts/swift-numerics/Sources/_NumericsShims/include -Xcc -I/Users/admin/builder/spi-builder-workspace/.derivedData/Build/Products/Debug-xros/include -Xcc -I/Users/admin/builder/spi-builder-workspace/.derivedData/Build/Intermediates.noindex/swift-numerics.build/Debug-xros/Numerics.build/DerivedSources-normal/arm64 -Xcc -I/Users/admin/builder/spi-builder-workspace/.derivedData/Build/Intermediates.noindex/swift-numerics.build/Debug-xros/Numerics.build/DerivedSources/arm64 -Xcc -I/Users/admin/builder/spi-builder-workspace/.derivedData/Build/Intermediates.noindex/swift-numerics.build/Debug-xros/Numerics.build/DerivedSources -Xcc -DSWIFT_PACKAGE -Xcc -DDEBUG\=1 -emit-objc-header -emit-objc-header-path /Users/admin/builder/spi-builder-workspace/.derivedData/Build/Intermediates.noindex/swift-numerics.build/Debug-xros/Numerics.build/Objects-normal/arm64/Numerics-Swift.h -working-directory /Users/admin/builder/spi-builder-workspace/.swiftpm/xcode -experimental-emit-module-separately -disable-cmo
SwiftDriverJobDiscovery normal arm64 Compiling Numerics.swift (in target 'Numerics' from project 'swift-numerics')
SwiftDriver\ Compilation Numerics normal arm64 com.apple.xcode.tools.swift.compiler (in target 'Numerics' from project 'swift-numerics')
cd /Users/admin/builder/spi-builder-workspace/.swiftpm/xcode
builtin-Swift-Compilation -- /Applications/Xcode-26.5.0.app/Contents/Developer/Toolchains/XcodeDefault.xctoolchain/usr/bin/swiftc -module-name Numerics -Onone @/Users/admin/builder/spi-builder-workspace/.derivedData/Build/Intermediates.noindex/swift-numerics.build/Debug-xros/Numerics.build/Objects-normal/arm64/Numerics.SwiftFileList -DSWIFT_PACKAGE -DDEBUG -DSWIFT_MODULE_RESOURCE_BUNDLE_UNAVAILABLE -DXcode -plugin-path /Applications/Xcode-26.5.0.app/Contents/Developer/Toolchains/XcodeDefault.xctoolchain/usr/lib/swift/host/plugins/testing -enable-experimental-feature DebugDescriptionMacro -sdk /Applications/Xcode-26.5.0.app/Contents/Developer/Platforms/XROS.platform/Developer/SDKs/XROS26.5.sdk -target arm64-apple-xros1.0 -g -module-cache-path /Users/admin/builder/spi-builder-workspace/.derivedData/ModuleCache.noindex -Xfrontend -serialize-debugging-options -profile-coverage-mapping -profile-generate -enable-testing -suppress-warnings -index-store-path /Users/admin/builder/spi-builder-workspace/.derivedData/Index.noindex/DataStore -Xcc -D_LIBCPP_HARDENING_MODE\=_LIBCPP_HARDENING_MODE_DEBUG -swift-version 5 -I /Users/admin/builder/spi-builder-workspace/.derivedData/Build/Products/Debug-xros -Isystem /Applications/Xcode-26.5.0.app/Contents/Developer/Platforms/XROS.platform/Developer/usr/lib -F /Users/admin/builder/spi-builder-workspace/.derivedData/Build/Products/Debug-xros/PackageFrameworks -F /Users/admin/builder/spi-builder-workspace/.derivedData/Build/Products/Debug-xros/PackageFrameworks -F /Users/admin/builder/spi-builder-workspace/.derivedData/Build/Products/Debug-xros/PackageFrameworks -F /Users/admin/builder/spi-builder-workspace/.derivedData/Build/Products/Debug-xros -F /Applications/Xcode-26.5.0.app/Contents/Developer/Platforms/XROS.platform/Developer/Library/Frameworks -F /Applications/Xcode-26.5.0.app/Contents/Developer/Platforms/XROS.platform/Developer/SDKs/XROS26.5.sdk/Developer/Library/Frameworks -parse-as-library -c -j10 -enable-batch-mode -incremental -Xcc -ivfsstatcache -Xcc /Users/admin/builder/spi-builder-workspace/.derivedData/SDKStatCaches.noindex/xros26.5-23O469-688ef53f1462e2c8f657fdc38a81448f73f9c068cd48276448ef291a7ea74bec.sdkstatcache -output-file-map /Users/admin/builder/spi-builder-workspace/.derivedData/Build/Intermediates.noindex/swift-numerics.build/Debug-xros/Numerics.build/Objects-normal/arm64/Numerics-OutputFileMap.json -use-frontend-parseable-output -save-temps -no-color-diagnostics -explicit-module-build -module-cache-path /Users/admin/builder/spi-builder-workspace/.derivedData/Build/Intermediates.noindex/SwiftExplicitPrecompiledModules -clang-scanner-module-cache-path /Users/admin/builder/spi-builder-workspace/.derivedData/ModuleCache.noindex -sdk-module-cache-path /Users/admin/builder/spi-builder-workspace/.derivedData/ModuleCache.noindex -serialize-diagnostics -emit-dependencies -emit-module -emit-module-path /Users/admin/builder/spi-builder-workspace/.derivedData/Build/Intermediates.noindex/swift-numerics.build/Debug-xros/Numerics.build/Objects-normal/arm64/Numerics.swiftmodule -validate-clang-modules-once -clang-build-session-file /Users/admin/builder/spi-builder-workspace/.derivedData/ModuleCache.noindex/Session.modulevalidation -package-name swift_numerics -Xcc -I/Users/admin/builder/spi-builder-workspace/.derivedData/Build/Intermediates.noindex/swift-numerics.build/Debug-xros/Numerics.build/swift-overrides.hmap -emit-const-values -Xfrontend -const-gather-protocols-file -Xfrontend /Users/admin/builder/spi-builder-workspace/.derivedData/Build/Intermediates.noindex/swift-numerics.build/Debug-xros/Numerics.build/Objects-normal/arm64/Numerics_const_extract_protocols.json -Xcc -I/Users/admin/builder/spi-builder-workspace/.dependencies/checkouts/swift-numerics/Sources/_NumericsShims/include -Xcc -I/Users/admin/builder/spi-builder-workspace/.derivedData/Build/Products/Debug-xros/include -Xcc -I/Users/admin/builder/spi-builder-workspace/.derivedData/Build/Intermediates.noindex/swift-numerics.build/Debug-xros/Numerics.build/DerivedSources-normal/arm64 -Xcc -I/Users/admin/builder/spi-builder-workspace/.derivedData/Build/Intermediates.noindex/swift-numerics.build/Debug-xros/Numerics.build/DerivedSources/arm64 -Xcc -I/Users/admin/builder/spi-builder-workspace/.derivedData/Build/Intermediates.noindex/swift-numerics.build/Debug-xros/Numerics.build/DerivedSources -Xcc -DSWIFT_PACKAGE -Xcc -DDEBUG\=1 -emit-objc-header -emit-objc-header-path /Users/admin/builder/spi-builder-workspace/.derivedData/Build/Intermediates.noindex/swift-numerics.build/Debug-xros/Numerics.build/Objects-normal/arm64/Numerics-Swift.h -working-directory /Users/admin/builder/spi-builder-workspace/.swiftpm/xcode -experimental-emit-module-separately -disable-cmo
SwiftMergeGeneratedHeaders /Users/admin/builder/spi-builder-workspace/.derivedData/Build/Intermediates.noindex/GeneratedModuleMaps-xros/Numerics-Swift.h /Users/admin/builder/spi-builder-workspace/.derivedData/Build/Intermediates.noindex/swift-numerics.build/Debug-xros/Numerics.build/Objects-normal/arm64/Numerics-Swift.h (in target 'Numerics' from project 'swift-numerics')
cd /Users/admin/builder/spi-builder-workspace/.dependencies/checkouts/swift-numerics
builtin-swiftHeaderTool -arch arm64 /Users/admin/builder/spi-builder-workspace/.derivedData/Build/Intermediates.noindex/swift-numerics.build/Debug-xros/Numerics.build/Objects-normal/arm64/Numerics-Swift.h -o /Users/admin/builder/spi-builder-workspace/.derivedData/Build/Intermediates.noindex/GeneratedModuleMaps-xros/Numerics-Swift.h
Copy /Users/admin/builder/spi-builder-workspace/.derivedData/Build/Products/Debug-xros/Numerics.swiftmodule/arm64-apple-xros.swiftdoc /Users/admin/builder/spi-builder-workspace/.derivedData/Build/Intermediates.noindex/swift-numerics.build/Debug-xros/Numerics.build/Objects-normal/arm64/Numerics.swiftdoc (in target 'Numerics' from project 'swift-numerics')
cd /Users/admin/builder/spi-builder-workspace/.dependencies/checkouts/swift-numerics
builtin-copy -exclude .DS_Store -exclude CVS -exclude .svn -exclude .git -exclude .hg -resolve-src-symlinks -rename /Users/admin/builder/spi-builder-workspace/.derivedData/Build/Intermediates.noindex/swift-numerics.build/Debug-xros/Numerics.build/Objects-normal/arm64/Numerics.swiftdoc /Users/admin/builder/spi-builder-workspace/.derivedData/Build/Products/Debug-xros/Numerics.swiftmodule/arm64-apple-xros.swiftdoc
Copy /Users/admin/builder/spi-builder-workspace/.derivedData/Build/Products/Debug-xros/Numerics.swiftmodule/arm64-apple-xros.swiftmodule /Users/admin/builder/spi-builder-workspace/.derivedData/Build/Intermediates.noindex/swift-numerics.build/Debug-xros/Numerics.build/Objects-normal/arm64/Numerics.swiftmodule (in target 'Numerics' from project 'swift-numerics')
cd /Users/admin/builder/spi-builder-workspace/.dependencies/checkouts/swift-numerics
builtin-copy -exclude .DS_Store -exclude CVS -exclude .svn -exclude .git -exclude .hg -resolve-src-symlinks -rename /Users/admin/builder/spi-builder-workspace/.derivedData/Build/Intermediates.noindex/swift-numerics.build/Debug-xros/Numerics.build/Objects-normal/arm64/Numerics.swiftmodule /Users/admin/builder/spi-builder-workspace/.derivedData/Build/Products/Debug-xros/Numerics.swiftmodule/arm64-apple-xros.swiftmodule
Copy /Users/admin/builder/spi-builder-workspace/.derivedData/Build/Products/Debug-xros/Numerics.swiftmodule/arm64-apple-xros.abi.json /Users/admin/builder/spi-builder-workspace/.derivedData/Build/Intermediates.noindex/swift-numerics.build/Debug-xros/Numerics.build/Objects-normal/arm64/Numerics.abi.json (in target 'Numerics' from project 'swift-numerics')
cd /Users/admin/builder/spi-builder-workspace/.dependencies/checkouts/swift-numerics
builtin-copy -exclude .DS_Store -exclude CVS -exclude .svn -exclude .git -exclude .hg -resolve-src-symlinks -rename /Users/admin/builder/spi-builder-workspace/.derivedData/Build/Intermediates.noindex/swift-numerics.build/Debug-xros/Numerics.build/Objects-normal/arm64/Numerics.abi.json /Users/admin/builder/spi-builder-workspace/.derivedData/Build/Products/Debug-xros/Numerics.swiftmodule/arm64-apple-xros.abi.json
Copy /Users/admin/builder/spi-builder-workspace/.derivedData/Build/Products/Debug-xros/Numerics.swiftmodule/Project/arm64-apple-xros.swiftsourceinfo /Users/admin/builder/spi-builder-workspace/.derivedData/Build/Intermediates.noindex/swift-numerics.build/Debug-xros/Numerics.build/Objects-normal/arm64/Numerics.swiftsourceinfo (in target 'Numerics' from project 'swift-numerics')
cd /Users/admin/builder/spi-builder-workspace/.dependencies/checkouts/swift-numerics
builtin-copy -exclude .DS_Store -exclude CVS -exclude .svn -exclude .git -exclude .hg -resolve-src-symlinks -rename /Users/admin/builder/spi-builder-workspace/.derivedData/Build/Intermediates.noindex/swift-numerics.build/Debug-xros/Numerics.build/Objects-normal/arm64/Numerics.swiftsourceinfo /Users/admin/builder/spi-builder-workspace/.derivedData/Build/Products/Debug-xros/Numerics.swiftmodule/Project/arm64-apple-xros.swiftsourceinfo
SwiftDriver MLX normal arm64 com.apple.xcode.tools.swift.compiler (in target 'MLX' from project 'mlx-swift')
cd /Users/admin/builder/spi-builder-workspace/.swiftpm/xcode
builtin-SwiftDriver -- /Applications/Xcode-26.5.0.app/Contents/Developer/Toolchains/XcodeDefault.xctoolchain/usr/bin/swiftc -module-name MLX -Onone @/Users/admin/builder/spi-builder-workspace/.derivedData/Build/Intermediates.noindex/mlx-swift.build/Debug-xros/MLX.build/Objects-normal/arm64/MLX.SwiftFileList -DSWIFT_PACKAGE -DDEBUG -DSWIFT_MODULE_RESOURCE_BUNDLE_UNAVAILABLE -Xcc -fmodule-map-file\=/Users/admin/builder/spi-builder-workspace/.derivedData/Build/Intermediates.noindex/GeneratedModuleMaps-xros/cLogSupport.modulemap -DXcode -enable-experimental-feature StrictConcurrency -plugin-path /Applications/Xcode-26.5.0.app/Contents/Developer/Toolchains/XcodeDefault.xctoolchain/usr/lib/swift/host/plugins/testing -enable-experimental-feature DebugDescriptionMacro -sdk /Applications/Xcode-26.5.0.app/Contents/Developer/Platforms/XROS.platform/Developer/SDKs/XROS26.5.sdk -target arm64-apple-xros1.0 -g -module-cache-path /Users/admin/builder/spi-builder-workspace/.derivedData/ModuleCache.noindex -Xfrontend -serialize-debugging-options -profile-coverage-mapping -profile-generate -enable-testing -suppress-warnings -index-store-path /Users/admin/builder/spi-builder-workspace/.derivedData/Index.noindex/DataStore -Xcc -D_LIBCPP_HARDENING_MODE\=_LIBCPP_HARDENING_MODE_DEBUG -swift-version 6 -I /Users/admin/builder/spi-builder-workspace/.derivedData/Build/Products/Debug-xros -Isystem /Applications/Xcode-26.5.0.app/Contents/Developer/Platforms/XROS.platform/Developer/usr/lib -F /Users/admin/builder/spi-builder-workspace/.derivedData/Build/Products/Debug-xros/PackageFrameworks -F /Users/admin/builder/spi-builder-workspace/.derivedData/Build/Products/Debug-xros/PackageFrameworks -F /Users/admin/builder/spi-builder-workspace/.derivedData/Build/Products/Debug-xros/PackageFrameworks -F /Users/admin/builder/spi-builder-workspace/.derivedData/Build/Products/Debug-xros/PackageFrameworks -F /Users/admin/builder/spi-builder-workspace/.derivedData/Build/Products/Debug-xros/PackageFrameworks -F /Users/admin/builder/spi-builder-workspace/.derivedData/Build/Products/Debug-xros/PackageFrameworks -F /Users/admin/builder/spi-builder-workspace/.derivedData/Build/Products/Debug-xros -F /Applications/Xcode-26.5.0.app/Contents/Developer/Platforms/XROS.platform/Developer/Library/Frameworks -F /Applications/Xcode-26.5.0.app/Contents/Developer/Platforms/XROS.platform/Developer/SDKs/XROS26.5.sdk/Developer/Library/Frameworks -c -j10 -enable-batch-mode -incremental -Xcc -ivfsstatcache -Xcc /Users/admin/builder/spi-builder-workspace/.derivedData/SDKStatCaches.noindex/xros26.5-23O469-688ef53f1462e2c8f657fdc38a81448f73f9c068cd48276448ef291a7ea74bec.sdkstatcache -output-file-map /Users/admin/builder/spi-builder-workspace/.derivedData/Build/Intermediates.noindex/mlx-swift.build/Debug-xros/MLX.build/Objects-normal/arm64/MLX-OutputFileMap.json -use-frontend-parseable-output -save-temps -no-color-diagnostics -explicit-module-build -module-cache-path /Users/admin/builder/spi-builder-workspace/.derivedData/Build/Intermediates.noindex/SwiftExplicitPrecompiledModules -clang-scanner-module-cache-path /Users/admin/builder/spi-builder-workspace/.derivedData/ModuleCache.noindex -sdk-module-cache-path /Users/admin/builder/spi-builder-workspace/.derivedData/ModuleCache.noindex -serialize-diagnostics -emit-dependencies -emit-module -emit-module-path /Users/admin/builder/spi-builder-workspace/.derivedData/Build/Intermediates.noindex/mlx-swift.build/Debug-xros/MLX.build/Objects-normal/arm64/MLX.swiftmodule -user-module-version 0.32.3 -validate-clang-modules-once -clang-build-session-file /Users/admin/builder/spi-builder-workspace/.derivedData/ModuleCache.noindex/Session.modulevalidation -package-name mlx_swift -Xcc -I/Users/admin/builder/spi-builder-workspace/.derivedData/Build/Intermediates.noindex/mlx-swift.build/Debug-xros/MLX.build/swift-overrides.hmap -emit-const-values -Xfrontend -const-gather-protocols-file -Xfrontend /Users/admin/builder/spi-builder-workspace/.derivedData/Build/Intermediates.noindex/mlx-swift.build/Debug-xros/MLX.build/Objects-normal/arm64/MLX_const_extract_protocols.json -Xcc -I/Users/admin/builder/spi-builder-workspace/.dependencies/checkouts/swift-numerics/Sources/_NumericsShims/include -Xcc -I/Users/admin/builder/spi-builder-workspace/.dependencies/checkouts/mlx-swift/Source/cLogSupport/include -Xcc -I/Users/admin/builder/spi-builder-workspace/.dependencies/checkouts/mlx-swift/Source/Cmlx/include -Xcc -I/Users/admin/builder/spi-builder-workspace/.derivedData/Build/Products/Debug-xros/include -Xcc -I/Users/admin/builder/spi-builder-workspace/.derivedData/Build/Intermediates.noindex/mlx-swift.build/Debug-xros/MLX.build/DerivedSources-normal/arm64 -Xcc -I/Users/admin/builder/spi-builder-workspace/.derivedData/Build/Intermediates.noindex/mlx-swift.build/Debug-xros/MLX.build/DerivedSources/arm64 -Xcc -I/Users/admin/builder/spi-builder-workspace/.derivedData/Build/Intermediates.noindex/mlx-swift.build/Debug-xros/MLX.build/DerivedSources -Xcc -DSWIFT_PACKAGE -Xcc -DDEBUG\=1 -emit-objc-header -emit-objc-header-path /Users/admin/builder/spi-builder-workspace/.derivedData/Build/Intermediates.noindex/mlx-swift.build/Debug-xros/MLX.build/Objects-normal/arm64/MLX-Swift.h -working-directory /Users/admin/builder/spi-builder-workspace/.swiftpm/xcode -experimental-emit-module-separately -disable-cmo
RegisterExecutionPolicyException /Users/admin/builder/spi-builder-workspace/.derivedData/Build/Products/Debug-xros/ComplexModule.o (in target 'ComplexModule' from project 'swift-numerics')
cd /Users/admin/builder/spi-builder-workspace/.dependencies/checkouts/swift-numerics
builtin-RegisterExecutionPolicyException /Users/admin/builder/spi-builder-workspace/.derivedData/Build/Products/Debug-xros/ComplexModule.o
Ld /Users/admin/builder/spi-builder-workspace/.derivedData/Build/Products/Debug-xros/Numerics.o normal (in target 'Numerics' from project 'swift-numerics')
cd /Users/admin/builder/spi-builder-workspace/.dependencies/checkouts/swift-numerics
/Applications/Xcode-26.5.0.app/Contents/Developer/Toolchains/XcodeDefault.xctoolchain/usr/bin/clang -Xlinker -reproducible -target arm64-apple-xros1.0 -r -isysroot /Applications/Xcode-26.5.0.app/Contents/Developer/Platforms/XROS.platform/Developer/SDKs/XROS26.5.sdk -O0 -w -F/Users/admin/builder/spi-builder-workspace/.derivedData/Build/Intermediates.noindex/EagerLinkingTBDs/Debug-xros -F/Users/admin/builder/spi-builder-workspace/.derivedData/Build/Products/Debug-xros/PackageFrameworks -F/Users/admin/builder/spi-builder-workspace/.derivedData/Build/Products/Debug-xros/PackageFrameworks -F/Users/admin/builder/spi-builder-workspace/.derivedData/Build/Products/Debug-xros/PackageFrameworks -F/Users/admin/builder/spi-builder-workspace/.derivedData/Build/Products/Debug-xros -iframework /Applications/Xcode-26.5.0.app/Contents/Developer/Platforms/XROS.platform/Developer/Library/Frameworks -iframework /Applications/Xcode-26.5.0.app/Contents/Developer/Platforms/XROS.platform/Developer/SDKs/XROS26.5.sdk/Developer/Library/Frameworks -filelist /Users/admin/builder/spi-builder-workspace/.derivedData/Build/Intermediates.noindex/swift-numerics.build/Debug-xros/Numerics.build/Objects-normal/arm64/Numerics.LinkFileList -nostdlib -Xlinker -object_path_lto -Xlinker /Users/admin/builder/spi-builder-workspace/.derivedData/Build/Intermediates.noindex/swift-numerics.build/Debug-xros/Numerics.build/Objects-normal/arm64/Numerics_lto.o -Xlinker -no_deduplicate -Xlinker -debug_variant -Xlinker -dependency_info -Xlinker /Users/admin/builder/spi-builder-workspace/.derivedData/Build/Intermediates.noindex/swift-numerics.build/Debug-xros/Numerics.build/Objects-normal/arm64/Numerics_dependency_info.dat -fobjc-link-runtime -L/Applications/Xcode-26.5.0.app/Contents/Developer/Toolchains/XcodeDefault.xctoolchain/usr/lib/swift/xros -L/usr/lib/swift -Xlinker -add_ast_path -Xlinker /Users/admin/builder/spi-builder-workspace/.derivedData/Build/Intermediates.noindex/swift-numerics.build/Debug-xros/Numerics.build/Objects-normal/arm64/Numerics.swiftmodule @/Users/admin/builder/spi-builder-workspace/.derivedData/Build/Intermediates.noindex/swift-numerics.build/Debug-xros/Numerics.build/Objects-normal/arm64/Numerics-linker-args.resp -o /Users/admin/builder/spi-builder-workspace/.derivedData/Build/Products/Debug-xros/Numerics.o
ExtractAppIntentsMetadata (in target 'Numerics' from project 'swift-numerics')
cd /Users/admin/builder/spi-builder-workspace/.dependencies/checkouts/swift-numerics
/Applications/Xcode-26.5.0.app/Contents/Developer/Toolchains/XcodeDefault.xctoolchain/usr/bin/appintentsmetadataprocessor --toolchain-dir /var/run/com.apple.security.cryptexd/mnt/com.apple.MobileAsset.MetalToolchain-v17.6.42.0.1BS9nt/Metal.xctoolchain --module-name Numerics --sdk-root /Applications/Xcode-26.5.0.app/Contents/Developer/Platforms/XROS.platform/Developer/SDKs/XROS26.5.sdk --xcode-version 17F42 --platform-family xrOS --deployment-target 1.0 --bundle-identifier swift-numerics.Numerics --output /Users/admin/builder/spi-builder-workspace/.derivedData/Build/Products/Debug-xros/Numerics.appintents --target-triple arm64-apple-xros1.0 --binary-file /Users/admin/builder/spi-builder-workspace/.derivedData/Build/Products/Debug-xros/Numerics.o --dependency-file /Users/admin/builder/spi-builder-workspace/.derivedData/Build/Intermediates.noindex/swift-numerics.build/Debug-xros/Numerics.build/Objects-normal/arm64/Numerics_dependency_info.dat --stringsdata-file /Users/admin/builder/spi-builder-workspace/.derivedData/Build/Intermediates.noindex/swift-numerics.build/Debug-xros/Numerics.build/Objects-normal/arm64/ExtractedAppShortcutsMetadata.stringsdata --source-file-list /Users/admin/builder/spi-builder-workspace/.derivedData/Build/Intermediates.noindex/swift-numerics.build/Debug-xros/Numerics.build/Objects-normal/arm64/Numerics.SwiftFileList --metadata-file-list /Users/admin/builder/spi-builder-workspace/.derivedData/Build/Intermediates.noindex/swift-numerics.build/Debug-xros/Numerics.build/Numerics.DependencyMetadataFileList --static-metadata-file-list /Users/admin/builder/spi-builder-workspace/.derivedData/Build/Intermediates.noindex/swift-numerics.build/Debug-xros/Numerics.build/Numerics.DependencyStaticMetadataFileList --swift-const-vals-list /Users/admin/builder/spi-builder-workspace/.derivedData/Build/Intermediates.noindex/swift-numerics.build/Debug-xros/Numerics.build/Objects-normal/arm64/Numerics.SwiftConstValuesFileList --force --compile-time-extraction --deployment-aware-processing --validate-assistant-intents --no-app-shortcuts-localization
2026-10-14 02:45:30.578 appintentsmetadataprocessor[1594:7298] Starting appintentsmetadataprocessor export
2026-10-14 02:45:30.593 appintentsmetadataprocessor[1594:7298] Extracted no relevant App Intents symbols, skipping writing output
RegisterExecutionPolicyException /Users/admin/builder/spi-builder-workspace/.derivedData/Build/Products/Debug-xros/Numerics.o (in target 'Numerics' from project 'swift-numerics')
cd /Users/admin/builder/spi-builder-workspace/.dependencies/checkouts/swift-numerics
builtin-RegisterExecutionPolicyException /Users/admin/builder/spi-builder-workspace/.derivedData/Build/Products/Debug-xros/Numerics.o
SwiftEmitModule normal arm64 Emitting\ module\ for\ HeterogeneousFusionBenchmark (in target 'HeterogeneousFusionBenchmark' from project 'MetalHLO')
SwiftCompile normal arm64 /Users/admin/builder/spi-builder-workspace/Sources/HeterogeneousFusionBenchmark/main.swift (in target 'HeterogeneousFusionBenchmark' from project 'MetalHLO')
cd /Users/admin/builder/spi-builder-workspace/.swiftpm/xcode
SwiftCompile normal arm64 Compiling\ main.swift /Users/admin/builder/spi-builder-workspace/Sources/HeterogeneousFusionBenchmark/main.swift (in target 'HeterogeneousFusionBenchmark' from project 'MetalHLO')
SwiftCompile normal arm64 /Users/admin/builder/spi-builder-workspace/Sources/HeterogeneousFusionBenchmark/main.swift (in target 'HeterogeneousFusionBenchmark' from project 'MetalHLO')
cd /Users/admin/builder/spi-builder-workspace/.swiftpm/xcode
SwiftDriver\ Compilation GPT2EndToEnd normal arm64 com.apple.xcode.tools.swift.compiler (in target 'GPT2EndToEnd' from project 'MetalHLO')
cd /Users/admin/builder/spi-builder-workspace/.swiftpm/xcode
builtin-Swift-Compilation -- /Applications/Xcode-26.5.0.app/Contents/Developer/Toolchains/XcodeDefault.xctoolchain/usr/bin/swiftc -module-name GPT2EndToEnd -Onone @/Users/admin/builder/spi-builder-workspace/.derivedData/Build/Intermediates.noindex/MetalHLO.build/Debug-xros/GPT2EndToEnd.build/Objects-normal/arm64/GPT2EndToEnd.SwiftFileList -DSWIFT_PACKAGE -DDEBUG -DXcode -plugin-path /Applications/Xcode-26.5.0.app/Contents/Developer/Toolchains/XcodeDefault.xctoolchain/usr/lib/swift/host/plugins/testing -enable-experimental-feature DebugDescriptionMacro -sdk /Applications/Xcode-26.5.0.app/Contents/Developer/Platforms/XROS.platform/Developer/SDKs/XROS26.5.sdk -target arm64-apple-xros1.0 -g -module-cache-path /Users/admin/builder/spi-builder-workspace/.derivedData/ModuleCache.noindex -Xfrontend -serialize-debugging-options -profile-coverage-mapping -profile-generate -enable-testing -index-store-path /Users/admin/builder/spi-builder-workspace/.derivedData/Index.noindex/DataStore -Xcc -D_LIBCPP_HARDENING_MODE\=_LIBCPP_HARDENING_MODE_DEBUG -swift-version 6 -I /Users/admin/builder/spi-builder-workspace/.derivedData/Build/Products/Debug-xros -Isystem /Applications/Xcode-26.5.0.app/Contents/Developer/Platforms/XROS.platform/Developer/usr/lib -F /Users/admin/builder/spi-builder-workspace/.derivedData/Build/Products/Debug-xros/PackageFrameworks -F /Users/admin/builder/spi-builder-workspace/.derivedData/Build/Products/Debug-xros -F /Applications/Xcode-26.5.0.app/Contents/Developer/Platforms/XROS.platform/Developer/Library/Frameworks -F /Applications/Xcode-26.5.0.app/Contents/Developer/Platforms/XROS.platform/Developer/SDKs/XROS26.5.sdk/Developer/Library/Frameworks -c -j10 -enable-batch-mode -incremental -Xcc -ivfsstatcache -Xcc /Users/admin/builder/spi-builder-workspace/.derivedData/SDKStatCaches.noindex/xros26.5-23O469-688ef53f1462e2c8f657fdc38a81448f73f9c068cd48276448ef291a7ea74bec.sdkstatcache -output-file-map /Users/admin/builder/spi-builder-workspace/.derivedData/Build/Intermediates.noindex/MetalHLO.build/Debug-xros/GPT2EndToEnd.build/Objects-normal/arm64/GPT2EndToEnd-OutputFileMap.json -use-frontend-parseable-output -save-temps -no-color-diagnostics -explicit-module-build -module-cache-path /Users/admin/builder/spi-builder-workspace/.derivedData/Build/Intermediates.noindex/SwiftExplicitPrecompiledModules -clang-scanner-module-cache-path /Users/admin/builder/spi-builder-workspace/.derivedData/ModuleCache.noindex -sdk-module-cache-path /Users/admin/builder/spi-builder-workspace/.derivedData/ModuleCache.noindex -serialize-diagnostics -emit-dependencies -emit-module -emit-module-path /Users/admin/builder/spi-builder-workspace/.derivedData/Build/Intermediates.noindex/MetalHLO.build/Debug-xros/GPT2EndToEnd.build/Objects-normal/arm64/GPT2EndToEnd.swiftmodule -validate-clang-modules-once -clang-build-session-file /Users/admin/builder/spi-builder-workspace/.derivedData/ModuleCache.noindex/Session.modulevalidation -package-name spi_builder_workspace -emit-const-values -Xfrontend -const-gather-protocols-file -Xfrontend /Users/admin/builder/spi-builder-workspace/.derivedData/Build/Intermediates.noindex/MetalHLO.build/Debug-xros/GPT2EndToEnd.build/Objects-normal/arm64/GPT2EndToEnd_const_extract_protocols.json -Xcc -I/Users/admin/builder/spi-builder-workspace/.derivedData/Build/Products/Debug-xros/include -Xcc -I/Users/admin/builder/spi-builder-workspace/.derivedData/Build/Intermediates.noindex/MetalHLO.build/Debug-xros/GPT2EndToEnd.build/DerivedSources-normal/arm64 -Xcc -I/Users/admin/builder/spi-builder-workspace/.derivedData/Build/Intermediates.noindex/MetalHLO.build/Debug-xros/GPT2EndToEnd.build/DerivedSources/arm64 -Xcc -I/Users/admin/builder/spi-builder-workspace/.derivedData/Build/Intermediates.noindex/MetalHLO.build/Debug-xros/GPT2EndToEnd.build/DerivedSources -Xcc -DSWIFT_PACKAGE -Xcc -DDEBUG\=1 -working-directory /Users/admin/builder/spi-builder-workspace/.swiftpm/xcode -experimental-emit-module-separately -disable-cmo
Ld /Users/admin/builder/spi-builder-workspace/.derivedData/Build/Products/Debug-xros/GPT2EndToEnd normal (in target 'GPT2EndToEnd' from project 'MetalHLO')
cd /Users/admin/builder/spi-builder-workspace
/Applications/Xcode-26.5.0.app/Contents/Developer/Toolchains/XcodeDefault.xctoolchain/usr/bin/clang -Xlinker -reproducible -target arm64-apple-xros1.0 -isysroot /Applications/Xcode-26.5.0.app/Contents/Developer/Platforms/XROS.platform/Developer/SDKs/XROS26.5.sdk -O0 -L/Users/admin/builder/spi-builder-workspace/.derivedData/Build/Intermediates.noindex/EagerLinkingTBDs/Debug-xros -L/Users/admin/builder/spi-builder-workspace/.derivedData/Build/Products/Debug-xros -L/Applications/Xcode-26.5.0.app/Contents/Developer/Platforms/XROS.platform/Developer/usr/lib -F/Users/admin/builder/spi-builder-workspace/.derivedData/Build/Intermediates.noindex/EagerLinkingTBDs/Debug-xros -F/Users/admin/builder/spi-builder-workspace/.derivedData/Build/Products/Debug-xros/PackageFrameworks -F/Users/admin/builder/spi-builder-workspace/.derivedData/Build/Products/Debug-xros -iframework /Applications/Xcode-26.5.0.app/Contents/Developer/Platforms/XROS.platform/Developer/Library/Frameworks -iframework /Applications/Xcode-26.5.0.app/Contents/Developer/Platforms/XROS.platform/Developer/SDKs/XROS26.5.sdk/Developer/Library/Frameworks -filelist /Users/admin/builder/spi-builder-workspace/.derivedData/Build/Intermediates.noindex/MetalHLO.build/Debug-xros/GPT2EndToEnd.build/Objects-normal/arm64/GPT2EndToEnd.LinkFileList -Xlinker -rpath -Xlinker /usr/lib/swift -Xlinker -rpath -Xlinker /Users/admin/builder/spi-builder-workspace/.derivedData/Build/Products/Debug-xros/PackageFrameworks -Xlinker -rpath -Xlinker @executable_path/../lib -Xlinker -dead_strip -Xlinker -object_path_lto -Xlinker /Users/admin/builder/spi-builder-workspace/.derivedData/Build/Intermediates.noindex/MetalHLO.build/Debug-xros/GPT2EndToEnd.build/Objects-normal/arm64/GPT2EndToEnd_lto.o -rdynamic -Xlinker -no_deduplicate -Xlinker -debug_variant -Xlinker -dependency_info -Xlinker /Users/admin/builder/spi-builder-workspace/.derivedData/Build/Intermediates.noindex/MetalHLO.build/Debug-xros/GPT2EndToEnd.build/Objects-normal/arm64/GPT2EndToEnd_dependency_info.dat -fobjc-link-runtime -fprofile-instr-generate -L/Applications/Xcode-26.5.0.app/Contents/Developer/Toolchains/XcodeDefault.xctoolchain/usr/lib/swift/xros -L/usr/lib/swift -Xlinker -add_ast_path -Xlinker /Users/admin/builder/spi-builder-workspace/.derivedData/Build/Intermediates.noindex/MetalHLO.build/Debug-xros/GPT2EndToEnd.build/Objects-normal/arm64/GPT2EndToEnd.swiftmodule @/Users/admin/builder/spi-builder-workspace/.derivedData/Build/Intermediates.noindex/MetalHLO.build/Debug-xros/GPT2EndToEnd.build/Objects-normal/arm64/GPT2EndToEnd-linker-args.resp -Wl,-no_warn_duplicate_libraries -framework Metal -framework MetalPerformanceShaders -framework Accelerate -o /Users/admin/builder/spi-builder-workspace/.derivedData/Build/Products/Debug-xros/GPT2EndToEnd -Xlinker -add_ast_path -Xlinker /Users/admin/builder/spi-builder-workspace/.derivedData/Build/Intermediates.noindex/MetalHLO.build/Debug-xros/HeterogeneousFusion.build/Objects-normal/arm64/HeterogeneousFusion.swiftmodule @/Users/admin/builder/spi-builder-workspace/.derivedData/Build/Intermediates.noindex/MetalHLO.build/Debug-xros/HeterogeneousFusion.build/Objects-normal/arm64/HeterogeneousFusion-linker-args.resp
SwiftCompile normal arm64 Compiling\ Client.swift /Users/admin/builder/spi-builder-workspace/Sources/MetalHLO/Client.swift (in target 'MetalHLO' from project 'MetalHLO')
SwiftCompile normal arm64 /Users/admin/builder/spi-builder-workspace/Sources/MetalHLO/Client.swift (in target 'MetalHLO' from project 'MetalHLO')
cd /Users/admin/builder/spi-builder-workspace/.swiftpm/xcode
/Users/admin/builder/spi-builder-workspace/Sources/MetalHLO/Client.swift:79:9: warning: no calls to throwing functions occur within 'try' expression
try withNarrowOutputs(try compileMPSGraph(mlir), source: mlir)
^
/Users/admin/builder/spi-builder-workspace/Sources/MetalHLO/Client.swift:174:9: warning: no calls to throwing functions occur within 'try' expression
try withNarrowOutputs(try compileConfigured(mlir, config: config), source: mlir)
^
SwiftCompile normal arm64 Compiling\ Buffer.swift /Users/admin/builder/spi-builder-workspace/Sources/MetalHLO/Buffer.swift (in target 'MetalHLO' from project 'MetalHLO')
SwiftCompile normal arm64 /Users/admin/builder/spi-builder-workspace/Sources/MetalHLO/Buffer.swift (in target 'MetalHLO' from project 'MetalHLO')
cd /Users/admin/builder/spi-builder-workspace/.swiftpm/xcode
SwiftEmitModule normal arm64 Emitting\ module\ for\ MetalHLO (in target 'MetalHLO' from project 'MetalHLO')
EmitSwiftModule normal arm64 (in target 'MetalHLO' from project 'MetalHLO')
cd /Users/admin/builder/spi-builder-workspace/.swiftpm/xcode
SwiftCompile normal arm64 Compiling\ MetalHLO.swift /Users/admin/builder/spi-builder-workspace/Sources/MetalHLO/MetalHLO.swift (in target 'MetalHLO' from project 'MetalHLO')
SwiftCompile normal arm64 /Users/admin/builder/spi-builder-workspace/Sources/MetalHLO/MetalHLO.swift (in target 'MetalHLO' from project 'MetalHLO')
cd /Users/admin/builder/spi-builder-workspace/.swiftpm/xcode
SwiftEmitModule normal arm64 Emitting\ module\ for\ CalibrateTest (in target 'CalibrateTest' from project 'MetalHLO')
SwiftCompile normal arm64 /Users/admin/builder/spi-builder-workspace/Sources/CalibrateTest/main.swift (in target 'CalibrateTest' from project 'MetalHLO')
cd /Users/admin/builder/spi-builder-workspace/.swiftpm/xcode
SwiftCompile normal arm64 Compiling\ Errors.swift /Users/admin/builder/spi-builder-workspace/Sources/MetalHLO/Errors.swift (in target 'MetalHLO' from project 'MetalHLO')
SwiftCompile normal arm64 /Users/admin/builder/spi-builder-workspace/Sources/MetalHLO/Errors.swift (in target 'MetalHLO' from project 'MetalHLO')
cd /Users/admin/builder/spi-builder-workspace/.swiftpm/xcode
SwiftCompile normal arm64 Compiling\ CompilationConfig.swift /Users/admin/builder/spi-builder-workspace/Sources/MetalHLO/CompilationConfig.swift (in target 'MetalHLO' from project 'MetalHLO')
SwiftCompile normal arm64 /Users/admin/builder/spi-builder-workspace/Sources/MetalHLO/CompilationConfig.swift (in target 'MetalHLO' from project 'MetalHLO')
cd /Users/admin/builder/spi-builder-workspace/.swiftpm/xcode
SwiftEmitModule normal arm64 Emitting\ module\ for\ MetalHLOCore (in target 'MetalHLOCore' from project 'MetalHLO')
EmitSwiftModule normal arm64 (in target 'MetalHLOCore' from project 'MetalHLO')
cd /Users/admin/builder/spi-builder-workspace/.swiftpm/xcode
/Users/admin/builder/spi-builder-workspace/Sources/MetalHLOCore/Runtime/IntegratedExecutor.swift:1209:22: warning: capture of 'base' with non-Sendable type 'UnsafeMutablePointer<(any MTLBuffer)?>' in a '@Sendable' closure
(base + i).initialize(to: materialize(i, pooled: false))
^
Swift.UnsafeMutablePointer:1:23: note: generic struct 'UnsafeMutablePointer' does not conform to the 'Sendable' protocol
@frozen public struct UnsafeMutablePointer<Pointee> : Copyable where Pointee : ~Copyable {
^
/Users/admin/builder/spi-builder-workspace/Sources/MetalHLOCore/Runtime/IntegratedExecutor.swift:1209:47: warning: capture of 'materialize(_:pooled:)' with non-Sendable type '(Int, Bool) -> (any MTLBuffer)?' in a '@Sendable' closure
(base + i).initialize(to: materialize(i, pooled: false))
^
/Users/admin/builder/spi-builder-workspace/Sources/MetalHLOCore/Runtime/IntegratedExecutor.swift:1209:47: note: a function type must be marked '@Sendable' to conform to 'Sendable'
(base + i).initialize(to: materialize(i, pooled: false))
^
/Users/admin/builder/spi-builder-workspace/Sources/MetalHLOCore/Runtime/IntegratedExecutor.swift:1179:14: warning: concurrently-executed local function 'materialize(_:pooled:)' must be marked as '@Sendable'
func materialize(_ i: Int, pooled: Bool) -> MTLBuffer? {
^
@Sendable
SwiftDriverJobDiscovery normal arm64 Compiling MetalHLO.swift (in target 'MetalHLO' from project 'MetalHLO')
SwiftExplicitDependencyGeneratePcm arm64 /Users/admin/builder/spi-builder-workspace/.derivedData/Build/Intermediates.noindex/SwiftExplicitPrecompiledModules/_NumericsShims-6715Q4VA5IEVGXUTNFIFU08ZS.pcm
SwiftExplicitDependencyGeneratePcm arm64 /Users/admin/builder/spi-builder-workspace/.derivedData/Build/Intermediates.noindex/SwiftExplicitPrecompiledModules/cLogSupport-DDJ4Q34C5A3RY2W4D3PNY5PD5.pcm
SwiftDriverJobDiscovery normal arm64 Compiling Buffer.swift (in target 'MetalHLO' from project 'MetalHLO')
SwiftExplicitDependencyGeneratePcm arm64 /Users/admin/builder/spi-builder-workspace/.derivedData/Build/Intermediates.noindex/SwiftExplicitPrecompiledModules/Cmlx-3RB64EJD4NVMQG7ABLN68FZS0.pcm
SwiftDriverJobDiscovery normal arm64 Emitting module for CalibrateTest (in target 'CalibrateTest' from project 'MetalHLO')
SwiftDriver\ Compilation\ Requirements CalibrateTest normal arm64 com.apple.xcode.tools.swift.compiler (in target 'CalibrateTest' from project 'MetalHLO')
cd /Users/admin/builder/spi-builder-workspace/.swiftpm/xcode
builtin-Swift-Compilation-Requirements -- /Applications/Xcode-26.5.0.app/Contents/Developer/Toolchains/XcodeDefault.xctoolchain/usr/bin/swiftc -module-name CalibrateTest -Onone @/Users/admin/builder/spi-builder-workspace/.derivedData/Build/Intermediates.noindex/MetalHLO.build/Debug-xros/CalibrateTest.build/Objects-normal/arm64/CalibrateTest.SwiftFileList -DSWIFT_PACKAGE -DDEBUG -DXcode -plugin-path /Applications/Xcode-26.5.0.app/Contents/Developer/Toolchains/XcodeDefault.xctoolchain/usr/lib/swift/host/plugins/testing -enable-experimental-feature DebugDescriptionMacro -sdk /Applications/Xcode-26.5.0.app/Contents/Developer/Platforms/XROS.platform/Developer/SDKs/XROS26.5.sdk -target arm64-apple-xros1.0 -g -module-cache-path /Users/admin/builder/spi-builder-workspace/.derivedData/ModuleCache.noindex -Xfrontend -serialize-debugging-options -profile-coverage-mapping -profile-generate -enable-testing -index-store-path /Users/admin/builder/spi-builder-workspace/.derivedData/Index.noindex/DataStore -Xcc -D_LIBCPP_HARDENING_MODE\=_LIBCPP_HARDENING_MODE_DEBUG -swift-version 6 -I /Users/admin/builder/spi-builder-workspace/.derivedData/Build/Products/Debug-xros -Isystem /Applications/Xcode-26.5.0.app/Contents/Developer/Platforms/XROS.platform/Developer/usr/lib -F /Users/admin/builder/spi-builder-workspace/.derivedData/Build/Products/Debug-xros/PackageFrameworks -F /Users/admin/builder/spi-builder-workspace/.derivedData/Build/Products/Debug-xros -F /Applications/Xcode-26.5.0.app/Contents/Developer/Platforms/XROS.platform/Developer/Library/Frameworks -F /Applications/Xcode-26.5.0.app/Contents/Developer/Platforms/XROS.platform/Developer/SDKs/XROS26.5.sdk/Developer/Library/Frameworks -c -j10 -enable-batch-mode -incremental -Xcc -ivfsstatcache -Xcc /Users/admin/builder/spi-builder-workspace/.derivedData/SDKStatCaches.noindex/xros26.5-23O469-688ef53f1462e2c8f657fdc38a81448f73f9c068cd48276448ef291a7ea74bec.sdkstatcache -output-file-map /Users/admin/builder/spi-builder-workspace/.derivedData/Build/Intermediates.noindex/MetalHLO.build/Debug-xros/CalibrateTest.build/Objects-normal/arm64/CalibrateTest-OutputFileMap.json -use-frontend-parseable-output -save-temps -no-color-diagnostics -explicit-module-build -module-cache-path /Users/admin/builder/spi-builder-workspace/.derivedData/Build/Intermediates.noindex/SwiftExplicitPrecompiledModules -clang-scanner-module-cache-path /Users/admin/builder/spi-builder-workspace/.derivedData/ModuleCache.noindex -sdk-module-cache-path /Users/admin/builder/spi-builder-workspace/.derivedData/ModuleCache.noindex -serialize-diagnostics -emit-dependencies -emit-module -emit-module-path /Users/admin/builder/spi-builder-workspace/.derivedData/Build/Intermediates.noindex/MetalHLO.build/Debug-xros/CalibrateTest.build/Objects-normal/arm64/CalibrateTest.swiftmodule -validate-clang-modules-once -clang-build-session-file /Users/admin/builder/spi-builder-workspace/.derivedData/ModuleCache.noindex/Session.modulevalidation -package-name spi_builder_workspace -emit-const-values -Xfrontend -const-gather-protocols-file -Xfrontend /Users/admin/builder/spi-builder-workspace/.derivedData/Build/Intermediates.noindex/MetalHLO.build/Debug-xros/CalibrateTest.build/Objects-normal/arm64/CalibrateTest_const_extract_protocols.json -Xcc -I/Users/admin/builder/spi-builder-workspace/.derivedData/Build/Products/Debug-xros/include -Xcc -I/Users/admin/builder/spi-builder-workspace/.derivedData/Build/Intermediates.noindex/MetalHLO.build/Debug-xros/CalibrateTest.build/DerivedSources-normal/arm64 -Xcc -I/Users/admin/builder/spi-builder-workspace/.derivedData/Build/Intermediates.noindex/MetalHLO.build/Debug-xros/CalibrateTest.build/DerivedSources/arm64 -Xcc -I/Users/admin/builder/spi-builder-workspace/.derivedData/Build/Intermediates.noindex/MetalHLO.build/Debug-xros/CalibrateTest.build/DerivedSources -Xcc -DSWIFT_PACKAGE -Xcc -DDEBUG\=1 -working-directory /Users/admin/builder/spi-builder-workspace/.swiftpm/xcode -experimental-emit-module-separately -disable-cmo
SwiftExplicitDependencyGeneratePcm arm64 /Users/admin/builder/spi-builder-workspace/.derivedData/ModuleCache.noindex/OSLog-88JAIX8R1207REX9OOIHNZTU7.pcm
Copy /Users/admin/builder/spi-builder-workspace/.derivedData/Build/Products/Debug-xros/CalibrateTest.swiftmodule/arm64-apple-xros.swiftmodule /Users/admin/builder/spi-builder-workspace/.derivedData/Build/Intermediates.noindex/MetalHLO.build/Debug-xros/CalibrateTest.build/Objects-normal/arm64/CalibrateTest.swiftmodule (in target 'CalibrateTest' from project 'MetalHLO')
cd /Users/admin/builder/spi-builder-workspace
builtin-copy -exclude .DS_Store -exclude CVS -exclude .svn -exclude .git -exclude .hg -resolve-src-symlinks -rename /Users/admin/builder/spi-builder-workspace/.derivedData/Build/Intermediates.noindex/MetalHLO.build/Debug-xros/CalibrateTest.build/Objects-normal/arm64/CalibrateTest.swiftmodule /Users/admin/builder/spi-builder-workspace/.derivedData/Build/Products/Debug-xros/CalibrateTest.swiftmodule/arm64-apple-xros.swiftmodule
SwiftDriverJobDiscovery normal arm64 Emitting module for MetalHLO (in target 'MetalHLO' from project 'MetalHLO')
Copy /Users/admin/builder/spi-builder-workspace/.derivedData/Build/Products/Debug-xros/CalibrateTest.swiftmodule/arm64-apple-xros.swiftdoc /Users/admin/builder/spi-builder-workspace/.derivedData/Build/Intermediates.noindex/MetalHLO.build/Debug-xros/CalibrateTest.build/Objects-normal/arm64/CalibrateTest.swiftdoc (in target 'CalibrateTest' from project 'MetalHLO')
cd /Users/admin/builder/spi-builder-workspace
builtin-copy -exclude .DS_Store -exclude CVS -exclude .svn -exclude .git -exclude .hg -resolve-src-symlinks -rename /Users/admin/builder/spi-builder-workspace/.derivedData/Build/Intermediates.noindex/MetalHLO.build/Debug-xros/CalibrateTest.build/Objects-normal/arm64/CalibrateTest.swiftdoc /Users/admin/builder/spi-builder-workspace/.derivedData/Build/Products/Debug-xros/CalibrateTest.swiftmodule/arm64-apple-xros.swiftdoc
SwiftDriver\ Compilation\ Requirements MetalHLO normal arm64 com.apple.xcode.tools.swift.compiler (in target 'MetalHLO' from project 'MetalHLO')
cd /Users/admin/builder/spi-builder-workspace/.swiftpm/xcode
builtin-Swift-Compilation-Requirements -- /Applications/Xcode-26.5.0.app/Contents/Developer/Toolchains/XcodeDefault.xctoolchain/usr/bin/swiftc -module-name MetalHLO -Onone @/Users/admin/builder/spi-builder-workspace/.derivedData/Build/Intermediates.noindex/MetalHLO.build/Debug-xros/MetalHLO.build/Objects-normal/arm64/MetalHLO.SwiftFileList -DSWIFT_PACKAGE -DDEBUG -DSWIFT_MODULE_RESOURCE_BUNDLE_UNAVAILABLE -DXcode -plugin-path /Applications/Xcode-26.5.0.app/Contents/Developer/Toolchains/XcodeDefault.xctoolchain/usr/lib/swift/host/plugins/testing -enable-experimental-feature DebugDescriptionMacro -sdk /Applications/Xcode-26.5.0.app/Contents/Developer/Platforms/XROS.platform/Developer/SDKs/XROS26.5.sdk -target arm64-apple-xros1.0 -g -module-cache-path /Users/admin/builder/spi-builder-workspace/.derivedData/ModuleCache.noindex -Xfrontend -serialize-debugging-options -profile-coverage-mapping -profile-generate -enable-testing -index-store-path /Users/admin/builder/spi-builder-workspace/.derivedData/Index.noindex/DataStore -Xcc -D_LIBCPP_HARDENING_MODE\=_LIBCPP_HARDENING_MODE_DEBUG -swift-version 6 -I /Users/admin/builder/spi-builder-workspace/.derivedData/Build/Products/Debug-xros -Isystem /Applications/Xcode-26.5.0.app/Contents/Developer/Platforms/XROS.platform/Developer/usr/lib -F /Users/admin/builder/spi-builder-workspace/.derivedData/Build/Products/Debug-xros/PackageFrameworks -F /Users/admin/builder/spi-builder-workspace/.derivedData/Build/Products/Debug-xros/PackageFrameworks -F /Users/admin/builder/spi-builder-workspace/.derivedData/Build/Products/Debug-xros -F /Applications/Xcode-26.5.0.app/Contents/Developer/Platforms/XROS.platform/Developer/Library/Frameworks -F /Applications/Xcode-26.5.0.app/Contents/Developer/Platforms/XROS.platform/Developer/SDKs/XROS26.5.sdk/Developer/Library/Frameworks -c -j10 -enable-batch-mode -incremental -Xcc -ivfsstatcache -Xcc /Users/admin/builder/spi-builder-workspace/.derivedData/SDKStatCaches.noindex/xros26.5-23O469-688ef53f1462e2c8f657fdc38a81448f73f9c068cd48276448ef291a7ea74bec.sdkstatcache -output-file-map /Users/admin/builder/spi-builder-workspace/.derivedData/Build/Intermediates.noindex/MetalHLO.build/Debug-xros/MetalHLO.build/Objects-normal/arm64/MetalHLO-OutputFileMap.json -use-frontend-parseable-output -save-temps -no-color-diagnostics -explicit-module-build -module-cache-path /Users/admin/builder/spi-builder-workspace/.derivedData/Build/Intermediates.noindex/SwiftExplicitPrecompiledModules -clang-scanner-module-cache-path /Users/admin/builder/spi-builder-workspace/.derivedData/ModuleCache.noindex -sdk-module-cache-path /Users/admin/builder/spi-builder-workspace/.derivedData/ModuleCache.noindex -serialize-diagnostics -emit-dependencies -emit-module -emit-module-path /Users/admin/builder/spi-builder-workspace/.derivedData/Build/Intermediates.noindex/MetalHLO.build/Debug-xros/MetalHLO.build/Objects-normal/arm64/MetalHLO.swiftmodule -validate-clang-modules-once -clang-build-session-file /Users/admin/builder/spi-builder-workspace/.derivedData/ModuleCache.noindex/Session.modulevalidation -package-name spi_builder_workspace -Xcc -I/Users/admin/builder/spi-builder-workspace/.derivedData/Build/Intermediates.noindex/MetalHLO.build/Debug-xros/MetalHLO.build/swift-overrides.hmap -emit-const-values -Xfrontend -const-gather-protocols-file -Xfrontend /Users/admin/builder/spi-builder-workspace/.derivedData/Build/Intermediates.noindex/MetalHLO.build/Debug-xros/MetalHLO.build/Objects-normal/arm64/MetalHLO_const_extract_protocols.json -Xcc -I/Users/admin/builder/spi-builder-workspace/.derivedData/Build/Products/Debug-xros/include -Xcc -I/Users/admin/builder/spi-builder-workspace/.derivedData/Build/Intermediates.noindex/MetalHLO.build/Debug-xros/MetalHLO.build/DerivedSources-normal/arm64 -Xcc -I/Users/admin/builder/spi-builder-workspace/.derivedData/Build/Intermediates.noindex/MetalHLO.build/Debug-xros/MetalHLO.build/DerivedSources/arm64 -Xcc -I/Users/admin/builder/spi-builder-workspace/.derivedData/Build/Intermediates.noindex/MetalHLO.build/Debug-xros/MetalHLO.build/DerivedSources -Xcc -DSWIFT_PACKAGE -Xcc -DDEBUG\=1 -emit-objc-header -emit-objc-header-path /Users/admin/builder/spi-builder-workspace/.derivedData/Build/Intermediates.noindex/MetalHLO.build/Debug-xros/MetalHLO.build/Objects-normal/arm64/MetalHLO-Swift.h -working-directory /Users/admin/builder/spi-builder-workspace/.swiftpm/xcode -experimental-emit-module-separately -disable-cmo
Copy /Users/admin/builder/spi-builder-workspace/.derivedData/Build/Products/Debug-xros/CalibrateTest.swiftmodule/arm64-apple-xros.abi.json /Users/admin/builder/spi-builder-workspace/.derivedData/Build/Intermediates.noindex/MetalHLO.build/Debug-xros/CalibrateTest.build/Objects-normal/arm64/CalibrateTest.abi.json (in target 'CalibrateTest' from project 'MetalHLO')
cd /Users/admin/builder/spi-builder-workspace
builtin-copy -exclude .DS_Store -exclude CVS -exclude .svn -exclude .git -exclude .hg -resolve-src-symlinks -rename /Users/admin/builder/spi-builder-workspace/.derivedData/Build/Intermediates.noindex/MetalHLO.build/Debug-xros/CalibrateTest.build/Objects-normal/arm64/CalibrateTest.abi.json /Users/admin/builder/spi-builder-workspace/.derivedData/Build/Products/Debug-xros/CalibrateTest.swiftmodule/arm64-apple-xros.abi.json
Copy /Users/admin/builder/spi-builder-workspace/.derivedData/Build/Products/Debug-xros/CalibrateTest.swiftmodule/Project/arm64-apple-xros.swiftsourceinfo /Users/admin/builder/spi-builder-workspace/.derivedData/Build/Intermediates.noindex/MetalHLO.build/Debug-xros/CalibrateTest.build/Objects-normal/arm64/CalibrateTest.swiftsourceinfo (in target 'CalibrateTest' from project 'MetalHLO')
cd /Users/admin/builder/spi-builder-workspace
builtin-copy -exclude .DS_Store -exclude CVS -exclude .svn -exclude .git -exclude .hg -resolve-src-symlinks -rename /Users/admin/builder/spi-builder-workspace/.derivedData/Build/Intermediates.noindex/MetalHLO.build/Debug-xros/CalibrateTest.build/Objects-normal/arm64/CalibrateTest.swiftsourceinfo /Users/admin/builder/spi-builder-workspace/.derivedData/Build/Products/Debug-xros/CalibrateTest.swiftmodule/Project/arm64-apple-xros.swiftsourceinfo
SwiftMergeGeneratedHeaders /Users/admin/builder/spi-builder-workspace/.derivedData/Build/Intermediates.noindex/GeneratedModuleMaps-xros/MetalHLO-Swift.h /Users/admin/builder/spi-builder-workspace/.derivedData/Build/Intermediates.noindex/MetalHLO.build/Debug-xros/MetalHLO.build/Objects-normal/arm64/MetalHLO-Swift.h (in target 'MetalHLO' from project 'MetalHLO')
cd /Users/admin/builder/spi-builder-workspace
builtin-swiftHeaderTool -arch arm64 /Users/admin/builder/spi-builder-workspace/.derivedData/Build/Intermediates.noindex/MetalHLO.build/Debug-xros/MetalHLO.build/Objects-normal/arm64/MetalHLO-Swift.h -o /Users/admin/builder/spi-builder-workspace/.derivedData/Build/Intermediates.noindex/GeneratedModuleMaps-xros/MetalHLO-Swift.h
Copy /Users/admin/builder/spi-builder-workspace/.derivedData/Build/Products/Debug-xros/MetalHLO.swiftmodule/arm64-apple-xros.swiftmodule /Users/admin/builder/spi-builder-workspace/.derivedData/Build/Intermediates.noindex/MetalHLO.build/Debug-xros/MetalHLO.build/Objects-normal/arm64/MetalHLO.swiftmodule (in target 'MetalHLO' from project 'MetalHLO')
cd /Users/admin/builder/spi-builder-workspace
builtin-copy -exclude .DS_Store -exclude CVS -exclude .svn -exclude .git -exclude .hg -resolve-src-symlinks -rename /Users/admin/builder/spi-builder-workspace/.derivedData/Build/Intermediates.noindex/MetalHLO.build/Debug-xros/MetalHLO.build/Objects-normal/arm64/MetalHLO.swiftmodule /Users/admin/builder/spi-builder-workspace/.derivedData/Build/Products/Debug-xros/MetalHLO.swiftmodule/arm64-apple-xros.swiftmodule
Copy /Users/admin/builder/spi-builder-workspace/.derivedData/Build/Products/Debug-xros/MetalHLO.swiftmodule/arm64-apple-xros.swiftdoc /Users/admin/builder/spi-builder-workspace/.derivedData/Build/Intermediates.noindex/MetalHLO.build/Debug-xros/MetalHLO.build/Objects-normal/arm64/MetalHLO.swiftdoc (in target 'MetalHLO' from project 'MetalHLO')
cd /Users/admin/builder/spi-builder-workspace
builtin-copy -exclude .DS_Store -exclude CVS -exclude .svn -exclude .git -exclude .hg -resolve-src-symlinks -rename /Users/admin/builder/spi-builder-workspace/.derivedData/Build/Intermediates.noindex/MetalHLO.build/Debug-xros/MetalHLO.build/Objects-normal/arm64/MetalHLO.swiftdoc /Users/admin/builder/spi-builder-workspace/.derivedData/Build/Products/Debug-xros/MetalHLO.swiftmodule/arm64-apple-xros.swiftdoc
Copy /Users/admin/builder/spi-builder-workspace/.derivedData/Build/Products/Debug-xros/MetalHLO.swiftmodule/arm64-apple-xros.abi.json /Users/admin/builder/spi-builder-workspace/.derivedData/Build/Intermediates.noindex/MetalHLO.build/Debug-xros/MetalHLO.build/Objects-normal/arm64/MetalHLO.abi.json (in target 'MetalHLO' from project 'MetalHLO')
cd /Users/admin/builder/spi-builder-workspace
builtin-copy -exclude .DS_Store -exclude CVS -exclude .svn -exclude .git -exclude .hg -resolve-src-symlinks -rename /Users/admin/builder/spi-builder-workspace/.derivedData/Build/Intermediates.noindex/MetalHLO.build/Debug-xros/MetalHLO.build/Objects-normal/arm64/MetalHLO.abi.json /Users/admin/builder/spi-builder-workspace/.derivedData/Build/Products/Debug-xros/MetalHLO.swiftmodule/arm64-apple-xros.abi.json
Copy /Users/admin/builder/spi-builder-workspace/.derivedData/Build/Products/Debug-xros/MetalHLO.swiftmodule/Project/arm64-apple-xros.swiftsourceinfo /Users/admin/builder/spi-builder-workspace/.derivedData/Build/Intermediates.noindex/MetalHLO.build/Debug-xros/MetalHLO.build/Objects-normal/arm64/MetalHLO.swiftsourceinfo (in target 'MetalHLO' from project 'MetalHLO')
cd /Users/admin/builder/spi-builder-workspace
builtin-copy -exclude .DS_Store -exclude CVS -exclude .svn -exclude .git -exclude .hg -resolve-src-symlinks -rename /Users/admin/builder/spi-builder-workspace/.derivedData/Build/Intermediates.noindex/MetalHLO.build/Debug-xros/MetalHLO.build/Objects-normal/arm64/MetalHLO.swiftsourceinfo /Users/admin/builder/spi-builder-workspace/.derivedData/Build/Products/Debug-xros/MetalHLO.swiftmodule/Project/arm64-apple-xros.swiftsourceinfo
SwiftCompile normal arm64 Compiling\ ReductionSplitTransform.swift,\ TF32Transform.swift,\ Attributes.swift,\ HLOFunction.swift,\ HLOModule.swift,\ HLOOpKind.swift,\ HLOOperation.swift,\ NarrowFloat.swift,\ TensorType.swift /Users/admin/builder/spi-builder-workspace/Sources/MetalHLOCore/Compiler/ReductionSplitTransform.swift /Users/admin/builder/spi-builder-workspace/Sources/MetalHLOCore/Compiler/TF32Transform.swift /Users/admin/builder/spi-builder-workspace/Sources/MetalHLOCore/IR/Attributes.swift /Users/admin/builder/spi-builder-workspace/Sources/MetalHLOCore/IR/HLOFunction.swift /Users/admin/builder/spi-builder-workspace/Sources/MetalHLOCore/IR/HLOModule.swift /Users/admin/builder/spi-builder-workspace/Sources/MetalHLOCore/IR/HLOOpKind.swift /Users/admin/builder/spi-builder-workspace/Sources/MetalHLOCore/IR/HLOOperation.swift /Users/admin/builder/spi-builder-workspace/Sources/MetalHLOCore/IR/NarrowFloat.swift /Users/admin/builder/spi-builder-workspace/Sources/MetalHLOCore/IR/TensorType.swift (in target 'MetalHLOCore' from project 'MetalHLO')
SwiftCompile normal arm64 /Users/admin/builder/spi-builder-workspace/Sources/MetalHLOCore/Compiler/ReductionSplitTransform.swift (in target 'MetalHLOCore' from project 'MetalHLO')
cd /Users/admin/builder/spi-builder-workspace/.swiftpm/xcode
SwiftCompile normal arm64 /Users/admin/builder/spi-builder-workspace/Sources/MetalHLOCore/Compiler/TF32Transform.swift (in target 'MetalHLOCore' from project 'MetalHLO')
cd /Users/admin/builder/spi-builder-workspace/.swiftpm/xcode
SwiftCompile normal arm64 /Users/admin/builder/spi-builder-workspace/Sources/MetalHLOCore/IR/Attributes.swift (in target 'MetalHLOCore' from project 'MetalHLO')
cd /Users/admin/builder/spi-builder-workspace/.swiftpm/xcode
SwiftCompile normal arm64 /Users/admin/builder/spi-builder-workspace/Sources/MetalHLOCore/IR/HLOFunction.swift (in target 'MetalHLOCore' from project 'MetalHLO')
cd /Users/admin/builder/spi-builder-workspace/.swiftpm/xcode
SwiftCompile normal arm64 /Users/admin/builder/spi-builder-workspace/Sources/MetalHLOCore/IR/HLOModule.swift (in target 'MetalHLOCore' from project 'MetalHLO')
cd /Users/admin/builder/spi-builder-workspace/.swiftpm/xcode
SwiftCompile normal arm64 /Users/admin/builder/spi-builder-workspace/Sources/MetalHLOCore/IR/HLOOpKind.swift (in target 'MetalHLOCore' from project 'MetalHLO')
cd /Users/admin/builder/spi-builder-workspace/.swiftpm/xcode
SwiftCompile normal arm64 /Users/admin/builder/spi-builder-workspace/Sources/MetalHLOCore/IR/HLOOperation.swift (in target 'MetalHLOCore' from project 'MetalHLO')
cd /Users/admin/builder/spi-builder-workspace/.swiftpm/xcode
SwiftCompile normal arm64 /Users/admin/builder/spi-builder-workspace/Sources/MetalHLOCore/IR/NarrowFloat.swift (in target 'MetalHLOCore' from project 'MetalHLO')
cd /Users/admin/builder/spi-builder-workspace/.swiftpm/xcode
SwiftCompile normal arm64 /Users/admin/builder/spi-builder-workspace/Sources/MetalHLOCore/IR/TensorType.swift (in target 'MetalHLOCore' from project 'MetalHLO')
cd /Users/admin/builder/spi-builder-workspace/.swiftpm/xcode
SwiftCompile normal arm64 Compiling\ CoreMLOpBuilder.swift,\ MILEmitter.swift,\ MILFusionRewriter.swift,\ MILOpTranslator.swift,\ MILTextBuilder.swift,\ MILTypeMapper.swift,\ MILWeightPacker.swift,\ KernelCache.swift,\ KernelSpecializer.swift /Users/admin/builder/spi-builder-workspace/Sources/MetalHLOCore/ANE/CoreMLOpBuilder.swift /Users/admin/builder/spi-builder-workspace/Sources/MetalHLOCore/ANE/MILEmitter.swift /Users/admin/builder/spi-builder-workspace/Sources/MetalHLOCore/ANE/MILFusionRewriter.swift /Users/admin/builder/spi-builder-workspace/Sources/MetalHLOCore/ANE/MILOpTranslator.swift /Users/admin/builder/spi-builder-workspace/Sources/MetalHLOCore/ANE/MILTextBuilder.swift /Users/admin/builder/spi-builder-workspace/Sources/MetalHLOCore/ANE/MILTypeMapper.swift /Users/admin/builder/spi-builder-workspace/Sources/MetalHLOCore/ANE/MILWeightPacker.swift /Users/admin/builder/spi-builder-workspace/Sources/MetalHLOCore/Cache/KernelCache.swift /Users/admin/builder/spi-builder-workspace/Sources/MetalHLOCore/Codegen/KernelSpecializer.swift (in target 'MetalHLOCore' from project 'MetalHLO')
SwiftCompile normal arm64 /Users/admin/builder/spi-builder-workspace/Sources/MetalHLOCore/ANE/CoreMLOpBuilder.swift (in target 'MetalHLOCore' from project 'MetalHLO')
cd /Users/admin/builder/spi-builder-workspace/.swiftpm/xcode
SwiftCompile normal arm64 /Users/admin/builder/spi-builder-workspace/Sources/MetalHLOCore/ANE/MILEmitter.swift (in target 'MetalHLOCore' from project 'MetalHLO')
cd /Users/admin/builder/spi-builder-workspace/.swiftpm/xcode
SwiftCompile normal arm64 /Users/admin/builder/spi-builder-workspace/Sources/MetalHLOCore/ANE/MILFusionRewriter.swift (in target 'MetalHLOCore' from project 'MetalHLO')
cd /Users/admin/builder/spi-builder-workspace/.swiftpm/xcode
SwiftCompile normal arm64 /Users/admin/builder/spi-builder-workspace/Sources/MetalHLOCore/ANE/MILOpTranslator.swift (in target 'MetalHLOCore' from project 'MetalHLO')
cd /Users/admin/builder/spi-builder-workspace/.swiftpm/xcode
SwiftCompile normal arm64 /Users/admin/builder/spi-builder-workspace/Sources/MetalHLOCore/ANE/MILTextBuilder.swift (in target 'MetalHLOCore' from project 'MetalHLO')
cd /Users/admin/builder/spi-builder-workspace/.swiftpm/xcode
SwiftCompile normal arm64 /Users/admin/builder/spi-builder-workspace/Sources/MetalHLOCore/ANE/MILTypeMapper.swift (in target 'MetalHLOCore' from project 'MetalHLO')
cd /Users/admin/builder/spi-builder-workspace/.swiftpm/xcode
SwiftCompile normal arm64 /Users/admin/builder/spi-builder-workspace/Sources/MetalHLOCore/ANE/MILWeightPacker.swift (in target 'MetalHLOCore' from project 'MetalHLO')
cd /Users/admin/builder/spi-builder-workspace/.swiftpm/xcode
/Users/admin/builder/spi-builder-workspace/Sources/MetalHLOCore/ANE/MILWeightPacker.swift:75:37: warning: immutable value 'type' was never used; consider replacing with '_' or removing it
case .dense(let values, let type):
~~~~^~~~
_
SwiftCompile normal arm64 /Users/admin/builder/spi-builder-workspace/Sources/MetalHLOCore/Cache/KernelCache.swift (in target 'MetalHLOCore' from project 'MetalHLO')
cd /Users/admin/builder/spi-builder-workspace/.swiftpm/xcode
/Users/admin/builder/spi-builder-workspace/Sources/MetalHLOCore/Cache/KernelCache.swift:368:32: warning: 'init(bytes:)' is deprecated: Use init(bytes: UnsafeRawBufferPointer) instead
let dispatchData = DispatchData(
^
SwiftCompile normal arm64 /Users/admin/builder/spi-builder-workspace/Sources/MetalHLOCore/Codegen/KernelSpecializer.swift (in target 'MetalHLOCore' from project 'MetalHLO')
cd /Users/admin/builder/spi-builder-workspace/.swiftpm/xcode
SwiftCompile normal arm64 Compiling\ UnaryKernels.swift,\ AlgebraicSimplifier.swift,\ BufferAssignment.swift,\ Canonicalizers.swift,\ CostModel.swift,\ CrossLayerFusion.swift,\ FunctionInliner.swift,\ FusionPatterns.swift /Users/admin/builder/spi-builder-workspace/Sources/MetalHLOCore/Metal/Kernels/UnaryKernels.swift /Users/admin/builder/spi-builder-workspace/Sources/MetalHLOCore/Optimizer/AlgebraicSimplifier.swift /Users/admin/builder/spi-builder-workspace/Sources/MetalHLOCore/Optimizer/BufferAssignment.swift /Users/admin/builder/spi-builder-workspace/Sources/MetalHLOCore/Optimizer/Canonicalizers.swift /Users/admin/builder/spi-builder-workspace/Sources/MetalHLOCore/Optimizer/CostModel.swift /Users/admin/builder/spi-builder-workspace/Sources/MetalHLOCore/Optimizer/CrossLayerFusion.swift /Users/admin/builder/spi-builder-workspace/Sources/MetalHLOCore/Optimizer/FunctionInliner.swift /Users/admin/builder/spi-builder-workspace/Sources/MetalHLOCore/Optimizer/FusionPatterns.swift (in target 'MetalHLOCore' from project 'MetalHLO')
SwiftCompile normal arm64 /Users/admin/builder/spi-builder-workspace/Sources/MetalHLOCore/Metal/Kernels/UnaryKernels.swift (in target 'MetalHLOCore' from project 'MetalHLO')
cd /Users/admin/builder/spi-builder-workspace/.swiftpm/xcode
SwiftCompile normal arm64 /Users/admin/builder/spi-builder-workspace/Sources/MetalHLOCore/Optimizer/AlgebraicSimplifier.swift (in target 'MetalHLOCore' from project 'MetalHLO')
cd /Users/admin/builder/spi-builder-workspace/.swiftpm/xcode
SwiftCompile normal arm64 /Users/admin/builder/spi-builder-workspace/Sources/MetalHLOCore/Optimizer/BufferAssignment.swift (in target 'MetalHLOCore' from project 'MetalHLO')
cd /Users/admin/builder/spi-builder-workspace/.swiftpm/xcode
SwiftCompile normal arm64 /Users/admin/builder/spi-builder-workspace/Sources/MetalHLOCore/Optimizer/Canonicalizers.swift (in target 'MetalHLOCore' from project 'MetalHLO')
cd /Users/admin/builder/spi-builder-workspace/.swiftpm/xcode
SwiftCompile normal arm64 /Users/admin/builder/spi-builder-workspace/Sources/MetalHLOCore/Optimizer/CostModel.swift (in target 'MetalHLOCore' from project 'MetalHLO')
cd /Users/admin/builder/spi-builder-workspace/.swiftpm/xcode
SwiftCompile normal arm64 /Users/admin/builder/spi-builder-workspace/Sources/MetalHLOCore/Optimizer/CrossLayerFusion.swift (in target 'MetalHLOCore' from project 'MetalHLO')
cd /Users/admin/builder/spi-builder-workspace/.swiftpm/xcode
SwiftCompile normal arm64 /Users/admin/builder/spi-builder-workspace/Sources/MetalHLOCore/Optimizer/FunctionInliner.swift (in target 'MetalHLOCore' from project 'MetalHLO')
cd /Users/admin/builder/spi-builder-workspace/.swiftpm/xcode
SwiftCompile normal arm64 /Users/admin/builder/spi-builder-workspace/Sources/MetalHLOCore/Optimizer/FusionPatterns.swift (in target 'MetalHLOCore' from project 'MetalHLO')
cd /Users/admin/builder/spi-builder-workspace/.swiftpm/xcode
SwiftDriverJobDiscovery normal arm64 Compiling Errors.swift (in target 'MetalHLO' from project 'MetalHLO')
SwiftCompile normal arm64 Compiling\ MetalEmitter.swift,\ MetalIR.swift,\ PatternCodegen.swift,\ ReductionKernelGenerator.swift,\ SpecializedAttention.swift,\ SpecializedMatMul.swift,\ TileCalculator.swift,\ Analyzer.swift,\ CodeGenerator.swift /Users/admin/builder/spi-builder-workspace/Sources/MetalHLOCore/Codegen/MetalEmitter.swift /Users/admin/builder/spi-builder-workspace/Sources/MetalHLOCore/Codegen/MetalIR.swift /Users/admin/builder/spi-builder-workspace/Sources/MetalHLOCore/Codegen/PatternCodegen.swift /Users/admin/builder/spi-builder-workspace/Sources/MetalHLOCore/Codegen/ReductionKernelGenerator.swift /Users/admin/builder/spi-builder-workspace/Sources/MetalHLOCore/Codegen/SpecializedAttention.swift /Users/admin/builder/spi-builder-workspace/Sources/MetalHLOCore/Codegen/SpecializedMatMul.swift /Users/admin/builder/spi-builder-workspace/Sources/MetalHLOCore/Codegen/TileCalculator.swift /Users/admin/builder/spi-builder-workspace/Sources/MetalHLOCore/Compiler/Analyzer.swift /Users/admin/builder/spi-builder-workspace/Sources/MetalHLOCore/Compiler/CodeGenerator.swift (in target 'MetalHLOCore' from project 'MetalHLO')
SwiftCompile normal arm64 /Users/admin/builder/spi-builder-workspace/Sources/MetalHLOCore/Codegen/MetalEmitter.swift (in target 'MetalHLOCore' from project 'MetalHLO')
cd /Users/admin/builder/spi-builder-workspace/.swiftpm/xcode
SwiftCompile normal arm64 /Users/admin/builder/spi-builder-workspace/Sources/MetalHLOCore/Codegen/MetalIR.swift (in target 'MetalHLOCore' from project 'MetalHLO')
cd /Users/admin/builder/spi-builder-workspace/.swiftpm/xcode
SwiftCompile normal arm64 /Users/admin/builder/spi-builder-workspace/Sources/MetalHLOCore/Codegen/PatternCodegen.swift (in target 'MetalHLOCore' from project 'MetalHLO')
cd /Users/admin/builder/spi-builder-workspace/.swiftpm/xcode
SwiftCompile normal arm64 /Users/admin/builder/spi-builder-workspace/Sources/MetalHLOCore/Codegen/ReductionKernelGenerator.swift (in target 'MetalHLOCore' from project 'MetalHLO')
cd /Users/admin/builder/spi-builder-workspace/.swiftpm/xcode
SwiftCompile normal arm64 /Users/admin/builder/spi-builder-workspace/Sources/MetalHLOCore/Codegen/SpecializedAttention.swift (in target 'MetalHLOCore' from project 'MetalHLO')
cd /Users/admin/builder/spi-builder-workspace/.swiftpm/xcode
SwiftCompile normal arm64 /Users/admin/builder/spi-builder-workspace/Sources/MetalHLOCore/Codegen/SpecializedMatMul.swift (in target 'MetalHLOCore' from project 'MetalHLO')
cd /Users/admin/builder/spi-builder-workspace/.swiftpm/xcode
SwiftCompile normal arm64 /Users/admin/builder/spi-builder-workspace/Sources/MetalHLOCore/Codegen/TileCalculator.swift (in target 'MetalHLOCore' from project 'MetalHLO')
cd /Users/admin/builder/spi-builder-workspace/.swiftpm/xcode
SwiftCompile normal arm64 /Users/admin/builder/spi-builder-workspace/Sources/MetalHLOCore/Compiler/Analyzer.swift (in target 'MetalHLOCore' from project 'MetalHLO')
cd /Users/admin/builder/spi-builder-workspace/.swiftpm/xcode
SwiftCompile normal arm64 /Users/admin/builder/spi-builder-workspace/Sources/MetalHLOCore/Compiler/CodeGenerator.swift (in target 'MetalHLOCore' from project 'MetalHLO')
cd /Users/admin/builder/spi-builder-workspace/.swiftpm/xcode
SwiftCompile normal arm64 Compiling\ SharedIOSurfaceBuffer.swift,\ StridedTensorView.swift,\ SubFunctionExtractor.swift,\ TensorTransferManager.swift,\ ZeroAllocExecutor.swift,\ AutoTuner.swift,\ TuningDatabase.swift,\ PermutationUtils.swift /Users/admin/builder/spi-builder-workspace/Sources/MetalHLOCore/Runtime/SharedIOSurfaceBuffer.swift /Users/admin/builder/spi-builder-workspace/Sources/MetalHLOCore/Runtime/StridedTensorView.swift /Users/admin/builder/spi-builder-workspace/Sources/MetalHLOCore/Runtime/SubFunctionExtractor.swift /Users/admin/builder/spi-builder-workspace/Sources/MetalHLOCore/Runtime/TensorTransferManager.swift /Users/admin/builder/spi-builder-workspace/Sources/MetalHLOCore/Runtime/ZeroAllocExecutor.swift /Users/admin/builder/spi-builder-workspace/Sources/MetalHLOCore/Tuning/AutoTuner.swift /Users/admin/builder/spi-builder-workspace/Sources/MetalHLOCore/Tuning/TuningDatabase.swift /Users/admin/builder/spi-builder-workspace/Sources/MetalHLOCore/Utils/PermutationUtils.swift (in target 'MetalHLOCore' from project 'MetalHLO')
SwiftCompile normal arm64 /Users/admin/builder/spi-builder-workspace/Sources/MetalHLOCore/Runtime/SharedIOSurfaceBuffer.swift (in target 'MetalHLOCore' from project 'MetalHLO')
cd /Users/admin/builder/spi-builder-workspace/.swiftpm/xcode
SwiftCompile normal arm64 /Users/admin/builder/spi-builder-workspace/Sources/MetalHLOCore/Runtime/StridedTensorView.swift (in target 'MetalHLOCore' from project 'MetalHLO')
cd /Users/admin/builder/spi-builder-workspace/.swiftpm/xcode
SwiftCompile normal arm64 /Users/admin/builder/spi-builder-workspace/Sources/MetalHLOCore/Runtime/SubFunctionExtractor.swift (in target 'MetalHLOCore' from project 'MetalHLO')
cd /Users/admin/builder/spi-builder-workspace/.swiftpm/xcode
SwiftCompile normal arm64 /Users/admin/builder/spi-builder-workspace/Sources/MetalHLOCore/Runtime/TensorTransferManager.swift (in target 'MetalHLOCore' from project 'MetalHLO')
cd /Users/admin/builder/spi-builder-workspace/.swiftpm/xcode
SwiftCompile normal arm64 /Users/admin/builder/spi-builder-workspace/Sources/MetalHLOCore/Runtime/ZeroAllocExecutor.swift (in target 'MetalHLOCore' from project 'MetalHLO')
cd /Users/admin/builder/spi-builder-workspace/.swiftpm/xcode
/Users/admin/builder/spi-builder-workspace/Sources/MetalHLOCore/Runtime/ZeroAllocExecutor.swift:162:20: warning: value 'offset' was defined but never used; consider replacing with boolean test
if let offset = memoryPlan.tensorOffsets[returnValue] {
~~~~^~~~~~~~~
!= nil
/Users/admin/builder/spi-builder-workspace/Sources/MetalHLOCore/Runtime/ZeroAllocExecutor.swift:300:17: warning: capture of 'completion' with non-Sendable type '([String : any MTLBuffer]) -> Void' in a '@Sendable' closure
completion(outputBuffers)
^
/Users/admin/builder/spi-builder-workspace/Sources/MetalHLOCore/Runtime/ZeroAllocExecutor.swift:300:17: note: a function type must be marked '@Sendable' to conform to 'Sendable'
completion(outputBuffers)
^
/Users/admin/builder/spi-builder-workspace/Sources/MetalHLOCore/Runtime/ZeroAllocExecutor.swift:300:28: warning: capture of 'outputBuffers' with non-Sendable type '[String : any MTLBuffer]' in a '@Sendable' closure
completion(outputBuffers)
^
/Applications/Xcode-26.5.0.app/Contents/Developer/Platforms/XROS.platform/Developer/SDKs/XROS26.5.sdk/System/Library/Frameworks/Metal.framework/Headers/MTLBuffer.h:34:11: note: protocol 'MTLBuffer' does not conform to the 'Sendable' protocol
@protocol MTLBuffer <MTLResource>
^
/Users/admin/builder/spi-builder-workspace/Sources/MetalHLOCore/Runtime/ZeroAllocExecutor.swift:8:1: warning: add '@preconcurrency' to treat 'Sendable'-related errors from module 'Metal' as warnings
import Metal
^
@preconcurrency
/Users/admin/builder/spi-builder-workspace/Sources/MetalHLOCore/Runtime/ZeroAllocExecutor.swift:300:28: warning: reference to captured var 'outputBuffers' in concurrently-executing code
completion(outputBuffers)
^
/Users/admin/builder/spi-builder-workspace/Sources/MetalHLOCore/Runtime/ZeroAllocExecutor.swift:258:48: warning: 'outputBuffers' mutated after capture by sendable closure
outputBuffers[returnValue] = outputBuffer
^
/Users/admin/builder/spi-builder-workspace/Sources/MetalHLOCore/Runtime/ZeroAllocExecutor.swift:254:17: note: variable defined here
var outputBuffers: [String: MTLBuffer] = [:]
^
/Users/admin/builder/spi-builder-workspace/Sources/MetalHLOCore/Runtime/ZeroAllocExecutor.swift:299:47: note: variable captured by sendable closure
commandBuffer.addCompletedHandler { [weak self] _ in
^
/Users/admin/builder/spi-builder-workspace/Sources/MetalHLOCore/Runtime/ZeroAllocExecutor.swift:300:28: note: capturing use
completion(outputBuffers)
^
/Users/admin/builder/spi-builder-workspace/Sources/MetalHLOCore/Runtime/ZeroAllocExecutor.swift:254:17: note: variable defined here
var outputBuffers: [String: MTLBuffer] = [:]
^
/Users/admin/builder/spi-builder-workspace/Sources/MetalHLOCore/Runtime/ZeroAllocExecutor.swift:299:47: note: variable captured by sendable closure
commandBuffer.addCompletedHandler { [weak self] _ in
^
/Users/admin/builder/spi-builder-workspace/Sources/MetalHLOCore/Runtime/ZeroAllocExecutor.swift:300:28: note: capturing use
completion(outputBuffers)
^
SwiftCompile normal arm64 /Users/admin/builder/spi-builder-workspace/Sources/MetalHLOCore/Tuning/AutoTuner.swift (in target 'MetalHLOCore' from project 'MetalHLO')
cd /Users/admin/builder/spi-builder-workspace/.swiftpm/xcode
SwiftCompile normal arm64 /Users/admin/builder/spi-builder-workspace/Sources/MetalHLOCore/Tuning/TuningDatabase.swift (in target 'MetalHLOCore' from project 'MetalHLO')
cd /Users/admin/builder/spi-builder-workspace/.swiftpm/xcode
SwiftCompile normal arm64 /Users/admin/builder/spi-builder-workspace/Sources/MetalHLOCore/Utils/PermutationUtils.swift (in target 'MetalHLOCore' from project 'MetalHLO')
cd /Users/admin/builder/spi-builder-workspace/.swiftpm/xcode
SwiftEmitModule normal arm64 Emitting\ module\ for\ MLX (in target 'MLX' from project 'mlx-swift')
EmitSwiftModule normal arm64 (in target 'MLX' from project 'mlx-swift')
cd /Users/admin/builder/spi-builder-workspace/.swiftpm/xcode
SwiftDriverJobDiscovery normal arm64 Compiling CompilationConfig.swift (in target 'MetalHLO' from project 'MetalHLO')
SwiftCompile normal arm64 Compiling\ SiblingFusion.swift,\ WhileLoopUnroller.swift,\ ChloExpansion.swift,\ Lexer.swift,\ NarrowFloatLegalization.swift,\ ParseError.swift,\ Parser.swift,\ Token.swift /Users/admin/builder/spi-builder-workspace/Sources/MetalHLOCore/Optimizer/SiblingFusion.swift /Users/admin/builder/spi-builder-workspace/Sources/MetalHLOCore/Optimizer/WhileLoopUnroller.swift /Users/admin/builder/spi-builder-workspace/Sources/MetalHLOCore/Parser/ChloExpansion.swift /Users/admin/builder/spi-builder-workspace/Sources/MetalHLOCore/Parser/Lexer.swift /Users/admin/builder/spi-builder-workspace/Sources/MetalHLOCore/Parser/NarrowFloatLegalization.swift /Users/admin/builder/spi-builder-workspace/Sources/MetalHLOCore/Parser/ParseError.swift /Users/admin/builder/spi-builder-workspace/Sources/MetalHLOCore/Parser/Parser.swift /Users/admin/builder/spi-builder-workspace/Sources/MetalHLOCore/Parser/Token.swift (in target 'MetalHLOCore' from project 'MetalHLO')
SwiftCompile normal arm64 /Users/admin/builder/spi-builder-workspace/Sources/MetalHLOCore/Optimizer/SiblingFusion.swift (in target 'MetalHLOCore' from project 'MetalHLO')
cd /Users/admin/builder/spi-builder-workspace/.swiftpm/xcode
SwiftCompile normal arm64 /Users/admin/builder/spi-builder-workspace/Sources/MetalHLOCore/Optimizer/WhileLoopUnroller.swift (in target 'MetalHLOCore' from project 'MetalHLO')
cd /Users/admin/builder/spi-builder-workspace/.swiftpm/xcode
SwiftCompile normal arm64 /Users/admin/builder/spi-builder-workspace/Sources/MetalHLOCore/Parser/ChloExpansion.swift (in target 'MetalHLOCore' from project 'MetalHLO')
cd /Users/admin/builder/spi-builder-workspace/.swiftpm/xcode
SwiftCompile normal arm64 /Users/admin/builder/spi-builder-workspace/Sources/MetalHLOCore/Parser/Lexer.swift (in target 'MetalHLOCore' from project 'MetalHLO')
cd /Users/admin/builder/spi-builder-workspace/.swiftpm/xcode
SwiftCompile normal arm64 /Users/admin/builder/spi-builder-workspace/Sources/MetalHLOCore/Parser/NarrowFloatLegalization.swift (in target 'MetalHLOCore' from project 'MetalHLO')
cd /Users/admin/builder/spi-builder-workspace/.swiftpm/xcode
SwiftCompile normal arm64 /Users/admin/builder/spi-builder-workspace/Sources/MetalHLOCore/Parser/ParseError.swift (in target 'MetalHLOCore' from project 'MetalHLO')
cd /Users/admin/builder/spi-builder-workspace/.swiftpm/xcode
SwiftCompile normal arm64 /Users/admin/builder/spi-builder-workspace/Sources/MetalHLOCore/Parser/Parser.swift (in target 'MetalHLOCore' from project 'MetalHLO')
cd /Users/admin/builder/spi-builder-workspace/.swiftpm/xcode
SwiftCompile normal arm64 /Users/admin/builder/spi-builder-workspace/Sources/MetalHLOCore/Parser/Token.swift (in target 'MetalHLOCore' from project 'MetalHLO')
cd /Users/admin/builder/spi-builder-workspace/.swiftpm/xcode
SwiftDriverJobDiscovery normal arm64 Compiling Client.swift (in target 'MetalHLO' from project 'MetalHLO')
SwiftCompile normal arm64 Compiling\ BufferStorage.swift,\ CompilationCache.swift,\ IntegratedExecutor.swift,\ LargeTensorPool.swift,\ LargeTensorStorage.swift,\ LayerAccumulationBuffer.swift,\ MetalExecutor.swift,\ NeuralEngineTargeting.swift /Users/admin/builder/spi-builder-workspace/Sources/MetalHLOCore/Runtime/BufferStorage.swift /Users/admin/builder/spi-builder-workspace/Sources/MetalHLOCore/Runtime/CompilationCache.swift /Users/admin/builder/spi-builder-workspace/Sources/MetalHLOCore/Runtime/IntegratedExecutor.swift /Users/admin/builder/spi-builder-workspace/Sources/MetalHLOCore/Runtime/LargeTensorPool.swift /Users/admin/builder/spi-builder-workspace/Sources/MetalHLOCore/Runtime/LargeTensorStorage.swift /Users/admin/builder/spi-builder-workspace/Sources/MetalHLOCore/Runtime/LayerAccumulationBuffer.swift /Users/admin/builder/spi-builder-workspace/Sources/MetalHLOCore/Runtime/MetalExecutor.swift /Users/admin/builder/spi-builder-workspace/Sources/MetalHLOCore/Runtime/NeuralEngineTargeting.swift (in target 'MetalHLOCore' from project 'MetalHLO')
Failed frontend command:
/Applications/Xcode-26.5.0.app/Contents/Developer/Toolchains/XcodeDefault.xctoolchain/usr/bin/swift-frontend -frontend -c /Users/admin/builder/spi-builder-workspace/Sources/MetalHLOCore/ANE/CoreMLOpBuilder.swift /Users/admin/builder/spi-builder-workspace/Sources/MetalHLOCore/ANE/MILEmitter.swift /Users/admin/builder/spi-builder-workspace/Sources/MetalHLOCore/ANE/MILFusionRewriter.swift /Users/admin/builder/spi-builder-workspace/Sources/MetalHLOCore/ANE/MILOpTranslator.swift /Users/admin/builder/spi-builder-workspace/Sources/MetalHLOCore/ANE/MILTextBuilder.swift /Users/admin/builder/spi-builder-workspace/Sources/MetalHLOCore/ANE/MILTypeMapper.swift /Users/admin/builder/spi-builder-workspace/Sources/MetalHLOCore/ANE/MILWeightPacker.swift /Users/admin/builder/spi-builder-workspace/Sources/MetalHLOCore/Cache/KernelCache.swift /Users/admin/builder/spi-builder-workspace/Sources/MetalHLOCore/Codegen/KernelSpecializer.swift /Users/admin/builder/spi-builder-workspace/Sources/MetalHLOCore/Codegen/MetalEmitter.swift /Users/admin/builder/spi-builder-workspace/Sources/MetalHLOCore/Codegen/MetalIR.swift /Users/admin/builder/spi-builder-workspace/Sources/MetalHLOCore/Codegen/PatternCodegen.swift /Users/admin/builder/spi-builder-workspace/Sources/MetalHLOCore/Codegen/ReductionKernelGenerator.swift /Users/admin/builder/spi-builder-workspace/Sources/MetalHLOCore/Codegen/SpecializedAttention.swift /Users/admin/builder/spi-builder-workspace/Sources/MetalHLOCore/Codegen/SpecializedMatMul.swift /Users/admin/builder/spi-builder-workspace/Sources/MetalHLOCore/Codegen/TileCalculator.swift /Users/admin/builder/spi-builder-workspace/Sources/MetalHLOCore/Compiler/Analyzer.swift /Users/admin/builder/spi-builder-workspace/Sources/MetalHLOCore/Compiler/CodeGenerator.swift /Users/admin/builder/spi-builder-workspace/Sources/MetalHLOCore/Compiler/CustomCallHandlers.swift /Users/admin/builder/spi-builder-workspace/Sources/MetalHLOCore/Compiler/EmbeddedAttentionSplitter.swift /Users/admin/builder/spi-builder-workspace/Sources/MetalHLOCore/Compiler/IntegrationTypes.swift /Users/admin/builder/spi-builder-workspace/Sources/MetalHLOCore/Compiler/KernelTypes.swift /Users/admin/builder/spi-builder-workspace/Sources/MetalHLOCore/Compiler/MPSGraphCompiler.swift /Users/admin/builder/spi-builder-workspace/Sources/MetalHLOCore/Compiler/MetalHLOCompiler.swift /Users/admin/builder/spi-builder-workspace/Sources/MetalHLOCore/Compiler/NAXGemmBundle.swift /Users/admin/builder/spi-builder-workspace/Sources/MetalHLOCore/Compiler/OpEmitter.swift /Users/admin/builder/spi-builder-workspace/Sources/MetalHLOCore/Compiler/PassManager.swift /Users/admin/builder/spi-builder-workspace/Sources/MetalHLOCore/Compiler/ReductionSplitTransform.swift /Users/admin/builder/spi-builder-workspace/Sources/MetalHLOCore/Compiler/TF32Transform.swift /Users/admin/builder/spi-builder-workspace/Sources/MetalHLOCore/IR/Attributes.swift /Users/admin/builder/spi-builder-workspace/Sources/MetalHLOCore/IR/HLOFunction.swift /Users/admin/builder/spi-builder-workspace/Sources/MetalHLOCore/IR/HLOModule.swift /Users/admin/builder/spi-builder-workspace/Sources/MetalHLOCore/IR/HLOOpKind.swift /Users/admin/builder/spi-builder-workspace/Sources/MetalHLOCore/IR/HLOOperation.swift /Users/admin/builder/spi-builder-workspace/Sources/MetalHLOCore/IR/NarrowFloat.swift /Users/admin/builder/spi-builder-workspace/Sources/MetalHLOCore/IR/TensorType.swift /Users/admin/builder/spi-builder-workspace/Sources/MetalHLOCore/LLM/LLMOptimizations.swift /Users/admin/builder/spi-builder-workspace/Sources/MetalHLOCore/Memory/StaticMemoryPlanner.swift /Users/admin/builder/spi-builder-workspace/Sources/MetalHLOCore/Metal/Kernels/DepthAttentionKernel.swift /Users/admin/builder/spi-builder-workspace/Sources/MetalHLOCore/Metal/Kernels/FlashAttentionKernel.swift /Users/admin/builder/spi-builder-workspace/Sources/MetalHLOCore/Metal/Kernels/GELUKernel.swift /Users/admin/builder/spi-builder-workspace/Sources/MetalHLOCore/Metal/Kernels/KernelRegistry.swift /Users/admin/builder/spi-builder-workspace/Sources/MetalHLOCore/Metal/Kernels/LayerNormKernel.swift /Users/admin/builder/spi-builder-workspace/Sources/MetalHLOCore/Metal/Kernels/MetalKernel.swift /Users/admin/builder/spi-builder-workspace/Sources/MetalHLOCore/Metal/Kernels/SoftmaxKernel.swift /Users/admin/builder/spi-builder-workspace/Sources/MetalHLOCore/Metal/Kernels/UnaryKernels.swift /Users/admin/builder/spi-builder-workspace/Sources/MetalHLOCore/Optimizer/AlgebraicSimplifier.swift /Users/admin/builder/spi-builder-workspace/Sources/MetalHLOCore/Optimizer/BufferAssignment.swift /Users/admin/builder/spi-builder-workspace/Sources/MetalHLOCore/Optimizer/Canonicalizers.swift /Users/admin/builder/spi-builder-workspace/Sources/MetalHLOCore/Optimizer/CostModel.swift /Users/admin/builder/spi-builder-workspace/Sources/MetalHLOCore/Optimizer/CrossLayerFusion.swift /Users/admin/builder/spi-builder-workspace/Sources/MetalHLOCore/Optimizer/FunctionInliner.swift /Users/admin/builder/spi-builder-workspace/Sources/MetalHLOCore/Optimizer/FusionPatterns.swift /Users/admin/builder/spi-builder-workspace/Sources/MetalHLOCore/Optimizer/HLOOptimizer.swift /Users/admin/builder/spi-builder-workspace/Sources/MetalHLOCore/Optimizer/HLOPattern.swift /Users/admin/builder/spi-builder-workspace/Sources/MetalHLOCore/Optimizer/HorizontalFusion.swift /Users/admin/builder/spi-builder-workspace/Sources/MetalHLOCore/Optimizer/LayoutAssignment.swift /Users/admin/builder/spi-builder-workspace/Sources/MetalHLOCore/Optimizer/ProducerConsumerFusion.swift /Users/admin/builder/spi-builder-workspace/Sources/MetalHLOCore/Optimizer/ProfileGuidedOptimization.swift /Users/admin/builder/spi-builder-workspace/Sources/MetalHLOCore/Optimizer/QuantizationAware.swift /Users/admin/builder/spi-builder-workspace/Sources/MetalHLOCore/Optimizer/Rematerialization.swift /Users/admin/builder/spi-builder-workspace/Sources/MetalHLOCore/Optimizer/SiblingFusion.swift /Users/admin/builder/spi-builder-workspace/Sources/MetalHLOCore/Optimizer/WhileLoopUnroller.swift /Users/admin/builder/spi-builder-workspace/Sources/MetalHLOCore/Parser/ChloExpansion.swift /Users/admin/builder/spi-builder-workspace/Sources/MetalHLOCore/Parser/Lexer.swift /Users/admin/builder/spi-builder-workspace/Sources/MetalHLOCore/Parser/NarrowFloatLegalization.swift /Users/admin/builder/spi-builder-workspace/Sources/MetalHLOCore/Parser/ParseError.swift /Users/admin/builder/spi-builder-workspace/Sources/MetalHLOCore/Parser/Parser.swift /Users/admin/builder/spi-builder-workspace/Sources/MetalHLOCore/Parser/Token.swift -primary-file /Users/admin/builder/spi-builder-workspace/Sources/MetalHLOCore/Runtime/BufferStorage.swift -primary-file /Users/admin/builder/spi-builder-workspace/Sources/MetalHLOCore/Runtime/CompilationCache.swift -primary-file /Users/admin/builder/spi-builder-workspace/Sources/MetalHLOCore/Runtime/IntegratedExecutor.swift -primary-file /Users/admin/builder/spi-builder-workspace/Sources/MetalHLOCore/Runtime/LargeTensorPool.swift -primary-file /Users/admin/builder/spi-builder-workspace/Sources/MetalHLOCore/Runtime/LargeTensorStorage.swift -primary-file /Users/admin/builder/spi-builder-workspace/Sources/MetalHLOCore/Runtime/LayerAccumulationBuffer.swift -primary-file /Users/admin/builder/spi-builder-workspace/Sources/MetalHLOCore/Runtime/MetalExecutor.swift -primary-file /Users/admin/builder/spi-builder-workspace/Sources/MetalHLOCore/Runtime/NeuralEngineTargeting.swift /Users/admin/builder/spi-builder-workspace/Sources/MetalHLOCore/Runtime/SharedIOSurfaceBuffer.swift /Users/admin/builder/spi-builder-workspace/Sources/MetalHLOCore/Runtime/StridedTensorView.swift /Users/admin/builder/spi-builder-workspace/Sources/MetalHLOCore/Runtime/SubFunctionExtractor.swift /Users/admin/builder/spi-builder-workspace/Sources/MetalHLOCore/Runtime/TensorTransferManager.swift /Users/admin/builder/spi-builder-workspace/Sources/MetalHLOCore/Runtime/ZeroAllocExecutor.swift /Users/admin/builder/spi-builder-workspace/Sources/MetalHLOCore/Tuning/AutoTuner.swift /Users/admin/builder/spi-builder-workspace/Sources/MetalHLOCore/Tuning/TuningDatabase.swift /Users/admin/builder/spi-builder-workspace/Sources/MetalHLOCore/Utils/PermutationUtils.swift -supplementary-output-file-map /Users/admin/builder/spi-builder-workspace/.derivedData/Build/Intermediates.noindex/MetalHLO.build/Debug-xros/MetalHLOCore.build/Objects-normal/arm64/supplementaryOutputs-9 -target arm64-apple-xros1.0 -load-resolved-plugin /Applications/Xcode-26.5.0.app/Contents/Developer/Platforms/XROS.platform/Developer/usr/lib/swift/host/plugins/libFoundationMacros.dylib\#/Applications/Xcode-26.5.0.app/Contents/Developer/Platforms/XROS.platform/Developer/usr/bin/swift-plugin-server\#FoundationMacros -load-resolved-plugin /Applications/Xcode-26.5.0.app/Contents/Developer/Platforms/XROS.platform/Developer/usr/lib/swift/host/plugins/libObservationMacros.dylib\#/Applications/Xcode-26.5.0.app/Contents/Developer/Platforms/XROS.platform/Developer/usr/bin/swift-plugin-server\#ObservationMacros -load-resolved-plugin /Applications/Xcode-26.5.0.app/Contents/Developer/Platforms/XROS.platform/Developer/usr/lib/swift/host/plugins/libSwiftMacros.dylib\#/Applications/Xcode-26.5.0.app/Contents/Developer/Platforms/XROS.platform/Developer/usr/bin/swift-plugin-server\#SwiftMacros -disable-implicit-swift-modules -Xcc -fno-implicit-modules -Xcc -fno-implicit-module-maps -explicit-swift-module-map-file /Users/admin/builder/spi-builder-workspace/.derivedData/Build/Intermediates.noindex/MetalHLO.build/Debug-xros/MetalHLOCore.build/Objects-normal/arm64/MetalHLOCore-dependencies-1.json -debug-module-path /Users/admin/builder/spi-builder-workspace/.derivedData/Build/Intermediates.noindex/MetalHLO.build/Debug-xros/MetalHLOCore.build/Objects-normal/arm64/MetalHLOCore.swiftmodule -Xllvm -aarch64-use-tbi -enable-objc-interop -stack-check -sdk /Applications/Xcode-26.5.0.app/Contents/Developer/Platforms/XROS.platform/Developer/SDKs/XROS26.5.sdk -I /Users/admin/builder/spi-builder-workspace/.derivedData/Build/Products/Debug-xros -Isystem /Applications/Xcode-26.5.0.app/Contents/Developer/Platforms/XROS.platform/Developer/usr/lib -F /Users/admin/builder/spi-builder-workspace/.derivedData/Build/Products/Debug-xros/PackageFrameworks -F /Users/admin/builder/spi-builder-workspace/.derivedData/Build/Products/Debug-xros -F /Applications/Xcode-26.5.0.app/Contents/Developer/Platforms/XROS.platform/Developer/Library/Frameworks -F /Applications/Xcode-26.5.0.app/Contents/Developer/Platforms/XROS.platform/Developer/SDKs/XROS26.5.sdk/Developer/Library/Frameworks -no-color-diagnostics -Xcc -fno-color-diagnostics -enable-testing -g -debug-info-format\=dwarf -dwarf-version\=4 -module-cache-path /Users/admin/builder/spi-builder-workspace/.derivedData/Build/Intermediates.noindex/SwiftExplicitPrecompiledModules -profile-generate -profile-coverage-mapping -swift-version 6 -Onone -D SWIFT_PACKAGE -D DEBUG -D SWIFT_MODULE_RESOURCE_BUNDLE_UNAVAILABLE -D Xcode -serialize-debugging-options -const-gather-protocols-file /Users/admin/builder/spi-builder-workspace/.derivedData/Build/Intermediates.noindex/MetalHLO.build/Debug-xros/MetalHLOCore.build/Objects-normal/arm64/MetalHLOCore_const_extract_protocols.json -enable-experimental-feature DebugDescriptionMacro -empty-abi-descriptor -validate-clang-modules-once -clang-build-session-file /Users/admin/builder/spi-builder-workspace/.derivedData/ModuleCache.noindex/Session.modulevalidation -Xcc -working-directory -Xcc /Users/admin/builder/spi-builder-workspace/.swiftpm/xcode -enable-anonymous-context-mangled-names -file-compilation-dir /Users/admin/builder/spi-builder-workspace/.swiftpm/xcode -Xcc -D_LIBCPP_HARDENING_MODE\=_LIBCPP_HARDENING_MODE_DEBUG -Xcc -ivfsstatcache -Xcc /Users/admin/builder/spi-builder-workspace/.derivedData/SDKStatCaches.noindex/xros26.5-23O469-688ef53f1462e2c8f657fdc38a81448f73f9c068cd48276448ef291a7ea74bec.sdkstatcache -Xcc -I/Users/admin/builder/spi-builder-workspace/.derivedData/Build/Intermediates.noindex/MetalHLO.build/Debug-xros/MetalHLOCore.build/swift-overrides.hmap -Xcc -I/Users/admin/builder/spi-builder-workspace/.derivedData/Build/Products/Debug-xros/include -Xcc -I/Users/admin/builder/spi-builder-workspace/.derivedData/Build/Intermediates.noindex/MetalHLO.build/Debug-xros/MetalHLOCore.build/DerivedSources-normal/arm64 -Xcc -I/Users/admin/builder/spi-builder-workspace/.derivedData/Build/Intermediates.noindex/MetalHLO.build/Debug-xros/MetalHLOCore.build/DerivedSources/arm64 -Xcc -I/Users/admin/builder/spi-builder-workspace/.derivedData/Build/Intermediates.noindex/MetalHLO.build/Debug-xros/MetalHLOCore.build/DerivedSources -Xcc -DSWIFT_PACKAGE -Xcc -DDEBUG\=1 -no-auto-bridging-header-chaining -module-name MetalHLOCore -package-name spi_builder_workspace -frontend-parseable-output -disable-clang-spi -clang-target arm64-apple-xros26.5 -target-sdk-version 26.5 -target-sdk-name xros26.5 -in-process-plugin-server-path /Applications/Xcode-26.5.0.app/Contents/Developer/Toolchains/XcodeDefault.xctoolchain/usr/lib/swift/host/libSwiftInProcPluginServer.dylib -o /Users/admin/builder/spi-builder-workspace/.derivedData/Build/Intermediates.noindex/MetalHLO.build/Debug-xros/MetalHLOCore.build/Objects-normal/arm64/BufferStorage.o -o /Users/admin/builder/spi-builder-workspace/.derivedData/Build/Intermediates.noindex/MetalHLO.build/Debug-xros/MetalHLOCore.build/Objects-normal/arm64/CompilationCache.o -o /Users/admin/builder/spi-builder-workspace/.derivedData/Build/Intermediates.noindex/MetalHLO.build/Debug-xros/MetalHLOCore.build/Objects-normal/arm64/IntegratedExecutor.o -o /Users/admin/builder/spi-builder-workspace/.derivedData/Build/Intermediates.noindex/MetalHLO.build/Debug-xros/MetalHLOCore.build/Objects-normal/arm64/LargeTensorPool.o -o /Users/admin/builder/spi-builder-workspace/.derivedData/Build/Intermediates.noindex/MetalHLO.build/Debug-xros/MetalHLOCore.build/Objects-normal/arm64/LargeTensorStorage.o -o /Users/admin/builder/spi-builder-workspace/.derivedData/Build/Intermediates.noindex/MetalHLO.build/Debug-xros/MetalHLOCore.build/Objects-normal/arm64/LayerAccumulationBuffer.o -o /Users/admin/builder/spi-builder-workspace/.derivedData/Build/Intermediates.noindex/MetalHLO.build/Debug-xros/MetalHLOCore.build/Objects-normal/arm64/MetalExecutor.o -o /Users/admin/builder/spi-builder-workspace/.derivedData/Build/Intermediates.noindex/MetalHLO.build/Debug-xros/MetalHLOCore.build/Objects-normal/arm64/NeuralEngineTargeting.o -index-unit-output-path /MetalHLO.build/Debug-xros/MetalHLOCore.build/Objects-normal/arm64/BufferStorage.o -index-unit-output-path /MetalHLO.build/Debug-xros/MetalHLOCore.build/Objects-normal/arm64/CompilationCache.o -index-unit-output-path /MetalHLO.build/Debug-xros/MetalHLOCore.build/Objects-normal/arm64/IntegratedExecutor.o -index-unit-output-path /MetalHLO.build/Debug-xros/MetalHLOCore.build/Objects-normal/arm64/LargeTensorPool.o -index-unit-output-path /MetalHLO.build/Debug-xros/MetalHLOCore.build/Objects-normal/arm64/LargeTensorStorage.o -index-unit-output-path /MetalHLO.build/Debug-xros/MetalHLOCore.build/Objects-normal/arm64/LayerAccumulationBuffer.o -index-unit-output-path /MetalHLO.build/Debug-xros/MetalHLOCore.build/Objects-normal/arm64/MetalExecutor.o -index-unit-output-path /MetalHLO.build/Debug-xros/MetalHLOCore.build/Objects-normal/arm64/NeuralEngineTargeting.o -index-store-path /Users/admin/builder/spi-builder-workspace/.derivedData/Index.noindex/DataStore -index-system-modules
SwiftCompile normal arm64 /Users/admin/builder/spi-builder-workspace/Sources/MetalHLOCore/Runtime/BufferStorage.swift (in target 'MetalHLOCore' from project 'MetalHLO')
cd /Users/admin/builder/spi-builder-workspace/.swiftpm/xcode
SwiftCompile normal arm64 /Users/admin/builder/spi-builder-workspace/Sources/MetalHLOCore/Runtime/CompilationCache.swift (in target 'MetalHLOCore' from project 'MetalHLO')
cd /Users/admin/builder/spi-builder-workspace/.swiftpm/xcode
SwiftCompile normal arm64 /Users/admin/builder/spi-builder-workspace/Sources/MetalHLOCore/Runtime/IntegratedExecutor.swift (in target 'MetalHLOCore' from project 'MetalHLO')
cd /Users/admin/builder/spi-builder-workspace/.swiftpm/xcode
/Users/admin/builder/spi-builder-workspace/Sources/MetalHLOCore/Runtime/IntegratedExecutor.swift:330:24: error: 'MTLResidencySetDescriptor' is only available in visionOS 2.0 or newer
let desc = MTLResidencySetDescriptor()
^
/Users/admin/builder/spi-builder-workspace/Sources/MetalHLOCore/Runtime/IntegratedExecutor.swift:330:24: note: add 'if #available' version check
let desc = MTLResidencySetDescriptor()
^
/Users/admin/builder/spi-builder-workspace/Sources/MetalHLOCore/Runtime/IntegratedExecutor.swift:194:12: note: add '@available' attribute to enclosing initializer
public init(device: MTLDevice, executable: CompiledExecutable, config: Config = .default) throws {
^
/Users/admin/builder/spi-builder-workspace/Sources/MetalHLOCore/Runtime/IntegratedExecutor.swift:24:20: note: add '@available' attribute to enclosing class
public final class IntegratedExecutor: @unchecked Sendable {
^
/Users/admin/builder/spi-builder-workspace/Sources/MetalHLOCore/Runtime/IntegratedExecutor.swift:333:37: error: 'makeResidencySet(descriptor:)' is only available in visionOS 2.0 or newer
if let rs = try? device.makeResidencySet(descriptor: desc) {
^
/Users/admin/builder/spi-builder-workspace/Sources/MetalHLOCore/Runtime/IntegratedExecutor.swift:333:37: note: add 'if #available' version check
if let rs = try? device.makeResidencySet(descriptor: desc) {
^
/Users/admin/builder/spi-builder-workspace/Sources/MetalHLOCore/Runtime/IntegratedExecutor.swift:194:12: note: add '@available' attribute to enclosing initializer
public init(device: MTLDevice, executable: CompiledExecutable, config: Config = .default) throws {
^
/Users/admin/builder/spi-builder-workspace/Sources/MetalHLOCore/Runtime/IntegratedExecutor.swift:24:20: note: add '@available' attribute to enclosing class
public final class IntegratedExecutor: @unchecked Sendable {
^
/Users/admin/builder/spi-builder-workspace/Sources/MetalHLOCore/Runtime/IntegratedExecutor.swift:339:30: error: 'addResidencySet' is only available in visionOS 2.0 or newer
commandQueue.addResidencySet(rs)
^
/Users/admin/builder/spi-builder-workspace/Sources/MetalHLOCore/Runtime/IntegratedExecutor.swift:339:30: note: add 'if #available' version check
commandQueue.addResidencySet(rs)
^
/Users/admin/builder/spi-builder-workspace/Sources/MetalHLOCore/Runtime/IntegratedExecutor.swift:194:12: note: add '@available' attribute to enclosing initializer
public init(device: MTLDevice, executable: CompiledExecutable, config: Config = .default) throws {
^
/Users/admin/builder/spi-builder-workspace/Sources/MetalHLOCore/Runtime/IntegratedExecutor.swift:24:20: note: add '@available' attribute to enclosing class
public final class IntegratedExecutor: @unchecked Sendable {
^
/Users/admin/builder/spi-builder-workspace/Sources/MetalHLOCore/Runtime/IntegratedExecutor.swift:925:17: warning: capture of 'completion' with non-Sendable type '(Result<ExecutionResult, any Error>) -> Void' in a '@Sendable' closure
completion(.failure(IntegratedExecutorError.executionFailed(error.localizedDescription)))
^
/Users/admin/builder/spi-builder-workspace/Sources/MetalHLOCore/Runtime/IntegratedExecutor.swift:925:17: note: a function type must be marked '@Sendable' to conform to 'Sendable'
completion(.failure(IntegratedExecutorError.executionFailed(error.localizedDescription)))
^
/Users/admin/builder/spi-builder-workspace/Sources/MetalHLOCore/Runtime/IntegratedExecutor.swift:940:36: warning: reference to captured var 'kernelTimings' in concurrently-executing code
kernelTimings: kernelTimings
^
/Users/admin/builder/spi-builder-workspace/Sources/MetalHLOCore/Runtime/IntegratedExecutor.swift:1209:22: warning: capture of 'base' with non-Sendable type 'UnsafeMutablePointer<(any MTLBuffer)?>' in a '@Sendable' closure
(base + i).initialize(to: materialize(i, pooled: false))
^
Swift.UnsafeMutablePointer:1:23: note: generic struct 'UnsafeMutablePointer' does not conform to the 'Sendable' protocol
@frozen public struct UnsafeMutablePointer<Pointee> : Copyable where Pointee : ~Copyable {
^
/Users/admin/builder/spi-builder-workspace/Sources/MetalHLOCore/Runtime/IntegratedExecutor.swift:1209:47: warning: capture of 'materialize(_:pooled:)' with non-Sendable type '(Int, Bool) -> (any MTLBuffer)?' in a '@Sendable' closure
(base + i).initialize(to: materialize(i, pooled: false))
^
/Users/admin/builder/spi-builder-workspace/Sources/MetalHLOCore/Runtime/IntegratedExecutor.swift:1209:47: note: a function type must be marked '@Sendable' to conform to 'Sendable'
(base + i).initialize(to: materialize(i, pooled: false))
^
/Users/admin/builder/spi-builder-workspace/Sources/MetalHLOCore/Runtime/IntegratedExecutor.swift:1179:14: warning: concurrently-executed local function 'materialize(_:pooled:)' must be marked as '@Sendable'
func materialize(_ i: Int, pooled: Bool) -> MTLBuffer? {
^
@Sendable
/Users/admin/builder/spi-builder-workspace/Sources/MetalHLOCore/Runtime/IntegratedExecutor.swift:1511:17: warning: capture of 'completion' with non-Sendable type '(Result<ExecutionResult, any Error>) -> Void' in a '@Sendable' closure
completion(.failure(IntegratedExecutorError.executionFailed(error.localizedDescription)))
^
/Users/admin/builder/spi-builder-workspace/Sources/MetalHLOCore/Runtime/IntegratedExecutor.swift:1511:17: note: a function type must be marked '@Sendable' to conform to 'Sendable'
completion(.failure(IntegratedExecutorError.executionFailed(error.localizedDescription)))
^
SwiftCompile normal arm64 /Users/admin/builder/spi-builder-workspace/Sources/MetalHLOCore/Runtime/LargeTensorPool.swift (in target 'MetalHLOCore' from project 'MetalHLO')
cd /Users/admin/builder/spi-builder-workspace/.swiftpm/xcode
SwiftCompile normal arm64 /Users/admin/builder/spi-builder-workspace/Sources/MetalHLOCore/Runtime/LargeTensorStorage.swift (in target 'MetalHLOCore' from project 'MetalHLO')
cd /Users/admin/builder/spi-builder-workspace/.swiftpm/xcode
SwiftCompile normal arm64 /Users/admin/builder/spi-builder-workspace/Sources/MetalHLOCore/Runtime/LayerAccumulationBuffer.swift (in target 'MetalHLOCore' from project 'MetalHLO')
cd /Users/admin/builder/spi-builder-workspace/.swiftpm/xcode
/Users/admin/builder/spi-builder-workspace/Sources/MetalHLOCore/Runtime/LayerAccumulationBuffer.swift:132:27: warning: result of call to 'withUnsafeBytes' is unused
snapshot.data.withUnsafeBytes { ptr in
^ ~~~~~~~~
SwiftCompile normal arm64 /Users/admin/builder/spi-builder-workspace/Sources/MetalHLOCore/Runtime/MetalExecutor.swift (in target 'MetalHLOCore' from project 'MetalHLO')
cd /Users/admin/builder/spi-builder-workspace/.swiftpm/xcode
/Users/admin/builder/spi-builder-workspace/Sources/MetalHLOCore/Runtime/MetalExecutor.swift:527:9: warning: 'sgesdd_' was deprecated in visionOS 1.0: The CLAPACK interface is deprecated. Please compile with -DACCELERATE_NEW_LAPACK to access the new lapack headers.
sgesdd_(&jobz, &lm, &ln, &a, &lda, &s, &u, &ldu, &vt, &ldvt, &wkopt, &lwork, &iwork, &info)
^
/Users/admin/builder/spi-builder-workspace/Sources/MetalHLOCore/Runtime/MetalExecutor.swift:530:9: warning: 'sgesdd_' was deprecated in visionOS 1.0: The CLAPACK interface is deprecated. Please compile with -DACCELERATE_NEW_LAPACK to access the new lapack headers.
sgesdd_(&jobz, &lm, &ln, &a, &lda, &s, &u, &ldu, &vt, &ldvt, &work, &lwork, &iwork, &info)
^
/Users/admin/builder/spi-builder-workspace/Sources/MetalHLOCore/Runtime/MetalExecutor.swift:614:9: warning: 'sgeqrf_' was deprecated in visionOS 1.0: The CLAPACK interface is deprecated. Please compile with -DACCELERATE_NEW_LAPACK to access the new lapack headers.
sgeqrf_(&lm, &ln, &a, &lda, &tau, &wkopt, &lwork, &info)
^
/Users/admin/builder/spi-builder-workspace/Sources/MetalHLOCore/Runtime/MetalExecutor.swift:617:9: warning: 'sgeqrf_' was deprecated in visionOS 1.0: The CLAPACK interface is deprecated. Please compile with -DACCELERATE_NEW_LAPACK to access the new lapack headers.
sgeqrf_(&lm, &ln, &a, &lda, &tau, &work, &lwork, &info)
^
/Users/admin/builder/spi-builder-workspace/Sources/MetalHLOCore/Runtime/MetalExecutor.swift:636:9: warning: 'sorgqr_' was deprecated in visionOS 1.0: The CLAPACK interface is deprecated. Please compile with -DACCELERATE_NEW_LAPACK to access the new lapack headers.
sorgqr_(&lm, &lqcols, &lk, &a, &lda, &tau, &wkopt, &lwork, &info)
^
/Users/admin/builder/spi-builder-workspace/Sources/MetalHLOCore/Runtime/MetalExecutor.swift:639:9: warning: 'sorgqr_' was deprecated in visionOS 1.0: The CLAPACK interface is deprecated. Please compile with -DACCELERATE_NEW_LAPACK to access the new lapack headers.
sorgqr_(&lm, &lqcols, &lk, &a, &lda, &tau, &work, &lwork, &info)
^
/Users/admin/builder/spi-builder-workspace/Sources/MetalHLOCore/Runtime/MetalExecutor.swift:723:9: warning: 'ssyevd_' was deprecated in visionOS 1.0: The CLAPACK interface is deprecated. Please compile with -DACCELERATE_NEW_LAPACK to access the new lapack headers.
ssyevd_(&jobz, &uplo, &ln, &a, &lda, &w, &wkopt, &lwork, &iwkopt, &liwork, &info)
^
/Users/admin/builder/spi-builder-workspace/Sources/MetalHLOCore/Runtime/MetalExecutor.swift:728:9: warning: 'ssyevd_' was deprecated in visionOS 1.0: The CLAPACK interface is deprecated. Please compile with -DACCELERATE_NEW_LAPACK to access the new lapack headers.
ssyevd_(&jobz, &uplo, &ln, &a, &lda, &w, &work, &lwork, &iwork, &liwork, &info)
^
SwiftCompile normal arm64 /Users/admin/builder/spi-builder-workspace/Sources/MetalHLOCore/Runtime/NeuralEngineTargeting.swift (in target 'MetalHLOCore' from project 'MetalHLO')
cd /Users/admin/builder/spi-builder-workspace/.swiftpm/xcode
/Users/admin/builder/spi-builder-workspace/Sources/MetalHLOCore/Runtime/NeuralEngineTargeting.swift:933:13: warning: initialization of immutable value 'opMap' was never used; consider replacing with assignment to '_' or removing it
let opMap = Dictionary(uniqueKeysWithValues: function.operations.map { ($0.result, $0) })
~~~~^~~~~
_
SwiftDriverJobDiscovery normal arm64 Compiling SharedIOSurfaceBuffer.swift, StridedTensorView.swift, SubFunctionExtractor.swift, TensorTransferManager.swift, ZeroAllocExecutor.swift, AutoTuner.swift, TuningDatabase.swift, PermutationUtils.swift (in target 'MetalHLOCore' from project 'MetalHLO')
SwiftCompile normal arm64 Compiling\ LLMOptimizations.swift,\ StaticMemoryPlanner.swift,\ DepthAttentionKernel.swift,\ FlashAttentionKernel.swift,\ GELUKernel.swift,\ KernelRegistry.swift,\ LayerNormKernel.swift,\ MetalKernel.swift,\ SoftmaxKernel.swift /Users/admin/builder/spi-builder-workspace/Sources/MetalHLOCore/LLM/LLMOptimizations.swift /Users/admin/builder/spi-builder-workspace/Sources/MetalHLOCore/Memory/StaticMemoryPlanner.swift /Users/admin/builder/spi-builder-workspace/Sources/MetalHLOCore/Metal/Kernels/DepthAttentionKernel.swift /Users/admin/builder/spi-builder-workspace/Sources/MetalHLOCore/Metal/Kernels/FlashAttentionKernel.swift /Users/admin/builder/spi-builder-workspace/Sources/MetalHLOCore/Metal/Kernels/GELUKernel.swift /Users/admin/builder/spi-builder-workspace/Sources/MetalHLOCore/Metal/Kernels/KernelRegistry.swift /Users/admin/builder/spi-builder-workspace/Sources/MetalHLOCore/Metal/Kernels/LayerNormKernel.swift /Users/admin/builder/spi-builder-workspace/Sources/MetalHLOCore/Metal/Kernels/MetalKernel.swift /Users/admin/builder/spi-builder-workspace/Sources/MetalHLOCore/Metal/Kernels/SoftmaxKernel.swift (in target 'MetalHLOCore' from project 'MetalHLO')
SwiftCompile normal arm64 /Users/admin/builder/spi-builder-workspace/Sources/MetalHLOCore/LLM/LLMOptimizations.swift (in target 'MetalHLOCore' from project 'MetalHLO')
cd /Users/admin/builder/spi-builder-workspace/.swiftpm/xcode
SwiftCompile normal arm64 /Users/admin/builder/spi-builder-workspace/Sources/MetalHLOCore/Memory/StaticMemoryPlanner.swift (in target 'MetalHLOCore' from project 'MetalHLO')
cd /Users/admin/builder/spi-builder-workspace/.swiftpm/xcode
SwiftCompile normal arm64 /Users/admin/builder/spi-builder-workspace/Sources/MetalHLOCore/Metal/Kernels/DepthAttentionKernel.swift (in target 'MetalHLOCore' from project 'MetalHLO')
cd /Users/admin/builder/spi-builder-workspace/.swiftpm/xcode
SwiftCompile normal arm64 /Users/admin/builder/spi-builder-workspace/Sources/MetalHLOCore/Metal/Kernels/FlashAttentionKernel.swift (in target 'MetalHLOCore' from project 'MetalHLO')
cd /Users/admin/builder/spi-builder-workspace/.swiftpm/xcode
SwiftCompile normal arm64 /Users/admin/builder/spi-builder-workspace/Sources/MetalHLOCore/Metal/Kernels/GELUKernel.swift (in target 'MetalHLOCore' from project 'MetalHLO')
cd /Users/admin/builder/spi-builder-workspace/.swiftpm/xcode
SwiftCompile normal arm64 /Users/admin/builder/spi-builder-workspace/Sources/MetalHLOCore/Metal/Kernels/KernelRegistry.swift (in target 'MetalHLOCore' from project 'MetalHLO')
cd /Users/admin/builder/spi-builder-workspace/.swiftpm/xcode
SwiftCompile normal arm64 /Users/admin/builder/spi-builder-workspace/Sources/MetalHLOCore/Metal/Kernels/LayerNormKernel.swift (in target 'MetalHLOCore' from project 'MetalHLO')
cd /Users/admin/builder/spi-builder-workspace/.swiftpm/xcode
SwiftCompile normal arm64 /Users/admin/builder/spi-builder-workspace/Sources/MetalHLOCore/Metal/Kernels/MetalKernel.swift (in target 'MetalHLOCore' from project 'MetalHLO')
cd /Users/admin/builder/spi-builder-workspace/.swiftpm/xcode
SwiftCompile normal arm64 /Users/admin/builder/spi-builder-workspace/Sources/MetalHLOCore/Metal/Kernels/SoftmaxKernel.swift (in target 'MetalHLOCore' from project 'MetalHLO')
cd /Users/admin/builder/spi-builder-workspace/.swiftpm/xcode
SwiftCompile normal arm64 Compiling\ HLOOptimizer.swift,\ HLOPattern.swift,\ HorizontalFusion.swift,\ LayoutAssignment.swift,\ ProducerConsumerFusion.swift,\ ProfileGuidedOptimization.swift,\ QuantizationAware.swift,\ Rematerialization.swift /Users/admin/builder/spi-builder-workspace/Sources/MetalHLOCore/Optimizer/HLOOptimizer.swift /Users/admin/builder/spi-builder-workspace/Sources/MetalHLOCore/Optimizer/HLOPattern.swift /Users/admin/builder/spi-builder-workspace/Sources/MetalHLOCore/Optimizer/HorizontalFusion.swift /Users/admin/builder/spi-builder-workspace/Sources/MetalHLOCore/Optimizer/LayoutAssignment.swift /Users/admin/builder/spi-builder-workspace/Sources/MetalHLOCore/Optimizer/ProducerConsumerFusion.swift /Users/admin/builder/spi-builder-workspace/Sources/MetalHLOCore/Optimizer/ProfileGuidedOptimization.swift /Users/admin/builder/spi-builder-workspace/Sources/MetalHLOCore/Optimizer/QuantizationAware.swift /Users/admin/builder/spi-builder-workspace/Sources/MetalHLOCore/Optimizer/Rematerialization.swift (in target 'MetalHLOCore' from project 'MetalHLO')
SwiftCompile normal arm64 /Users/admin/builder/spi-builder-workspace/Sources/MetalHLOCore/Optimizer/HLOOptimizer.swift (in target 'MetalHLOCore' from project 'MetalHLO')
cd /Users/admin/builder/spi-builder-workspace/.swiftpm/xcode
SwiftCompile normal arm64 /Users/admin/builder/spi-builder-workspace/Sources/MetalHLOCore/Optimizer/HLOPattern.swift (in target 'MetalHLOCore' from project 'MetalHLO')
cd /Users/admin/builder/spi-builder-workspace/.swiftpm/xcode
SwiftCompile normal arm64 /Users/admin/builder/spi-builder-workspace/Sources/MetalHLOCore/Optimizer/HorizontalFusion.swift (in target 'MetalHLOCore' from project 'MetalHLO')
cd /Users/admin/builder/spi-builder-workspace/.swiftpm/xcode
SwiftCompile normal arm64 /Users/admin/builder/spi-builder-workspace/Sources/MetalHLOCore/Optimizer/LayoutAssignment.swift (in target 'MetalHLOCore' from project 'MetalHLO')
cd /Users/admin/builder/spi-builder-workspace/.swiftpm/xcode
SwiftCompile normal arm64 /Users/admin/builder/spi-builder-workspace/Sources/MetalHLOCore/Optimizer/ProducerConsumerFusion.swift (in target 'MetalHLOCore' from project 'MetalHLO')
cd /Users/admin/builder/spi-builder-workspace/.swiftpm/xcode
SwiftCompile normal arm64 /Users/admin/builder/spi-builder-workspace/Sources/MetalHLOCore/Optimizer/ProfileGuidedOptimization.swift (in target 'MetalHLOCore' from project 'MetalHLO')
cd /Users/admin/builder/spi-builder-workspace/.swiftpm/xcode
SwiftCompile normal arm64 /Users/admin/builder/spi-builder-workspace/Sources/MetalHLOCore/Optimizer/QuantizationAware.swift (in target 'MetalHLOCore' from project 'MetalHLO')
cd /Users/admin/builder/spi-builder-workspace/.swiftpm/xcode
SwiftCompile normal arm64 /Users/admin/builder/spi-builder-workspace/Sources/MetalHLOCore/Optimizer/Rematerialization.swift (in target 'MetalHLOCore' from project 'MetalHLO')
cd /Users/admin/builder/spi-builder-workspace/.swiftpm/xcode
SwiftDriverJobDiscovery normal arm64 Compiling ReductionSplitTransform.swift, TF32Transform.swift, Attributes.swift, HLOFunction.swift, HLOModule.swift, HLOOpKind.swift, HLOOperation.swift, NarrowFloat.swift, TensorType.swift (in target 'MetalHLOCore' from project 'MetalHLO')
SwiftCompile normal arm64 Compiling\ CustomCallHandlers.swift,\ EmbeddedAttentionSplitter.swift,\ IntegrationTypes.swift,\ KernelTypes.swift,\ MPSGraphCompiler.swift,\ MetalHLOCompiler.swift,\ NAXGemmBundle.swift,\ OpEmitter.swift,\ PassManager.swift /Users/admin/builder/spi-builder-workspace/Sources/MetalHLOCore/Compiler/CustomCallHandlers.swift /Users/admin/builder/spi-builder-workspace/Sources/MetalHLOCore/Compiler/EmbeddedAttentionSplitter.swift /Users/admin/builder/spi-builder-workspace/Sources/MetalHLOCore/Compiler/IntegrationTypes.swift /Users/admin/builder/spi-builder-workspace/Sources/MetalHLOCore/Compiler/KernelTypes.swift /Users/admin/builder/spi-builder-workspace/Sources/MetalHLOCore/Compiler/MPSGraphCompiler.swift /Users/admin/builder/spi-builder-workspace/Sources/MetalHLOCore/Compiler/MetalHLOCompiler.swift /Users/admin/builder/spi-builder-workspace/Sources/MetalHLOCore/Compiler/NAXGemmBundle.swift /Users/admin/builder/spi-builder-workspace/Sources/MetalHLOCore/Compiler/OpEmitter.swift /Users/admin/builder/spi-builder-workspace/Sources/MetalHLOCore/Compiler/PassManager.swift (in target 'MetalHLOCore' from project 'MetalHLO')
SwiftCompile normal arm64 /Users/admin/builder/spi-builder-workspace/Sources/MetalHLOCore/Compiler/CustomCallHandlers.swift (in target 'MetalHLOCore' from project 'MetalHLO')
cd /Users/admin/builder/spi-builder-workspace/.swiftpm/xcode
SwiftCompile normal arm64 /Users/admin/builder/spi-builder-workspace/Sources/MetalHLOCore/Compiler/EmbeddedAttentionSplitter.swift (in target 'MetalHLOCore' from project 'MetalHLO')
cd /Users/admin/builder/spi-builder-workspace/.swiftpm/xcode
SwiftCompile normal arm64 /Users/admin/builder/spi-builder-workspace/Sources/MetalHLOCore/Compiler/IntegrationTypes.swift (in target 'MetalHLOCore' from project 'MetalHLO')
cd /Users/admin/builder/spi-builder-workspace/.swiftpm/xcode
SwiftCompile normal arm64 /Users/admin/builder/spi-builder-workspace/Sources/MetalHLOCore/Compiler/KernelTypes.swift (in target 'MetalHLOCore' from project 'MetalHLO')
cd /Users/admin/builder/spi-builder-workspace/.swiftpm/xcode
SwiftCompile normal arm64 /Users/admin/builder/spi-builder-workspace/Sources/MetalHLOCore/Compiler/MPSGraphCompiler.swift (in target 'MetalHLOCore' from project 'MetalHLO')
cd /Users/admin/builder/spi-builder-workspace/.swiftpm/xcode
SwiftCompile normal arm64 /Users/admin/builder/spi-builder-workspace/Sources/MetalHLOCore/Compiler/MetalHLOCompiler.swift (in target 'MetalHLOCore' from project 'MetalHLO')
cd /Users/admin/builder/spi-builder-workspace/.swiftpm/xcode
SwiftCompile normal arm64 /Users/admin/builder/spi-builder-workspace/Sources/MetalHLOCore/Compiler/NAXGemmBundle.swift (in target 'MetalHLOCore' from project 'MetalHLO')
cd /Users/admin/builder/spi-builder-workspace/.swiftpm/xcode
SwiftCompile normal arm64 /Users/admin/builder/spi-builder-workspace/Sources/MetalHLOCore/Compiler/OpEmitter.swift (in target 'MetalHLOCore' from project 'MetalHLO')
cd /Users/admin/builder/spi-builder-workspace/.swiftpm/xcode
SwiftCompile normal arm64 /Users/admin/builder/spi-builder-workspace/Sources/MetalHLOCore/Compiler/PassManager.swift (in target 'MetalHLOCore' from project 'MetalHLO')
cd /Users/admin/builder/spi-builder-workspace/.swiftpm/xcode
SwiftDriverJobDiscovery normal arm64 Compiling CoreMLOpBuilder.swift, MILEmitter.swift, MILFusionRewriter.swift, MILOpTranslator.swift, MILTextBuilder.swift, MILTypeMapper.swift, MILWeightPacker.swift, KernelCache.swift, KernelSpecializer.swift (in target 'MetalHLOCore' from project 'MetalHLO')
SwiftDriverJobDiscovery normal arm64 Compiling main.swift (in target 'HeterogeneousFusionBenchmark' from project 'MetalHLO')
SwiftCompile normal arm64 Compiling\ Executable.swift /Users/admin/builder/spi-builder-workspace/Sources/MetalHLO/Executable.swift (in target 'MetalHLO' from project 'MetalHLO')
SwiftCompile normal arm64 /Users/admin/builder/spi-builder-workspace/Sources/MetalHLO/Executable.swift (in target 'MetalHLO' from project 'MetalHLO')
cd /Users/admin/builder/spi-builder-workspace/.swiftpm/xcode
SwiftDriverJobDiscovery normal arm64 Emitting module for MLX (in target 'MLX' from project 'mlx-swift')
SwiftCompile normal arm64 Compiling\ ElementType.swift /Users/admin/builder/spi-builder-workspace/Sources/MetalHLO/ElementType.swift (in target 'MetalHLO' from project 'MetalHLO')
SwiftCompile normal arm64 /Users/admin/builder/spi-builder-workspace/Sources/MetalHLO/ElementType.swift (in target 'MetalHLO' from project 'MetalHLO')
cd /Users/admin/builder/spi-builder-workspace/.swiftpm/xcode
SwiftDriver\ Compilation\ Requirements MLX normal arm64 com.apple.xcode.tools.swift.compiler (in target 'MLX' from project 'mlx-swift')
cd /Users/admin/builder/spi-builder-workspace/.swiftpm/xcode
builtin-Swift-Compilation-Requirements -- /Applications/Xcode-26.5.0.app/Contents/Developer/Toolchains/XcodeDefault.xctoolchain/usr/bin/swiftc -module-name MLX -Onone @/Users/admin/builder/spi-builder-workspace/.derivedData/Build/Intermediates.noindex/mlx-swift.build/Debug-xros/MLX.build/Objects-normal/arm64/MLX.SwiftFileList -DSWIFT_PACKAGE -DDEBUG -DSWIFT_MODULE_RESOURCE_BUNDLE_UNAVAILABLE -Xcc -fmodule-map-file\=/Users/admin/builder/spi-builder-workspace/.derivedData/Build/Intermediates.noindex/GeneratedModuleMaps-xros/cLogSupport.modulemap -DXcode -enable-experimental-feature StrictConcurrency -plugin-path /Applications/Xcode-26.5.0.app/Contents/Developer/Toolchains/XcodeDefault.xctoolchain/usr/lib/swift/host/plugins/testing -enable-experimental-feature DebugDescriptionMacro -sdk /Applications/Xcode-26.5.0.app/Contents/Developer/Platforms/XROS.platform/Developer/SDKs/XROS26.5.sdk -target arm64-apple-xros1.0 -g -module-cache-path /Users/admin/builder/spi-builder-workspace/.derivedData/ModuleCache.noindex -Xfrontend -serialize-debugging-options -profile-coverage-mapping -profile-generate -enable-testing -suppress-warnings -index-store-path /Users/admin/builder/spi-builder-workspace/.derivedData/Index.noindex/DataStore -Xcc -D_LIBCPP_HARDENING_MODE\=_LIBCPP_HARDENING_MODE_DEBUG -swift-version 6 -I /Users/admin/builder/spi-builder-workspace/.derivedData/Build/Products/Debug-xros -Isystem /Applications/Xcode-26.5.0.app/Contents/Developer/Platforms/XROS.platform/Developer/usr/lib -F /Users/admin/builder/spi-builder-workspace/.derivedData/Build/Products/Debug-xros/PackageFrameworks -F /Users/admin/builder/spi-builder-workspace/.derivedData/Build/Products/Debug-xros/PackageFrameworks -F /Users/admin/builder/spi-builder-workspace/.derivedData/Build/Products/Debug-xros/PackageFrameworks -F /Users/admin/builder/spi-builder-workspace/.derivedData/Build/Products/Debug-xros/PackageFrameworks -F /Users/admin/builder/spi-builder-workspace/.derivedData/Build/Products/Debug-xros/PackageFrameworks -F /Users/admin/builder/spi-builder-workspace/.derivedData/Build/Products/Debug-xros/PackageFrameworks -F /Users/admin/builder/spi-builder-workspace/.derivedData/Build/Products/Debug-xros -F /Applications/Xcode-26.5.0.app/Contents/Developer/Platforms/XROS.platform/Developer/Library/Frameworks -F /Applications/Xcode-26.5.0.app/Contents/Developer/Platforms/XROS.platform/Developer/SDKs/XROS26.5.sdk/Developer/Library/Frameworks -c -j10 -enable-batch-mode -incremental -Xcc -ivfsstatcache -Xcc /Users/admin/builder/spi-builder-workspace/.derivedData/SDKStatCaches.noindex/xros26.5-23O469-688ef53f1462e2c8f657fdc38a81448f73f9c068cd48276448ef291a7ea74bec.sdkstatcache -output-file-map /Users/admin/builder/spi-builder-workspace/.derivedData/Build/Intermediates.noindex/mlx-swift.build/Debug-xros/MLX.build/Objects-normal/arm64/MLX-OutputFileMap.json -use-frontend-parseable-output -save-temps -no-color-diagnostics -explicit-module-build -module-cache-path /Users/admin/builder/spi-builder-workspace/.derivedData/Build/Intermediates.noindex/SwiftExplicitPrecompiledModules -clang-scanner-module-cache-path /Users/admin/builder/spi-builder-workspace/.derivedData/ModuleCache.noindex -sdk-module-cache-path /Users/admin/builder/spi-builder-workspace/.derivedData/ModuleCache.noindex -serialize-diagnostics -emit-dependencies -emit-module -emit-module-path /Users/admin/builder/spi-builder-workspace/.derivedData/Build/Intermediates.noindex/mlx-swift.build/Debug-xros/MLX.build/Objects-normal/arm64/MLX.swiftmodule -user-module-version 0.32.3 -validate-clang-modules-once -clang-build-session-file /Users/admin/builder/spi-builder-workspace/.derivedData/ModuleCache.noindex/Session.modulevalidation -package-name mlx_swift -Xcc -I/Users/admin/builder/spi-builder-workspace/.derivedData/Build/Intermediates.noindex/mlx-swift.build/Debug-xros/MLX.build/swift-overrides.hmap -emit-const-values -Xfrontend -const-gather-protocols-file -Xfrontend /Users/admin/builder/spi-builder-workspace/.derivedData/Build/Intermediates.noindex/mlx-swift.build/Debug-xros/MLX.build/Objects-normal/arm64/MLX_const_extract_protocols.json -Xcc -I/Users/admin/builder/spi-builder-workspace/.dependencies/checkouts/swift-numerics/Sources/_NumericsShims/include -Xcc -I/Users/admin/builder/spi-builder-workspace/.dependencies/checkouts/mlx-swift/Source/cLogSupport/include -Xcc -I/Users/admin/builder/spi-builder-workspace/.dependencies/checkouts/mlx-swift/Source/Cmlx/include -Xcc -I/Users/admin/builder/spi-builder-workspace/.derivedData/Build/Products/Debug-xros/include -Xcc -I/Users/admin/builder/spi-builder-workspace/.derivedData/Build/Intermediates.noindex/mlx-swift.build/Debug-xros/MLX.build/DerivedSources-normal/arm64 -Xcc -I/Users/admin/builder/spi-builder-workspace/.derivedData/Build/Intermediates.noindex/mlx-swift.build/Debug-xros/MLX.build/DerivedSources/arm64 -Xcc -I/Users/admin/builder/spi-builder-workspace/.derivedData/Build/Intermediates.noindex/mlx-swift.build/Debug-xros/MLX.build/DerivedSources -Xcc -DSWIFT_PACKAGE -Xcc -DDEBUG\=1 -emit-objc-header -emit-objc-header-path /Users/admin/builder/spi-builder-workspace/.derivedData/Build/Intermediates.noindex/mlx-swift.build/Debug-xros/MLX.build/Objects-normal/arm64/MLX-Swift.h -working-directory /Users/admin/builder/spi-builder-workspace/.swiftpm/xcode -experimental-emit-module-separately -disable-cmo
SwiftDriverJobDiscovery normal arm64 Compiling ElementType.swift (in target 'MetalHLO' from project 'MetalHLO')
SwiftMergeGeneratedHeaders /Users/admin/builder/spi-builder-workspace/.derivedData/Build/Intermediates.noindex/GeneratedModuleMaps-xros/MLX-Swift.h /Users/admin/builder/spi-builder-workspace/.derivedData/Build/Intermediates.noindex/mlx-swift.build/Debug-xros/MLX.build/Objects-normal/arm64/MLX-Swift.h (in target 'MLX' from project 'mlx-swift')
cd /Users/admin/builder/spi-builder-workspace/.dependencies/checkouts/mlx-swift
builtin-swiftHeaderTool -arch arm64 /Users/admin/builder/spi-builder-workspace/.derivedData/Build/Intermediates.noindex/mlx-swift.build/Debug-xros/MLX.build/Objects-normal/arm64/MLX-Swift.h -o /Users/admin/builder/spi-builder-workspace/.derivedData/Build/Intermediates.noindex/GeneratedModuleMaps-xros/MLX-Swift.h
Copy /Users/admin/builder/spi-builder-workspace/.derivedData/Build/Products/Debug-xros/MLX.swiftmodule/arm64-apple-xros.swiftmodule /Users/admin/builder/spi-builder-workspace/.derivedData/Build/Intermediates.noindex/mlx-swift.build/Debug-xros/MLX.build/Objects-normal/arm64/MLX.swiftmodule (in target 'MLX' from project 'mlx-swift')
cd /Users/admin/builder/spi-builder-workspace/.dependencies/checkouts/mlx-swift
builtin-copy -exclude .DS_Store -exclude CVS -exclude .svn -exclude .git -exclude .hg -resolve-src-symlinks -rename /Users/admin/builder/spi-builder-workspace/.derivedData/Build/Intermediates.noindex/mlx-swift.build/Debug-xros/MLX.build/Objects-normal/arm64/MLX.swiftmodule /Users/admin/builder/spi-builder-workspace/.derivedData/Build/Products/Debug-xros/MLX.swiftmodule/arm64-apple-xros.swiftmodule
Copy /Users/admin/builder/spi-builder-workspace/.derivedData/Build/Products/Debug-xros/MLX.swiftmodule/arm64-apple-xros.swiftdoc /Users/admin/builder/spi-builder-workspace/.derivedData/Build/Intermediates.noindex/mlx-swift.build/Debug-xros/MLX.build/Objects-normal/arm64/MLX.swiftdoc (in target 'MLX' from project 'mlx-swift')
cd /Users/admin/builder/spi-builder-workspace/.dependencies/checkouts/mlx-swift
builtin-copy -exclude .DS_Store -exclude CVS -exclude .svn -exclude .git -exclude .hg -resolve-src-symlinks -rename /Users/admin/builder/spi-builder-workspace/.derivedData/Build/Intermediates.noindex/mlx-swift.build/Debug-xros/MLX.build/Objects-normal/arm64/MLX.swiftdoc /Users/admin/builder/spi-builder-workspace/.derivedData/Build/Products/Debug-xros/MLX.swiftmodule/arm64-apple-xros.swiftdoc
Copy /Users/admin/builder/spi-builder-workspace/.derivedData/Build/Products/Debug-xros/MLX.swiftmodule/arm64-apple-xros.abi.json /Users/admin/builder/spi-builder-workspace/.derivedData/Build/Intermediates.noindex/mlx-swift.build/Debug-xros/MLX.build/Objects-normal/arm64/MLX.abi.json (in target 'MLX' from project 'mlx-swift')
cd /Users/admin/builder/spi-builder-workspace/.dependencies/checkouts/mlx-swift
builtin-copy -exclude .DS_Store -exclude CVS -exclude .svn -exclude .git -exclude .hg -resolve-src-symlinks -rename /Users/admin/builder/spi-builder-workspace/.derivedData/Build/Intermediates.noindex/mlx-swift.build/Debug-xros/MLX.build/Objects-normal/arm64/MLX.abi.json /Users/admin/builder/spi-builder-workspace/.derivedData/Build/Products/Debug-xros/MLX.swiftmodule/arm64-apple-xros.abi.json
Copy /Users/admin/builder/spi-builder-workspace/.derivedData/Build/Products/Debug-xros/MLX.swiftmodule/Project/arm64-apple-xros.swiftsourceinfo /Users/admin/builder/spi-builder-workspace/.derivedData/Build/Intermediates.noindex/mlx-swift.build/Debug-xros/MLX.build/Objects-normal/arm64/MLX.swiftsourceinfo (in target 'MLX' from project 'mlx-swift')
cd /Users/admin/builder/spi-builder-workspace/.dependencies/checkouts/mlx-swift
builtin-copy -exclude .DS_Store -exclude CVS -exclude .svn -exclude .git -exclude .hg -resolve-src-symlinks -rename /Users/admin/builder/spi-builder-workspace/.derivedData/Build/Intermediates.noindex/mlx-swift.build/Debug-xros/MLX.build/Objects-normal/arm64/MLX.swiftsourceinfo /Users/admin/builder/spi-builder-workspace/.derivedData/Build/Products/Debug-xros/MLX.swiftmodule/Project/arm64-apple-xros.swiftsourceinfo
SwiftCompile normal arm64 Compiling\ TensorType.swift /Users/admin/builder/spi-builder-workspace/Sources/MetalHLO/TensorType.swift (in target 'MetalHLO' from project 'MetalHLO')
SwiftCompile normal arm64 /Users/admin/builder/spi-builder-workspace/Sources/MetalHLO/TensorType.swift (in target 'MetalHLO' from project 'MetalHLO')
cd /Users/admin/builder/spi-builder-workspace/.swiftpm/xcode
2026-10-14 02:45:28.467 xcodebuild[1523:6977] [MT] IDERunDestination: Supported platforms for the buildables in the current scheme is empty.
** BUILD FAILED **
The following build commands failed:
SwiftCompile normal arm64 Compiling\ BufferStorage.swift,\ CompilationCache.swift,\ IntegratedExecutor.swift,\ LargeTensorPool.swift,\ LargeTensorStorage.swift,\ LayerAccumulationBuffer.swift,\ MetalExecutor.swift,\ NeuralEngineTargeting.swift /Users/admin/builder/spi-builder-workspace/Sources/MetalHLOCore/Runtime/BufferStorage.swift /Users/admin/builder/spi-builder-workspace/Sources/MetalHLOCore/Runtime/CompilationCache.swift /Users/admin/builder/spi-builder-workspace/Sources/MetalHLOCore/Runtime/IntegratedExecutor.swift /Users/admin/builder/spi-builder-workspace/Sources/MetalHLOCore/Runtime/LargeTensorPool.swift /Users/admin/builder/spi-builder-workspace/Sources/MetalHLOCore/Runtime/LargeTensorStorage.swift /Users/admin/builder/spi-builder-workspace/Sources/MetalHLOCore/Runtime/LayerAccumulationBuffer.swift /Users/admin/builder/spi-builder-workspace/Sources/MetalHLOCore/Runtime/MetalExecutor.swift /Users/admin/builder/spi-builder-workspace/Sources/MetalHLOCore/Runtime/NeuralEngineTargeting.swift (in target 'MetalHLOCore' from project 'MetalHLO')
SwiftCompile normal arm64 /Users/admin/builder/spi-builder-workspace/Sources/MetalHLOCore/Runtime/IntegratedExecutor.swift (in target 'MetalHLOCore' from project 'MetalHLO')
Building workspace spi-builder-workspace with scheme MetalHLO-Package
(3 failures)
BUILD FAILURE 6.3 visionOS