Build Information
Failed to build brh-splitview, reference main (2c30dc), with Swift 6.2 for Wasm on 30 Jun 2026 22:16:01 UTC.
Build Command
bash -c docker run --pull=always --rm -v "checkouts-53886770-0":/host -w "$PWD" -e JAVA_HOME="/root/.sdkman/candidates/java/current" -e SPI_BUILD="1" -e SPI_PROCESSING="1" registry.gitlab.com/saguaro1/spi-images:wasm-6.2-latest swift build --swift-sdk swift-6.2-RELEASE_wasm 2>&1Build Log
========================================
RunAll
========================================
Builder version: 0e64495ecc1688c3b3e031a5ef1348b5c05091ae
Interrupt handler set up.
========================================
Checkout
========================================
Clone URL: https://github.com/bradhowes/brh-splitview.git
Reference: main
Initialized empty Git repository in /host/spi-builder-workspace/.git/
hint: Using 'master' as the name for the initial branch. This default branch name
hint: is subject to change. To configure the initial branch name to use in all
hint: of your new repositories, which will suppress this warning, call:
hint:
hint: git config --global init.defaultBranch <name>
hint:
hint: Names commonly chosen instead of 'master' are 'main', 'trunk' and
hint: 'development'. The just-created branch can be renamed via this command:
hint:
hint: git branch -m <name>
From https://github.com/bradhowes/brh-splitview
* branch main -> FETCH_HEAD
* [new branch] main -> origin/main
HEAD is now at 2c30dc1 Visual tweaks
Cloned https://github.com/bradhowes/brh-splitview.git
Revision (git rev-parse @):
2c30dc1bcb50e5ba3d4b36d42e111c077a3620c3
SUCCESS checkout https://github.com/bradhowes/brh-splitview.git at main
========================================
Build
========================================
Selected platform: wasm
Swift version: 6.2
Building package at path: $PWD
https://github.com/bradhowes/brh-splitview.git
Running build ...
bash -c docker run --pull=always --rm -v "checkouts-53886770-0":/host -w "$PWD" -e JAVA_HOME="/root/.sdkman/candidates/java/current" -e SPI_BUILD="1" -e SPI_PROCESSING="1" registry.gitlab.com/saguaro1/spi-images:wasm-6.2-latest swift build --swift-sdk swift-6.2-RELEASE_wasm 2>&1
wasm-6.2-latest: Pulling from saguaro1/spi-images
Digest: sha256:dc8dffc38f1d92eca7ee5312617822470123661393ed20672e77964f9dcaaffb
Status: Image is up to date for registry.gitlab.com/saguaro1/spi-images:wasm-6.2-latest
Fetching https://github.com/pointfreeco/swift-composable-architecture
Fetching https://github.com/pointfreeco/swift-snapshot-testing
[1/16173] Fetching swift-snapshot-testing
[4206/329617] Fetching swift-snapshot-testing, swift-composable-architecture
Fetched https://github.com/pointfreeco/swift-snapshot-testing from cache (2.48s)
[41852/313444] Fetching swift-composable-architecture
Fetched https://github.com/pointfreeco/swift-composable-architecture from cache (9.12s)
Computing version for https://github.com/pointfreeco/swift-snapshot-testing
Computed https://github.com/pointfreeco/swift-snapshot-testing at 1.19.2 (9.27s)
Fetching https://github.com/pointfreeco/swift-custom-dump
Fetching https://github.com/swiftlang/swift-syntax
[1/5609] Fetching swift-custom-dump
[5610/81367] Fetching swift-custom-dump, swift-syntax
Fetched https://github.com/pointfreeco/swift-custom-dump from cache (2.79s)
Fetched https://github.com/swiftlang/swift-syntax from cache (2.81s)
Computing version for https://github.com/pointfreeco/swift-composable-architecture
Computed https://github.com/pointfreeco/swift-composable-architecture at 1.26.0 (3.01s)
Fetching https://github.com/pointfreeco/swift-navigation
Fetching https://github.com/pointfreeco/swift-dependencies
Fetching https://github.com/pointfreeco/swift-perception
Fetching https://github.com/pointfreeco/swift-sharing
Fetching https://github.com/apple/swift-collections
Fetching https://github.com/pointfreeco/xctest-dynamic-overlay
[1/2044] Fetching swift-perception
[921/5838] Fetching swift-perception, swift-sharing
[2804/12996] Fetching swift-perception, swift-sharing, swift-dependencies
[12997/18887] Fetching swift-perception, swift-sharing, swift-dependencies, xctest-dynamic-overlay
Fetched https://github.com/pointfreeco/swift-sharing from cache (0.52s)
[10086/15093] Fetching swift-perception, swift-dependencies, xctest-dynamic-overlay
Fetching https://github.com/pointfreeco/swift-identified-collections
[12738/40365] Fetching swift-perception, swift-dependencies, xctest-dynamic-overlay, swift-collections
Fetched https://github.com/pointfreeco/xctest-dynamic-overlay from cache (0.70s)
[14257/34474] Fetching swift-perception, swift-dependencies, swift-collections
Fetching https://github.com/pointfreeco/swift-case-paths
[23609/81770] Fetching swift-perception, swift-dependencies, swift-collections, swift-navigation
[35894/83350] Fetching swift-perception, swift-dependencies, swift-collections, swift-navigation, swift-identified-collections
[37379/88042] Fetching swift-perception, swift-dependencies, swift-collections, swift-navigation, swift-identified-collections, swift-case-paths
Fetched https://github.com/pointfreeco/swift-perception from cache (1.09s)
[35398/85998] Fetching swift-dependencies, swift-collections, swift-navigation, swift-identified-collections, swift-case-paths
Fetched https://github.com/pointfreeco/swift-dependencies from cache (1.09s)
[28366/78840] Fetching swift-collections, swift-navigation, swift-identified-collections, swift-case-paths
Fetching https://github.com/pointfreeco/swift-concurrency-extras
Fetching https://github.com/pointfreeco/swift-clocks
Fetched https://github.com/apple/swift-collections from cache (1.10s)
[3895/53568] Fetching swift-navigation, swift-identified-collections, swift-case-paths
Fetching https://github.com/pointfreeco/combine-schedulers
Fetched https://github.com/pointfreeco/swift-identified-collections from cache (0.60s)
Fetched https://github.com/pointfreeco/swift-case-paths from cache (0.45s)
[2365/47296] Fetching swift-navigation
[2366/48712] Fetching swift-navigation, swift-clocks
[2395/51366] Fetching swift-navigation, swift-clocks, combine-schedulers
[2467/52405] Fetching swift-navigation, swift-clocks, combine-schedulers, swift-concurrency-extras
Fetched https://github.com/pointfreeco/swift-clocks from cache (0.46s)
Fetched https://github.com/pointfreeco/swift-concurrency-extras from cache (0.46s)
Fetched https://github.com/pointfreeco/combine-schedulers from cache (0.44s)
[2838/47296] Fetching swift-navigation
Fetched https://github.com/pointfreeco/swift-navigation from cache (5.11s)
Computing version for https://github.com/pointfreeco/swift-identified-collections
Computed https://github.com/pointfreeco/swift-identified-collections at 1.1.1 (5.25s)
Computing version for https://github.com/pointfreeco/swift-clocks
Computed https://github.com/pointfreeco/swift-clocks at 1.1.0 (0.14s)
Computing version for https://github.com/pointfreeco/combine-schedulers
Computed https://github.com/pointfreeco/combine-schedulers at 1.2.0 (0.14s)
Fetching https://github.com/OpenCombine/OpenCombine.git
[1/8284] Fetching opencombine
Fetched https://github.com/OpenCombine/OpenCombine.git from cache (0.69s)
Computing version for https://github.com/OpenCombine/OpenCombine.git
Computed https://github.com/OpenCombine/OpenCombine.git at 0.14.0 (1.57s)
Computing version for https://github.com/pointfreeco/swift-concurrency-extras
Computed https://github.com/pointfreeco/swift-concurrency-extras at 1.4.0 (0.14s)
Computing version for https://github.com/pointfreeco/swift-custom-dump
Computed https://github.com/pointfreeco/swift-custom-dump at 1.6.1 (0.14s)
Computing version for https://github.com/pointfreeco/swift-navigation
Computed https://github.com/pointfreeco/swift-navigation at 2.10.2 (0.78s)
Computing version for https://github.com/pointfreeco/swift-case-paths
Computed https://github.com/pointfreeco/swift-case-paths at 1.8.0 (0.31s)
Computing version for https://github.com/pointfreeco/xctest-dynamic-overlay
Computed https://github.com/pointfreeco/xctest-dynamic-overlay at 1.10.1 (0.14s)
Computing version for https://github.com/apple/swift-collections
Computed https://github.com/apple/swift-collections at 1.6.0 (0.22s)
Computing version for https://github.com/swiftlang/swift-syntax
Computed https://github.com/swiftlang/swift-syntax at 603.0.2 (0.24s)
Computing version for https://github.com/pointfreeco/swift-perception
Computed https://github.com/pointfreeco/swift-perception at 2.0.10 (0.14s)
Computing version for https://github.com/pointfreeco/swift-dependencies
Computed https://github.com/pointfreeco/swift-dependencies at 1.12.0 (0.14s)
Computing version for https://github.com/pointfreeco/swift-sharing
Computed https://github.com/pointfreeco/swift-sharing at 2.9.0 (0.15s)
Creating working copy for https://github.com/pointfreeco/swift-navigation
Working copy of https://github.com/pointfreeco/swift-navigation resolved at 2.10.2
Creating working copy for https://github.com/pointfreeco/swift-concurrency-extras
Working copy of https://github.com/pointfreeco/swift-concurrency-extras resolved at 1.4.0
Creating working copy for https://github.com/pointfreeco/swift-identified-collections
Working copy of https://github.com/pointfreeco/swift-identified-collections resolved at 1.1.1
Creating working copy for https://github.com/pointfreeco/swift-snapshot-testing
Working copy of https://github.com/pointfreeco/swift-snapshot-testing resolved at 1.19.2
Creating working copy for https://github.com/swiftlang/swift-syntax
Working copy of https://github.com/swiftlang/swift-syntax resolved at 603.0.2
Creating working copy for https://github.com/pointfreeco/swift-dependencies
Working copy of https://github.com/pointfreeco/swift-dependencies resolved at 1.12.0
Creating working copy for https://github.com/OpenCombine/OpenCombine.git
Working copy of https://github.com/OpenCombine/OpenCombine.git resolved at 0.14.0
Creating working copy for https://github.com/pointfreeco/swift-case-paths
Working copy of https://github.com/pointfreeco/swift-case-paths resolved at 1.8.0
Creating working copy for https://github.com/pointfreeco/swift-sharing
Working copy of https://github.com/pointfreeco/swift-sharing resolved at 2.9.0
Creating working copy for https://github.com/pointfreeco/xctest-dynamic-overlay
Working copy of https://github.com/pointfreeco/xctest-dynamic-overlay resolved at 1.10.1
Creating working copy for https://github.com/pointfreeco/swift-custom-dump
Working copy of https://github.com/pointfreeco/swift-custom-dump resolved at 1.6.1
Creating working copy for https://github.com/pointfreeco/combine-schedulers
Working copy of https://github.com/pointfreeco/combine-schedulers resolved at 1.2.0
Creating working copy for https://github.com/pointfreeco/swift-clocks
Working copy of https://github.com/pointfreeco/swift-clocks resolved at 1.1.0
Creating working copy for https://github.com/pointfreeco/swift-composable-architecture
Working copy of https://github.com/pointfreeco/swift-composable-architecture resolved at 1.26.0
Creating working copy for https://github.com/apple/swift-collections
Working copy of https://github.com/apple/swift-collections resolved at 1.6.0
Creating working copy for https://github.com/pointfreeco/swift-perception
Working copy of https://github.com/pointfreeco/swift-perception resolved at 2.0.10
Building for debugging...
[0/86] Write sources
[14/86] Copying PrivacyInfo.xcprivacy
[19/86] Write sources
[49/86] Compiling UIKitNavigationShim shim.m
[50/86] Compiling _SwiftSyntaxCShims PlatformMutex.c
[50/86] Write swift-version-24593BA9C3E375BF.txt
[53/102] Emitting module Sharing1
[54/102] Compiling Sharing1 Empty.swift
[56/103] Emitting module SwiftSyntax509
[57/103] Compiling SwiftSyntax509 Empty.swift
[58/104] Compiling SwiftSyntax600 Empty.swift
[59/104] Emitting module SwiftSyntax600
[62/106] Compiling Sharing2 Empty.swift
[63/106] Emitting module Sharing2
[64/156] Wrapping AST for SwiftSyntax600 for debugging
[65/156] Wrapping AST for SwiftSyntax509 for debugging
[67/156] Compiling InternalCollectionsUtilities UnsafeMutableRawBufferPointer+Extras.swift
[68/156] Compiling InternalCollectionsUtilities UnsafeRawBufferPointer+Extras.swift
[69/158] Emitting module SwiftSyntax510
[70/158] Compiling SwiftSyntax510 Empty.swift
[71/159] Compiling InternalCollectionsUtilities _SortedCollection.swift
[72/159] Compiling InternalCollectionsUtilities _UniqueCollection.swift
[74/159] Compiling SwiftSyntax603 Empty.swift
[75/159] Emitting module SwiftSyntax603
[76/160] Compiling SwiftSyntax601 Empty.swift
[77/160] Emitting module SwiftSyntax601
[78/161] Compiling SwiftSyntax602 Empty.swift
[79/161] Emitting module SwiftSyntax602
[80/162] Wrapping AST for SwiftSyntax510 for debugging
[84/162] Compiling InternalCollectionsUtilities LifetimeOverride.swift
[85/162] Compiling InternalCollectionsUtilities RandomAccessCollection+Offsets.swift
[86/162] Compiling InternalCollectionsUtilities Span+Extras.swift
[87/162] Compiling InternalCollectionsUtilities Debugging.swift
[88/162] Compiling InternalCollectionsUtilities Descriptions.swift
[89/162] Compiling InternalCollectionsUtilities FixedWidthInteger+roundUpToPowerOfTwo.swift
[89/162] Wrapping AST for SwiftSyntax603 for debugging
[90/162] Wrapping AST for SwiftSyntax601 for debugging
[91/162] Wrapping AST for SwiftSyntax602 for debugging
[93/173] Compiling InternalCollectionsUtilities UnsafeBufferPointer+Extras.swift
[94/173] Compiling InternalCollectionsUtilities UnsafeMutableBufferPointer+Extras.swift
[95/225] Emitting module InternalCollectionsUtilities
[96/225] Compiling SwiftSyntax TokenSequence.swift
[97/225] Compiling SwiftSyntax TokenSyntax.swift
[98/225] Compiling SwiftSyntax Trivia.swift
[99/225] Compiling SwiftSyntax CommonAncestor.swift
[100/225] Compiling SwiftSyntax Convenience.swift
[101/225] Compiling SwiftSyntax Assert.swift
[102/225] Compiling SwiftSyntax BumpPtrAllocator.swift
[104/283] Compiling ConcurrencyExtras MainSerialExecutor.swift
[105/284] Compiling ConcurrencyExtras UncheckedSendable.swift
[106/284] Compiling OrderedCollections _HashTable+Testing.swift
[107/284] Compiling OrderedCollections _HashTable+UnsafeHandle.swift
[108/284] Compiling OrderedCollections _HashTable.swift
[109/286] Compiling OrderedCollections OrderedSet+Partial SetAlgebra isSuperset.swift
[110/286] Compiling OrderedCollections OrderedSet+Partial SetAlgebra subtract.swift
[111/286] Compiling OrderedCollections OrderedSet+Partial SetAlgebra subtracting.swift
[112/286] Compiling OrderedCollections OrderedSet+Partial SetAlgebra symmetricDifference.swift
[113/286] Compiling OrderedCollections OrderedSet+Partial SetAlgebra union.swift
[114/286] Compiling OrderedCollections OrderedSet+Partial SetAlgebra+Basics.swift
[115/286] Compiling OrderedCollections OrderedSet+RandomAccessCollection.swift
[116/286] Compiling OrderedCollections OrderedSet+ReserveCapacity.swift
[117/293] Compiling OrderedCollections _Hashtable+Header.swift
[118/293] Compiling OrderedCollections OrderedDictionary+Codable.swift
[119/293] Compiling OrderedCollections OrderedDictionary+CustomReflectable.swift
[120/293] Compiling OrderedCollections OrderedDictionary+Deprecations.swift
[121/293] Compiling OrderedCollections OrderedDictionary+Descriptions.swift
[122/293] Compiling OrderedCollections OrderedSet+Partial SetAlgebra formSymmetricDifference.swift
[123/293] Compiling OrderedCollections OrderedSet+Partial SetAlgebra formUnion.swift
[124/293] Compiling OrderedCollections OrderedSet+Partial SetAlgebra intersection.swift
[125/293] Compiling OrderedCollections OrderedSet+Partial SetAlgebra isDisjoint.swift
[126/293] Compiling OrderedCollections OrderedSet+Partial SetAlgebra isEqualSet.swift
[127/293] Compiling OrderedCollections OrderedSet+Partial SetAlgebra isStrictSubset.swift
[128/293] Compiling OrderedCollections OrderedSet+Partial SetAlgebra isStrictSuperset.swift
[129/293] Compiling OrderedCollections OrderedSet+Partial SetAlgebra isSubset.swift
[130/293] Compiling OrderedCollections OrderedDictionary+Hashable.swift
[131/293] Compiling OrderedCollections OrderedDictionary+Initializers.swift
[132/293] Compiling OrderedCollections OrderedDictionary+Invariants.swift
[133/293] Compiling OrderedCollections OrderedDictionary+Move.swift
[134/293] Compiling OrderedCollections OrderedDictionary+Partial MutableCollection.swift
[135/293] Compiling OrderedCollections OrderedDictionary+Partial RangeReplaceableCollection.swift
[136/293] Compiling OrderedCollections OrderedDictionary+Sendable.swift
[137/293] Compiling OrderedCollections OrderedDictionary+Sequence.swift
[138/293] Compiling OrderedCollections _HashTable+Bucket.swift
[147/301] Emitting module IssueReporting
[148/301] Compiling IssueReporting WithExpectedIssue.swift
[149/301] Compiling IssueReporting WithIssueContext.swift
[150/301] Compiling ConcurrencyExtras LockIsolated.swift
[151/301] Compiling OrderedCollections OrderedDictionary+Values.swift
[152/301] Compiling OrderedCollections OrderedDictionary.swift
[153/301] Compiling OrderedCollections OrderedSet+Codable.swift
[154/301] Compiling OrderedCollections OrderedSet+CustomReflectable.swift
[155/301] Compiling OrderedCollections OrderedSet+Descriptions.swift
[156/301] Compiling OrderedCollections OrderedSet+Diffing.swift
[157/301] Compiling OrderedCollections OrderedSet+Equatable.swift
[158/301] Compiling OrderedCollections OrderedSet+ExpressibleByArrayLiteral.swift
[159/301] Compiling OrderedCollections OrderedSet+Hashable.swift
[160/301] Compiling OrderedCollections OrderedSet+Initializers.swift
[161/301] Compiling OrderedCollections OrderedSet+Insertions.swift
[162/301] Compiling OrderedCollections OrderedSet+Invariants.swift
[163/301] Compiling OrderedCollections OrderedSet+Move.swift
[164/301] Compiling OrderedCollections OrderedSet+Partial MutableCollection.swift
[165/301] Compiling OrderedCollections OrderedSet+Partial RangeReplaceableCollection.swift
[166/301] Compiling OrderedCollections OrderedSet+Partial SetAlgebra formIntersection.swift
[173/301] Compiling OrderedCollections OrderedDictionary+Equatable.swift
[174/301] Compiling OrderedCollections OrderedDictionary+ExpressibleByDictionaryLiteral.swift
[181/301] Compiling OrderedCollections _HashTable+BucketIterator.swift
[182/301] Compiling OrderedCollections _HashTable+Constants.swift
[183/301] Compiling OrderedCollections _HashTable+CustomStringConvertible.swift
[184/301] Compiling ConcurrencyExtras Result.swift
[185/301] Compiling ConcurrencyExtras Task.swift
[191/302] Emitting module ConcurrencyExtras
[198/342] Compiling CombineSchedulers TestScheduler.swift
[199/342] Compiling CombineSchedulers Timer.swift
[200/342] Compiling PerceptionCore WithPerceptionTracking.swift
[201/342] Compiling PerceptionCore ThreadLocal.swift
[202/342] Compiling PerceptionCore Bindable.swift
[203/342] Compiling PerceptionCore Environment.swift
[206/342] Compiling XCTestDynamicOverlay Exports.swift
[207/342] Compiling Clocks Timer.swift
[208/343] Compiling CombineSchedulers UIScheduler.swift
[209/343] Compiling CombineSchedulers UIKit.swift
[212/343] Compiling CombineSchedulers Platform.swift
[213/343] Compiling CombineSchedulers SwiftUI.swift
[214/344] Compiling Clocks Lock.swift
[215/344] Compiling CombineSchedulers Lock.swift
/host/spi-builder-workspace/.build/checkouts/combine-schedulers/Sources/CombineSchedulers/Internal/Lock.swift:54:7: error: cannot find 'pthread_mutexattr_init' in scope
52 | var attr = pthread_mutexattr_t()
53 | var mutex = pthread_mutex_t()
54 | pthread_mutexattr_init(&attr)
| `- error: cannot find 'pthread_mutexattr_init' in scope
55 | pthread_mutexattr_settype(&attr, Int32(PTHREAD_MUTEX_ERRORCHECK))
56 | pthread_mutex_init(&mutex, &attr)
/host/spi-builder-workspace/.build/checkouts/combine-schedulers/Sources/CombineSchedulers/Internal/Lock.swift:55:7: error: cannot find 'pthread_mutexattr_settype' in scope
53 | var mutex = pthread_mutex_t()
54 | pthread_mutexattr_init(&attr)
55 | pthread_mutexattr_settype(&attr, Int32(PTHREAD_MUTEX_ERRORCHECK))
| `- error: cannot find 'pthread_mutexattr_settype' in scope
56 | pthread_mutex_init(&mutex, &attr)
57 | pthread_mutexattr_destroy(&attr)
/host/spi-builder-workspace/.build/checkouts/combine-schedulers/Sources/CombineSchedulers/Internal/Lock.swift:55:46: error: cannot find 'PTHREAD_MUTEX_ERRORCHECK' in scope
53 | var mutex = pthread_mutex_t()
54 | pthread_mutexattr_init(&attr)
55 | pthread_mutexattr_settype(&attr, Int32(PTHREAD_MUTEX_ERRORCHECK))
| `- error: cannot find 'PTHREAD_MUTEX_ERRORCHECK' in scope
56 | pthread_mutex_init(&mutex, &attr)
57 | pthread_mutexattr_destroy(&attr)
/host/spi-builder-workspace/.build/checkouts/combine-schedulers/Sources/CombineSchedulers/Internal/Lock.swift:56:7: error: cannot find 'pthread_mutex_init' in scope
54 | pthread_mutexattr_init(&attr)
55 | pthread_mutexattr_settype(&attr, Int32(PTHREAD_MUTEX_ERRORCHECK))
56 | pthread_mutex_init(&mutex, &attr)
| `- error: cannot find 'pthread_mutex_init' in scope
57 | pthread_mutexattr_destroy(&attr)
58 | self.mutex = mutex
/host/spi-builder-workspace/.build/checkouts/combine-schedulers/Sources/CombineSchedulers/Internal/Lock.swift:57:7: error: cannot find 'pthread_mutexattr_destroy' in scope
55 | pthread_mutexattr_settype(&attr, Int32(PTHREAD_MUTEX_ERRORCHECK))
56 | pthread_mutex_init(&mutex, &attr)
57 | pthread_mutexattr_destroy(&attr)
| `- error: cannot find 'pthread_mutexattr_destroy' in scope
58 | self.mutex = mutex
59 | }
/host/spi-builder-workspace/.build/checkouts/combine-schedulers/Sources/CombineSchedulers/Internal/Lock.swift:66:7: error: cannot find 'pthread_mutex_lock' in scope
64 |
65 | func lock() {
66 | pthread_mutex_lock(&mutex)
| `- error: cannot find 'pthread_mutex_lock' in scope
67 | }
68 |
/host/spi-builder-workspace/.build/checkouts/combine-schedulers/Sources/CombineSchedulers/Internal/Lock.swift:70:7: error: cannot find 'pthread_mutex_unlock' in scope
68 |
69 | func unlock() {
70 | pthread_mutex_unlock(&mutex)
| `- error: cannot find 'pthread_mutex_unlock' in scope
71 | }
72 |
/host/spi-builder-workspace/.build/checkouts/combine-schedulers/Sources/CombineSchedulers/Internal/Lock.swift:78:7: error: cannot find 'pthread_mutex_destroy' in scope
76 |
77 | deinit {
78 | pthread_mutex_destroy(&mutex)
| `- error: cannot find 'pthread_mutex_destroy' in scope
79 | }
80 | }
[216/344] Compiling CombineSchedulers NSRecursiveLock.swift
/host/spi-builder-workspace/.build/checkouts/combine-schedulers/Sources/CombineSchedulers/Internal/Lock.swift:54:7: error: cannot find 'pthread_mutexattr_init' in scope
52 | var attr = pthread_mutexattr_t()
53 | var mutex = pthread_mutex_t()
54 | pthread_mutexattr_init(&attr)
| `- error: cannot find 'pthread_mutexattr_init' in scope
55 | pthread_mutexattr_settype(&attr, Int32(PTHREAD_MUTEX_ERRORCHECK))
56 | pthread_mutex_init(&mutex, &attr)
/host/spi-builder-workspace/.build/checkouts/combine-schedulers/Sources/CombineSchedulers/Internal/Lock.swift:55:7: error: cannot find 'pthread_mutexattr_settype' in scope
53 | var mutex = pthread_mutex_t()
54 | pthread_mutexattr_init(&attr)
55 | pthread_mutexattr_settype(&attr, Int32(PTHREAD_MUTEX_ERRORCHECK))
| `- error: cannot find 'pthread_mutexattr_settype' in scope
56 | pthread_mutex_init(&mutex, &attr)
57 | pthread_mutexattr_destroy(&attr)
/host/spi-builder-workspace/.build/checkouts/combine-schedulers/Sources/CombineSchedulers/Internal/Lock.swift:55:46: error: cannot find 'PTHREAD_MUTEX_ERRORCHECK' in scope
53 | var mutex = pthread_mutex_t()
54 | pthread_mutexattr_init(&attr)
55 | pthread_mutexattr_settype(&attr, Int32(PTHREAD_MUTEX_ERRORCHECK))
| `- error: cannot find 'PTHREAD_MUTEX_ERRORCHECK' in scope
56 | pthread_mutex_init(&mutex, &attr)
57 | pthread_mutexattr_destroy(&attr)
/host/spi-builder-workspace/.build/checkouts/combine-schedulers/Sources/CombineSchedulers/Internal/Lock.swift:56:7: error: cannot find 'pthread_mutex_init' in scope
54 | pthread_mutexattr_init(&attr)
55 | pthread_mutexattr_settype(&attr, Int32(PTHREAD_MUTEX_ERRORCHECK))
56 | pthread_mutex_init(&mutex, &attr)
| `- error: cannot find 'pthread_mutex_init' in scope
57 | pthread_mutexattr_destroy(&attr)
58 | self.mutex = mutex
/host/spi-builder-workspace/.build/checkouts/combine-schedulers/Sources/CombineSchedulers/Internal/Lock.swift:57:7: error: cannot find 'pthread_mutexattr_destroy' in scope
55 | pthread_mutexattr_settype(&attr, Int32(PTHREAD_MUTEX_ERRORCHECK))
56 | pthread_mutex_init(&mutex, &attr)
57 | pthread_mutexattr_destroy(&attr)
| `- error: cannot find 'pthread_mutexattr_destroy' in scope
58 | self.mutex = mutex
59 | }
/host/spi-builder-workspace/.build/checkouts/combine-schedulers/Sources/CombineSchedulers/Internal/Lock.swift:66:7: error: cannot find 'pthread_mutex_lock' in scope
64 |
65 | func lock() {
66 | pthread_mutex_lock(&mutex)
| `- error: cannot find 'pthread_mutex_lock' in scope
67 | }
68 |
/host/spi-builder-workspace/.build/checkouts/combine-schedulers/Sources/CombineSchedulers/Internal/Lock.swift:70:7: error: cannot find 'pthread_mutex_unlock' in scope
68 |
69 | func unlock() {
70 | pthread_mutex_unlock(&mutex)
| `- error: cannot find 'pthread_mutex_unlock' in scope
71 | }
72 |
/host/spi-builder-workspace/.build/checkouts/combine-schedulers/Sources/CombineSchedulers/Internal/Lock.swift:78:7: error: cannot find 'pthread_mutex_destroy' in scope
76 |
77 | deinit {
78 | pthread_mutex_destroy(&mutex)
| `- error: cannot find 'pthread_mutex_destroy' in scope
79 | }
80 | }
[217/344] Compiling CombineSchedulers ImmediateScheduler.swift
[218/344] Compiling CombineSchedulers Deprecations.swift
[219/344] Compiling CombineSchedulers AnyScheduler.swift
[220/344] Compiling CombineSchedulers Concurrency.swift
[221/344] Emitting module CombineSchedulers
[222/344] Emitting module Clocks
[223/344] Compiling CombineSchedulers UnimplementedScheduler.swift
[224/344] Compiling Clocks ImmediateClock.swift
[225/344] Emitting module XCTestDynamicOverlay
BUILD FAILURE 6.2 wasm