The Swift Package Index logo.Swift Package Index

Build Information

Failed to build GoogleCloudDLPV2, reference main (7e91af), with Swift 6.2 for Android on 11 Oct 2026 20:29:03 UTC.

Build Command

bash -c docker run --pull=always --rm -v "checkouts-53886768-0":/host -w "$PWD" -e JAVA_HOME="/root/.sdkman/candidates/java/current" -e SPI_BUILD="1" -e SPI_PROCESSING="1" registry.gitlab.com/saguaro1/spi-images:android-6.2-latest swift build --swift-sdk aarch64-unknown-linux-android28 2>&1

Build Log

========================================
RunAll
========================================
Builder version: 5.1.1
Interrupt handler set up.
========================================
Checkout
========================================
Clone URL: https://github.com/googleapis/swift-google-privacy-dlp-v2.git
Reference: main
Initialized empty Git repository in /host/spi-builder-workspace/.git/
hint: Using 'master' as the name for the initial branch. This default branch name
hint: is subject to change. To configure the initial branch name to use in all
hint: of your new repositories, which will suppress this warning, call:
hint:
hint: 	git config --global init.defaultBranch <name>
hint:
hint: Names commonly chosen instead of 'master' are 'main', 'trunk' and
hint: 'development'. The just-created branch can be renamed via this command:
hint:
hint: 	git branch -m <name>
From https://github.com/googleapis/swift-google-privacy-dlp-v2
 * branch            main       -> FETCH_HEAD
 * [new branch]      main       -> origin/main
HEAD is now at 7e91af9 chore: release circa 2026-10-07 (#1382)
Cloned https://github.com/googleapis/swift-google-privacy-dlp-v2.git
Revision (git rev-parse @):
7e91af9cb8baf12609dc3a57eb44a756846ebbe4
SPI manifest file found: $PWD/.spi.yml
SUCCESS checkout https://github.com/googleapis/swift-google-privacy-dlp-v2.git at main
========================================
Build
========================================
Selected platform:         android
Swift version:             6.2
Building package at path:  $PWD
https://github.com/googleapis/swift-google-privacy-dlp-v2.git
Running build ...
bash -c docker run --pull=always --rm -v "checkouts-53886768-0":/host -w "$PWD" -e JAVA_HOME="/root/.sdkman/candidates/java/current" -e SPI_BUILD="1" -e SPI_PROCESSING="1" registry.gitlab.com/saguaro1/spi-images:android-6.2-latest swift build --swift-sdk aarch64-unknown-linux-android28 2>&1
android-6.2-latest: Pulling from saguaro1/spi-images
Digest: sha256:a839c9ce201f1dacc8eb056626ec7ab0a1c6d53d7b77c83feda395f4507c51be
Status: Image is up to date for registry.gitlab.com/saguaro1/spi-images:android-6.2-latest
Fetching https://github.com/apple/swift-log
Fetching https://github.com/googleapis/swift-google-wkt
Fetching https://github.com/googleapis/swift-google-rpc
Fetching https://github.com/googleapis/swift-google-gax
Fetching https://github.com/googleapis/swift-google-auth
Fetching https://github.com/googleapis/swift-google-type
[1/8257] Fetching swift-log
[2/8679] Fetching swift-log, swift-google-rpc
[338/9116] Fetching swift-log, swift-google-rpc, swift-google-type
[451/10139] Fetching swift-log, swift-google-rpc, swift-google-type, swift-google-wkt
[1510/11162] Fetching swift-log, swift-google-rpc, swift-google-type, swift-google-wkt, swift-google-auth
[4981/12910] Fetching swift-log, swift-google-rpc, swift-google-type, swift-google-wkt, swift-google-auth, swift-google-gax
Fetched https://github.com/googleapis/swift-google-type from cache (0.40s)
[7850/12473] Fetching swift-log, swift-google-rpc, swift-google-wkt, swift-google-auth, swift-google-gax
Fetched https://github.com/googleapis/swift-google-rpc from cache (0.49s)
Fetched https://github.com/googleapis/swift-google-auth from cache (0.49s)
Fetched https://github.com/googleapis/swift-google-wkt from cache (0.49s)
Fetched https://github.com/googleapis/swift-google-gax from cache (0.49s)
Fetched https://github.com/apple/swift-log from cache (0.49s)
Computing version for https://github.com/googleapis/swift-google-wkt
Computed https://github.com/googleapis/swift-google-wkt at 0.5.0 (0.63s)
Fetching https://github.com/swift-extras/swift-extras-base64
[1/954] Fetching swift-extras-base64
Fetched https://github.com/swift-extras/swift-extras-base64 from cache (0.41s)
Computing version for https://github.com/googleapis/swift-google-type
Computed https://github.com/googleapis/swift-google-type at 0.5.0 (0.57s)
Computing version for https://github.com/googleapis/swift-google-rpc
Computed https://github.com/googleapis/swift-google-rpc at 0.5.0 (0.14s)
Computing version for https://github.com/googleapis/swift-google-gax
Computed https://github.com/googleapis/swift-google-gax at 0.5.0 (0.15s)
Fetching https://github.com/apple/swift-nio
Fetching https://github.com/swift-server/async-http-client.git
[1/16464] Fetching async-http-client
[16465/102838] Fetching async-http-client, swift-nio
Fetched https://github.com/swift-server/async-http-client.git from cache (3.02s)
Fetched https://github.com/apple/swift-nio from cache (3.05s)
Computing version for https://github.com/googleapis/swift-google-auth
Computed https://github.com/googleapis/swift-google-auth at 0.5.0 (3.20s)
Fetching https://github.com/apple/swift-system.git
Fetching https://github.com/vapor/jwt-kit.git
[1/7241] Fetching swift-system
[7242/17495] Fetching swift-system, jwt-kit
Fetched https://github.com/apple/swift-system.git from cache (0.62s)
[821/10254] Fetching jwt-kit
Fetched https://github.com/vapor/jwt-kit.git from cache (0.89s)
Computing version for https://github.com/swift-extras/swift-extras-base64
Computed https://github.com/swift-extras/swift-extras-base64 at 1.2.0 (1.03s)
Computing version for https://github.com/swift-server/async-http-client.git
Computed https://github.com/swift-server/async-http-client.git at 1.36.2 (0.16s)
Fetching https://github.com/apple/swift-nio-ssl.git
Fetching https://github.com/apple/swift-algorithms.git
Fetching https://github.com/apple/swift-atomics.git
Fetching https://github.com/apple/swift-nio-transport-services.git
Fetching https://github.com/apple/swift-service-context.git
Fetching https://github.com/apple/swift-configuration.git
[1/1501] Fetching swift-service-context
[542/5429] Fetching swift-service-context, swift-configuration
[1663/8296] Fetching swift-service-context, swift-configuration, swift-nio-transport-services
[1739/10185] Fetching swift-service-context, swift-configuration, swift-nio-transport-services, swift-atomics
Fetched https://github.com/apple/swift-service-context.git from cache (0.37s)
[2121/8684] Fetching swift-configuration, swift-nio-transport-services, swift-atomics
Fetching https://github.com/apple/swift-nio-extras.git
[4246/14848] Fetching swift-configuration, swift-nio-transport-services, swift-atomics, swift-algorithms
[8932/31719] Fetching swift-configuration, swift-nio-transport-services, swift-atomics, swift-algorithms, swift-nio-ssl
Fetched https://github.com/apple/swift-nio-transport-services.git from cache (0.46s)
[10269/28852] Fetching swift-configuration, swift-atomics, swift-algorithms, swift-nio-ssl
Fetching https://github.com/apple/swift-distributed-tracing.git
Fetched https://github.com/apple/swift-configuration.git from cache (0.47s)
Fetching https://github.com/apple/swift-nio-http2.git
[6941/24924] Fetching swift-atomics, swift-algorithms, swift-nio-ssl
Fetched https://github.com/apple/swift-atomics.git from cache (0.48s)
[6824/23035] Fetching swift-algorithms, swift-nio-ssl
[19156/29738] Fetching swift-algorithms, swift-nio-ssl, swift-nio-extras
[28332/36289] Fetching swift-algorithms, swift-nio-ssl, swift-nio-extras, swift-distributed-tracing
Fetched https://github.com/apple/swift-nio-extras.git from cache (0.55s)
[27359/29586] Fetching swift-algorithms, swift-nio-ssl, swift-distributed-tracing
[28605/41880] Fetching swift-algorithms, swift-nio-ssl, swift-distributed-tracing, swift-nio-http2
Fetched https://github.com/apple/swift-distributed-tracing.git from cache (0.55s)
[25617/35329] Fetching swift-algorithms, swift-nio-ssl, swift-nio-http2
Fetched https://github.com/apple/swift-algorithms.git from cache (1.19s)
Fetched https://github.com/apple/swift-nio-ssl.git from cache (1.20s)
Fetched https://github.com/apple/swift-nio-http2.git from cache (0.92s)
Computing version for https://github.com/apple/swift-service-context.git
Computed https://github.com/apple/swift-service-context.git at 1.3.0 (1.53s)
Computing version for https://github.com/apple/swift-algorithms.git
Computed https://github.com/apple/swift-algorithms.git at 1.2.1 (0.85s)
Fetching https://github.com/apple/swift-numerics.git
[1/6732] Fetching swift-numerics
Fetched https://github.com/apple/swift-numerics.git from cache (0.52s)
Computing version for https://github.com/apple/swift-log
Computed https://github.com/apple/swift-log at 1.16.1 (0.67s)
Computing version for https://github.com/apple/swift-distributed-tracing.git
Computed https://github.com/apple/swift-distributed-tracing.git at 1.5.0 (0.14s)
Computing version for https://github.com/apple/swift-atomics.git
Computed https://github.com/apple/swift-atomics.git at 1.3.1 (0.13s)
Computing version for https://github.com/apple/swift-numerics.git
Computed https://github.com/apple/swift-numerics.git at 1.1.1 (0.13s)
Computing version for https://github.com/apple/swift-nio
Computed https://github.com/apple/swift-nio at 2.104.0 (0.33s)
Fetching https://github.com/apple/swift-collections.git
[1/28703] Fetching swift-collections
Fetched https://github.com/apple/swift-collections.git from cache (1.21s)
Computing version for https://github.com/apple/swift-configuration.git
Computed https://github.com/apple/swift-configuration.git at 1.2.2 (1.99s)
Fetching https://github.com/swift-server/swift-service-lifecycle
[1/2867] Fetching swift-service-lifecycle
Fetched https://github.com/swift-server/swift-service-lifecycle from cache (0.54s)
Computing version for https://github.com/apple/swift-nio-transport-services.git
Computed https://github.com/apple/swift-nio-transport-services.git at 1.28.0 (0.69s)
Computing version for https://github.com/swift-server/swift-service-lifecycle
Computed https://github.com/swift-server/swift-service-lifecycle at 2.12.1 (0.13s)
Fetching https://github.com/apple/swift-async-algorithms.git
[1/6820] Fetching swift-async-algorithms
Fetched https://github.com/apple/swift-async-algorithms.git from cache (0.55s)
Computing version for https://github.com/apple/swift-async-algorithms.git
Computed https://github.com/apple/swift-async-algorithms.git at 1.1.7 (0.75s)
Computing version for https://github.com/apple/swift-collections.git
Computed https://github.com/apple/swift-collections.git at 1.7.2 (0.22s)
Computing version for https://github.com/apple/swift-nio-http2.git
Computed https://github.com/apple/swift-nio-http2.git at 1.46.0 (0.14s)
Computing version for https://github.com/vapor/jwt-kit.git
Computed https://github.com/vapor/jwt-kit.git at 5.7.1 (0.13s)
Fetching https://github.com/apple/swift-crypto.git
Fetching https://github.com/apple/swift-certificates.git
[1/7613] Fetching swift-certificates
[2/26242] Fetching swift-certificates, swift-crypto
Fetched https://github.com/apple/swift-certificates.git from cache (1.18s)
Fetched https://github.com/apple/swift-crypto.git from cache (1.19s)
Computing version for https://github.com/apple/swift-crypto.git
Computed https://github.com/apple/swift-crypto.git at 4.5.2 (1.78s)
Fetching https://github.com/apple/swift-asn1.git
[1/2009] Fetching swift-asn1
Fetched https://github.com/apple/swift-asn1.git from cache (0.40s)
Computing version for https://github.com/apple/swift-asn1.git
Computed https://github.com/apple/swift-asn1.git at 1.7.3 (0.58s)
Computing version for https://github.com/apple/swift-certificates.git
Computed https://github.com/apple/swift-certificates.git at 1.21.0 (0.19s)
Computing version for https://github.com/apple/swift-nio-ssl.git
Computed https://github.com/apple/swift-nio-ssl.git at 2.37.5 (0.17s)
Computing version for https://github.com/apple/swift-system.git
Computed https://github.com/apple/swift-system.git at 1.8.1 (0.16s)
Computing version for https://github.com/apple/swift-nio-extras.git
Computed https://github.com/apple/swift-nio-extras.git at 1.35.1 (0.24s)
Fetching https://github.com/apple/swift-http-types.git
Fetching https://github.com/apple/swift-http-structured-headers.git
[1/1253] Fetching swift-http-structured-headers
[2/3192] Fetching swift-http-structured-headers, swift-http-types
Fetched https://github.com/apple/swift-http-structured-headers.git from cache (0.38s)
Fetched https://github.com/apple/swift-http-types.git from cache (0.39s)
Computing version for https://github.com/apple/swift-http-structured-headers.git
Computed https://github.com/apple/swift-http-structured-headers.git at 1.7.0 (0.54s)
Computing version for https://github.com/apple/swift-http-types.git
Computed https://github.com/apple/swift-http-types.git at 1.8.0 (0.16s)
Creating working copy for https://github.com/apple/swift-certificates.git
Working copy of https://github.com/apple/swift-certificates.git resolved at 1.21.0
Creating working copy for https://github.com/apple/swift-http-types.git
Working copy of https://github.com/apple/swift-http-types.git resolved at 1.8.0
Creating working copy for https://github.com/vapor/jwt-kit.git
Working copy of https://github.com/vapor/jwt-kit.git resolved at 5.7.1
Creating working copy for https://github.com/apple/swift-nio-transport-services.git
Working copy of https://github.com/apple/swift-nio-transport-services.git resolved at 1.28.0
Creating working copy for https://github.com/apple/swift-nio
Working copy of https://github.com/apple/swift-nio resolved at 2.104.0
Creating working copy for https://github.com/apple/swift-nio-http2.git
Working copy of https://github.com/apple/swift-nio-http2.git resolved at 1.46.0
Creating working copy for https://github.com/apple/swift-nio-ssl.git
Working copy of https://github.com/apple/swift-nio-ssl.git resolved at 2.37.5
Creating working copy for https://github.com/googleapis/swift-google-wkt
Working copy of https://github.com/googleapis/swift-google-wkt resolved at 0.5.0
Creating working copy for https://github.com/apple/swift-crypto.git
Working copy of https://github.com/apple/swift-crypto.git resolved at 4.5.2
Creating working copy for https://github.com/googleapis/swift-google-auth
Working copy of https://github.com/googleapis/swift-google-auth resolved at 0.5.0
Creating working copy for https://github.com/apple/swift-algorithms.git
Working copy of https://github.com/apple/swift-algorithms.git resolved at 1.2.1
Creating working copy for https://github.com/apple/swift-distributed-tracing.git
Working copy of https://github.com/apple/swift-distributed-tracing.git resolved at 1.5.0
Creating working copy for https://github.com/apple/swift-system.git
Working copy of https://github.com/apple/swift-system.git resolved at 1.8.1
Creating working copy for https://github.com/apple/swift-async-algorithms.git
Working copy of https://github.com/apple/swift-async-algorithms.git resolved at 1.1.7
Creating working copy for https://github.com/swift-server/async-http-client.git
Working copy of https://github.com/swift-server/async-http-client.git resolved at 1.36.2
Creating working copy for https://github.com/apple/swift-nio-extras.git
Working copy of https://github.com/apple/swift-nio-extras.git resolved at 1.35.1
Creating working copy for https://github.com/apple/swift-asn1.git
Working copy of https://github.com/apple/swift-asn1.git resolved at 1.7.3
Creating working copy for https://github.com/apple/swift-service-context.git
Working copy of https://github.com/apple/swift-service-context.git resolved at 1.3.0
Creating working copy for https://github.com/apple/swift-numerics.git
Working copy of https://github.com/apple/swift-numerics.git resolved at 1.1.1
Creating working copy for https://github.com/apple/swift-http-structured-headers.git
Working copy of https://github.com/apple/swift-http-structured-headers.git resolved at 1.7.0
Creating working copy for https://github.com/googleapis/swift-google-rpc
Working copy of https://github.com/googleapis/swift-google-rpc resolved at 0.5.0
Creating working copy for https://github.com/swift-server/swift-service-lifecycle
Working copy of https://github.com/swift-server/swift-service-lifecycle resolved at 2.12.1
Creating working copy for https://github.com/apple/swift-atomics.git
Working copy of https://github.com/apple/swift-atomics.git resolved at 1.3.1
Creating working copy for https://github.com/apple/swift-configuration.git
Working copy of https://github.com/apple/swift-configuration.git resolved at 1.2.2
Creating working copy for https://github.com/apple/swift-collections.git
Working copy of https://github.com/apple/swift-collections.git resolved at 1.7.2
Creating working copy for https://github.com/googleapis/swift-google-type
Working copy of https://github.com/googleapis/swift-google-type resolved at 0.5.0
Creating working copy for https://github.com/apple/swift-log
Working copy of https://github.com/apple/swift-log resolved at 1.16.1
Creating working copy for https://github.com/swift-extras/swift-extras-base64
Working copy of https://github.com/swift-extras/swift-extras-base64 resolved at 1.2.0
Creating working copy for https://github.com/googleapis/swift-google-gax
Working copy of https://github.com/googleapis/swift-google-gax resolved at 0.5.0
Building for debugging...
[0/1132] Compiling sha1-armv8-apple.S
[0/1132] Compiling sha1-armv4-large-linux.S
[0/1132] Compiling rsaz-avx2-linux.S
[1/1132] Write sources
[4/1132] Compiling sha1-586-linux.S
[4/1132] Write sources
[20/1132] Compiling sha1-586-apple.S
[21/1132] Write sources
[26/1132] Compiling sha1-armv8-win.S
[28/1132] Write sources
[108/1132] Compiling sha1-armv8-linux.S
[109/1132] Compiling _AtomicsShims.c
[110/1132] Compiling CXKCPShims shims.c
[111/1132] Compiling SimpleFIPS202.c
[112/1132] Compiling KeccakHash.c
[113/1132] Compiling CNIOWindows shim.c
[114/1132] Compiling KeccakSponge.c
[115/1132] Compiling CNIOWindows WSAStartup.c
[116/1132] Compiling CNIOPosix event_loop_id.c
[117/1132] Compiling CNIOWASI CNIOWASI.c
[118/1132] Compiling CNIOOpenBSD shim.c
[119/1132] Compiling CSystem shims.c
[120/1132] Compiling _NumericsShims _NumericsShims.c
[121/1132] Write swift-version--11D90AFD9DD3AB2.txt
[122/1132] Compiling CNIOLinux liburing_shims.c
[123/1132] Compiling CNIOFreeBSD shim.c
[124/1132] Compiling CNIOLLHTTP c_nio_http.c
[125/1132] Compiling CNIOLinux shim.c
[126/1133] Compiling CNIOLLHTTP c_nio_api.c
[127/1194] Compiling CNIOLLHTTP c_nio_llhttp.c
[129/1197] Emitting module _NIOBase64
[129/1197] Compiling KeccakP-1600-opt64.c
[131/1197] Emitting module _CertificateInternals
[132/1199] Emitting module ServiceContextModule
[132/1208] Compiling a_strnid.cc
[134/1219] Emitting module Logging
[135/1220] Compiling Logging Locks.swift
[136/1220] Compiling SwiftASN1 GeneralizedTime.swift
[137/1222] Compiling Logging LogEvent.swift
[138/1222] Compiling Logging LogHandler.swift
[139/1223] Compiling RealModule RealFunctions.swift
[140/1223] Compiling RealModule RelaxedArithmetic.swift
[141/1223] Compiling ServiceContextModule ServiceContext.swift
[142/1223] Compiling Logging MultiplexLogHandler.swift
[143/1223] Compiling Logging StreamLogHandler.swift
[144/1223] Compiling Logging Logger+With.swift
[145/1223] Compiling SwiftASN1 TimeUtilities.swift
[146/1223] Compiling SwiftASN1 UTCTime.swift
[147/1223] Emitting module RealModule
[148/1223] Compiling Logging SwiftLogNoOpLogHandler.swift
[150/1223] Compiling Logging LoggingSystem.swift
[151/1223] Compiling SwiftASN1 ASN1Integer.swift
[152/1223] Compiling SwiftASN1 ASN1Null.swift
[153/1223] Compiling _CertificateInternals _TinyArray.swift
[156/1224] Compiling _NIODataStructures Heap.swift
[158/1224] Compiling RealModule Real.swift
[159/1224] Compiling SwiftASN1 ASN1BitString.swift
[160/1224] Compiling SwiftASN1 ASN1Boolean.swift
[161/1224] Compiling SwiftASN1 ASN1Identifier.swift
[162/1224] Emitting module SwiftASN1
[166/1224] Compiling Logging Logger+Attributes.swift
[169/1224] Compiling _NIOBase64 Base64.swift
[170/1224] Emitting module _NIODataStructures
[171/1224] Compiling _NIODataStructures PriorityQueue.swift
[172/1224] Compiling _NIODataStructures _TinyArray.swift
[173/1225] Compiling RealModule Float80+Real.swift
[174/1225] Compiling RealModule Float16+Real.swift
[178/1255] Compiling ServiceContextModule ServiceContextKey.swift
[179/1256] Compiling Logging Logger.swift
[179/1256] Wrapping AST for _NIOBase64 for debugging
[181/1260] Wrapping AST for _NIODataStructures for debugging
[182/1261] Wrapping AST for _CertificateInternals for debugging
[183/1261] Wrapping AST for RealModule for debugging
[184/1261] Compiling CNIOExtrasZlib zutil.c
[185/1267] Wrapping AST for ServiceContextModule for debugging
[186/1267] Compiling CNIOExtrasZlib trees.c
[187/1267] Compiling CNIOExtrasZlib inftrees.c
[189/1267] Compiling InternalCollectionsUtilities UnsafeMutablePointer+Extras.swift
[190/1267] Compiling InternalCollectionsUtilities UnsafeMutableRawBufferPointer+Extras.swift
[191/1267] Compiling Instrumentation NoOpInstrument.swift
[192/1267] Compiling Instrumentation MultiplexInstrument.swift
[192/1267] Compiling CNIOExtrasZlib inflate.c
[193/1267] Compiling CNIOExtrasZlib inffast.c
[195/1267] Compiling Instrumentation InstrumentationSystem.swift
[196/1267] Compiling Instrumentation Instrument.swift
[197/1267] Emitting module Instrumentation
[197/1267] Compiling CNIOExtrasZlib crc32.c
[201/1267] Compiling InternalCollectionsUtilities UnsafePointer+Extras.swift
[201/1270] Compiling CNIOExtrasZlib adler32.c
[202/1270] Compiling CNIODarwin shim.c
[203/1270] Compiling CNIOExtrasZlib deflate.c
[204/1270] Compiling InternalCollectionsUtilities MutableSpan+Extras.swift
[205/1270] Compiling InternalCollectionsUtilities OutputSpan+Extras.swift
[206/1270] Compiling InternalCollectionsUtilities RandomAccessCollection+Offsets.swift
[207/1270] Compiling InternalCollectionsUtilities Span+Extras.swift
[208/1270] Compiling InternalCollectionsUtilities Strideable+LimitHelpers.swift
[209/1270] Compiling InternalCollectionsUtilities String+Padding.swift
[210/1270] Compiling InternalCollectionsUtilities TemporaryAllocation.swift
[211/1270] Compiling InternalCollectionsUtilities _UnsafeBitSet+Index.swift
[213/1270] Compiling InternalCollectionsUtilities FixedWidthInteger+roundUpToPowerOfTwo.swift
[214/1270] Compiling InternalCollectionsUtilities Integer rank.swift
[215/1270] Compiling InternalCollectionsUtilities UInt+first and last set bit.swift
[216/1270] Compiling InternalCollectionsUtilities UInt+reversed.swift
[216/1270] Compiling fiat_p256_adx_sqr.S
[218/1270] Compiling InternalCollectionsUtilities UnsafeRawBufferPointer+Extras.swift
[219/1270] Compiling InternalCollectionsUtilities _SortedCollection.swift
[220/1270] Compiling InternalCollectionsUtilities _UniqueCollection.swift
[220/1270] Compiling fiat_p256_adx_mul.S
[221/1270] Compiling fiat_curve25519_adx_square.S
[222/1270] Compiling fiat_curve25519_adx_mul.S
[223/1270] Compiling CNIOBoringSSLShims shims.c
[225/1270] Emitting module InternalCollectionsUtilities
[226/1270] Compiling InternalCollectionsUtilities Iterable+CopyContents.swift
[227/1270] Compiling InternalCollectionsUtilities Iterable+Equality.swift
[228/1270] Compiling InternalCollectionsUtilities LifetimeOverride.swift
[229/1270] Compiling InternalCollectionsUtilities MutableRef.swift
[230/1270] Compiling InternalCollectionsUtilities BorrowingIteratorProtocol+Equality.swift
[231/1270] Compiling InternalCollectionsUtilities BorrowingIteratorProtocol+Extras.swift
[232/1270] Compiling InternalCollectionsUtilities Debugging.swift
[233/1270] Compiling InternalCollectionsUtilities Descriptions.swift
[234/1270] Compiling InternalCollectionsUtilities _UnsafeBitSet+_Word.swift
[235/1270] Compiling InternalCollectionsUtilities _UnsafeBitSet.swift
[236/1270] Compiling InternalCollectionsUtilities UnsafeBufferPointer+Extras.swift
[237/1270] Compiling InternalCollectionsUtilities UnsafeMutableBufferPointer+Extras.swift
[239/1271] Compiling Logging MetadataProvider.swift
[240/1271] Compiling Instrumentation Locks.swift
[251/1282] Wrapping AST for InternalCollectionsUtilities for debugging
[269/1282] Emitting module SystemPackage
[270/1285] Compiling SystemPackage RawBuffer.swift
[271/1285] Compiling SystemPackage Syscalls.swift
[272/1285] Compiling SystemPackage WindowsSyscallAdapters.swift
[273/1285] Compiling SystemPackage MachPort.swift
[274/1285] Compiling SystemPackage PlatformString.swift
[275/1286] Emitting module SpanPreview
[276/1289] Compiling SpanPreview MutableSpan+InputSpanHelpers.swift
[277/1289] Compiling SpanPreview OutputSpan+InputSpanHelpers.swift
[278/1289] Compiling SpanPreview InputSpan.swift
[279/1291] Wrapping AST for Logging for debugging
[287/1292] Compiling SystemPackage Mocking.swift
[294/1297] Compiling Tracing TracingTime.swift
[295/1335] Compiling Tracing TracerProtocol.swift
[295/1335] Compiling tls_record.cc
[297/1335] Compiling Tracing WithTracer.swift
[297/1335] Wrapping AST for SpanPreview for debugging
[298/1335] Wrapping AST for Instrumentation for debugging
[299/1335] Wrapping AST for SwiftASN1 for debugging
[301/1335] Compiling Tracing Tracer.swift
[302/1335] Compiling Tracing TracerProtocol+Legacy.swift
[302/1335] Compiling tls_method.cc
[304/1335] Compiling DequeModule RigidDeque+Descriptions.swift
[305/1335] Compiling DequeModule RigidDeque+Equatable.swift
[306/1335] Compiling DequeModule RigidDeque+Hashable.swift
[307/1335] Compiling DequeModule RigidDeque+Initializers.swift
[308/1335] Compiling DequeModule RigidDeque+Insertions.swift
[309/1335] Compiling DequeModule RigidDeque+Iterable.swift
[310/1340] Compiling DequeModule RigidDeque+Prepend.swift
[311/1340] Compiling DequeModule RigidDeque+Removals.swift
[312/1340] Compiling DequeModule RigidDeque+Replacements.swift
[313/1340] Compiling DequeModule RigidDeque+Testing.swift
[314/1340] Compiling DequeModule RigidDeque.swift
[315/1340] Compiling DequeModule UniqueDeque+Append.swift
[316/1340] Compiling DequeModule _DequeBuffer.swift
[317/1340] Compiling DequeModule _DequeBufferHeader.swift
[318/1340] Compiling DequeModule RigidDeque+Append.swift
[319/1340] Compiling DequeModule RigidDeque+Consumption.swift
[320/1340] Compiling DequeModule RigidDeque+ContainerOperations.swift
[321/1340] Compiling DequeModule RigidDeque+Deprecations.swift
[322/1340] Compiling Tracing SpanProtocol.swift
[323/1340] Compiling Tracing InstrumentationSystem+Tracing.swift
[324/1340] Emitting module Tracing
[325/1340] Compiling Tracing NoOpTracer.swift
[326/1341] Compiling DequeModule UniqueDeque+Consumption.swift
[327/1341] Compiling DequeModule UniqueDeque+ContainerOperations.swift
[328/1341] Compiling DequeModule UniqueDeque+Deprecations.swift
[329/1341] Compiling DequeModule UniqueDeque+Descriptions.swift
[330/1341] Compiling DequeModule UniqueDeque+Equatable.swift
[331/1341] Compiling DequeModule UniqueDeque+Hashable.swift
[332/1341] Compiling DequeModule UniqueDeque+Initializers.swift
[333/1341] Compiling DequeModule UniqueDeque+Insertions.swift
[334/1341] Compiling DequeModule UniqueDeque+Iterable.swift
[335/1341] Compiling DequeModule UniqueDeque+Prepend.swift
[336/1341] Compiling DequeModule UniqueDeque+Removals.swift
[337/1341] Compiling tls13_server.cc
[338/1341] Wrapping AST for Tracing for debugging
[345/1342] Compiling tls13_client.cc
[346/1342] Wrapping AST for SystemPackage for debugging
[348/1342] Compiling DequeModule Deque+Extras.swift
[349/1342] Compiling DequeModule Deque+Hashable.swift
[350/1342] Compiling DequeModule Deque+Testing.swift
[351/1342] Compiling DequeModule Deque._Storage.swift
[352/1342] Compiling DequeModule Deque._UnsafeHandle.swift
[353/1342] Compiling DequeModule Deque.swift
[354/1342] Compiling DequeModule Deque+Codable.swift
[355/1342] Compiling DequeModule Deque+Collection.swift
[356/1342] Compiling DequeModule Deque+CustomReflectable.swift
[357/1342] Compiling DequeModule Deque+Descriptions.swift
[358/1342] Compiling DequeModule Deque+Equatable.swift
[359/1342] Compiling DequeModule Deque+ExpressibleByArrayLiteral.swift
[359/1342] Compiling tls13_both.cc
[360/1342] Compiling tls13_enc.cc
[361/1342] Compiling t1_enc.cc
[363/1342] Emitting module DequeModule
[363/1342] Compiling ssl_transcript.cc
[364/1342] Compiling ssl_x509.cc
[365/1342] Compiling ssl_versions.cc
[366/1342] Compiling ssl_stat.cc
[367/1342] Compiling ssl_session.cc
[368/1342] Compiling ssl_privkey.cc
[370/1342] Compiling ExtrasBase64 Base32.swift
[371/1342] Emitting module ExtrasBase64
[372/1342] Compiling ExtrasBase64 Base32+Span.swift
[373/1342] Compiling DequeModule UniqueDeque+Replacements.swift
[374/1342] Compiling DequeModule UniqueDeque.swift
[375/1342] Compiling DequeModule _DequeSlot.swift
[376/1342] Compiling DequeModule _UnsafeDequeHandle.swift
[377/1342] Compiling DequeModule _UnsafeDequeSegments.swift
[378/1343] Compiling ssl_file.cc
[380/1377] Compiling ExtrasBase64 Base64+Span.swift
[381/1384] Compiling ExtrasBase64 Base64.swift
[381/1387] Compiling ssl_key_share.cc
[383/1387] Wrapping AST for DequeModule for debugging
[384/1418] Compiling ssl_lib.cc
[385/1418] Wrapping AST for ExtrasBase64 for debugging
[386/1418] Compiling ssl_credential.cc
[387/1418] Compiling ssl_cert.cc
[388/1418] Compiling ssl_cipher.cc
[389/1418] Compiling ssl_buffer.cc
[391/1418] Compiling GoogleWKT WKTStringValue.swift
[392/1418] Compiling GoogleWKT WKTTimestamp.swift
[393/1418] Compiling GoogleWKT WKTUInt32Value.swift
[394/1418] Compiling GoogleWKT WKTUInt64Value.swift
[395/1418] Compiling GoogleWKT WKTValue.swift
[396/1418] Compiling GoogleWKT WKTApi.swift
[397/1423] Compiling GoogleWKT WKTDoubleValue.swift
[398/1423] Compiling GoogleWKT WKTDuration.swift
[399/1423] Compiling GoogleWKT WKTEmpty.swift
[400/1423] Compiling GoogleWKT WKTFieldMask.swift
[400/1427] Compiling ssl_aead_ctx.cc
[402/1427] Compiling GoogleWKT UnknownFields.swift
[403/1427] Compiling GoogleWKT WKTAny.swift
[404/1427] Compiling GoogleWKT WKTAnyError.swift
[405/1427] Compiling GoogleWKT WKTBoolValue.swift
[406/1427] Compiling GoogleWKT WKTBytesValue.swift
[406/1427] Compiling ssl_asn1.cc
[408/1427] Compiling GoogleWKT WKTFloatValue.swift
[409/1427] Compiling GoogleWKT WKTInt32Value.swift
[410/1427] Compiling GoogleWKT WKTInt64Value.swift
[411/1427] Compiling GoogleWKT WKTRecursive.swift
[415/1427] Compiling s3_pkt.cc
[419/1427] Compiling GoogleWKT WKTEnum.swift
[420/1427] Compiling GoogleWKT WKTEnumValue.swift
[421/1427] Compiling GoogleWKT WKTField.swift
[422/1427] Compiling GoogleWKT WKTMethod.swift
[423/1427] Compiling GoogleWKT WKTMixin.swift
[424/1427] Compiling GoogleWKT WKTOption.swift
[425/1427] Compiling GoogleWKT WKTSourceContext.swift
[426/1427] Compiling GoogleWKT WKTSyntax.swift
[427/1427] Compiling GoogleWKT WKTType.swift
[428/1427] Compiling GoogleWKT PackageVersion.swift
[429/1427] Compiling GoogleWKT AnyPackable.swift
[430/1427] Compiling GoogleWKT DecodeToDefault.swift
[431/1427] Compiling GoogleWKT DiscoveryBase64.swift
[432/1427] Compiling GoogleWKT ProtoJSONDecoder.swift
[433/1427] Compiling GoogleWKT ProtoJSONEncoder.swift
[434/1427] Emitting module GoogleWKT
[435/1428] Compiling s3_lib.cc
[436/1446] Compiling s3_both.cc
[437/1461] Compiling handshake_server.cc
[438/1461] Wrapping AST for GoogleWKT for debugging
[439/1461] Compiling GoogleRpc HttpResponse.swift
[440/1461] Compiling GoogleRpc PreconditionFailure.swift
[442/1463] Emitting module GoogleType
[443/1463] Compiling GoogleRpc BadRequest.swift
[444/1463] Compiling GoogleRpc Code.swift
[445/1463] Compiling GoogleRpc DebugInfo.swift
[445/1463] Compiling handshake_client.cc
[447/1463] Compiling GoogleRpc RequestInfo.swift
[448/1463] Compiling GoogleRpc ResourceInfo.swift
[449/1465] Compiling GoogleRpc Status.swift
[450/1465] Compiling GoogleType Month.swift
[451/1465] Compiling GoogleRpc QuotaFailure.swift
[454/1465] Compiling GoogleRpc RetryInfo.swift
[455/1465] Compiling GoogleRpc ErrorInfo.swift
[456/1465] Compiling GoogleRpc LocalizedMessage.swift
[457/1465] Compiling GoogleRpc PackageVersion.swift
[458/1465] Compiling GoogleRpc Help.swift
[459/1465] Compiling GoogleRpc HttpHeader.swift
[460/1465] Compiling GoogleRpc HttpRequest.swift
[466/1465] Compiling GoogleType TimeOfDay.swift
[467/1465] Emitting module GoogleRpc
[480/1465] Compiling Configuration CombineLatestManyStorage.swift
[481/1465] Compiling Configuration AsyncSequences.swift
[482/1465] Compiling Configuration FoundationExtensions.swift
[483/1465] Compiling Configuration Span.swift
[484/1465] Compiling Configuration ConfigBytesFromStringDecoder.swift
[484/1465] Compiling handshake.cc
[490/1465] Compiling Configuration YAMLSnapshot.swift
[491/1465] Compiling Configuration InMemoryProvider.swift
[498/1465] Compiling Configuration SeparatorKeyEncoder.swift
[499/1465] Compiling Configuration MultiProvider.swift
[500/1465] Compiling Configuration CLIArgumentParser.swift
[501/1465] Compiling Configuration CLISnapshot.swift
[502/1465] Compiling Configuration CommandLineArgumentsProvider.swift
[503/1465] Compiling Configuration EnvironmentFileParser.swift
[507/1466] Compiling GoogleType TimeZone.swift
[509/1467] Wrapping AST for GoogleType for debugging
[510/1467] Wrapping AST for GoogleRpc for debugging
[511/1467] Compiling handoff.cc
[519/1467] Emitting module Configuration
[526/1468] Compiling extensions.cc
[527/1468] Wrapping AST for Configuration for debugging
[528/1468] Compiling dtls_record.cc
[529/1468] Compiling encrypted_client_hello.cc
[530/1468] Compiling md5-x86_64-linux.S
[531/1468] Compiling md5-x86_64-apple.S
[532/1468] Compiling md5-586-apple.S
[533/1468] Compiling md5-586-linux.S
[534/1468] Compiling dtls_method.cc
[535/1468] Compiling chacha20_poly1305_x86_64-linux.S
[536/1468] Compiling chacha20_poly1305_x86_64-apple.S
[537/1468] Compiling chacha20_poly1305_armv8-win.S
[538/1468] Compiling chacha20_poly1305_armv8-apple.S
[539/1468] Compiling chacha20_poly1305_armv8-linux.S
[540/1468] Compiling chacha-x86_64-linux.S
[541/1468] Compiling chacha-x86_64-apple.S
[542/1468] Compiling chacha-x86-linux.S
[543/1468] Compiling chacha-x86-apple.S
[544/1468] Compiling chacha-armv8-win.S
[545/1468] Compiling chacha-armv8-apple.S
[546/1468] Compiling d1_srtp.cc
[547/1468] Compiling d1_pkt.cc
[548/1468] Compiling chacha-armv8-linux.S
[549/1468] Compiling chacha-armv4-linux.S
[550/1468] Compiling aes128gcmsiv-x86_64-apple.S
[551/1468] Compiling aes128gcmsiv-x86_64-linux.S
[552/1468] Compiling x86_64-mont5-linux.S
[553/1468] Compiling x86_64-mont5-apple.S
[554/1468] Compiling x86_64-mont-linux.S
[555/1468] Compiling d1_lib.cc
[556/1468] Compiling err_data.cc
[557/1468] Compiling x86-mont-linux.S
[557/1468] Compiling x86_64-mont-apple.S
[559/1468] Compiling x86-mont-apple.S
[560/1468] Compiling vpaes-x86_64-linux.S
[561/1468] Compiling vpaes-armv8-win.S
[562/1468] Compiling vpaes-x86-linux.S
[563/1468] Compiling vpaes-x86_64-apple.S
[564/1468] Compiling vpaes-x86-apple.S
[565/1468] Compiling vpaes-armv8-linux.S
[566/1468] Compiling vpaes-armv8-apple.S
[567/1468] Compiling vpaes-armv7-linux.S
[568/1468] Compiling sha512-x86_64-linux.S
[569/1468] Compiling sha512-x86_64-apple.S
[570/1468] Compiling sha512-armv8-win.S
[571/1468] Compiling sha512-armv8-apple.S
[572/1468] Compiling sha512-armv4-linux.S
[573/1468] Compiling sha512-586-linux.S
[574/1468] Compiling sha512-586-apple.S
[575/1468] Compiling bio_ssl.cc
[576/1468] Compiling sha512-armv8-linux.S
[577/1468] Compiling sha256-x86_64-linux.S
[578/1468] Compiling sha256-armv8-win.S
[579/1468] Compiling sha256-x86_64-apple.S
[580/1468] Compiling sha256-armv8-apple.S
[581/1468] Compiling sha256-armv4-linux.S
[582/1468] Compiling sha256-586-linux.S
[583/1468] Compiling sha256-586-apple.S
[584/1468] Compiling sha256-armv8-linux.S
[585/1468] Compiling sha1-x86_64-linux.S
[586/1468] Compiling sha1-x86_64-apple.S
[587/1468] Compiling sha1-armv8-win.S
[588/1468] Compiling sha1-armv4-large-linux.S
[589/1468] Compiling sha1-586-linux.S
[590/1468] Compiling sha1-armv8-apple.S
[591/1468] Compiling sha1-armv8-linux.S
[592/1468] Compiling sha1-586-apple.S
[593/1468] Compiling rsaz-avx2-linux.S
[594/1468] Compiling rsaz-avx2-apple.S
[595/1468] Compiling rdrand-x86_64-linux.S
[596/1468] Compiling rdrand-x86_64-apple.S
[597/1468] Compiling p256_beeu-x86_64-asm-linux.S
[598/1468] Compiling p256_beeu-armv8-asm-win.S
[599/1468] Compiling p256_beeu-x86_64-asm-apple.S
[600/1468] Compiling p256_beeu-armv8-asm-apple.S
[600/1468] Compiling p256_beeu-armv8-asm-linux.S
[602/1468] Compiling p256-x86_64-asm-linux.S
[603/1468] Compiling p256-armv8-asm-win.S
[604/1468] Compiling p256-armv8-asm-apple.S
[604/1468] Compiling p256-x86_64-asm-apple.S
[606/1468] Compiling p256-armv8-asm-linux.S
[607/1468] Compiling ghashv8-armv8-win.S
[608/1468] Compiling ghashv8-armv8-linux.S
[609/1468] Compiling ghashv8-armv8-apple.S
[610/1468] Compiling ghashv8-armv7-linux.S
[611/1468] Compiling ghash-x86_64-linux.S
[612/1468] Compiling ghash-x86_64-apple.S
[613/1468] Compiling ghash-x86-linux.S
[614/1468] Compiling ghash-ssse3-x86_64-apple.S
[615/1468] Compiling ghash-x86-apple.S
[616/1468] Compiling ghash-ssse3-x86_64-linux.S
[617/1468] Compiling ghash-ssse3-x86-linux.S
[618/1468] Compiling ghash-ssse3-x86-apple.S
[619/1468] Compiling ghash-neon-armv8-win.S
[620/1468] Compiling ghash-neon-armv8-linux.S
[621/1468] Compiling ghash-neon-armv8-apple.S
[622/1468] Compiling co-586-linux.S
[623/1468] Compiling ghash-armv4-linux.S
[624/1468] Compiling co-586-apple.S
[625/1468] Compiling bn-armv8-win.S
[626/1468] Compiling bsaes-armv7-linux.S
[627/1468] Compiling bn-armv8-linux.S
[628/1468] Compiling bn-armv8-apple.S
[629/1468] Compiling bn-586-linux.S
[630/1468] Compiling bn-586-apple.S
[631/1468] Compiling armv8-mont-win.S
[632/1468] Compiling armv8-mont-apple.S
[633/1468] Compiling armv4-mont-linux.S
[634/1468] Compiling armv8-mont-linux.S
[635/1468] Compiling aesv8-gcm-armv8-win.S
[636/1468] Compiling aesv8-armv8-win.S
[637/1468] Compiling aesv8-gcm-armv8-apple.S
[638/1468] Compiling d1_both.cc
[639/1468] Compiling aesv8-gcm-armv8-linux.S
[640/1468] Compiling aesv8-armv8-apple.S
[641/1468] Compiling aesv8-armv7-linux.S
[642/1468] Compiling aesv8-armv8-linux.S
[643/1468] Compiling aesni-x86_64-linux.S
[644/1468] Compiling aesni-x86-apple.S
[645/1468] Compiling aesni-x86_64-apple.S
[646/1468] Compiling aesni-gcm-x86_64-linux.S
[647/1468] Compiling aesni-x86-linux.S
[648/1468] Compiling aesni-gcm-x86_64-apple.S
[649/1468] Compiling aes-gcm-avx2-x86_64-apple.S
[649/1468] Compiling aes-gcm-avx2-x86_64-linux.S
[651/1468] Compiling aes-gcm-avx10-x86_64-linux.S
[652/1468] Compiling aes-gcm-avx10-x86_64-apple.S
[653/1468] Compiling x_val.cc
[654/1468] Compiling x_sig.cc
[655/1468] Compiling x_x509a.cc
[656/1468] Compiling x_spki.cc
[657/1468] Compiling x_req.cc
[658/1468] Compiling x_x509.cc
[659/1468] Compiling x_pubkey.cc
[660/1468] Compiling x_name.cc
[661/1468] Compiling x_algor.cc
[662/1468] Compiling x509spki.cc
[663/1468] Compiling x_attrib.cc
[664/1468] Compiling x_exten.cc
[665/1468] Compiling x_crl.cc
[666/1468] Compiling x509rset.cc
[667/1468] Compiling x_all.cc
[668/1468] Compiling x509name.cc
[669/1468] Compiling x509_txt.cc
[670/1468] Compiling x509_vpm.cc
[670/1468] Compiling x509cset.cc
[672/1468] Compiling x509_trs.cc
[673/1468] Compiling x509_v3.cc
[674/1468] Compiling x509_set.cc
[675/1468] Compiling x509_req.cc
[676/1468] Compiling x509_vfy.cc
[677/1468] Compiling x509_def.cc
[678/1468] Compiling x509_obj.cc
[679/1468] Compiling x509_d2.cc
[680/1468] Compiling x509_ext.cc
[681/1468] Compiling x509_lu.cc
[682/1468] Compiling x509.cc
[683/1468] Compiling x509_cmp.cc
[684/1468] Compiling x509_att.cc
[685/1468] Compiling v3_skey.cc
[686/1468] Compiling v3_prn.cc
[687/1468] Compiling v3_purp.cc
[688/1468] Compiling v3_pmaps.cc
[689/1468] Compiling v3_ocsp.cc
[690/1468] Compiling v3_pcons.cc
[691/1468] Compiling v3_utl.cc
[692/1468] Compiling v3_ncons.cc
[693/1468] Compiling v3_int.cc
[694/1468] Compiling v3_ia5.cc
[694/1468] Compiling v3_lib.cc
[696/1468] Compiling v3_info.cc
[697/1468] Compiling v3_genn.cc
[698/1468] Compiling v3_enum.cc
[698/1468] Compiling v3_extku.cc
[700/1468] Compiling v3_crld.cc
[701/1468] Compiling v3_cpols.cc
[702/1468] Compiling v3_bitst.cc
[702/1468] Compiling v3_bcons.cc
[704/1468] Compiling v3_conf.cc
[705/1468] Compiling v3_akeya.cc
[706/1468] Compiling v3_akey.cc
[707/1468] Compiling v3_alt.cc
[708/1468] Compiling t_x509a.cc
[709/1468] Compiling i2d_pr.cc
[710/1468] Compiling t_crl.cc
[711/1468] Compiling t_x509.cc
[712/1468] Compiling t_req.cc
[713/1468] Compiling rsa_pss.cc
[713/1468] Compiling name_print.cc
[715/1468] Compiling by_file.cc
[716/1468] Compiling policy.cc
[717/1468] Compiling by_dir.cc
[718/1468] Compiling a_digest.cc
[719/1468] Compiling a_verify.cc
[720/1468] Compiling algorithm.cc
[721/1468] Compiling trust_token.cc
[721/1468] Compiling voprf.cc
[723/1468] Compiling a_sign.cc
[724/1468] Compiling asn1_gen.cc
[725/1468] Compiling thread.cc
[726/1468] Compiling thread_win.cc
[727/1468] Compiling thread_none.cc
[728/1468] Compiling thread_pthread.cc
[729/1468] Compiling stack.cc
[730/1468] Compiling pmbtoken.cc
[731/1468] Compiling slhdsa.cc
[732/1468] Compiling spake2plus.cc
[733/1468] Compiling sha512.cc
[734/1468] Compiling sha256.cc
[735/1468] Compiling sha1.cc
[736/1468] Compiling siphash.cc
[737/1468] Compiling rsa_print.cc
[738/1468] Compiling rsa_extra.cc
[739/1468] Compiling rsa_crypt.cc
[740/1468] Compiling rc4.cc
[741/1468] Compiling refcount.cc
[742/1468] Compiling windows.cc
[743/1468] Compiling trusty.cc
[744/1468] Compiling urandom.cc
[745/1468] Compiling rsa_asn1.cc
[746/1468] Compiling rand.cc
[747/1468] Compiling passive.cc
[748/1468] Compiling poly1305_arm_asm.S
[749/1468] Compiling ios.cc
[750/1468] Compiling getentropy.cc
[751/1468] Compiling deterministic.cc
[752/1468] Compiling forkunsafe.cc
[753/1468] Compiling fork_detect.cc
[754/1468] Compiling poly1305_vec.cc
[755/1468] Compiling pool.cc
[756/1468] Compiling poly1305_arm.cc
[757/1468] Compiling poly1305.cc
[758/1468] Compiling pkcs7.cc
[759/1468] Compiling pkcs8_x509.cc
[760/1468] Compiling p5_pbev2.cc
[760/1468] Compiling pkcs8.cc
[762/1468] Compiling pkcs7_x509.cc
[763/1468] Compiling pem_xaux.cc
[764/1468] Compiling pem_x509.cc
[765/1468] Compiling pem_pkey.cc
[766/1468] Compiling pem_pk8.cc
[767/1468] Compiling pem_oth.cc
[768/1468] Compiling mlkem.cc
[769/1468] Compiling pem_info.cc
[770/1468] Compiling pem_lib.cc
[771/1468] Compiling pem_all.cc
[772/1468] Compiling obj_xref.cc
[773/1468] Compiling obj.cc
[774/1468] Compiling poly_rq_mul.S
[775/1468] Compiling mldsa.cc
[776/1468] Compiling fips_shared_support.cc
[777/1468] Compiling mem.cc
[778/1468] Compiling md5.cc
[779/1468] Compiling md4.cc
[780/1468] Compiling lhash.cc
[781/1468] Compiling kyber.cc
[782/1468] Compiling ex_data.cc
[782/1468] Compiling hrss.cc
[784/1468] Compiling sign.cc
[785/1468] Compiling scrypt.cc
[786/1468] Compiling hpke.cc
[787/1468] Compiling print.cc
[788/1468] Compiling pbkdf.cc
[789/1468] Compiling p_x25519.cc
[790/1468] Compiling p_x25519_asn1.cc
[791/1468] Compiling p_rsa_asn1.cc
[792/1468] Compiling p_hkdf.cc
[792/1468] Compiling p_rsa.cc
[794/1468] Compiling p_ed25519.cc
[795/1468] Compiling p_ed25519_asn1.cc
[796/1468] Compiling p_ec_asn1.cc
[797/1468] Compiling p_ec.cc
[798/1468] Compiling p_dh.cc
[799/1468] Compiling evp_ctx.cc
[800/1468] Compiling p_dh_asn1.cc
[801/1468] Compiling p_dsa_asn1.cc
[802/1468] Compiling evp_asn1.cc
[803/1468] Compiling evp.cc
[804/1468] Compiling err.cc
[805/1468] Compiling engine.cc
[806/1468] Compiling ecdh.cc
[807/1468] Compiling hash_to_curve.cc
[808/1468] Compiling ecdsa_asn1.cc
[809/1468] Compiling ec_derive.cc
[810/1468] Compiling dsa.cc
[811/1468] Compiling ec_asn1.cc
[812/1468] Compiling dsa_asn1.cc
[813/1468] Compiling params.cc
[814/1468] Compiling bcm.cc
[815/1468] Compiling x25519-asm-arm.S
[816/1468] Compiling digest_extra.cc
[817/1468] Compiling des.cc
[818/1468] Compiling dh_asn1.cc
[819/1468] Compiling curve25519_64_adx.cc
[820/1468] Compiling cpu_intel.cc
[821/1468] Compiling crypto.cc
[822/1468] Compiling spake25519.cc
[823/1468] Compiling cpu_arm_linux.cc
[824/1468] Compiling curve25519.cc
[825/1468] Compiling cpu_arm_freebsd.cc
[826/1468] Compiling cpu_aarch64_win.cc
[827/1468] Compiling cpu_aarch64_sysreg.cc
[828/1468] Compiling cpu_aarch64_openbsd.cc
[829/1468] Compiling cpu_aarch64_fuchsia.cc
[830/1468] Compiling cpu_aarch64_linux.cc
[831/1468] Compiling cpu_aarch64_apple.cc
[832/1468] Compiling conf.cc
[833/1468] Compiling tls_cbc.cc
[834/1468] Compiling get_cipher.cc
[835/1468] Compiling e_tls.cc
[836/1468] Compiling e_rc4.cc
[837/1468] Compiling e_rc2.cc
[838/1468] Compiling e_null.cc
[838/1468] Compiling e_des.cc
[840/1468] Compiling e_chacha20poly1305.cc
[841/1468] Compiling e_aesgcmsiv.cc
[842/1468] Compiling e_aesctrhmac.cc
[843/1468] Compiling derive_key.cc
[844/1468] Compiling chacha.cc
[845/1468] Compiling unicode.cc
[846/1468] Compiling buf.cc
[847/1468] Compiling cbb.cc
[848/1468] Compiling cbs.cc
[849/1468] Compiling ber.cc
[850/1468] Compiling asn1_compat.cc
[851/1468] Compiling convert.cc
[852/1468] Compiling bn_asn1.cc
[853/1468] Compiling blake2.cc
[854/1468] Compiling socket.cc
[855/1468] Compiling socket_helper.cc
[856/1468] Compiling printf.cc
[857/1468] Compiling pair.cc
[858/1468] Compiling hexdump.cc
[859/1468] Compiling file.cc
[860/1468] Compiling errno.cc
[861/1468] Compiling fd.cc
[862/1468] Compiling connect.cc
[863/1468] Compiling bio_mem.cc
[864/1468] Compiling bio.cc
[865/1468] Compiling base64.cc
[866/1468] Compiling tasn_fre.cc
[867/1468] Compiling tasn_typ.cc
[868/1468] Compiling tasn_utl.cc
[869/1468] Compiling tasn_enc.cc
[870/1468] Compiling posix_time.cc
[871/1468] Compiling tasn_new.cc
[872/1468] Compiling f_string.cc
[873/1468] Compiling tasn_dec.cc
[874/1468] Compiling f_int.cc
[875/1468] Compiling asn_pack.cc
[876/1468] Compiling asn1_par.cc
[877/1468] Compiling a_utctm.cc
[878/1468] Compiling asn1_lib.cc
[879/1468] Compiling a_type.cc
[880/1468] Compiling a_time.cc
[881/1468] Compiling a_octet.cc
[882/1468] Compiling a_strnid.cc
[883/1468] Compiling a_strex.cc
[884/1468] Compiling a_object.cc
[885/1468] Compiling a_i2d_fp.cc
[886/1468] Compiling a_dup.cc
[887/1468] Compiling a_mbstr.cc
[888/1468] Compiling a_gentm.cc
[889/1468] Compiling a_int.cc
[890/1468] Compiling a_d2i_fp.cc
[891/1468] Compiling CGoogleGaxCRC32C CGoogleGaxCRC32C.c
[892/1468] Compiling fiat_p256_adx_mul.S
[893/1468] Compiling fiat_p256_adx_sqr.S
[894/1468] Compiling fiat_curve25519_adx_square.S
[895/1468] Compiling fiat_curve25519_adx_mul.S
[896/1468] Compiling md5-x86_64-linux.S
[897/1468] Compiling md5-x86_64-apple.S
[898/1468] Compiling a_bitstr.cc
[899/1468] Compiling md5-586-linux.S
[900/1468] Compiling md5-586-apple.S
[901/1468] Compiling chacha20_poly1305_x86_64-linux.S
[902/1468] Compiling chacha20_poly1305_x86_64-apple.S
[903/1468] Compiling chacha20_poly1305_armv8-win.S
[904/1468] Compiling chacha20_poly1305_armv8-apple.S
[905/1468] Compiling chacha-x86_64-linux.S
[906/1468] Compiling chacha20_poly1305_armv8-linux.S
[907/1468] Compiling a_bool.cc
[907/1468] Compiling CCryptoBoringSSLShims shims.c
[909/1468] Compiling chacha-x86_64-apple.S
[910/1468] Compiling chacha-x86-linux.S
[911/1468] Compiling chacha-x86-apple.S
[912/1468] Compiling chacha-armv8-win.S
[913/1468] Compiling chacha-armv8-apple.S
[914/1468] Compiling chacha-armv4-linux.S
[915/1468] Compiling aes128gcmsiv-x86_64-linux.S
[916/1468] Compiling chacha-armv8-linux.S
[917/1468] Compiling aes128gcmsiv-x86_64-apple.S
[918/1468] Compiling x86_64-mont5-linux.S
[919/1468] Compiling x86_64-mont5-apple.S
[920/1468] Compiling x86_64-mont-linux.S
[921/1468] Compiling x86_64-mont-apple.S
[922/1468] Compiling x86-mont-linux.S
[923/1468] Compiling x86-mont-apple.S
[924/1468] Compiling vpaes-x86_64-linux.S
[925/1468] Compiling vpaes-x86_64-apple.S
[926/1468] Compiling vpaes-x86-linux.S
[927/1468] Compiling vpaes-x86-apple.S
[928/1468] Compiling vpaes-armv8-win.S
[929/1468] Compiling vpaes-armv8-apple.S
[930/1468] Compiling vpaes-armv7-linux.S
[931/1468] Compiling vpaes-armv8-linux.S
[932/1468] Compiling sha512-x86_64-linux.S
[933/1468] Compiling sha512-x86_64-apple.S
[934/1468] Compiling sha512-armv8-win.S
[935/1468] Compiling sha512-armv4-linux.S
[936/1468] Compiling sha512-armv8-apple.S
[937/1468] Compiling sha512-586-linux.S
[938/1468] Compiling sha512-armv8-linux.S
[939/1468] Compiling sha256-x86_64-linux.S
[940/1468] Compiling sha512-586-apple.S
[941/1468] Compiling sha256-x86_64-apple.S
[942/1468] Compiling err_data.cc
[943/1468] Compiling sha256-armv8-win.S
[944/1468] Compiling sha256-armv8-apple.S
[945/1468] Compiling sha256-armv4-linux.S
[946/1468] Compiling sha256-armv8-linux.S
[947/1468] Compiling sha256-586-linux.S
[947/1468] Compiling sha1-x86_64-linux.S
[949/1468] Compiling sha256-586-apple.S
[950/1468] Compiling sha1-x86_64-apple.S
[951/1468] Compiling rsaz-avx2-apple.S
[952/1468] Compiling rdrand-x86_64-apple.S
[953/1468] Compiling p256_beeu-x86_64-asm-apple.S
[953/1468] Compiling rdrand-x86_64-linux.S
[955/1468] Compiling p256_beeu-x86_64-asm-linux.S
[956/1468] Compiling p256_beeu-armv8-asm-win.S
[957/1468] Compiling p256_beeu-armv8-asm-linux.S
[958/1468] Compiling p256_beeu-armv8-asm-apple.S
[959/1468] Compiling p256-x86_64-asm-apple.S
[960/1468] Compiling p256-armv8-asm-win.S
[961/1468] Compiling p256-x86_64-asm-linux.S
[962/1468] Compiling p256-armv8-asm-apple.S
[963/1468] Compiling p256-armv8-asm-linux.S
[964/1468] Compiling ghashv8-armv8-win.S
[965/1468] Compiling ghashv8-armv8-apple.S
[966/1468] Compiling ghashv8-armv8-linux.S
[967/1468] Compiling ghashv8-armv7-linux.S
[968/1468] Compiling ghash-x86_64-linux.S
[969/1468] Compiling ghash-x86_64-apple.S
[970/1468] Compiling ghash-x86-linux.S
[971/1468] Compiling ghash-x86-apple.S
[972/1468] Compiling ghash-ssse3-x86_64-linux.S
[973/1468] Compiling ghash-ssse3-x86_64-apple.S
[974/1468] Compiling ghash-ssse3-x86-linux.S
[975/1468] Compiling ghash-ssse3-x86-apple.S
[976/1468] Compiling ghash-neon-armv8-linux.S
[977/1468] Compiling ghash-neon-armv8-win.S
[978/1468] Compiling ghash-neon-armv8-apple.S
[979/1468] Compiling ghash-armv4-linux.S
[980/1468] Compiling co-586-apple.S
[981/1468] Compiling co-586-linux.S
[982/1468] Compiling bsaes-armv7-linux.S
[983/1468] Compiling bn-armv8-win.S
[984/1468] Compiling bn-armv8-linux.S
[985/1468] Compiling bn-armv8-apple.S
[986/1468] Compiling bn-586-apple.S
[987/1468] Compiling bn-586-linux.S
[988/1468] Compiling armv8-mont-win.S
[989/1468] Compiling armv8-mont-apple.S
[990/1468] Compiling armv8-mont-linux.S
[991/1468] Compiling armv4-mont-linux.S
[992/1468] Compiling aesv8-gcm-armv8-win.S
[993/1468] Compiling aesv8-gcm-armv8-apple.S
[994/1468] Compiling aesv8-armv8-apple.S
[995/1468] Compiling aesv8-armv8-linux.S
[996/1468] Compiling aesv8-armv8-win.S
[997/1468] Compiling aesv8-gcm-armv8-linux.S
[998/1468] Compiling aesv8-armv7-linux.S
[999/1468] Compiling aesni-x86_64-linux.S
[1000/1468] Compiling aesni-x86_64-apple.S
[1001/1468] Compiling aesni-x86-apple.S
[1002/1468] Compiling aesni-x86-linux.S
[1003/1468] Compiling aesni-gcm-x86_64-linux.S
[1004/1468] Compiling aesni-gcm-x86_64-apple.S
[1005/1468] Compiling aes-gcm-avx512-x86_64-linux.S
[1006/1468] Compiling aes-gcm-avx512-x86_64-apple.S
[1007/1468] Compiling aes-gcm-avx2-x86_64-apple.S
[1008/1468] Compiling aes-gcm-avx2-x86_64-linux.S
[1009/1468] Compiling xwing.cc
[1010/1468] Compiling x_sig.cc
[1011/1468] Compiling x_spki.cc
[1012/1468] Compiling x_req.cc
[1013/1468] Compiling x_x509.cc
[1014/1468] Compiling x_x509a.cc
[1015/1468] Compiling c-nioatomics.c
[1016/1468] Compiling x_pubkey.cc
[1017/1468] Compiling x_exten.cc
[1018/1468] Compiling x_name.cc
[1019/1468] Compiling x_crl.cc
[1020/1468] Compiling x_attrib.cc
[1021/1468] Compiling c-atomics.c
[1022/1468] Compiling x_all.cc
[1023/1475] Compiling x_algor.cc
[1025/1475] Compiling NIOConcurrencyHelpers NIOLockedValueBox.swift
[1025/1475] Compiling x509cset.cc
[1026/1475] Compiling x509rset.cc
[1027/1475] Compiling x509name.cc
[1028/1475] Compiling x509spki.cc
[1030/1475] Compiling NIOConcurrencyHelpers NIOLock.swift
[1031/1475] Compiling NIOConcurrencyHelpers lock.swift
[1032/1475] Compiling NIOConcurrencyHelpers NIOThreadPoolWorkAvailable.swift
[1033/1475] Compiling NIOConcurrencyHelpers atomics.swift
[1034/1475] Emitting module NIOConcurrencyHelpers
[1035/1475] Compiling NIOConcurrencyHelpers NIOAtomic.swift
[1036/1476] Compiling x509_vfy.cc
[1037/1476] Wrapping AST for NIOConcurrencyHelpers for debugging
[1038/1476] Compiling x509_vpm.cc
[1039/1476] Compiling x509_v3.cc
[1040/1476] Compiling x509_txt.cc
[1041/1476] Compiling x509_trs.cc
[1042/1476] Compiling x509_req.cc
[1043/1476] Compiling x509_set.cc
[1044/1476] Compiling x509_obj.cc
[1045/1476] Compiling x509_lu.cc
[1046/1476] Compiling x509_ext.cc
[1047/1476] Compiling x509_def.cc
[1048/1476] Compiling x509_d2.cc
[1049/1476] Compiling x509_cmp.cc
[1050/1476] Compiling x509_att.cc
[1051/1476] Compiling x509.cc
[1052/1476] Compiling v3_utl.cc
[1053/1476] Compiling v3_skey.cc
[1054/1476] Compiling v3_purp.cc
[1055/1476] Compiling v3_prn.cc
[1056/1476] Compiling v3_pmaps.cc
[1057/1476] Compiling v3_pcons.cc
[1058/1476] Compiling v3_ocsp.cc
[1059/1476] Compiling v3_ncons.cc
[1060/1476] Compiling v3_int.cc
[1061/1476] Compiling v3_lib.cc
[1062/1476] Compiling v3_info.cc
[1063/1476] Compiling v3_ia5.cc
[1064/1476] Compiling v3_genn.cc
[1065/1476] Compiling v3_extku.cc
[1066/1476] Compiling v3_enum.cc
[1067/1476] Compiling v3_crld.cc
[1068/1476] Compiling v3_cpols.cc
[1069/1476] Compiling v3_conf.cc
[1070/1476] Compiling v3_bcons.cc
[1071/1476] Compiling v3_bitst.cc
[1072/1476] Compiling v3_alt.cc
[1073/1476] Compiling v3_akeya.cc
[1074/1476] Compiling v3_akey.cc
[1075/1476] Compiling t_x509a.cc
[1076/1476] Compiling i2d_pr.cc
[1077/1476] Compiling t_x509.cc
[1078/1476] Compiling t_crl.cc
[1079/1476] Compiling t_req.cc
[1080/1476] Compiling rsa_pss.cc
[1081/1476] Compiling name_print.cc
[1082/1476] Compiling policy.cc
[1083/1476] Compiling by_file.cc
[1084/1476] Compiling algorithm.cc
[1084/1476] Compiling by_dir.cc
[1086/1476] Compiling asn1_gen.cc
[1087/1476] Compiling a_verify.cc
[1088/1476] Compiling a_sign.cc
[1089/1476] Compiling voprf.cc
[1090/1476] Compiling a_digest.cc
[1091/1476] Compiling trust_token.cc
[1092/1476] Compiling thread_win.cc
[1093/1476] Compiling thread_pthread.cc
[1093/1476] Compiling thread_none.cc
[1095/1476] Compiling thread.cc
[1096/1476] Compiling stack.cc
[1097/1476] Compiling pmbtoken.cc
[1098/1476] Compiling siphash.cc
[1099/1476] Compiling sha512.cc
[1100/1476] Compiling spake2plus.cc
[1101/1476] Compiling sha256.cc
[1102/1476] Compiling slhdsa.cc
[1103/1476] Compiling sha1.cc
[1104/1476] Compiling rsa_print.cc
[1105/1476] Compiling rsa_extra.cc
[1106/1476] Compiling rc4.cc
[1107/1476] Compiling refcount.cc
[1108/1476] Compiling windows.cc
[1109/1476] Compiling rsa_crypt.cc
[1110/1476] Compiling urandom.cc
[1111/1476] Compiling trusty.cc
[1112/1476] Compiling rand.cc
[1113/1476] Compiling rsa_asn1.cc
[1114/1476] Compiling ios.cc
[1115/1476] Compiling getentropy.cc
[1116/1476] Compiling passive.cc
[1117/1476] Compiling poly1305_arm_asm.S
[1118/1476] Compiling forkunsafe.cc
[1119/1476] Compiling fork_detect.cc
[1120/1476] Compiling deterministic.cc
[1121/1476] Compiling poly1305_vec.cc
[1122/1476] Compiling poly1305_arm.cc
[1123/1476] Compiling poly1305.cc
[1124/1476] Compiling pool.cc
[1125/1476] Compiling pkcs8.cc
[1126/1476] Compiling pkcs8_x509.cc
[1127/1476] Compiling p5_pbev2.cc
[1128/1476] Compiling pkcs7_x509.cc
[1129/1476] Compiling pkcs7.cc
[1130/1476] Compiling pem_xaux.cc
[1131/1476] Compiling pem_x509.cc
[1132/1476] Compiling pem_pkey.cc
[1133/1476] Compiling pem_oth.cc
[1134/1476] Compiling pem_pk8.cc
[1135/1476] Compiling mlkem.cc
[1136/1476] Compiling pem_info.cc
[1137/1476] Compiling pem_lib.cc
[1138/1476] Compiling obj_xref.cc
[1139/1476] Compiling pem_all.cc
[1140/1476] Compiling obj.cc
[1141/1476] Compiling poly_rq_mul.S
[1142/1476] Compiling mldsa.cc
[1143/1476] Compiling mem.cc
[1144/1476] Compiling fips_shared_support.cc
[1145/1476] Compiling lhash.cc
[1146/1476] Compiling md5.cc
[1146/1476] Compiling md4.cc
[1148/1476] Compiling kyber.cc
[1149/1476] Compiling fuzzer_mode.cc
[1150/1476] Compiling ex_data.cc
[1151/1476] Compiling hrss.cc
[1152/1476] Compiling hpke.cc
[1153/1476] Compiling scrypt.cc
[1154/1476] Compiling print.cc
[1155/1476] Compiling pbkdf.cc
[1156/1476] Compiling sign.cc
[1157/1476] Compiling p_x25519_asn1.cc
[1157/1476] Compiling p_x25519.cc
[1159/1476] Compiling p_rsa_asn1.cc
[1160/1476] Compiling p_rsa.cc
[1161/1476] Compiling p_hkdf.cc
[1162/1476] Compiling p_ed25519.cc
[1163/1476] Compiling p_ed25519_asn1.cc
[1164/1476] Compiling p_ec.cc
[1165/1476] Compiling p_ec_asn1.cc
[1166/1476] Compiling p_dsa_asn1.cc
[1167/1476] Compiling p_dh_asn1.cc
[1168/1476] Compiling evp_ctx.cc
[1169/1476] Compiling p_dh.cc
[1170/1476] Compiling evp_asn1.cc
[1171/1476] Compiling err.cc
[1172/1476] Compiling engine.cc
[1173/1476] Compiling evp.cc
[1174/1476] Compiling ecdsa_p1363.cc
[1175/1476] Compiling ecdh.cc
[1176/1476] Compiling ecdsa_asn1.cc
[1177/1476] Compiling ec_derive.cc
[1178/1476] Compiling hash_to_curve.cc
[1179/1476] Compiling dsa.cc
[1180/1476] Compiling ec_asn1.cc
[1181/1476] Compiling dsa_asn1.cc
[1182/1476] Compiling params.cc
[1183/1476] Compiling digest_extra.cc
[1184/1476] Compiling x25519-asm-arm.S
[1185/1476] Compiling des.cc
[1186/1476] Compiling dh_asn1.cc
[1187/1476] Compiling cpu_intel.cc
[1188/1476] Compiling curve25519_64_adx.cc
[1189/1476] Compiling crypto.cc
[1190/1476] Compiling spake25519.cc
[1191/1476] Compiling curve25519.cc
[1192/1476] Compiling cpu_arm_linux.cc
[1193/1476] Compiling cpu_arm_freebsd.cc
[1194/1476] Compiling cpu_aarch64_win.cc
[1195/1476] Compiling cpu_aarch64_sysreg.cc
[1196/1476] Compiling cpu_aarch64_openbsd.cc
[1197/1476] Compiling cpu_aarch64_linux.cc
[1198/1476] Compiling cpu_aarch64_fuchsia.cc
[1199/1476] Compiling cpu_aarch64_apple.cc
[1200/1476] Compiling conf.cc
[1201/1476] Compiling get_cipher.cc
[1202/1476] Compiling tls_cbc.cc
[1203/1476] Compiling e_tls.cc
[1204/1476] Compiling cms.cc
[1205/1476] Compiling e_rc4.cc
[1206/1476] Compiling e_rc2.cc
[1207/1476] Compiling e_null.cc
[1208/1476] Compiling e_des.cc
[1209/1476] Compiling e_chacha20poly1305.cc
[1210/1476] Compiling e_aesgcmsiv.cc
[1211/1476] Compiling e_aeseax.cc
[1212/1476] Compiling e_aesctrhmac.cc
[1213/1476] Compiling derive_key.cc
[1214/1476] Compiling chacha.cc
[1215/1476] Compiling ber.cc
[1216/1476] Compiling unicode.cc
[1217/1476] Compiling buf.cc
[1218/1476] Compiling cbb.cc
[1219/1476] Compiling cbs.cc
[1220/1476] Compiling sqrt.cc
[1221/1476] Compiling asn1_compat.cc
[1222/1476] Compiling exponentiation.cc
[1223/1476] Compiling div.cc
[1224/1476] Compiling blake2.cc
[1225/1476] Compiling printf.cc
[1226/1476] Compiling bn_asn1.cc
[1227/1476] Compiling pair.cc
[1228/1476] Compiling convert.cc
[1229/1476] Compiling hexdump.cc
[1230/1476] Compiling file.cc
[1231/1476] Compiling errno.cc
[1232/1476] Compiling fd.cc
[1233/1476] Compiling bio_mem.cc
[1234/1476] Compiling base64.cc
[1235/1476] Compiling bio.cc
[1236/1476] Compiling tasn_typ.cc
[1237/1476] Compiling tasn_utl.cc
[1238/1476] Compiling tasn_fre.cc
[1239/1476] Compiling tasn_enc.cc
[1240/1476] Compiling posix_time.cc
[1241/1476] Compiling tasn_new.cc
[1242/1476] Compiling f_string.cc
[1243/1476] Compiling tasn_dec.cc
[1244/1476] Compiling f_int.cc
[1245/1476] Compiling asn_pack.cc
[1246/1476] Compiling asn1_par.cc
[1247/1476] Compiling asn1_lib.cc
[1248/1476] Compiling a_utctm.cc
[1249/1476] Compiling a_octet.cc
[1250/1476] Compiling a_type.cc
[1251/1476] Compiling a_time.cc
[1252/1476] Compiling bcm.cc
[1253/1476] Compiling a_strex.cc
[1254/1476] Compiling a_object.cc
[1255/1476] Compiling a_i2d_fp.cc
[1256/1476] Compiling a_dup.cc
[1256/1476] Compiling a_mbstr.cc
[1258/1476] Write sources
[1259/1476] Compiling CAsyncHTTPClient CAsyncHTTPClient.c
[1260/1476] Write sources
[1262/1476] Compiling a_d2i_fp.cc
[1263/1491] Compiling a_int.cc
[1264/1519] Compiling a_gentm.cc
[1265/1519] Compiling a_bool.cc
[1266/1519] Compiling aes.cc
[1268/1519] Compiling Algorithms Indexed.swift
[1269/1519] Compiling Algorithms Intersperse.swift
[1270/1521] Compiling Algorithms EitherSequence.swift
[1271/1521] Compiling Algorithms FirstNonNil.swift
[1272/1521] Compiling Algorithms Split.swift
[1273/1521] Compiling Algorithms Stride.swift
[1274/1521] Compiling Algorithms Compacted.swift
[1275/1521] Compiling Algorithms Cycle.swift
[1276/1521] Compiling Algorithms AdjacentPairs.swift
[1277/1521] Compiling Algorithms Chain.swift
[1278/1521] Compiling Algorithms Chunked.swift
[1278/1521] Compiling a_bitstr.cc
[1280/1521] Compiling Atomics IntegerOperations.swift
[1281/1521] Compiling Atomics Unmanaged extensions.swift
[1282/1524] Compiling Algorithms Combinations.swift
[1283/1524] Compiling Algorithms FlattenCollection.swift
[1284/1524] Compiling Algorithms Grouped.swift
[1285/1529] Compiling Algorithms RandomSample.swift
[1286/1529] Compiling Algorithms Reductions.swift
[1287/1529] Compiling Algorithms Rotate.swift
[1295/1532] Compiling Algorithms Joined.swift
[1296/1532] Compiling Algorithms Keyed.swift
[1297/1532] Compiling Algorithms MinMax.swift
[1299/1532] Compiling Algorithms Permutations.swift
[1300/1532] Compiling Algorithms Product.swift
[1301/1532] Compiling Algorithms Trim.swift
[1302/1532] Compiling Algorithms Unique.swift
[1303/1532] Compiling Algorithms Windows.swift
[1304/1532] Compiling CryptoBoringWrapper CryptoKitErrors_boring.swift
[1305/1532] Compiling CryptoBoringWrapper EllipticCurve.swift
[1306/1532] Compiling CryptoBoringWrapper BoringSSLAEAD.swift
[1307/1532] Emitting module CryptoBoringWrapper
[1308/1532] Compiling CryptoBoringWrapper FiniteFieldArithmeticContext.swift
[1309/1532] Compiling CryptoBoringWrapper RandomBytes.swift
[1318/1532] Compiling CryptoBoringWrapper EllipticCurvePoint.swift
[1319/1532] Compiling CryptoBoringWrapper ArbitraryPrecisionInteger.swift
[1320/1533] Wrapping AST for CryptoBoringWrapper for debugging
[1322/1617] Emitting module Algorithms
[1324/1618] Emitting module Atomics
[1325/1618] Compiling Crypto ASN1BitString.swift
[1326/1618] Compiling Crypto ASN1Boolean.swift
[1327/1618] Compiling Crypto ASN1Identifier.swift
[1328/1619] Wrapping AST for Algorithms for debugging
[1329/1619] Wrapping AST for Atomics for debugging
[1331/1683] Compiling NIOCore NIOCoreSendableMetatype.swift
[1332/1683] Compiling NIOCore NIODecodedAsyncSequence.swift
[1333/1683] Compiling NIOCore NIOLoopBound.swift
[1334/1683] Compiling NIOCore NIOPooledRecvBufferAllocator.swift
[1335/1683] Compiling NIOCore NIOScheduledCallback.swift
[1336/1683] Compiling NIOCore NIOSendable.swift
[1337/1683] Compiling NIOCore NIOSplitLinesMessageDecoder.swift
[1338/1683] Compiling NIOCore NIOTransportAccessibleChannelCore.swift
[1339/1683] Compiling NIOCore RecvByteBufferAllocator.swift
[1340/1691] Compiling NIOCore AddressedEnvelope.swift
[1341/1691] Compiling NIOCore AsyncAwaitSupport.swift
[1342/1691] Compiling NIOCore AsyncChannel.swift
[1343/1691] Compiling NIOCore AsyncChannelHandler.swift
[1344/1691] Compiling NIOCore AsyncChannelInboundStream.swift
[1345/1691] Compiling NIOCore AsyncChannelOutboundWriter.swift
[1346/1691] Compiling NIOCore NIOAsyncSequenceProducer.swift
[1347/1691] Compiling NIOCore NIOAsyncSequenceProducerStrategies.swift
[1348/1691] Compiling NIOCore NIOAsyncWriter.swift
[1349/1691] Compiling NIOCore NIOThrowingAsyncSequenceProducer.swift
[1350/1691] Compiling NIOCore BSDSocketAPI.swift
[1351/1691] Compiling NIOCore ByteBuffer-aux.swift
[1352/1702] Emitting module Crypto
[1353/1702] Compiling NIOCore ByteBuffer-binaryEncodedLengthPrefix.swift
[1354/1702] Compiling NIOCore ByteBuffer-conversions.swift
[1355/1702] Compiling NIOCore ByteBuffer-core.swift
[1356/1702] Compiling NIOCore ByteBuffer-hex.swift
[1357/1702] Compiling NIOCore ByteBuffer-int.swift
[1358/1702] Compiling NIOCore ByteBuffer-lengthPrefix.swift
[1365/1702] Compiling NIOCore EventLoopFuture+Deprecated.swift
[1366/1702] Compiling NIOCore EventLoopFuture+WithEventLoop.swift
[1367/1702] Compiling NIOCore EventLoopFuture.swift
[1368/1702] Compiling NIOCore FileDescriptor.swift
[1369/1702] Compiling NIOCore FileHandle.swift
[1370/1702] Compiling NIOCore FileRegion.swift
[1371/1702] Compiling NIOCore GlobalSingletons.swift
[1372/1702] Compiling NIOCore IO.swift
[1373/1702] Compiling NIOCore IOData.swift
[1374/1702] Compiling NIOCore IPProtocol.swift
[1375/1702] Compiling NIOCore IntegerBitPacking.swift
[1376/1702] Compiling NIOCore IntegerTypes.swift
[1377/1702] Compiling NIOCore Interfaces.swift
[1378/1702] Compiling NIOCore Linux.swift
[1379/1702] Compiling NIOCore MarkedCircularBuffer.swift
[1380/1702] Compiling NIOCore MulticastChannel.swift
[1381/1702] Compiling NIOCore NIOAny.swift
[1382/1702] Compiling NIOCore NIOCloseOnErrorHandler.swift
[1383/1702] Compiling Crypto MACFunctions.swift
[1384/1702] Compiling Crypto MessageAuthenticationCode.swift
[1385/1702] Compiling Crypto AES.swift
[1386/1702] Compiling Crypto ECDSASignature_boring.swift
[1387/1702] Compiling Crypto ECDSA_boring.swift
[1388/1702] Compiling Crypto EdDSA_boring.swift
[1389/1702] Compiling Crypto MLDSA_boring.swift
[1390/1702] Compiling Crypto MLDSA_wrapper.swift
[1391/1702] Compiling Crypto ECDSA.swift
[1392/1702] Compiling Crypto Ed25519.swift
[1393/1702] Compiling Crypto MLDSA.swift
[1394/1702] Compiling NIOCore EventLoop+SerialExecutor.swift
[1395/1702] Compiling NIOCore EventLoop.swift
[1396/1702] Compiling NIOCore EventLoopFuture+AssumeIsolated.swift
[1397/1702] Compiling NIOCore SingleStepByteToMessageDecoder.swift
[1398/1702] Compiling NIOCore SocketAddresses.swift
[1399/1702] Compiling NIOCore SocketOptionProvider.swift
[1400/1702] Compiling NIOCore SystemCallHelpers.swift
[1401/1702] Compiling NIOCore TimeAmount+Duration.swift
[1402/1702] Compiling NIOCore TypeAssistedChannelHandler.swift
[1403/1702] Compiling NIOCore UniversalBootstrapSupport.swift
[1404/1702] Compiling NIOCore Utilities.swift
[1405/1702] Compiling Crypto Insecure.swift
[1412/1702] Compiling NIOCore CircularBuffer.swift
[1413/1702] Compiling NIOCore Codec.swift
[1414/1702] Compiling NIOCore ConvenienceOptionSupport.swift
[1415/1702] Compiling NIOCore DeadChannel.swift
[1416/1702] Compiling NIOCore DispatchQueue+WithFuture.swift
[1417/1702] Compiling NIOCore EventLoop+Deprecated.swift
[1430/1702] Compiling NIOCore ByteBuffer-multi-int.swift
[1431/1702] Compiling NIOCore ByteBuffer-quicBinaryEncodingStrategy.swift
[1432/1702] Compiling NIOCore ByteBuffer-views.swift
[1433/1702] Compiling NIOCore Channel.swift
[1434/1702] Compiling NIOCore ChannelHandler.swift
[1435/1702] Compiling NIOCore ChannelHandlers.swift
[1436/1702] Compiling NIOCore ChannelInvoker.swift
[1437/1702] Compiling NIOCore ChannelOption.swift
[1438/1702] Compiling NIOCore ChannelPipeline.swift
[1442/1702] Compiling Crypto Signature.swift
[1443/1702] Compiling Crypto CryptoKitErrors_boring.swift
[1444/1702] Compiling Crypto Optional+withUnsafeBytes_boring.swift
[1445/1702] Compiling Crypto RNG_boring.swift
[1446/1702] Compiling Crypto SafeCompare_boring.swift
[1447/1702] Compiling Crypto Zeroization_boring.swift
[1448/1702] Compiling Crypto _CryptoModuleAnchor.swift
[1449/1702] Compiling Crypto PrettyBytes.swift
[1450/1702] Compiling Crypto SafeCompare.swift
[1451/1702] Compiling Crypto SecureBytes.swift
[1452/1702] Compiling Crypto Zeroization.swift
[1453/1703] Wrapping AST for Crypto for debugging
[1472/1765] Compiling CryptoExtras RSA+BlindSigning.swift
[1473/1765] Compiling CryptoExtras RSA.swift
[1474/1765] Compiling CryptoExtras RSA_boring.swift
[1475/1765] Compiling CryptoExtras Reexport.swift
[1476/1765] Compiling CryptoExtras Zeroization_boring.swift
[1477/1765] Compiling CryptoExtras BoringSSLHelpers.swift
[1478/1765] Compiling CryptoExtras CryptoKitErrors_boring.swift
[1481/1765] Compiling CryptoExtras ARCServer.swift
[1482/1765] Compiling CryptoExtras ChaCha20CTR_boring.swift
[1483/1765] Compiling CryptoExtras ChaCha20CTR.swift
[1484/1765] Compiling CryptoExtras BoringSSLSHA512256Context.swift
[1485/1765] Compiling CryptoExtras BoringSSLSHA512256HashFunction.swift
[1486/1765] Compiling CryptoExtras SHA512256.swift
[1487/1765] Compiling CryptoExtras SHA512256Digest.swift
[1488/1765] Compiling CryptoExtras Curve25519+PEM.swift
[1489/1765] Compiling CryptoExtras ObjectIdentifier.swift
[1490/1765] Emitting module CryptoExtras
[1491/1773] Compiling CryptoExtras Data+Extensions.swift
[1492/1773] Compiling CryptoExtras DigestType.swift
[1493/1773] Compiling CryptoExtras Error.swift
[1494/1773] Compiling CryptoExtras I2OSP.swift
[1495/1773] Compiling CryptoExtras IntegerEncoding.swift
[1496/1773] Compiling CryptoExtras PEMDocument.swift
[1497/1773] Compiling CryptoExtras PrettyBytes.swift
[1498/1773] Compiling CryptoExtras SubjectPublicKeyInfo.swift
[1508/1773] Compiling CryptoExtras AES_CBC.swift
[1509/1773] Compiling CryptoExtras AES_CFB.swift
[1510/1773] Compiling CryptoExtras AES_CTR.swift
[1511/1773] Compiling CryptoExtras AES_GCM_SIV.swift
[1512/1773] Compiling CryptoExtras Block Function.swift
[1513/1773] Compiling CryptoExtras AES_CBC_boring.swift
[1514/1773] Compiling CryptoExtras AES_CFB_boring.swift
[1515/1773] Compiling CryptoExtras AES_CTR_boring.swift
[1516/1773] Compiling CryptoExtras AES_GCM_SIV_boring.swift
[1517/1773] Compiling CryptoExtras ThreadOps.swift
[1518/1773] Compiling CryptoExtras ThreadPosix.swift
[1519/1773] Compiling CryptoExtras ThreadSpecific.swift
[1520/1773] Compiling CryptoExtras ThreadWindows.swift
[1521/1773] Compiling CryptoExtras DLEQ.swift
[1522/1773] Compiling CryptoExtras Prover.swift
[1523/1773] Compiling CryptoExtras Verifier.swift
[1524/1773] Compiling CryptoExtras ZKPToolbox.swift
[1525/1773] Compiling CryptoExtras PKCS8DERRepresentation.swift
[1526/1773] Compiling CryptoExtras PKCS8PrivateKey.swift
[1527/1773] Compiling CryptoExtras RFC8410AlgorithmIdentifier.swift
[1528/1773] Compiling CryptoExtras ECToolbox_boring.swift
[1529/1773] Compiling CryptoExtras ECToolbox.swift
[1530/1773] Compiling CryptoExtras HashToField.swift
[1531/1773] Compiling CryptoExtras KDF.swift
[1532/1773] Compiling CryptoExtras PBKDF2_boring.swift
[1533/1773] Compiling CryptoExtras PBKDF2_commoncrypto.swift
[1534/1773] Compiling CryptoExtras CMAC.swift
[1535/1773] Compiling CryptoExtras ARC+API.swift
[1536/1773] Compiling CryptoExtras ARC.swift
[1537/1773] Compiling CryptoExtras ARCCredential.swift
[1538/1773] Compiling CryptoExtras ARCEncoding.swift
[1539/1773] Compiling CryptoExtras ARCPrecredential.swift
[1540/1773] Compiling CryptoExtras ARCPresentation.swift
[1541/1773] Compiling CryptoExtras ARCRequest.swift
[1542/1773] Compiling CryptoExtras ARCResponse.swift
[1543/1773] Compiling CryptoExtras PBKDF2.swift
[1544/1773] Compiling CryptoExtras Scrypt_boring.swift
[1545/1773] Compiling CryptoExtras Scrypt.swift
[1546/1773] Compiling CryptoExtras OPRF.swift
[1547/1773] Compiling CryptoExtras OPRFClient.swift
[1548/1773] Compiling CryptoExtras OPRFServer.swift
[1549/1773] Compiling CryptoExtras VOPRF+API.swift
[1550/1773] Compiling CryptoExtras VOPRFClient.swift
[1551/1773] Compiling CryptoExtras VOPRFServer.swift
[1552/1773] Compiling CryptoExtras BoringSSLPassphraseCallbackManager.swift
[1560/1774] Wrapping AST for CryptoExtras for debugging
[1562/1776] Emitting module _CryptoExtras
[1563/1776] Compiling _CryptoExtras Exports.swift
[1564/1777] Wrapping AST for _CryptoExtras for debugging
[1566/1872] Emitting module NIOCore
[1567/1872] Compiling X509 SignatureAlgorithm.swift
[1568/1872] Compiling X509 AllOfPolicies.swift
[1569/1872] Compiling X509 AnyPolicy.swift
[1570/1872] Compiling X509 CertificateStore.swift
[1571/1872] Compiling X509 CustomCertificateStore.swift
[1572/1872] Compiling X509 CMSIssuerAndSerialNumber.swift
[1573/1872] Compiling X509 CMSOperations.swift
[1574/1872] Compiling X509 CMSSignature.swift
[1575/1872] Compiling X509 CMSSignedData.swift
[1576/1874] Wrapping AST for NIOCore for debugging
[1578/1930] Compiling NIOFoundationEssentialsCompat Codable+ByteBuffer.swift
[1579/1930] Emitting module NIOFoundationEssentialsCompat
[1580/1930] Emitting module NIOEmbedded
[1581/1930] Compiling NIOEmbedded AsyncTestingChannel.swift
[1582/1930] Compiling NIOFoundationEssentialsCompat ByteBuffer-foundation.swift
[1583/1931] Wrapping AST for NIOFoundationEssentialsCompat for debugging
[1585/1931] Compiling NIOEmbedded Embedded.swift
[1586/1931] Compiling NIOEmbedded AsyncTestingEventLoop.swift
[1588/1932] Compiling NIOPosix BSDSocketAPICommon.swift
[1589/1932] Compiling NIOPosix BSDSocketAPIPosix.swift
[1590/1932] Compiling NIOPosix BSDSocketAPIWindows.swift
[1591/1932] Compiling NIOPosix BaseSocket.swift
[1592/1932] Compiling NIOPosix BaseSocketChannel+AccessibleTransport.swift
[1593/1932] Compiling NIOPosix BaseSocketChannel+SocketOptionProvider.swift
[1594/1932] Compiling NIOPosix BaseSocketChannel.swift
[1595/1932] Compiling NIOPosix HappyEyeballs.swift
[1596/1932] Compiling NIOPosix IO.swift
[1597/1932] Compiling NIOPosix IntegerBitPacking.swift
[1598/1932] Compiling NIOPosix IntegerTypes.swift
[1599/1932] Compiling NIOPosix Linux.swift
[1600/1932] Compiling NIOPosix LinuxCPUSet.swift
[1601/1932] Compiling NIOPosix LinuxUring.swift
[1602/1932] Compiling NIOPosix Selectable.swift
[1603/1932] Compiling NIOPosix SelectableChannel.swift
[1604/1932] Compiling NIOPosix SelectableEventLoop.swift
[1605/1932] Compiling NIOPosix SelectorEpoll.swift
[1606/1932] Compiling NIOPosix SelectorGeneric.swift
[1607/1932] Compiling NIOPosix SelectorKqueue.swift
[1608/1932] Compiling NIOPosix SelectorUring.swift
[1609/1932] Compiling NIOPosix PipeChannel.swift
[1610/1932] Compiling NIOPosix PipePair.swift
[1611/1932] Compiling NIOPosix Pool.swift
[1612/1932] Compiling NIOPosix PosixSingletons+ConcurrencyTakeOver.swift
[1613/1932] Compiling NIOPosix PosixSingletons.swift
[1614/1932] Compiling NIOPosix RawSocketBootstrap.swift
[1615/1932] Compiling NIOPosix Resolver.swift
[1616/1932] Compiling NIOPosix SelectorWSAPoll.swift
[1617/1932] Compiling NIOPosix ServerSocket.swift
[1618/1932] Compiling NIOPosix Socket.swift
[1619/1932] Compiling NIOPosix SocketChannel.swift
[1620/1932] Compiling NIOPosix SocketProtocols.swift
[1621/1932] Compiling NIOPosix StructuredConcurrencyHelpers.swift
[1622/1932] Compiling NIOPosix System.swift
[1623/1932] Compiling X509 CustomPrivateKey.swift
[1624/1932] Compiling X509 Digests.swift
[1625/1932] Compiling X509 DistinguishedName.swift
[1626/1932] Compiling X509 CommonName.swift
[1627/1932] Compiling X509 CountryName.swift
[1628/1932] Compiling X509 DNBuilder.swift
[1629/1932] Compiling NIOPosix BaseStreamSocketChannel.swift
[1630/1932] Compiling NIOPosix Bootstrap.swift
[1631/1932] Compiling NIOPosix ControlMessage.swift
[1632/1932] Compiling NIOPosix DatagramVectorReadManager.swift
[1633/1932] Compiling NIOPosix Errors+Any.swift
[1634/1932] Compiling NIOPosix FileDescriptor.swift
[1635/1932] Compiling NIOPosix GetaddrinfoResolver.swift
[1636/1932] Compiling NIOPosix MultiThreadedEventLoopGroup.swift
[1637/1932] Compiling NIOPosix NIOPosixSendableMetatype.swift
[1638/1932] Compiling NIOPosix NIORandomizedDNSResolver.swift
[1639/1932] Compiling NIOPosix NIOThreadPool.swift
[1640/1932] Compiling NIOPosix NonBlockingFileIO.swift
[1641/1932] Compiling NIOPosix PendingDatagramWritesManager.swift
[1642/1932] Compiling NIOPosix PendingWritesManager.swift
[1642/1932] Wrapping AST for NIOEmbedded for debugging
[1644/1945] Compiling X509 OneOfPolicies.swift
[1645/1945] Compiling X509 PolicyBuilder.swift
[1646/1945] Compiling X509 BasicConstraintsPolicy.swift
[1647/1945] Compiling X509 DNSNames.swift
[1648/1945] Compiling X509 ExpiryPolicy.swift
[1649/1945] Compiling X509 IPConstraints.swift
[1650/1945] Compiling X509 NameConstraintsPolicy.swift
[1651/1945] Compiling X509 RFC5280Policy.swift
[1652/1945] Compiling X509 URIConstraints.swift
[1653/1945] Compiling X509 VersionPolicy.swift
[1654/1945] Compiling X509 ServerIdentityPolicy.swift
[1655/1945] Compiling X509 TrustRootLoading.swift
[1656/1945] Compiling X509 UnverifiedChain.swift
[1657/1945] Compiling X509 OCSPExtensionID.swift
[1658/1945] Compiling X509 OCSPNonce.swift
[1659/1945] Compiling X509 OCSPPolicy.swift
[1660/1945] Compiling X509 OCSPRequest.swift
[1661/1945] Compiling X509 OCSPResponse.swift
[1662/1945] Compiling X509 OCSPResponseBytes.swift
[1663/1945] Compiling X509 OCSPResponseData.swift
[1664/1945] Compiling X509 OCSPResponseStatus.swift
[1665/1945] Compiling X509 OCSPSignature.swift
[1666/1945] Compiling X509 OCSPSingleRequest.swift
[1667/1945] Compiling X509 OCSPSingleResponse.swift
[1668/1945] Compiling X509 OCSPTBSRequest.swift
[1669/1945] Compiling X509 OCSPVersion.swift
[1670/1945] Compiling X509 NameConstraints.swift
[1671/1945] Compiling X509 SubjectAlternativeName.swift
[1672/1945] Compiling X509 SubjectKeyIdentifier.swift
[1673/1945] Compiling X509 Extension.swift
[1674/1945] Compiling X509 Extensions.swift
[1675/1945] Compiling X509 ExtensionsBuilder.swift
[1676/1945] Compiling X509 GeneralName.swift
[1677/1945] Compiling X509 Lock.swift
[1678/1945] Compiling X509 LockedValueBox.swift
[1679/1945] Compiling X509 BasicOCSPResponse.swift
[1680/1945] Compiling X509 DirectoryString.swift
[1681/1945] Compiling X509 OCSPCertID.swift
[1682/1945] Compiling X509 OCSPCertStatus.swift
[1690/1952] Emitting module NIOPosix
[1705/1952] Emitting module X509
[1706/1952] Compiling NIOPosix Thread.swift
[1707/1952] Compiling NIOPosix ThreadPosix.swift
[1708/1952] Compiling NIOPosix ThreadWindows.swift
[1709/1952] Compiling NIOPosix Utilities.swift
[1710/1952] Compiling NIOPosix VsockAddress.swift
[1711/1952] Compiling NIOPosix VsockChannelEvents.swift
[1712/1952] Compiling NIOPosix Windows.swift
[1741/1953] Wrapping AST for NIOPosix for debugging
[1743/1955] Emitting module NIO
[1744/1955] Compiling NIO Exports.swift
[1745/1956] Wrapping AST for NIO for debugging
[1747/1995] Compiling NIOSOCKS ClientStateMachine.swift
[1748/1996] Compiling NIOTLS ApplicationProtocolNegotiationHandler.swift
[1749/1996] Compiling NIOTLS TLSEvents.swift
[1750/1996] Compiling NIOFoundationCompat Exports.swift
[1751/1996] Compiling NIOFoundationCompat WaitSpinningRunLoop.swift
[1752/1996] Emitting module NIOFoundationCompat
[1753/1996] Emitting module NIOTLS
[1754/1996] Compiling NIOFoundationCompat JSONSerialization+ByteBuffer.swift
[1755/1996] Compiling NIOSOCKS SelectedAuthenticationMethod.swift
[1756/1996] Compiling NIOSOCKS ServerStateMachine.swift
[1757/1996] Compiling NIOSOCKS SOCKSResponse.swift
[1758/1997] Compiling NIOTLS ProtocolNegotiationHandlerStateMachine.swift
[1759/1997] Compiling NIOTLS NIOTypedApplicationProtocolNegotiationHandler.swift
[1761/1997] Compiling NIOHTTP1 HTTPHeaderValidator.swift
[1762/1997] Compiling NIOHTTP1 HTTPHeaders+Validation.swift
[1762/1997] Wrapping AST for NIOFoundationCompat for debugging
[1764/1997] Compiling X509 ValidatedCertificateChain.swift
[1765/1997] Compiling X509 VerificationDiagnostic.swift
[1766/1997] Compiling X509 Verifier.swift
[1767/1997] Compiling X509 VerifierPolicy.swift
[1768/1997] Compiling X509 AlgorithmIdentifier.swift
[1769/1997] Compiling X509 ECDSASignature.swift
[1770/1997] Compiling X509 RSAPKCS1PublicKey.swift
[1771/1997] Compiling X509 SubjectPublicKeyInfo.swift
[1772/1997] Compiling X509 TBSCertificate.swift
[1773/1997] Compiling X509 Time.swift
[1774/1997] Compiling X509 TimeCalculations.swift
[1775/1997] Compiling X509 Validity.swift
[1776/1997] Compiling X509 X509SendableMetatype.swift
[1777/1997] Emitting module NIOSOCKS
[1778/1997] Compiling NIOSOCKS Messages.swift
[1779/1997] Compiling NIOSOCKS SOCKSRequest.swift
[1780/1997] Compiling NIOSOCKS AuthenticationMethod.swift
[1781/1997] Compiling NIOSOCKS ClientGreeting.swift
[1782/1997] Compiling NIOSOCKS Errors.swift
[1783/1997] Compiling NIOSOCKS Helpers.swift
[1786/1999] Compiling NIOTLS SNIHandler.swift
[1786/2000] Wrapping AST for NIOSOCKS for debugging
[1794/2002] Compiling NIOHTTP1 NIOHTTPClientUpgradeHandler.swift
[1795/2002] Compiling NIOHTTP1 NIOHTTPObjectAggregator.swift
[1796/2002] Compiling NIOHTTP1 NIOTypedHTTPClientUpgradeHandler.swift
[1797/2002] Compiling NIOHTTP1 NIOTypedHTTPClientUpgraderStateMachine.swift
[1797/2002] Wrapping AST for NIOTLS for debugging
[1798/2002] Wrapping AST for X509 for debugging
[1800/2099] Compiling JWTKit EdDSACurve.swift
[1801/2099] Compiling JWTKit EdDSAError.swift
[1802/2099] Compiling JWTKit ECDSAKeyTypes.swift
[1803/2099] Compiling JWTKit ECDSASigner.swift
[1804/2099] Compiling JWTKit ECDSASigningAlgorithm.swift
[1805/2099] Compiling JWTKit JWTKeyCollection+ECDSA.swift
[1806/2099] Compiling JWTKit JWTSerializer.swift
[1807/2099] Compiling JWTKit JWTSigner.swift
[1808/2099] Compiling JWTKit JWTKeyCollection+MLDSA.swift
[1809/2099] Compiling JWTKit MLDSA.swift
[1810/2099] Compiling JWTKit MLDSA65+MLDSAKey.swift
[1811/2099] Compiling JWTKit MLDSA87+MLDSAKey.swift
[1812/2099] Compiling JWTKit MLDSAError.swift
[1813/2099] Compiling JWTKit MLDSAKey.swift
[1814/2099] Compiling JWTKit MLDSASigner.swift
[1815/2099] Compiling JWTKit MLDSAType.swift
[1816/2099] Compiling JWTKit JWTKeyCollection+UnsecuredNone.swift
[1817/2099] Compiling JWTKit UnsecuredNoneSigner.swift
[1818/2099] Compiling JWTKit JWTKeyCollection+RSA.swift
[1819/2099] Compiling JWTKit RSA.swift
[1820/2099] Compiling JWTKit RSAError.swift
[1821/2099] Compiling JWTKit RSASigner.swift
[1822/2099] Compiling JWTKit Base64URL.swift
[1823/2099] Compiling JWTKit CryptoSigner.swift
[1824/2108] Compiling JWTKit ECDSACurve.swift
[1825/2108] Compiling JWTKit ECDSACurveType.swift
[1826/2108] Compiling JWTKit ECDSAError.swift
[1827/2108] Emitting module NIOHTTP1
[1828/2126] Wrapping AST for NIOHTTP1 for debugging
[1830/2126] Compiling JWTKit JWTAlgorithm.swift
[1831/2126] Compiling JWTKit JWTError.swift
[1832/2126] Compiling JWTKit JWTHeader+CommonFields.swift
[1833/2126] Compiling JWTKit JWTHeader.swift
[1834/2126] Compiling JWTKit JWTHeaderField.swift
[1835/2126] Compiling JWTKit JWTKeyCollection.swift
[1836/2126] Compiling JWTKit JWTParser+MandatoryVerificationFields.swift
[1837/2126] Compiling JWTKit JWTParser.swift
[1838/2126] Compiling JWTKit JWTPayload.swift
[1841/2126] Compiling JWTKit P256+CurveType.swift
[1842/2126] Compiling JWTKit P384+CurveType.swift
[1843/2126] Compiling JWTKit P521+CurveType.swift
[1844/2126] Compiling JWTKit EdDSA.swift
[1847/2126] Compiling JWTKit EdDSASigner.swift
[1848/2126] Compiling JWTKit JWTKeyCollection+EdDSA.swift
[1849/2126] Compiling JWTKit AudienceClaim.swift
[1850/2126] Compiling JWTKit BoolClaim.swift
[1851/2126] Compiling JWTKit ExpirationClaim.swift
[1852/2126] Compiling JWTKit GoogleHostedDomainClaim.swift
[1853/2126] Compiling JWTKit IDClaim.swift
[1854/2126] Compiling JWTKit IssuedAtClaim.swift
[1855/2126] Compiling JWTKit IssuerClaim.swift
[1856/2126] Compiling JWTKit JWTClaim.swift
[1857/2126] Compiling JWTKit JWTMultiValueClaim.swift
[1858/2126] Compiling JWTKit JWTUnixEpochClaim.swift
[1859/2126] Compiling NIOHPACK DynamicHeaderTable.swift
[1860/2126] Compiling NIOHPACK HPACKDecoder.swift
[1861/2126] Compiling NIOHPACK HPACKHeader.swift
[1862/2126] Compiling NIOHPACK HeaderTables.swift
[1863/2126] Compiling NIOHPACK HPACKEncoder.swift
[1864/2126] Compiling NIOHPACK HPACKErrors.swift
[1869/2126] Compiling JWTKit HMAC.swift
[1870/2126] Compiling JWTKit HMACError.swift
[1871/2126] Compiling JWTKit HMACSigner.swift
[1872/2126] Compiling JWTKit JWTKeyCollection+HMAC.swift
[1873/2126] Compiling JWTKit Insecure.swift
[1874/2126] Compiling JWTKit JWK.swift
[1875/2126] Compiling JWTKit JWKIdentifier.swift
[1876/2126] Compiling JWTKit JWKS.swift
[1877/2126] Compiling JWTKit JWKSigner.swift
[1878/2126] Emitting module JWTKit
[1879/2126] Emitting module NIOSSL
[1880/2130] Compiling NIOHPACK IntegerCoding.swift
[1881/2130] Compiling NIOHPACK IndexedHeaderTable.swift
[1886/2131] Compiling NIOHTTPCompression HTTPDecompression.swift
[1887/2131] Emitting module NIOHTTPCompression
[1888/2131] Compiling NIOHPACK StaticHeaderTable.swift
[1889/2131] Compiling NIOHPACK HuffmanTables.swift
[1890/2131] Compiling NIOHPACK HuffmanCoding.swift
[1893/2131] Compiling NIOHTTPCompression HTTPRequestCompressor.swift
[1894/2131] Compiling NIOHTTPCompression HTTPResponseCompressor.swift
[1895/2131] Compiling NIOHTTPCompression HTTPDecompressor.swift
[1896/2131] Compiling NIOHTTPCompression HTTPCompression.swift
[1898/2132] Emitting module NIOHPACK
[1898/2132] Wrapping AST for NIOHTTPCompression for debugging
[1900/2132] Compiling JWTKit CustomizedJSONCoders.swift
[1901/2132] Compiling JWTKit Utilities.swift
[1902/2132] Compiling JWTKit AppleIdentityToken.swift
[1903/2132] Compiling JWTKit FirebaseAuthIdentityToken.swift
[1904/2132] Compiling JWTKit GoogleIdentityToken.swift
[1905/2132] Compiling JWTKit MicrosoftIdentityToken.swift
[1906/2132] Compiling JWTKit EmptyPolicy.swift
[1907/2132] Compiling JWTKit ValidationTimePayload.swift
[1908/2132] Compiling JWTKit X5CVerifier.swift
[1939/2134] Wrapping AST for JWTKit for debugging
[1940/2134] Wrapping AST for NIOHPACK for debugging
[1942/2197] Compiling NIOHTTP2 HTTP2UserEvents.swift
[1943/2197] Compiling NIOHTTP2 InboundEventBuffer.swift
[1944/2197] Compiling NIOHTTP2 InboundWindowManager.swift
[1945/2197] Compiling NIOHTTP2 MultiplexerAbstractChannel.swift
[1946/2198] Compiling NIOHTTP2 HasFlowControlWindows.swift
[1947/2198] Compiling NIOHTTP2 HasLocalSettings.swift
[1948/2198] Compiling NIOHTTP2 HasRemoteSettings.swift
[1949/2198] Compiling NIOHTTP2 LocallyQuiescingState.swift
[1950/2198] Compiling NIOHTTP2 QuiescingState.swift
[1951/2198] Compiling NIOHTTP2 RemotelyQuiescingState.swift
[1952/2198] Compiling NIOHTTP2 SendAndReceiveGoawayState.swift
[1953/2198] Compiling NIOHTTP2 StateMachineResult.swift
[1954/2198] Compiling NIOHTTP2 ContentLengthVerifier.swift
[1955/2206] Wrapping AST for NIOSSL for debugging
[1957/2206] Compiling NIOHTTP2 MaySendFrames.swift
[1958/2206] Compiling NIOHTTP2 SendingDataState.swift
[1959/2206] Compiling NIOHTTP2 SendingGoawayState.swift
[1960/2206] Compiling NIOHTTP2 SendingHeadersState.swift
[1961/2206] Compiling NIOHTTP2 SendingPushPromiseState.swift
[1962/2206] Compiling NIOHTTP2 SendingRstStreamState.swift
[1963/2206] Compiling NIOHTTP2 SendingWindowUpdateState.swift
[1964/2206] Compiling NIOHTTP2 HTTP2SettingsState.swift
[1965/2206] Compiling NIOHTTP2 HasExtendedConnectSettings.swift
[1966/2206] Emitting module NIOHTTP2
[1967/2206] Compiling NIOHTTP2 DOSHeuristics.swift
[1968/2206] Compiling NIOHTTP2 Error+Any.swift
[1969/2206] Compiling NIOHTTP2 ConcurrentStreamBuffer.swift
[1970/2206] Compiling NIOHTTP2 ControlFrameBuffer.swift
[1971/2206] Compiling NIOHTTP2 OutboundFlowControlBuffer.swift
[1972/2206] Compiling NIOHTTP2 OutboundFrameBuffer.swift
[1973/2206] Compiling NIOHTTP2 GlitchesMonitor.swift
[1974/2206] Compiling NIOHTTP2 HPACKHeaders+Validation.swift
[1975/2206] Compiling NIOHTTP2 HTTP2ChannelHandler+InboundStreamMultiplexer.swift
[1976/2206] Compiling NIOHTTP2 HTTP2StreamMultiplexer.swift
[1977/2206] Compiling NIOHTTP2 HTTP2ToHTTP1Codec.swift
[1982/2206] Compiling NIOHTTP2 NIOHTTP2FrameDelegate.swift
[1983/2206] Compiling NIOHTTP2 NIOHTTP2ServerConnectionManagementHandler+StateMachine.swift
[1984/2206] Compiling NIOHTTP2 ConnectionStateMachine.swift
[1985/2206] Compiling NIOHTTP2 ConnectionStreamsState.swift
[1986/2206] Compiling NIOHTTP2 MayReceiveFrames.swift
[1987/2206] Compiling NIOHTTP2 ReceivingDataState.swift
[1988/2206] Compiling NIOHTTP2 ReceivingGoAwayState.swift
[1989/2206] Compiling NIOHTTP2 ReceivingHeadersState.swift
[1990/2206] Compiling NIOHTTP2 ReceivingPushPromiseState.swift
[1991/2206] Compiling NIOHTTP2 ReceivingRstStreamState.swift
[1992/2206] Compiling NIOHTTP2 ReceivingWindowUpdateState.swift
[1993/2206] Compiling NIOHTTP2 NIOHTTP2ServerConnectionManagementHandler.swift
[1994/2206] Compiling NIOHTTP2 StreamChannelFlowController.swift
[1995/2206] Compiling NIOHTTP2 StreamChannelList.swift
[1996/2206] Compiling NIOHTTP2 StreamMap.swift
[1997/2206] Compiling NIOHTTP2 StreamStateMachine.swift
[1998/2206] Compiling NIOHTTP2 Timer.swift
[1999/2206] Compiling NIOHTTP2 UnsafeTransfer.swift
[2000/2206] Compiling NIOHTTP2 WatermarkedFlowController.swift
[2001/2206] Compiling NIOHTTP2 HTTP2FrameParser.swift
[2002/2206] Compiling NIOHTTP2 HTTP2PingData.swift
[2003/2206] Compiling NIOHTTP2 HTTP2PipelineHelpers.swift
[2004/2206] Compiling NIOHTTP2 HTTP2Settings.swift
[2005/2206] Compiling NIOHTTP2 HTTP2Stream.swift
[2006/2206] Compiling NIOHTTP2 HTTP2StreamChannel+OutboundStreamMultiplexer.swift
[2007/2206] Compiling NIOHTTP2 HTTP2StreamChannel.swift
[2008/2206] Compiling NIOHTTP2 HTTP2StreamDelegate.swift
[2009/2206] Compiling NIOHTTP2 HTTP2StreamID.swift
[2010/2206] Compiling NIOHTTP2 HTTP2ChannelHandler+InlineStreamMultiplexer.swift
[2011/2206] Compiling NIOHTTP2 HTTP2ChannelHandler.swift
[2012/2206] Compiling NIOHTTP2 HTTP2CommonInboundStreamMultiplexer.swift
[2013/2206] Compiling NIOHTTP2 HTTP2ConnectionStateChange.swift
[2014/2206] Compiling NIOHTTP2 HTTP2Error.swift
[2015/2206] Compiling NIOHTTP2 HTTP2ErrorCode.swift
[2016/2206] Compiling NIOHTTP2 HTTP2FlowControlWindow.swift
[2017/2206] Compiling NIOHTTP2 HTTP2Frame.swift
[2018/2206] Compiling NIOHTTP2 HTTP2FrameEncoder.swift
[2019/2207] Wrapping AST for NIOHTTP2 for debugging
[2021/2271] Emitting module AsyncHTTPClient
[2022/2279] Compiling AsyncHTTPClient AnyAsyncSequence.swift
[2023/2279] Compiling AsyncHTTPClient AnyAsyncSequenceProucerDelete.swift
[2024/2279] Compiling AsyncHTTPClient AsyncLazySequence.swift
[2025/2279] Compiling AsyncHTTPClient HTTPClient+execute.swift
[2026/2279] Compiling AsyncHTTPClient HTTPClient+shutdown.swift
[2027/2279] Compiling AsyncHTTPClient HTTPClient+tracing.swift
[2028/2279] Compiling AsyncHTTPClient HTTPClientRequest+Prepared.swift
[2029/2279] Compiling AsyncHTTPClient HTTPClientRequest+auth.swift
[2030/2279] Compiling AsyncHTTPClient HTTPClientRequest.swift
[2031/2279] Compiling AsyncHTTPClient HTTPClientResponse.swift
[2032/2279] Compiling AsyncHTTPClient SingleIteratorPrecondition.swift
[2033/2279] Compiling AsyncHTTPClient Transaction+StateMachine.swift
[2034/2279] Compiling AsyncHTTPClient Transaction.swift
[2035/2279] Compiling AsyncHTTPClient Base64.swift
[2036/2279] Compiling AsyncHTTPClient BasicAuth.swift
[2037/2279] Compiling AsyncHTTPClient BestEffortHashableTLSConfiguration.swift
[2038/2279] Compiling AsyncHTTPClient Configuration+BrowserLike.swift
[2039/2279] Compiling AsyncHTTPClient ConnectionPool.swift
[2040/2279] Compiling AsyncHTTPClient RequestValidation.swift
[2041/2279] Compiling AsyncHTTPClient SSLContextCache.swift
[2042/2279] Compiling AsyncHTTPClient Scheme.swift
[2043/2279] Compiling AsyncHTTPClient Singleton.swift
[2044/2279] Compiling AsyncHTTPClient StringConvertibleInstances.swift
[2045/2279] Compiling AsyncHTTPClient StructuredConcurrencyHelpers.swift
[2046/2279] Compiling AsyncHTTPClient TracingSupport.swift
[2047/2279] Compiling AsyncHTTPClient Utils.swift
[2048/2279] Compiling AsyncHTTPClient HTTP1ProxyConnectHandler.swift
[2049/2279] Compiling AsyncHTTPClient SOCKSEventsHandler.swift
[2050/2279] Compiling AsyncHTTPClient TLSEventsHandler.swift
[2051/2279] Compiling AsyncHTTPClient HTTP1ClientChannelHandler.swift
[2052/2279] Compiling AsyncHTTPClient HTTP1Connection.swift
[2053/2279] Compiling AsyncHTTPClient HTTP1ConnectionStateMachine.swift
[2054/2279] Compiling AsyncHTTPClient HTTP2ClientRequestHandler.swift
[2055/2279] Compiling AsyncHTTPClient HTTP2Connection.swift
[2056/2279] Compiling AsyncHTTPClient HTTP2IdleHandler.swift
[2057/2279] Compiling AsyncHTTPClient RequestOptions.swift
[2058/2279] Compiling AsyncHTTPClient HTTPConnectionPool+Backoff.swift
[2059/2279] Compiling AsyncHTTPClient HTTPConnectionPool+HTTP1Connections.swift
[2060/2279] Compiling AsyncHTTPClient HTTPConnectionPool+HTTP1StateMachine.swift
[2061/2279] Compiling AsyncHTTPClient HTTPConnectionPool+HTTP2Connections.swift
[2062/2279] Compiling AsyncHTTPClient HTTPConnectionPool+HTTP2StateMachine.swift
[2063/2279] Compiling AsyncHTTPClient HTTPConnectionPool+RequestQueue.swift
[2064/2279] Compiling AsyncHTTPClient HTTPConnectionPool+StateMachine.swift
[2065/2279] Compiling AsyncHTTPClient ConnectionTarget.swift
[2066/2279] Compiling AsyncHTTPClient DeconstructedURL.swift
[2067/2279] Compiling AsyncHTTPClient FileDownloadDelegate.swift
[2068/2279] Compiling AsyncHTTPClient FoundationExtensions.swift
[2069/2279] Compiling AsyncHTTPClient HTTPClient+HTTPCookie.swift
[2070/2279] Compiling AsyncHTTPClient HTTPClient+Proxy.swift
[2071/2279] Compiling AsyncHTTPClient HTTPClient+StructuredConcurrency.swift
[2072/2279] Compiling AsyncHTTPClient HTTPClient.swift
[2073/2279] Compiling AsyncHTTPClient HTTPClientConfiguration+SwiftConfiguration.swift
[2074/2279] Compiling AsyncHTTPClient HTTPHandler.swift
[2075/2279] Compiling AsyncHTTPClient LRUCache.swift
[2076/2279] Compiling AsyncHTTPClient NIOLoopBound+Execute.swift
[2077/2279] Compiling AsyncHTTPClient NWErrorHandler.swift
[2078/2279] Compiling AsyncHTTPClient NWWaitingHandler.swift
[2079/2279] Compiling AsyncHTTPClient TLSConfiguration.swift
[2080/2279] Compiling AsyncHTTPClient RedirectState.swift
[2081/2279] Compiling AsyncHTTPClient RequestBag+StateMachine.swift
[2082/2279] Compiling AsyncHTTPClient RequestBag+Tracing.swift
[2083/2279] Compiling AsyncHTTPClient RequestBag.swift
[2084/2279] Compiling AsyncHTTPClient HTTPConnectionEvent.swift
[2085/2279] Compiling AsyncHTTPClient HTTPConnectionPool+Factory.swift
[2086/2279] Compiling AsyncHTTPClient HTTPConnectionPool+Manager.swift
[2087/2279] Compiling AsyncHTTPClient HTTPConnectionPool.swift
[2088/2279] Compiling AsyncHTTPClient HTTPExecutableRequest.swift
[2089/2279] Compiling AsyncHTTPClient HTTPRequestStateMachine+Demand.swift
[2090/2279] Compiling AsyncHTTPClient HTTPRequestStateMachine.swift
[2091/2279] Compiling AsyncHTTPClient RequestBodyLength.swift
[2092/2279] Compiling AsyncHTTPClient RequestFramingMetadata.swift
[2093/2280] Wrapping AST for AsyncHTTPClient for debugging
[2095/2303] Emitting module GoogleAuth
[2096/2306] Compiling GoogleAuth ADC.swift
[2097/2306] Compiling GoogleAuth ADCPath.swift
[2098/2306] Compiling GoogleAuth ADCResolver.swift
[2099/2306] Compiling GoogleAuth AuthHeaders.swift
[2100/2306] Compiling GoogleAuth AnonymousCredentials.swift
[2101/2306] Compiling GoogleAuth ApiKeyCredentials.swift
[2102/2306] Compiling GoogleAuth ExternalAccountCredentials.swift
[2103/2306] Compiling GoogleAuth CredentialParserRegistry.swift
[2104/2306] Compiling GoogleAuth Credentials.swift
[2105/2306] Compiling GoogleAuth CredentialsError.swift
[2106/2306] Compiling GoogleAuth SubjectTokenProvider.swift
[2107/2306] Compiling GoogleAuth MDSAccessTokenProvider.swift
[2108/2306] Compiling GoogleAuth MDSCredentials.swift
[2109/2306] Compiling GoogleAuth ServiceAccountCredentials.swift
[2110/2306] Compiling GoogleAuth ServiceAccountData.swift
[2111/2306] Compiling GoogleAuth ServiceAccountTokenProvider.swift
[2112/2306] Compiling GoogleAuth AuthHTTPClient.swift
[2113/2306] Compiling GoogleAuth AuthHTTPError.swift
[2114/2306] Compiling GoogleAuth RetryEngine.swift
[2115/2306] Compiling GoogleAuth UserAccountData.swift
[2116/2306] Compiling GoogleAuth UserAccountTokenProvider.swift
[2117/2306] Compiling GoogleAuth UserCredentials.swift
[2118/2306] Compiling GoogleAuth STSHandler.swift
[2119/2306] Compiling GoogleAuth TokenCache.swift
[2120/2306] Compiling GoogleAuth PackageVersion.swift
[2121/2307] Wrapping AST for GoogleAuth for debugging
[2123/2365] Emitting module GoogleGax
[2124/2373] Compiling GoogleGax LimitedAttemptCount+PollingErrorPolicy.swift
[2125/2373] Compiling GoogleGax LimitedAttemptCount+RetryPolicy.swift
[2126/2373] Compiling GoogleGax LimitedAttemptCount.swift
[2127/2373] Compiling GoogleGax LimitedElapsedTime+PollingErrorPolicy.swift
[2128/2373] Compiling GoogleGax LimitedElapsedTime+RetryPolicy.swift
[2129/2373] Compiling GoogleGax LimitedElapsedTime.swift
[2130/2373] Compiling GoogleGax LongRunningOperations.swift
[2131/2373] Compiling GoogleGax NeverRetry.swift
[2132/2373] Compiling GoogleGax RequestOptions.swift
[2133/2373] Compiling GoogleGax RetryLoop.swift
[2134/2373] Compiling GoogleGax RetryPolicy.swift
[2135/2373] Compiling GoogleGax RetryResult.swift
[2136/2373] Compiling GoogleGax RetryState.swift
[2137/2373] Compiling GoogleGax RetryThrottler.swift
[2138/2373] Compiling GoogleGax RetryThrottlerError.swift
[2139/2373] Compiling GoogleGax RoutingMatcher.swift
[2140/2373] Compiling GoogleGax ContinueOnIO.swift
[2141/2373] Compiling GoogleGax CredentialsProtocol.swift
[2142/2373] Compiling GoogleGax ErrorWrapper.swift
[2143/2373] Compiling GoogleGax ExponentialBackoff+BackoffPolicy.swift
[2144/2373] Compiling GoogleGax ExponentialBackoff+PollingBackoffPolicy.swift
[2145/2373] Compiling GoogleGax ExponentialBackoff.swift
[2146/2373] Compiling GoogleGax HTTPClient.swift
[2147/2373] Compiling GoogleGax HTTPClientHolder.swift
[2148/2373] Compiling GoogleGax Pagination.swift
/host/spi-builder-workspace/.build/checkouts/swift-google-gax/Sources/GoogleGax/Pagination.swift:44:22: error: cannot convert '@Sendable (String) async throws -> (response: ResponseType, items: [Item], nextToken: String)' to 'nonisolated(nonsending) @Sendable (String) async throws -> (response: ResponseType, items: [Item], nextToken: String)' because crossing of an isolation boundary requires parameter and result types to conform to 'Sendable' protocol
 42 |   ) where ResponseType: _PaginatedResponse<Item> {
 43 |     self.initialPageToken = initialPageToken ?? ""
 44 |     self.fetchPage = { token in
    |                      |- error: cannot convert '@Sendable (String) async throws -> (response: ResponseType, items: [Item], nextToken: String)' to 'nonisolated(nonsending) @Sendable (String) async throws -> (response: ResponseType, items: [Item], nextToken: String)' because crossing of an isolation boundary requires parameter and result types to conform to 'Sendable' protocol
    |                      `- note: type 'Item' does not conform to 'Sendable' protocol
 45 |       let response = try await listRpc(token)
 46 |       return (response, response._getPaginatedItems(), response._nextPageToken())
[2149/2373] Compiling GoogleGax PollingBackoffPolicy.swift
/host/spi-builder-workspace/.build/checkouts/swift-google-gax/Sources/GoogleGax/Pagination.swift:44:22: error: cannot convert '@Sendable (String) async throws -> (response: ResponseType, items: [Item], nextToken: String)' to 'nonisolated(nonsending) @Sendable (String) async throws -> (response: ResponseType, items: [Item], nextToken: String)' because crossing of an isolation boundary requires parameter and result types to conform to 'Sendable' protocol
 42 |   ) where ResponseType: _PaginatedResponse<Item> {
 43 |     self.initialPageToken = initialPageToken ?? ""
 44 |     self.fetchPage = { token in
    |                      |- error: cannot convert '@Sendable (String) async throws -> (response: ResponseType, items: [Item], nextToken: String)' to 'nonisolated(nonsending) @Sendable (String) async throws -> (response: ResponseType, items: [Item], nextToken: String)' because crossing of an isolation boundary requires parameter and result types to conform to 'Sendable' protocol
    |                      `- note: type 'Item' does not conform to 'Sendable' protocol
 45 |       let response = try await listRpc(token)
 46 |       return (response, response._getPaginatedItems(), response._nextPageToken())
[2150/2373] Compiling GoogleGax PollingErrorPolicy.swift
/host/spi-builder-workspace/.build/checkouts/swift-google-gax/Sources/GoogleGax/Pagination.swift:44:22: error: cannot convert '@Sendable (String) async throws -> (response: ResponseType, items: [Item], nextToken: String)' to 'nonisolated(nonsending) @Sendable (String) async throws -> (response: ResponseType, items: [Item], nextToken: String)' because crossing of an isolation boundary requires parameter and result types to conform to 'Sendable' protocol
 42 |   ) where ResponseType: _PaginatedResponse<Item> {
 43 |     self.initialPageToken = initialPageToken ?? ""
 44 |     self.fetchPage = { token in
    |                      |- error: cannot convert '@Sendable (String) async throws -> (response: ResponseType, items: [Item], nextToken: String)' to 'nonisolated(nonsending) @Sendable (String) async throws -> (response: ResponseType, items: [Item], nextToken: String)' because crossing of an isolation boundary requires parameter and result types to conform to 'Sendable' protocol
    |                      `- note: type 'Item' does not conform to 'Sendable' protocol
 45 |       let response = try await listRpc(token)
 46 |       return (response, response._getPaginatedItems(), response._nextPageToken())
[2151/2373] Compiling GoogleGax PollingResult.swift
/host/spi-builder-workspace/.build/checkouts/swift-google-gax/Sources/GoogleGax/Pagination.swift:44:22: error: cannot convert '@Sendable (String) async throws -> (response: ResponseType, items: [Item], nextToken: String)' to 'nonisolated(nonsending) @Sendable (String) async throws -> (response: ResponseType, items: [Item], nextToken: String)' because crossing of an isolation boundary requires parameter and result types to conform to 'Sendable' protocol
 42 |   ) where ResponseType: _PaginatedResponse<Item> {
 43 |     self.initialPageToken = initialPageToken ?? ""
 44 |     self.fetchPage = { token in
    |                      |- error: cannot convert '@Sendable (String) async throws -> (response: ResponseType, items: [Item], nextToken: String)' to 'nonisolated(nonsending) @Sendable (String) async throws -> (response: ResponseType, items: [Item], nextToken: String)' because crossing of an isolation boundary requires parameter and result types to conform to 'Sendable' protocol
    |                      `- note: type 'Item' does not conform to 'Sendable' protocol
 45 |       let response = try await listRpc(token)
 46 |       return (response, response._getPaginatedItems(), response._nextPageToken())
[2152/2373] Compiling GoogleGax PollingState.swift
/host/spi-builder-workspace/.build/checkouts/swift-google-gax/Sources/GoogleGax/Pagination.swift:44:22: error: cannot convert '@Sendable (String) async throws -> (response: ResponseType, items: [Item], nextToken: String)' to 'nonisolated(nonsending) @Sendable (String) async throws -> (response: ResponseType, items: [Item], nextToken: String)' because crossing of an isolation boundary requires parameter and result types to conform to 'Sendable' protocol
 42 |   ) where ResponseType: _PaginatedResponse<Item> {
 43 |     self.initialPageToken = initialPageToken ?? ""
 44 |     self.fetchPage = { token in
    |                      |- error: cannot convert '@Sendable (String) async throws -> (response: ResponseType, items: [Item], nextToken: String)' to 'nonisolated(nonsending) @Sendable (String) async throws -> (response: ResponseType, items: [Item], nextToken: String)' because crossing of an isolation boundary requires parameter and result types to conform to 'Sendable' protocol
    |                      `- note: type 'Item' does not conform to 'Sendable' protocol
 45 |       let response = try await listRpc(token)
 46 |       return (response, response._getPaginatedItems(), response._nextPageToken())
[2153/2373] Compiling GoogleGax ProtobufConversionError.swift
/host/spi-builder-workspace/.build/checkouts/swift-google-gax/Sources/GoogleGax/Pagination.swift:44:22: error: cannot convert '@Sendable (String) async throws -> (response: ResponseType, items: [Item], nextToken: String)' to 'nonisolated(nonsending) @Sendable (String) async throws -> (response: ResponseType, items: [Item], nextToken: String)' because crossing of an isolation boundary requires parameter and result types to conform to 'Sendable' protocol
 42 |   ) where ResponseType: _PaginatedResponse<Item> {
 43 |     self.initialPageToken = initialPageToken ?? ""
 44 |     self.fetchPage = { token in
    |                      |- error: cannot convert '@Sendable (String) async throws -> (response: ResponseType, items: [Item], nextToken: String)' to 'nonisolated(nonsending) @Sendable (String) async throws -> (response: ResponseType, items: [Item], nextToken: String)' because crossing of an isolation boundary requires parameter and result types to conform to 'Sendable' protocol
    |                      `- note: type 'Item' does not conform to 'Sendable' protocol
 45 |       let response = try await listRpc(token)
 46 |       return (response, response._getPaginatedItems(), response._nextPageToken())
[2154/2373] Compiling GoogleGax QueryParameter.swift
/host/spi-builder-workspace/.build/checkouts/swift-google-gax/Sources/GoogleGax/Pagination.swift:44:22: error: cannot convert '@Sendable (String) async throws -> (response: ResponseType, items: [Item], nextToken: String)' to 'nonisolated(nonsending) @Sendable (String) async throws -> (response: ResponseType, items: [Item], nextToken: String)' because crossing of an isolation boundary requires parameter and result types to conform to 'Sendable' protocol
 42 |   ) where ResponseType: _PaginatedResponse<Item> {
 43 |     self.initialPageToken = initialPageToken ?? ""
 44 |     self.fetchPage = { token in
    |                      |- error: cannot convert '@Sendable (String) async throws -> (response: ResponseType, items: [Item], nextToken: String)' to 'nonisolated(nonsending) @Sendable (String) async throws -> (response: ResponseType, items: [Item], nextToken: String)' because crossing of an isolation boundary requires parameter and result types to conform to 'Sendable' protocol
    |                      `- note: type 'Item' does not conform to 'Sendable' protocol
 45 |       let response = try await listRpc(token)
 46 |       return (response, response._getPaginatedItems(), response._nextPageToken())
[2155/2373] Compiling GoogleGax RequestError.swift
/host/spi-builder-workspace/.build/checkouts/swift-google-gax/Sources/GoogleGax/Pagination.swift:44:22: error: cannot convert '@Sendable (String) async throws -> (response: ResponseType, items: [Item], nextToken: String)' to 'nonisolated(nonsending) @Sendable (String) async throws -> (response: ResponseType, items: [Item], nextToken: String)' because crossing of an isolation boundary requires parameter and result types to conform to 'Sendable' protocol
 42 |   ) where ResponseType: _PaginatedResponse<Item> {
 43 |     self.initialPageToken = initialPageToken ?? ""
 44 |     self.fetchPage = { token in
    |                      |- error: cannot convert '@Sendable (String) async throws -> (response: ResponseType, items: [Item], nextToken: String)' to 'nonisolated(nonsending) @Sendable (String) async throws -> (response: ResponseType, items: [Item], nextToken: String)' because crossing of an isolation boundary requires parameter and result types to conform to 'Sendable' protocol
    |                      `- note: type 'Item' does not conform to 'Sendable' protocol
 45 |       let response = try await listRpc(token)
 46 |       return (response, response._getPaginatedItems(), response._nextPageToken())
[2156/2373] Compiling GoogleGax BaseRetryPolicy.swift
[2157/2373] Compiling GoogleGax BindingError.swift
[2158/2373] Compiling GoogleGax CRC32C.swift
[2159/2373] Compiling GoogleGax CircuitBreaker.swift
[2160/2373] Compiling GoogleGax ClientError.swift
[2161/2373] Compiling GoogleGax ClientOptions.swift
[2162/2373] Compiling GoogleGax ContinueOnIO+PollingErrorPolicy.swift
[2163/2373] Compiling GoogleGax ContinueOnIO+RetryPolicy.swift
[2164/2373] Compiling GoogleGax AIP194+PollingErrorPolicy.swift
[2165/2373] Compiling GoogleGax AIP194+RetryPolicy.swift
[2166/2373] Compiling GoogleGax AIP194.swift
[2167/2373] Compiling GoogleGax AdaptiveThrottler.swift
[2168/2373] Compiling GoogleGax AlwaysPoll.swift
[2169/2373] Compiling GoogleGax AlwaysRetry.swift
[2170/2373] Compiling GoogleGax ApiClientHeader.swift
[2171/2373] Compiling GoogleGax BackoffPolicy.swift
[2172/2373] Compiling GoogleGax BasePollingErrorPolicy.swift
[2173/2373] Compiling GoogleGax HTTPClientProtocol.swift
[2174/2373] Compiling GoogleGax HTTPClientRequest.swift
[2175/2373] Compiling GoogleGax HTTPClientResponse.swift
[2176/2373] Compiling GoogleGax HTTPHeaders.swift
[2177/2373] Compiling GoogleGax HTTPResponseBody.swift
[2178/2373] Compiling GoogleGax HeaderNames.swift
[2179/2373] Compiling GoogleGax Host.swift
[2180/2373] Compiling GoogleGax InProgressResult.swift
[2181/2373] Compiling GoogleGax ServiceError.swift
[2182/2373] Compiling GoogleGax StatusDetail.swift
[2183/2373] Compiling GoogleGax StrictIdempotency.swift
[2184/2373] Compiling GoogleGax ThrottleResult.swift
[2185/2373] Compiling GoogleGax TooManyRequests+PollingErrorPolicy.swift
[2186/2373] Compiling GoogleGax TooManyRequests+RetryPolicy.swift
[2187/2373] Compiling GoogleGax TooManyRequests.swift
[2188/2373] Compiling GoogleGax PackageVersion.swift
BUILD FAILURE 6.2 android