The Swift Package Index logo.Swift Package Index

Build Information

Failed to build JoinedText, reference main (a2a6f0), with Swift 6.4 for watchOS using Xcode 27.0 on 17 Sep 2026 20:32:45 UTC.

Build Command

env DEVELOPER_DIR=/Applications/Xcode-27.0.0-Release.Candidate.app xcrun xcodebuild -IDEClonedSourcePackagesDirPathOverride=$PWD/.dependencies -skipMacroValidation -skipPackagePluginValidation -derivedDataPath $PWD/.derivedData build -scheme JoinedText -destination generic/platform=watchOS

Build Log

    cd /Users/admin/builder/spi-builder-workspace/.swiftpm/xcode
    builtin-SwiftPerFileCompile EnvironmentModifiers.swift
SwiftCompile normal arm64 Compiling\ LazyHStack.swift,\ LazyVGrid.swift,\ LazyVStack.swift,\ LinearGradient.swift,\ Link.swift,\ List.swift,\ LocationButton.swift,\ Map.swift,\ MapAnnotation.swift,\ Menu.swift,\ MenuButton.swift,\ MultiDatePicker.swift /Users/admin/builder/spi-builder-workspace/.dependencies/checkouts/ViewInspector/Sources/ViewInspector/SwiftUI/LazyHStack.swift /Users/admin/builder/spi-builder-workspace/.dependencies/checkouts/ViewInspector/Sources/ViewInspector/SwiftUI/LazyVGrid.swift /Users/admin/builder/spi-builder-workspace/.dependencies/checkouts/ViewInspector/Sources/ViewInspector/SwiftUI/LazyVStack.swift /Users/admin/builder/spi-builder-workspace/.dependencies/checkouts/ViewInspector/Sources/ViewInspector/SwiftUI/LinearGradient.swift /Users/admin/builder/spi-builder-workspace/.dependencies/checkouts/ViewInspector/Sources/ViewInspector/SwiftUI/Link.swift /Users/admin/builder/spi-builder-workspace/.dependencies/checkouts/ViewInspector/Sources/ViewInspector/SwiftUI/List.swift /Users/admin/builder/spi-builder-workspace/.dependencies/checkouts/ViewInspector/Sources/ViewInspector/SwiftUI/LocationButton.swift /Users/admin/builder/spi-builder-workspace/.dependencies/checkouts/ViewInspector/Sources/ViewInspector/SwiftUI/Map.swift /Users/admin/builder/spi-builder-workspace/.dependencies/checkouts/ViewInspector/Sources/ViewInspector/SwiftUI/MapAnnotation.swift /Users/admin/builder/spi-builder-workspace/.dependencies/checkouts/ViewInspector/Sources/ViewInspector/SwiftUI/Menu.swift /Users/admin/builder/spi-builder-workspace/.dependencies/checkouts/ViewInspector/Sources/ViewInspector/SwiftUI/MenuButton.swift /Users/admin/builder/spi-builder-workspace/.dependencies/checkouts/ViewInspector/Sources/ViewInspector/SwiftUI/MultiDatePicker.swift (in target 'ViewInspector' from project 'ViewInspector')
SwiftCompile normal arm64 /Users/admin/builder/spi-builder-workspace/.dependencies/checkouts/ViewInspector/Sources/ViewInspector/SwiftUI/LazyHStack.swift (in target 'ViewInspector' from project 'ViewInspector')
    cd /Users/admin/builder/spi-builder-workspace/.swiftpm/xcode
    builtin-SwiftPerFileCompile LazyHStack.swift
SwiftCompile normal arm64 /Users/admin/builder/spi-builder-workspace/.dependencies/checkouts/ViewInspector/Sources/ViewInspector/SwiftUI/LazyVGrid.swift (in target 'ViewInspector' from project 'ViewInspector')
    cd /Users/admin/builder/spi-builder-workspace/.swiftpm/xcode
    builtin-SwiftPerFileCompile LazyVGrid.swift
SwiftCompile normal arm64 /Users/admin/builder/spi-builder-workspace/.dependencies/checkouts/ViewInspector/Sources/ViewInspector/SwiftUI/LazyVStack.swift (in target 'ViewInspector' from project 'ViewInspector')
    cd /Users/admin/builder/spi-builder-workspace/.swiftpm/xcode
    builtin-SwiftPerFileCompile LazyVStack.swift
SwiftCompile normal arm64 /Users/admin/builder/spi-builder-workspace/.dependencies/checkouts/ViewInspector/Sources/ViewInspector/SwiftUI/LinearGradient.swift (in target 'ViewInspector' from project 'ViewInspector')
    cd /Users/admin/builder/spi-builder-workspace/.swiftpm/xcode
    builtin-SwiftPerFileCompile LinearGradient.swift
SwiftCompile normal arm64 /Users/admin/builder/spi-builder-workspace/.dependencies/checkouts/ViewInspector/Sources/ViewInspector/SwiftUI/Link.swift (in target 'ViewInspector' from project 'ViewInspector')
    cd /Users/admin/builder/spi-builder-workspace/.swiftpm/xcode
    builtin-SwiftPerFileCompile Link.swift
SwiftCompile normal arm64 /Users/admin/builder/spi-builder-workspace/.dependencies/checkouts/ViewInspector/Sources/ViewInspector/SwiftUI/List.swift (in target 'ViewInspector' from project 'ViewInspector')
    cd /Users/admin/builder/spi-builder-workspace/.swiftpm/xcode
    builtin-SwiftPerFileCompile List.swift
SwiftCompile normal arm64 /Users/admin/builder/spi-builder-workspace/.dependencies/checkouts/ViewInspector/Sources/ViewInspector/SwiftUI/LocationButton.swift (in target 'ViewInspector' from project 'ViewInspector')
    cd /Users/admin/builder/spi-builder-workspace/.swiftpm/xcode
    builtin-SwiftPerFileCompile LocationButton.swift
SwiftCompile normal arm64 /Users/admin/builder/spi-builder-workspace/.dependencies/checkouts/ViewInspector/Sources/ViewInspector/SwiftUI/Map.swift (in target 'ViewInspector' from project 'ViewInspector')
    cd /Users/admin/builder/spi-builder-workspace/.swiftpm/xcode
    builtin-SwiftPerFileCompile Map.swift
SwiftCompile normal arm64 /Users/admin/builder/spi-builder-workspace/.dependencies/checkouts/ViewInspector/Sources/ViewInspector/SwiftUI/MapAnnotation.swift (in target 'ViewInspector' from project 'ViewInspector')
    cd /Users/admin/builder/spi-builder-workspace/.swiftpm/xcode
    builtin-SwiftPerFileCompile MapAnnotation.swift
SwiftCompile normal arm64 /Users/admin/builder/spi-builder-workspace/.dependencies/checkouts/ViewInspector/Sources/ViewInspector/SwiftUI/Menu.swift (in target 'ViewInspector' from project 'ViewInspector')
    cd /Users/admin/builder/spi-builder-workspace/.swiftpm/xcode
    builtin-SwiftPerFileCompile Menu.swift
SwiftCompile normal arm64 /Users/admin/builder/spi-builder-workspace/.dependencies/checkouts/ViewInspector/Sources/ViewInspector/SwiftUI/MenuButton.swift (in target 'ViewInspector' from project 'ViewInspector')
    cd /Users/admin/builder/spi-builder-workspace/.swiftpm/xcode
    builtin-SwiftPerFileCompile MenuButton.swift
SwiftCompile normal arm64 /Users/admin/builder/spi-builder-workspace/.dependencies/checkouts/ViewInspector/Sources/ViewInspector/SwiftUI/MultiDatePicker.swift (in target 'ViewInspector' from project 'ViewInspector')
    cd /Users/admin/builder/spi-builder-workspace/.swiftpm/xcode
    builtin-SwiftPerFileCompile MultiDatePicker.swift
SwiftCompile normal arm64_32 Compiling\ BaseTypes.swift,\ ContentExtraction.swift,\ EnvironmentInjection.swift,\ InspectableView+RandomAccessCollection.swift,\ InspectableView.swift,\ InspectionEmissary.swift,\ Inspector.swift,\ LazyGroup.swift,\ AccessibilityModifiers.swift,\ AnimationModifiers.swift,\ ConfigurationModifiers.swift,\ CustomStyleModifiers.swift,\ EnvironmentModifiers.swift /Users/admin/builder/spi-builder-workspace/.dependencies/checkouts/ViewInspector/Sources/ViewInspector/BaseTypes.swift /Users/admin/builder/spi-builder-workspace/.dependencies/checkouts/ViewInspector/Sources/ViewInspector/ContentExtraction.swift /Users/admin/builder/spi-builder-workspace/.dependencies/checkouts/ViewInspector/Sources/ViewInspector/EnvironmentInjection.swift /Users/admin/builder/spi-builder-workspace/.dependencies/checkouts/ViewInspector/Sources/ViewInspector/InspectableView+RandomAccessCollection.swift /Users/admin/builder/spi-builder-workspace/.dependencies/checkouts/ViewInspector/Sources/ViewInspector/InspectableView.swift /Users/admin/builder/spi-builder-workspace/.dependencies/checkouts/ViewInspector/Sources/ViewInspector/InspectionEmissary.swift /Users/admin/builder/spi-builder-workspace/.dependencies/checkouts/ViewInspector/Sources/ViewInspector/Inspector.swift /Users/admin/builder/spi-builder-workspace/.dependencies/checkouts/ViewInspector/Sources/ViewInspector/LazyGroup.swift /Users/admin/builder/spi-builder-workspace/.dependencies/checkouts/ViewInspector/Sources/ViewInspector/Modifiers/AccessibilityModifiers.swift /Users/admin/builder/spi-builder-workspace/.dependencies/checkouts/ViewInspector/Sources/ViewInspector/Modifiers/AnimationModifiers.swift /Users/admin/builder/spi-builder-workspace/.dependencies/checkouts/ViewInspector/Sources/ViewInspector/Modifiers/ConfigurationModifiers.swift /Users/admin/builder/spi-builder-workspace/.dependencies/checkouts/ViewInspector/Sources/ViewInspector/Modifiers/CustomStyleModifiers.swift /Users/admin/builder/spi-builder-workspace/.dependencies/checkouts/ViewInspector/Sources/ViewInspector/Modifiers/EnvironmentModifiers.swift (in target 'ViewInspector' from project 'ViewInspector')
SwiftCompile normal arm64_32 /Users/admin/builder/spi-builder-workspace/.dependencies/checkouts/ViewInspector/Sources/ViewInspector/BaseTypes.swift (in target 'ViewInspector' from project 'ViewInspector')
    cd /Users/admin/builder/spi-builder-workspace/.swiftpm/xcode
    builtin-SwiftPerFileCompile BaseTypes.swift
SwiftCompile normal arm64_32 /Users/admin/builder/spi-builder-workspace/.dependencies/checkouts/ViewInspector/Sources/ViewInspector/ContentExtraction.swift (in target 'ViewInspector' from project 'ViewInspector')
    cd /Users/admin/builder/spi-builder-workspace/.swiftpm/xcode
    builtin-SwiftPerFileCompile ContentExtraction.swift
SwiftCompile normal arm64_32 /Users/admin/builder/spi-builder-workspace/.dependencies/checkouts/ViewInspector/Sources/ViewInspector/EnvironmentInjection.swift (in target 'ViewInspector' from project 'ViewInspector')
    cd /Users/admin/builder/spi-builder-workspace/.swiftpm/xcode
    builtin-SwiftPerFileCompile EnvironmentInjection.swift
SwiftCompile normal arm64_32 /Users/admin/builder/spi-builder-workspace/.dependencies/checkouts/ViewInspector/Sources/ViewInspector/InspectableView+RandomAccessCollection.swift (in target 'ViewInspector' from project 'ViewInspector')
    cd /Users/admin/builder/spi-builder-workspace/.swiftpm/xcode
    builtin-SwiftPerFileCompile InspectableView+RandomAccessCollection.swift
SwiftCompile normal arm64_32 /Users/admin/builder/spi-builder-workspace/.dependencies/checkouts/ViewInspector/Sources/ViewInspector/InspectableView.swift (in target 'ViewInspector' from project 'ViewInspector')
    cd /Users/admin/builder/spi-builder-workspace/.swiftpm/xcode
    builtin-SwiftPerFileCompile InspectableView.swift
SwiftCompile normal arm64_32 /Users/admin/builder/spi-builder-workspace/.dependencies/checkouts/ViewInspector/Sources/ViewInspector/InspectionEmissary.swift (in target 'ViewInspector' from project 'ViewInspector')
    cd /Users/admin/builder/spi-builder-workspace/.swiftpm/xcode
    builtin-SwiftPerFileCompile InspectionEmissary.swift
SwiftCompile normal arm64_32 /Users/admin/builder/spi-builder-workspace/.dependencies/checkouts/ViewInspector/Sources/ViewInspector/Inspector.swift (in target 'ViewInspector' from project 'ViewInspector')
    cd /Users/admin/builder/spi-builder-workspace/.swiftpm/xcode
    builtin-SwiftPerFileCompile Inspector.swift
SwiftCompile normal arm64_32 /Users/admin/builder/spi-builder-workspace/.dependencies/checkouts/ViewInspector/Sources/ViewInspector/LazyGroup.swift (in target 'ViewInspector' from project 'ViewInspector')
    cd /Users/admin/builder/spi-builder-workspace/.swiftpm/xcode
    builtin-SwiftPerFileCompile LazyGroup.swift
SwiftCompile normal arm64_32 /Users/admin/builder/spi-builder-workspace/.dependencies/checkouts/ViewInspector/Sources/ViewInspector/Modifiers/AccessibilityModifiers.swift (in target 'ViewInspector' from project 'ViewInspector')
    cd /Users/admin/builder/spi-builder-workspace/.swiftpm/xcode
    builtin-SwiftPerFileCompile AccessibilityModifiers.swift
SwiftCompile normal arm64_32 /Users/admin/builder/spi-builder-workspace/.dependencies/checkouts/ViewInspector/Sources/ViewInspector/Modifiers/AnimationModifiers.swift (in target 'ViewInspector' from project 'ViewInspector')
    cd /Users/admin/builder/spi-builder-workspace/.swiftpm/xcode
    builtin-SwiftPerFileCompile AnimationModifiers.swift
SwiftCompile normal arm64_32 /Users/admin/builder/spi-builder-workspace/.dependencies/checkouts/ViewInspector/Sources/ViewInspector/Modifiers/ConfigurationModifiers.swift (in target 'ViewInspector' from project 'ViewInspector')
    cd /Users/admin/builder/spi-builder-workspace/.swiftpm/xcode
    builtin-SwiftPerFileCompile ConfigurationModifiers.swift
SwiftCompile normal arm64_32 /Users/admin/builder/spi-builder-workspace/.dependencies/checkouts/ViewInspector/Sources/ViewInspector/Modifiers/CustomStyleModifiers.swift (in target 'ViewInspector' from project 'ViewInspector')
    cd /Users/admin/builder/spi-builder-workspace/.swiftpm/xcode
    builtin-SwiftPerFileCompile CustomStyleModifiers.swift
SwiftCompile normal arm64_32 /Users/admin/builder/spi-builder-workspace/.dependencies/checkouts/ViewInspector/Sources/ViewInspector/Modifiers/EnvironmentModifiers.swift (in target 'ViewInspector' from project 'ViewInspector')
    cd /Users/admin/builder/spi-builder-workspace/.swiftpm/xcode
    builtin-SwiftPerFileCompile EnvironmentModifiers.swift
SwiftCompile normal arm64 Compiling\ Spacer.swift,\ Stepper.swift,\ StyleConfiguration.swift,\ SubscriptionView.swift,\ TabView.swift,\ Text.swift,\ TextAttributes.swift,\ TextEditor.swift,\ TextField.swift,\ TimelineView.swift,\ Toggle.swift,\ Toolbar.swift /Users/admin/builder/spi-builder-workspace/.dependencies/checkouts/ViewInspector/Sources/ViewInspector/SwiftUI/Spacer.swift /Users/admin/builder/spi-builder-workspace/.dependencies/checkouts/ViewInspector/Sources/ViewInspector/SwiftUI/Stepper.swift /Users/admin/builder/spi-builder-workspace/.dependencies/checkouts/ViewInspector/Sources/ViewInspector/SwiftUI/StyleConfiguration.swift /Users/admin/builder/spi-builder-workspace/.dependencies/checkouts/ViewInspector/Sources/ViewInspector/SwiftUI/SubscriptionView.swift /Users/admin/builder/spi-builder-workspace/.dependencies/checkouts/ViewInspector/Sources/ViewInspector/SwiftUI/TabView.swift /Users/admin/builder/spi-builder-workspace/.dependencies/checkouts/ViewInspector/Sources/ViewInspector/SwiftUI/Text.swift /Users/admin/builder/spi-builder-workspace/.dependencies/checkouts/ViewInspector/Sources/ViewInspector/SwiftUI/TextAttributes.swift /Users/admin/builder/spi-builder-workspace/.dependencies/checkouts/ViewInspector/Sources/ViewInspector/SwiftUI/TextEditor.swift /Users/admin/builder/spi-builder-workspace/.dependencies/checkouts/ViewInspector/Sources/ViewInspector/SwiftUI/TextField.swift /Users/admin/builder/spi-builder-workspace/.dependencies/checkouts/ViewInspector/Sources/ViewInspector/SwiftUI/TimelineView.swift /Users/admin/builder/spi-builder-workspace/.dependencies/checkouts/ViewInspector/Sources/ViewInspector/SwiftUI/Toggle.swift /Users/admin/builder/spi-builder-workspace/.dependencies/checkouts/ViewInspector/Sources/ViewInspector/SwiftUI/Toolbar.swift (in target 'ViewInspector' from project 'ViewInspector')
SwiftCompile normal arm64 /Users/admin/builder/spi-builder-workspace/.dependencies/checkouts/ViewInspector/Sources/ViewInspector/SwiftUI/Spacer.swift (in target 'ViewInspector' from project 'ViewInspector')
    cd /Users/admin/builder/spi-builder-workspace/.swiftpm/xcode
    builtin-SwiftPerFileCompile Spacer.swift
SwiftCompile normal arm64 /Users/admin/builder/spi-builder-workspace/.dependencies/checkouts/ViewInspector/Sources/ViewInspector/SwiftUI/Stepper.swift (in target 'ViewInspector' from project 'ViewInspector')
    cd /Users/admin/builder/spi-builder-workspace/.swiftpm/xcode
    builtin-SwiftPerFileCompile Stepper.swift
SwiftCompile normal arm64 /Users/admin/builder/spi-builder-workspace/.dependencies/checkouts/ViewInspector/Sources/ViewInspector/SwiftUI/StyleConfiguration.swift (in target 'ViewInspector' from project 'ViewInspector')
    cd /Users/admin/builder/spi-builder-workspace/.swiftpm/xcode
    builtin-SwiftPerFileCompile StyleConfiguration.swift
SwiftCompile normal arm64 /Users/admin/builder/spi-builder-workspace/.dependencies/checkouts/ViewInspector/Sources/ViewInspector/SwiftUI/SubscriptionView.swift (in target 'ViewInspector' from project 'ViewInspector')
    cd /Users/admin/builder/spi-builder-workspace/.swiftpm/xcode
    builtin-SwiftPerFileCompile SubscriptionView.swift
SwiftCompile normal arm64 /Users/admin/builder/spi-builder-workspace/.dependencies/checkouts/ViewInspector/Sources/ViewInspector/SwiftUI/TabView.swift (in target 'ViewInspector' from project 'ViewInspector')
    cd /Users/admin/builder/spi-builder-workspace/.swiftpm/xcode
    builtin-SwiftPerFileCompile TabView.swift
SwiftCompile normal arm64 /Users/admin/builder/spi-builder-workspace/.dependencies/checkouts/ViewInspector/Sources/ViewInspector/SwiftUI/Text.swift (in target 'ViewInspector' from project 'ViewInspector')
    cd /Users/admin/builder/spi-builder-workspace/.swiftpm/xcode
    builtin-SwiftPerFileCompile Text.swift
SwiftCompile normal arm64 /Users/admin/builder/spi-builder-workspace/.dependencies/checkouts/ViewInspector/Sources/ViewInspector/SwiftUI/TextAttributes.swift (in target 'ViewInspector' from project 'ViewInspector')
    cd /Users/admin/builder/spi-builder-workspace/.swiftpm/xcode
    builtin-SwiftPerFileCompile TextAttributes.swift
SwiftCompile normal arm64 /Users/admin/builder/spi-builder-workspace/.dependencies/checkouts/ViewInspector/Sources/ViewInspector/SwiftUI/TextEditor.swift (in target 'ViewInspector' from project 'ViewInspector')
    cd /Users/admin/builder/spi-builder-workspace/.swiftpm/xcode
    builtin-SwiftPerFileCompile TextEditor.swift
SwiftCompile normal arm64 /Users/admin/builder/spi-builder-workspace/.dependencies/checkouts/ViewInspector/Sources/ViewInspector/SwiftUI/TextField.swift (in target 'ViewInspector' from project 'ViewInspector')
    cd /Users/admin/builder/spi-builder-workspace/.swiftpm/xcode
    builtin-SwiftPerFileCompile TextField.swift
SwiftCompile normal arm64 /Users/admin/builder/spi-builder-workspace/.dependencies/checkouts/ViewInspector/Sources/ViewInspector/SwiftUI/TimelineView.swift (in target 'ViewInspector' from project 'ViewInspector')
    cd /Users/admin/builder/spi-builder-workspace/.swiftpm/xcode
    builtin-SwiftPerFileCompile TimelineView.swift
SwiftCompile normal arm64 /Users/admin/builder/spi-builder-workspace/.dependencies/checkouts/ViewInspector/Sources/ViewInspector/SwiftUI/Toggle.swift (in target 'ViewInspector' from project 'ViewInspector')
    cd /Users/admin/builder/spi-builder-workspace/.swiftpm/xcode
    builtin-SwiftPerFileCompile Toggle.swift
SwiftCompile normal arm64 /Users/admin/builder/spi-builder-workspace/.dependencies/checkouts/ViewInspector/Sources/ViewInspector/SwiftUI/Toolbar.swift (in target 'ViewInspector' from project 'ViewInspector')
    cd /Users/admin/builder/spi-builder-workspace/.swiftpm/xcode
    builtin-SwiftPerFileCompile Toolbar.swift
SwiftCompile normal arm64 Compiling\ Gesture.swift,\ Grid.swift,\ Group.swift,\ GroupBox.swift,\ HSplitView.swift,\ HStack.swift,\ HelpView.swift,\ IDView.swift,\ Image.swift,\ Label.swift,\ LabeledContent.swift,\ LazyHGrid.swift /Users/admin/builder/spi-builder-workspace/.dependencies/checkouts/ViewInspector/Sources/ViewInspector/SwiftUI/Gesture.swift /Users/admin/builder/spi-builder-workspace/.dependencies/checkouts/ViewInspector/Sources/ViewInspector/SwiftUI/Grid.swift /Users/admin/builder/spi-builder-workspace/.dependencies/checkouts/ViewInspector/Sources/ViewInspector/SwiftUI/Group.swift /Users/admin/builder/spi-builder-workspace/.dependencies/checkouts/ViewInspector/Sources/ViewInspector/SwiftUI/GroupBox.swift /Users/admin/builder/spi-builder-workspace/.dependencies/checkouts/ViewInspector/Sources/ViewInspector/SwiftUI/HSplitView.swift /Users/admin/builder/spi-builder-workspace/.dependencies/checkouts/ViewInspector/Sources/ViewInspector/SwiftUI/HStack.swift /Users/admin/builder/spi-builder-workspace/.dependencies/checkouts/ViewInspector/Sources/ViewInspector/SwiftUI/HelpView.swift /Users/admin/builder/spi-builder-workspace/.dependencies/checkouts/ViewInspector/Sources/ViewInspector/SwiftUI/IDView.swift /Users/admin/builder/spi-builder-workspace/.dependencies/checkouts/ViewInspector/Sources/ViewInspector/SwiftUI/Image.swift /Users/admin/builder/spi-builder-workspace/.dependencies/checkouts/ViewInspector/Sources/ViewInspector/SwiftUI/Label.swift /Users/admin/builder/spi-builder-workspace/.dependencies/checkouts/ViewInspector/Sources/ViewInspector/SwiftUI/LabeledContent.swift /Users/admin/builder/spi-builder-workspace/.dependencies/checkouts/ViewInspector/Sources/ViewInspector/SwiftUI/LazyHGrid.swift (in target 'ViewInspector' from project 'ViewInspector')
SwiftCompile normal arm64 /Users/admin/builder/spi-builder-workspace/.dependencies/checkouts/ViewInspector/Sources/ViewInspector/SwiftUI/Gesture.swift (in target 'ViewInspector' from project 'ViewInspector')
    cd /Users/admin/builder/spi-builder-workspace/.swiftpm/xcode
    builtin-SwiftPerFileCompile Gesture.swift
SwiftCompile normal arm64 /Users/admin/builder/spi-builder-workspace/.dependencies/checkouts/ViewInspector/Sources/ViewInspector/SwiftUI/Grid.swift (in target 'ViewInspector' from project 'ViewInspector')
    cd /Users/admin/builder/spi-builder-workspace/.swiftpm/xcode
    builtin-SwiftPerFileCompile Grid.swift
SwiftCompile normal arm64 /Users/admin/builder/spi-builder-workspace/.dependencies/checkouts/ViewInspector/Sources/ViewInspector/SwiftUI/Group.swift (in target 'ViewInspector' from project 'ViewInspector')
    cd /Users/admin/builder/spi-builder-workspace/.swiftpm/xcode
    builtin-SwiftPerFileCompile Group.swift
SwiftCompile normal arm64 /Users/admin/builder/spi-builder-workspace/.dependencies/checkouts/ViewInspector/Sources/ViewInspector/SwiftUI/GroupBox.swift (in target 'ViewInspector' from project 'ViewInspector')
    cd /Users/admin/builder/spi-builder-workspace/.swiftpm/xcode
    builtin-SwiftPerFileCompile GroupBox.swift
SwiftCompile normal arm64 /Users/admin/builder/spi-builder-workspace/.dependencies/checkouts/ViewInspector/Sources/ViewInspector/SwiftUI/HSplitView.swift (in target 'ViewInspector' from project 'ViewInspector')
    cd /Users/admin/builder/spi-builder-workspace/.swiftpm/xcode
    builtin-SwiftPerFileCompile HSplitView.swift
SwiftCompile normal arm64 /Users/admin/builder/spi-builder-workspace/.dependencies/checkouts/ViewInspector/Sources/ViewInspector/SwiftUI/HStack.swift (in target 'ViewInspector' from project 'ViewInspector')
    cd /Users/admin/builder/spi-builder-workspace/.swiftpm/xcode
    builtin-SwiftPerFileCompile HStack.swift
SwiftCompile normal arm64 /Users/admin/builder/spi-builder-workspace/.dependencies/checkouts/ViewInspector/Sources/ViewInspector/SwiftUI/HelpView.swift (in target 'ViewInspector' from project 'ViewInspector')
    cd /Users/admin/builder/spi-builder-workspace/.swiftpm/xcode
    builtin-SwiftPerFileCompile HelpView.swift
SwiftCompile normal arm64 /Users/admin/builder/spi-builder-workspace/.dependencies/checkouts/ViewInspector/Sources/ViewInspector/SwiftUI/IDView.swift (in target 'ViewInspector' from project 'ViewInspector')
    cd /Users/admin/builder/spi-builder-workspace/.swiftpm/xcode
    builtin-SwiftPerFileCompile IDView.swift
SwiftCompile normal arm64 /Users/admin/builder/spi-builder-workspace/.dependencies/checkouts/ViewInspector/Sources/ViewInspector/SwiftUI/Image.swift (in target 'ViewInspector' from project 'ViewInspector')
    cd /Users/admin/builder/spi-builder-workspace/.swiftpm/xcode
    builtin-SwiftPerFileCompile Image.swift
SwiftCompile normal arm64 /Users/admin/builder/spi-builder-workspace/.dependencies/checkouts/ViewInspector/Sources/ViewInspector/SwiftUI/Label.swift (in target 'ViewInspector' from project 'ViewInspector')
    cd /Users/admin/builder/spi-builder-workspace/.swiftpm/xcode
    builtin-SwiftPerFileCompile Label.swift
SwiftCompile normal arm64 /Users/admin/builder/spi-builder-workspace/.dependencies/checkouts/ViewInspector/Sources/ViewInspector/SwiftUI/LabeledContent.swift (in target 'ViewInspector' from project 'ViewInspector')
    cd /Users/admin/builder/spi-builder-workspace/.swiftpm/xcode
    builtin-SwiftPerFileCompile LabeledContent.swift
SwiftCompile normal arm64 /Users/admin/builder/spi-builder-workspace/.dependencies/checkouts/ViewInspector/Sources/ViewInspector/SwiftUI/LazyHGrid.swift (in target 'ViewInspector' from project 'ViewInspector')
    cd /Users/admin/builder/spi-builder-workspace/.swiftpm/xcode
    builtin-SwiftPerFileCompile LazyHGrid.swift
SwiftCompile normal arm64 Compiling\ Alert.swift,\ AngularGradient.swift,\ AnyView.swift,\ AsyncImage.swift,\ Button.swift,\ Canvas.swift,\ ClassifiedView.swift,\ Color.swift,\ ColorPicker.swift,\ ConditionalContent.swift,\ ConfirmationDialog.swift,\ ContentUnavailableView.swift,\ ControlGroup.swift /Users/admin/builder/spi-builder-workspace/.dependencies/checkouts/ViewInspector/Sources/ViewInspector/SwiftUI/Alert.swift /Users/admin/builder/spi-builder-workspace/.dependencies/checkouts/ViewInspector/Sources/ViewInspector/SwiftUI/AngularGradient.swift /Users/admin/builder/spi-builder-workspace/.dependencies/checkouts/ViewInspector/Sources/ViewInspector/SwiftUI/AnyView.swift /Users/admin/builder/spi-builder-workspace/.dependencies/checkouts/ViewInspector/Sources/ViewInspector/SwiftUI/AsyncImage.swift /Users/admin/builder/spi-builder-workspace/.dependencies/checkouts/ViewInspector/Sources/ViewInspector/SwiftUI/Button.swift /Users/admin/builder/spi-builder-workspace/.dependencies/checkouts/ViewInspector/Sources/ViewInspector/SwiftUI/Canvas.swift /Users/admin/builder/spi-builder-workspace/.dependencies/checkouts/ViewInspector/Sources/ViewInspector/SwiftUI/ClassifiedView.swift /Users/admin/builder/spi-builder-workspace/.dependencies/checkouts/ViewInspector/Sources/ViewInspector/SwiftUI/Color.swift /Users/admin/builder/spi-builder-workspace/.dependencies/checkouts/ViewInspector/Sources/ViewInspector/SwiftUI/ColorPicker.swift /Users/admin/builder/spi-builder-workspace/.dependencies/checkouts/ViewInspector/Sources/ViewInspector/SwiftUI/ConditionalContent.swift /Users/admin/builder/spi-builder-workspace/.dependencies/checkouts/ViewInspector/Sources/ViewInspector/SwiftUI/ConfirmationDialog.swift /Users/admin/builder/spi-builder-workspace/.dependencies/checkouts/ViewInspector/Sources/ViewInspector/SwiftUI/ContentUnavailableView.swift /Users/admin/builder/spi-builder-workspace/.dependencies/checkouts/ViewInspector/Sources/ViewInspector/SwiftUI/ControlGroup.swift (in target 'ViewInspector' from project 'ViewInspector')
SwiftCompile normal arm64 /Users/admin/builder/spi-builder-workspace/.dependencies/checkouts/ViewInspector/Sources/ViewInspector/SwiftUI/Alert.swift (in target 'ViewInspector' from project 'ViewInspector')
    cd /Users/admin/builder/spi-builder-workspace/.swiftpm/xcode
    builtin-SwiftPerFileCompile Alert.swift
SwiftCompile normal arm64 /Users/admin/builder/spi-builder-workspace/.dependencies/checkouts/ViewInspector/Sources/ViewInspector/SwiftUI/AngularGradient.swift (in target 'ViewInspector' from project 'ViewInspector')
    cd /Users/admin/builder/spi-builder-workspace/.swiftpm/xcode
    builtin-SwiftPerFileCompile AngularGradient.swift
SwiftCompile normal arm64 /Users/admin/builder/spi-builder-workspace/.dependencies/checkouts/ViewInspector/Sources/ViewInspector/SwiftUI/AnyView.swift (in target 'ViewInspector' from project 'ViewInspector')
    cd /Users/admin/builder/spi-builder-workspace/.swiftpm/xcode
    builtin-SwiftPerFileCompile AnyView.swift
SwiftCompile normal arm64 /Users/admin/builder/spi-builder-workspace/.dependencies/checkouts/ViewInspector/Sources/ViewInspector/SwiftUI/AsyncImage.swift (in target 'ViewInspector' from project 'ViewInspector')
    cd /Users/admin/builder/spi-builder-workspace/.swiftpm/xcode
    builtin-SwiftPerFileCompile AsyncImage.swift
SwiftCompile normal arm64 /Users/admin/builder/spi-builder-workspace/.dependencies/checkouts/ViewInspector/Sources/ViewInspector/SwiftUI/Button.swift (in target 'ViewInspector' from project 'ViewInspector')
    cd /Users/admin/builder/spi-builder-workspace/.swiftpm/xcode
    builtin-SwiftPerFileCompile Button.swift
SwiftCompile normal arm64 /Users/admin/builder/spi-builder-workspace/.dependencies/checkouts/ViewInspector/Sources/ViewInspector/SwiftUI/Canvas.swift (in target 'ViewInspector' from project 'ViewInspector')
    cd /Users/admin/builder/spi-builder-workspace/.swiftpm/xcode
    builtin-SwiftPerFileCompile Canvas.swift
SwiftCompile normal arm64 /Users/admin/builder/spi-builder-workspace/.dependencies/checkouts/ViewInspector/Sources/ViewInspector/SwiftUI/ClassifiedView.swift (in target 'ViewInspector' from project 'ViewInspector')
    cd /Users/admin/builder/spi-builder-workspace/.swiftpm/xcode
    builtin-SwiftPerFileCompile ClassifiedView.swift
SwiftCompile normal arm64 /Users/admin/builder/spi-builder-workspace/.dependencies/checkouts/ViewInspector/Sources/ViewInspector/SwiftUI/Color.swift (in target 'ViewInspector' from project 'ViewInspector')
    cd /Users/admin/builder/spi-builder-workspace/.swiftpm/xcode
    builtin-SwiftPerFileCompile Color.swift
SwiftCompile normal arm64 /Users/admin/builder/spi-builder-workspace/.dependencies/checkouts/ViewInspector/Sources/ViewInspector/SwiftUI/ColorPicker.swift (in target 'ViewInspector' from project 'ViewInspector')
    cd /Users/admin/builder/spi-builder-workspace/.swiftpm/xcode
    builtin-SwiftPerFileCompile ColorPicker.swift
SwiftCompile normal arm64 /Users/admin/builder/spi-builder-workspace/.dependencies/checkouts/ViewInspector/Sources/ViewInspector/SwiftUI/ConditionalContent.swift (in target 'ViewInspector' from project 'ViewInspector')
    cd /Users/admin/builder/spi-builder-workspace/.swiftpm/xcode
    builtin-SwiftPerFileCompile ConditionalContent.swift
SwiftCompile normal arm64 /Users/admin/builder/spi-builder-workspace/.dependencies/checkouts/ViewInspector/Sources/ViewInspector/SwiftUI/ConfirmationDialog.swift (in target 'ViewInspector' from project 'ViewInspector')
    cd /Users/admin/builder/spi-builder-workspace/.swiftpm/xcode
    builtin-SwiftPerFileCompile ConfirmationDialog.swift
SwiftCompile normal arm64 /Users/admin/builder/spi-builder-workspace/.dependencies/checkouts/ViewInspector/Sources/ViewInspector/SwiftUI/ContentUnavailableView.swift (in target 'ViewInspector' from project 'ViewInspector')
    cd /Users/admin/builder/spi-builder-workspace/.swiftpm/xcode
    builtin-SwiftPerFileCompile ContentUnavailableView.swift
SwiftCompile normal arm64 /Users/admin/builder/spi-builder-workspace/.dependencies/checkouts/ViewInspector/Sources/ViewInspector/SwiftUI/ControlGroup.swift (in target 'ViewInspector' from project 'ViewInspector')
    cd /Users/admin/builder/spi-builder-workspace/.swiftpm/xcode
    builtin-SwiftPerFileCompile ControlGroup.swift
SwiftDriverJobDiscovery normal arm64_32 Compiling Sequence+JoinedText.swift (in target 'JoinedText' from project 'JoinedText')
SwiftDriverJobDiscovery normal arm64 Compiling Text+Builder.swift (in target 'JoinedText' from project 'JoinedText')
SwiftDriverJobDiscovery normal arm64 Compiling TextBuilder.swift (in target 'JoinedText' from project 'JoinedText')
SwiftDriverJobDiscovery normal arm64 Compiling Sequence+JoinedText.swift (in target 'JoinedText' from project 'JoinedText')
SwiftDriverJobDiscovery normal arm64_32 Compiling TextBuilder.swift (in target 'JoinedText' from project 'JoinedText')
SwiftMergeGeneratedHeaders /Users/admin/builder/spi-builder-workspace/.derivedData/Build/Intermediates.noindex/GeneratedModuleMaps-watchos/ViewInspector-Swift.h /Users/admin/builder/spi-builder-workspace/.derivedData/Build/Intermediates.noindex/ViewInspector.build/Debug-watchos/ViewInspector-t.build/Objects-normal/arm64/ViewInspector-Swift.h /Users/admin/builder/spi-builder-workspace/.derivedData/Build/Intermediates.noindex/ViewInspector.build/Debug-watchos/ViewInspector-t.build/Objects-normal/arm64_32/ViewInspector-Swift.h (in target 'ViewInspector' from project 'ViewInspector')
    cd /Users/admin/builder/spi-builder-workspace/.dependencies/checkouts/ViewInspector
    builtin-swiftHeaderTool -arch arm64 /Users/admin/builder/spi-builder-workspace/.derivedData/Build/Intermediates.noindex/ViewInspector.build/Debug-watchos/ViewInspector-t.build/Objects-normal/arm64/ViewInspector-Swift.h -arch arm64_32 /Users/admin/builder/spi-builder-workspace/.derivedData/Build/Intermediates.noindex/ViewInspector.build/Debug-watchos/ViewInspector-t.build/Objects-normal/arm64_32/ViewInspector-Swift.h -o /Users/admin/builder/spi-builder-workspace/.derivedData/Build/Intermediates.noindex/GeneratedModuleMaps-watchos/ViewInspector-Swift.h
SwiftDriverJobDiscovery normal arm64_32 Compiling EventsModifiers.swift, GestureModifiers.swift, InteractionModifiers.swift, NavigationBarModifiers.swift, PositioningModifiers.swift, PreviewModifiers.swift, SizingModifiers.swift, TextInputModifiers.swift, TransformingModifiers.swift, TransitiveModifiers.swift, VisualEffectModifiers.swift, PopupPresenter.swift, ActionSheet.swift (in target 'ViewInspector' from project 'ViewInspector')
Copy /Users/admin/builder/spi-builder-workspace/.derivedData/Build/Products/Debug-watchos/ViewInspector.swiftmodule/arm64-apple-watchos.swiftmodule /Users/admin/builder/spi-builder-workspace/.derivedData/Build/Intermediates.noindex/ViewInspector.build/Debug-watchos/ViewInspector-t.build/Objects-normal/arm64/ViewInspector.swiftmodule (in target 'ViewInspector' from project 'ViewInspector')
    cd /Users/admin/builder/spi-builder-workspace/.dependencies/checkouts/ViewInspector
    builtin-copy -exclude .DS_Store -exclude CVS -exclude .svn -exclude .git -exclude .hg -resolve-src-symlinks -rename /Users/admin/builder/spi-builder-workspace/.derivedData/Build/Intermediates.noindex/ViewInspector.build/Debug-watchos/ViewInspector-t.build/Objects-normal/arm64/ViewInspector.swiftmodule /Users/admin/builder/spi-builder-workspace/.derivedData/Build/Products/Debug-watchos/ViewInspector.swiftmodule/arm64-apple-watchos.swiftmodule
Copy /Users/admin/builder/spi-builder-workspace/.derivedData/Build/Products/Debug-watchos/ViewInspector.swiftmodule/arm64-apple-watchos.swiftdoc /Users/admin/builder/spi-builder-workspace/.derivedData/Build/Intermediates.noindex/ViewInspector.build/Debug-watchos/ViewInspector-t.build/Objects-normal/arm64/ViewInspector.swiftdoc (in target 'ViewInspector' from project 'ViewInspector')
    cd /Users/admin/builder/spi-builder-workspace/.dependencies/checkouts/ViewInspector
    builtin-copy -exclude .DS_Store -exclude CVS -exclude .svn -exclude .git -exclude .hg -resolve-src-symlinks -rename /Users/admin/builder/spi-builder-workspace/.derivedData/Build/Intermediates.noindex/ViewInspector.build/Debug-watchos/ViewInspector-t.build/Objects-normal/arm64/ViewInspector.swiftdoc /Users/admin/builder/spi-builder-workspace/.derivedData/Build/Products/Debug-watchos/ViewInspector.swiftmodule/arm64-apple-watchos.swiftdoc
Copy /Users/admin/builder/spi-builder-workspace/.derivedData/Build/Products/Debug-watchos/ViewInspector.swiftmodule/arm64-apple-watchos.abi.json /Users/admin/builder/spi-builder-workspace/.derivedData/Build/Intermediates.noindex/ViewInspector.build/Debug-watchos/ViewInspector-t.build/Objects-normal/arm64/ViewInspector.abi.json (in target 'ViewInspector' from project 'ViewInspector')
    cd /Users/admin/builder/spi-builder-workspace/.dependencies/checkouts/ViewInspector
    builtin-copy -exclude .DS_Store -exclude CVS -exclude .svn -exclude .git -exclude .hg -resolve-src-symlinks -rename /Users/admin/builder/spi-builder-workspace/.derivedData/Build/Intermediates.noindex/ViewInspector.build/Debug-watchos/ViewInspector-t.build/Objects-normal/arm64/ViewInspector.abi.json /Users/admin/builder/spi-builder-workspace/.derivedData/Build/Products/Debug-watchos/ViewInspector.swiftmodule/arm64-apple-watchos.abi.json
Copy /Users/admin/builder/spi-builder-workspace/.derivedData/Build/Products/Debug-watchos/ViewInspector.swiftmodule/Project/arm64-apple-watchos.swiftsourceinfo /Users/admin/builder/spi-builder-workspace/.derivedData/Build/Intermediates.noindex/ViewInspector.build/Debug-watchos/ViewInspector-t.build/Objects-normal/arm64/ViewInspector.swiftsourceinfo (in target 'ViewInspector' from project 'ViewInspector')
    cd /Users/admin/builder/spi-builder-workspace/.dependencies/checkouts/ViewInspector
    builtin-copy -exclude .DS_Store -exclude CVS -exclude .svn -exclude .git -exclude .hg -resolve-src-symlinks -rename /Users/admin/builder/spi-builder-workspace/.derivedData/Build/Intermediates.noindex/ViewInspector.build/Debug-watchos/ViewInspector-t.build/Objects-normal/arm64/ViewInspector.swiftsourceinfo /Users/admin/builder/spi-builder-workspace/.derivedData/Build/Products/Debug-watchos/ViewInspector.swiftmodule/Project/arm64-apple-watchos.swiftsourceinfo
SwiftCompile normal arm64_32 Compiling\ Alert.swift,\ AngularGradient.swift,\ AnyView.swift,\ AsyncImage.swift,\ Button.swift,\ Canvas.swift,\ ClassifiedView.swift,\ Color.swift,\ ColorPicker.swift,\ ConditionalContent.swift,\ ConfirmationDialog.swift,\ ContentUnavailableView.swift,\ ControlGroup.swift /Users/admin/builder/spi-builder-workspace/.dependencies/checkouts/ViewInspector/Sources/ViewInspector/SwiftUI/Alert.swift /Users/admin/builder/spi-builder-workspace/.dependencies/checkouts/ViewInspector/Sources/ViewInspector/SwiftUI/AngularGradient.swift /Users/admin/builder/spi-builder-workspace/.dependencies/checkouts/ViewInspector/Sources/ViewInspector/SwiftUI/AnyView.swift /Users/admin/builder/spi-builder-workspace/.dependencies/checkouts/ViewInspector/Sources/ViewInspector/SwiftUI/AsyncImage.swift /Users/admin/builder/spi-builder-workspace/.dependencies/checkouts/ViewInspector/Sources/ViewInspector/SwiftUI/Button.swift /Users/admin/builder/spi-builder-workspace/.dependencies/checkouts/ViewInspector/Sources/ViewInspector/SwiftUI/Canvas.swift /Users/admin/builder/spi-builder-workspace/.dependencies/checkouts/ViewInspector/Sources/ViewInspector/SwiftUI/ClassifiedView.swift /Users/admin/builder/spi-builder-workspace/.dependencies/checkouts/ViewInspector/Sources/ViewInspector/SwiftUI/Color.swift /Users/admin/builder/spi-builder-workspace/.dependencies/checkouts/ViewInspector/Sources/ViewInspector/SwiftUI/ColorPicker.swift /Users/admin/builder/spi-builder-workspace/.dependencies/checkouts/ViewInspector/Sources/ViewInspector/SwiftUI/ConditionalContent.swift /Users/admin/builder/spi-builder-workspace/.dependencies/checkouts/ViewInspector/Sources/ViewInspector/SwiftUI/ConfirmationDialog.swift /Users/admin/builder/spi-builder-workspace/.dependencies/checkouts/ViewInspector/Sources/ViewInspector/SwiftUI/ContentUnavailableView.swift /Users/admin/builder/spi-builder-workspace/.dependencies/checkouts/ViewInspector/Sources/ViewInspector/SwiftUI/ControlGroup.swift (in target 'ViewInspector' from project 'ViewInspector')
SwiftCompile normal arm64_32 /Users/admin/builder/spi-builder-workspace/.dependencies/checkouts/ViewInspector/Sources/ViewInspector/SwiftUI/Alert.swift (in target 'ViewInspector' from project 'ViewInspector')
    cd /Users/admin/builder/spi-builder-workspace/.swiftpm/xcode
    builtin-SwiftPerFileCompile Alert.swift
SwiftCompile normal arm64_32 /Users/admin/builder/spi-builder-workspace/.dependencies/checkouts/ViewInspector/Sources/ViewInspector/SwiftUI/AngularGradient.swift (in target 'ViewInspector' from project 'ViewInspector')
    cd /Users/admin/builder/spi-builder-workspace/.swiftpm/xcode
    builtin-SwiftPerFileCompile AngularGradient.swift
SwiftCompile normal arm64_32 /Users/admin/builder/spi-builder-workspace/.dependencies/checkouts/ViewInspector/Sources/ViewInspector/SwiftUI/AnyView.swift (in target 'ViewInspector' from project 'ViewInspector')
    cd /Users/admin/builder/spi-builder-workspace/.swiftpm/xcode
    builtin-SwiftPerFileCompile AnyView.swift
SwiftCompile normal arm64_32 /Users/admin/builder/spi-builder-workspace/.dependencies/checkouts/ViewInspector/Sources/ViewInspector/SwiftUI/AsyncImage.swift (in target 'ViewInspector' from project 'ViewInspector')
    cd /Users/admin/builder/spi-builder-workspace/.swiftpm/xcode
    builtin-SwiftPerFileCompile AsyncImage.swift
SwiftCompile normal arm64_32 /Users/admin/builder/spi-builder-workspace/.dependencies/checkouts/ViewInspector/Sources/ViewInspector/SwiftUI/Button.swift (in target 'ViewInspector' from project 'ViewInspector')
    cd /Users/admin/builder/spi-builder-workspace/.swiftpm/xcode
    builtin-SwiftPerFileCompile Button.swift
SwiftCompile normal arm64_32 /Users/admin/builder/spi-builder-workspace/.dependencies/checkouts/ViewInspector/Sources/ViewInspector/SwiftUI/Canvas.swift (in target 'ViewInspector' from project 'ViewInspector')
    cd /Users/admin/builder/spi-builder-workspace/.swiftpm/xcode
    builtin-SwiftPerFileCompile Canvas.swift
SwiftCompile normal arm64_32 /Users/admin/builder/spi-builder-workspace/.dependencies/checkouts/ViewInspector/Sources/ViewInspector/SwiftUI/ClassifiedView.swift (in target 'ViewInspector' from project 'ViewInspector')
    cd /Users/admin/builder/spi-builder-workspace/.swiftpm/xcode
    builtin-SwiftPerFileCompile ClassifiedView.swift
SwiftCompile normal arm64_32 /Users/admin/builder/spi-builder-workspace/.dependencies/checkouts/ViewInspector/Sources/ViewInspector/SwiftUI/Color.swift (in target 'ViewInspector' from project 'ViewInspector')
    cd /Users/admin/builder/spi-builder-workspace/.swiftpm/xcode
    builtin-SwiftPerFileCompile Color.swift
SwiftCompile normal arm64_32 /Users/admin/builder/spi-builder-workspace/.dependencies/checkouts/ViewInspector/Sources/ViewInspector/SwiftUI/ColorPicker.swift (in target 'ViewInspector' from project 'ViewInspector')
    cd /Users/admin/builder/spi-builder-workspace/.swiftpm/xcode
    builtin-SwiftPerFileCompile ColorPicker.swift
SwiftCompile normal arm64_32 /Users/admin/builder/spi-builder-workspace/.dependencies/checkouts/ViewInspector/Sources/ViewInspector/SwiftUI/ConditionalContent.swift (in target 'ViewInspector' from project 'ViewInspector')
    cd /Users/admin/builder/spi-builder-workspace/.swiftpm/xcode
    builtin-SwiftPerFileCompile ConditionalContent.swift
SwiftCompile normal arm64_32 /Users/admin/builder/spi-builder-workspace/.dependencies/checkouts/ViewInspector/Sources/ViewInspector/SwiftUI/ConfirmationDialog.swift (in target 'ViewInspector' from project 'ViewInspector')
    cd /Users/admin/builder/spi-builder-workspace/.swiftpm/xcode
    builtin-SwiftPerFileCompile ConfirmationDialog.swift
SwiftCompile normal arm64_32 /Users/admin/builder/spi-builder-workspace/.dependencies/checkouts/ViewInspector/Sources/ViewInspector/SwiftUI/ContentUnavailableView.swift (in target 'ViewInspector' from project 'ViewInspector')
    cd /Users/admin/builder/spi-builder-workspace/.swiftpm/xcode
    builtin-SwiftPerFileCompile ContentUnavailableView.swift
SwiftCompile normal arm64_32 /Users/admin/builder/spi-builder-workspace/.dependencies/checkouts/ViewInspector/Sources/ViewInspector/SwiftUI/ControlGroup.swift (in target 'ViewInspector' from project 'ViewInspector')
    cd /Users/admin/builder/spi-builder-workspace/.swiftpm/xcode
    builtin-SwiftPerFileCompile ControlGroup.swift
SwiftDriverJobDiscovery normal arm64_32 Compiling LazyHStack.swift, LazyVGrid.swift, LazyVStack.swift, LinearGradient.swift, Link.swift, List.swift, LocationButton.swift, Map.swift, MapAnnotation.swift, Menu.swift, MenuButton.swift, MultiDatePicker.swift (in target 'ViewInspector' from project 'ViewInspector')
SwiftCompile normal arm64_32 Compiling\ Spacer.swift,\ Stepper.swift,\ StyleConfiguration.swift,\ SubscriptionView.swift,\ TabView.swift,\ Text.swift,\ TextAttributes.swift,\ TextEditor.swift,\ TextField.swift,\ TimelineView.swift,\ Toggle.swift,\ Toolbar.swift /Users/admin/builder/spi-builder-workspace/.dependencies/checkouts/ViewInspector/Sources/ViewInspector/SwiftUI/Spacer.swift /Users/admin/builder/spi-builder-workspace/.dependencies/checkouts/ViewInspector/Sources/ViewInspector/SwiftUI/Stepper.swift /Users/admin/builder/spi-builder-workspace/.dependencies/checkouts/ViewInspector/Sources/ViewInspector/SwiftUI/StyleConfiguration.swift /Users/admin/builder/spi-builder-workspace/.dependencies/checkouts/ViewInspector/Sources/ViewInspector/SwiftUI/SubscriptionView.swift /Users/admin/builder/spi-builder-workspace/.dependencies/checkouts/ViewInspector/Sources/ViewInspector/SwiftUI/TabView.swift /Users/admin/builder/spi-builder-workspace/.dependencies/checkouts/ViewInspector/Sources/ViewInspector/SwiftUI/Text.swift /Users/admin/builder/spi-builder-workspace/.dependencies/checkouts/ViewInspector/Sources/ViewInspector/SwiftUI/TextAttributes.swift /Users/admin/builder/spi-builder-workspace/.dependencies/checkouts/ViewInspector/Sources/ViewInspector/SwiftUI/TextEditor.swift /Users/admin/builder/spi-builder-workspace/.dependencies/checkouts/ViewInspector/Sources/ViewInspector/SwiftUI/TextField.swift /Users/admin/builder/spi-builder-workspace/.dependencies/checkouts/ViewInspector/Sources/ViewInspector/SwiftUI/TimelineView.swift /Users/admin/builder/spi-builder-workspace/.dependencies/checkouts/ViewInspector/Sources/ViewInspector/SwiftUI/Toggle.swift /Users/admin/builder/spi-builder-workspace/.dependencies/checkouts/ViewInspector/Sources/ViewInspector/SwiftUI/Toolbar.swift (in target 'ViewInspector' from project 'ViewInspector')
SwiftCompile normal arm64_32 /Users/admin/builder/spi-builder-workspace/.dependencies/checkouts/ViewInspector/Sources/ViewInspector/SwiftUI/Spacer.swift (in target 'ViewInspector' from project 'ViewInspector')
    cd /Users/admin/builder/spi-builder-workspace/.swiftpm/xcode
    builtin-SwiftPerFileCompile Spacer.swift
SwiftCompile normal arm64_32 /Users/admin/builder/spi-builder-workspace/.dependencies/checkouts/ViewInspector/Sources/ViewInspector/SwiftUI/Stepper.swift (in target 'ViewInspector' from project 'ViewInspector')
    cd /Users/admin/builder/spi-builder-workspace/.swiftpm/xcode
    builtin-SwiftPerFileCompile Stepper.swift
SwiftCompile normal arm64_32 /Users/admin/builder/spi-builder-workspace/.dependencies/checkouts/ViewInspector/Sources/ViewInspector/SwiftUI/StyleConfiguration.swift (in target 'ViewInspector' from project 'ViewInspector')
    cd /Users/admin/builder/spi-builder-workspace/.swiftpm/xcode
    builtin-SwiftPerFileCompile StyleConfiguration.swift
SwiftCompile normal arm64_32 /Users/admin/builder/spi-builder-workspace/.dependencies/checkouts/ViewInspector/Sources/ViewInspector/SwiftUI/SubscriptionView.swift (in target 'ViewInspector' from project 'ViewInspector')
    cd /Users/admin/builder/spi-builder-workspace/.swiftpm/xcode
    builtin-SwiftPerFileCompile SubscriptionView.swift
SwiftCompile normal arm64_32 /Users/admin/builder/spi-builder-workspace/.dependencies/checkouts/ViewInspector/Sources/ViewInspector/SwiftUI/TabView.swift (in target 'ViewInspector' from project 'ViewInspector')
    cd /Users/admin/builder/spi-builder-workspace/.swiftpm/xcode
    builtin-SwiftPerFileCompile TabView.swift
SwiftCompile normal arm64_32 /Users/admin/builder/spi-builder-workspace/.dependencies/checkouts/ViewInspector/Sources/ViewInspector/SwiftUI/Text.swift (in target 'ViewInspector' from project 'ViewInspector')
    cd /Users/admin/builder/spi-builder-workspace/.swiftpm/xcode
    builtin-SwiftPerFileCompile Text.swift
SwiftCompile normal arm64_32 /Users/admin/builder/spi-builder-workspace/.dependencies/checkouts/ViewInspector/Sources/ViewInspector/SwiftUI/TextAttributes.swift (in target 'ViewInspector' from project 'ViewInspector')
    cd /Users/admin/builder/spi-builder-workspace/.swiftpm/xcode
    builtin-SwiftPerFileCompile TextAttributes.swift
SwiftCompile normal arm64_32 /Users/admin/builder/spi-builder-workspace/.dependencies/checkouts/ViewInspector/Sources/ViewInspector/SwiftUI/TextEditor.swift (in target 'ViewInspector' from project 'ViewInspector')
    cd /Users/admin/builder/spi-builder-workspace/.swiftpm/xcode
    builtin-SwiftPerFileCompile TextEditor.swift
SwiftCompile normal arm64_32 /Users/admin/builder/spi-builder-workspace/.dependencies/checkouts/ViewInspector/Sources/ViewInspector/SwiftUI/TextField.swift (in target 'ViewInspector' from project 'ViewInspector')
    cd /Users/admin/builder/spi-builder-workspace/.swiftpm/xcode
    builtin-SwiftPerFileCompile TextField.swift
SwiftCompile normal arm64_32 /Users/admin/builder/spi-builder-workspace/.dependencies/checkouts/ViewInspector/Sources/ViewInspector/SwiftUI/TimelineView.swift (in target 'ViewInspector' from project 'ViewInspector')
    cd /Users/admin/builder/spi-builder-workspace/.swiftpm/xcode
    builtin-SwiftPerFileCompile TimelineView.swift
SwiftCompile normal arm64_32 /Users/admin/builder/spi-builder-workspace/.dependencies/checkouts/ViewInspector/Sources/ViewInspector/SwiftUI/Toggle.swift (in target 'ViewInspector' from project 'ViewInspector')
    cd /Users/admin/builder/spi-builder-workspace/.swiftpm/xcode
    builtin-SwiftPerFileCompile Toggle.swift
SwiftCompile normal arm64_32 /Users/admin/builder/spi-builder-workspace/.dependencies/checkouts/ViewInspector/Sources/ViewInspector/SwiftUI/Toolbar.swift (in target 'ViewInspector' from project 'ViewInspector')
    cd /Users/admin/builder/spi-builder-workspace/.swiftpm/xcode
    builtin-SwiftPerFileCompile Toolbar.swift
SwiftDriverJobDiscovery normal arm64_32 Compiling ProgressView.swift, RadialGradient.swift, SafeAreaInset.swift, ScrollView.swift, ScrollViewReader.swift, Section.swift, SecureField.swift, Shape.swift, ShareLink.swift, Sheet.swift, SignInWithAppleButton.swift, Slider.swift (in target 'ViewInspector' from project 'ViewInspector')
SwiftCompile normal arm64_32 Compiling\ Gesture.swift,\ Grid.swift,\ Group.swift,\ GroupBox.swift,\ HSplitView.swift,\ HStack.swift,\ HelpView.swift,\ IDView.swift,\ Image.swift,\ Label.swift,\ LabeledContent.swift,\ LazyHGrid.swift /Users/admin/builder/spi-builder-workspace/.dependencies/checkouts/ViewInspector/Sources/ViewInspector/SwiftUI/Gesture.swift /Users/admin/builder/spi-builder-workspace/.dependencies/checkouts/ViewInspector/Sources/ViewInspector/SwiftUI/Grid.swift /Users/admin/builder/spi-builder-workspace/.dependencies/checkouts/ViewInspector/Sources/ViewInspector/SwiftUI/Group.swift /Users/admin/builder/spi-builder-workspace/.dependencies/checkouts/ViewInspector/Sources/ViewInspector/SwiftUI/GroupBox.swift /Users/admin/builder/spi-builder-workspace/.dependencies/checkouts/ViewInspector/Sources/ViewInspector/SwiftUI/HSplitView.swift /Users/admin/builder/spi-builder-workspace/.dependencies/checkouts/ViewInspector/Sources/ViewInspector/SwiftUI/HStack.swift /Users/admin/builder/spi-builder-workspace/.dependencies/checkouts/ViewInspector/Sources/ViewInspector/SwiftUI/HelpView.swift /Users/admin/builder/spi-builder-workspace/.dependencies/checkouts/ViewInspector/Sources/ViewInspector/SwiftUI/IDView.swift /Users/admin/builder/spi-builder-workspace/.dependencies/checkouts/ViewInspector/Sources/ViewInspector/SwiftUI/Image.swift /Users/admin/builder/spi-builder-workspace/.dependencies/checkouts/ViewInspector/Sources/ViewInspector/SwiftUI/Label.swift /Users/admin/builder/spi-builder-workspace/.dependencies/checkouts/ViewInspector/Sources/ViewInspector/SwiftUI/LabeledContent.swift /Users/admin/builder/spi-builder-workspace/.dependencies/checkouts/ViewInspector/Sources/ViewInspector/SwiftUI/LazyHGrid.swift (in target 'ViewInspector' from project 'ViewInspector')
SwiftCompile normal arm64_32 /Users/admin/builder/spi-builder-workspace/.dependencies/checkouts/ViewInspector/Sources/ViewInspector/SwiftUI/Gesture.swift (in target 'ViewInspector' from project 'ViewInspector')
    cd /Users/admin/builder/spi-builder-workspace/.swiftpm/xcode
    builtin-SwiftPerFileCompile Gesture.swift
SwiftCompile normal arm64_32 /Users/admin/builder/spi-builder-workspace/.dependencies/checkouts/ViewInspector/Sources/ViewInspector/SwiftUI/Grid.swift (in target 'ViewInspector' from project 'ViewInspector')
    cd /Users/admin/builder/spi-builder-workspace/.swiftpm/xcode
    builtin-SwiftPerFileCompile Grid.swift
SwiftCompile normal arm64_32 /Users/admin/builder/spi-builder-workspace/.dependencies/checkouts/ViewInspector/Sources/ViewInspector/SwiftUI/Group.swift (in target 'ViewInspector' from project 'ViewInspector')
    cd /Users/admin/builder/spi-builder-workspace/.swiftpm/xcode
    builtin-SwiftPerFileCompile Group.swift
SwiftCompile normal arm64_32 /Users/admin/builder/spi-builder-workspace/.dependencies/checkouts/ViewInspector/Sources/ViewInspector/SwiftUI/GroupBox.swift (in target 'ViewInspector' from project 'ViewInspector')
    cd /Users/admin/builder/spi-builder-workspace/.swiftpm/xcode
    builtin-SwiftPerFileCompile GroupBox.swift
SwiftCompile normal arm64_32 /Users/admin/builder/spi-builder-workspace/.dependencies/checkouts/ViewInspector/Sources/ViewInspector/SwiftUI/HSplitView.swift (in target 'ViewInspector' from project 'ViewInspector')
    cd /Users/admin/builder/spi-builder-workspace/.swiftpm/xcode
    builtin-SwiftPerFileCompile HSplitView.swift
SwiftCompile normal arm64_32 /Users/admin/builder/spi-builder-workspace/.dependencies/checkouts/ViewInspector/Sources/ViewInspector/SwiftUI/HStack.swift (in target 'ViewInspector' from project 'ViewInspector')
    cd /Users/admin/builder/spi-builder-workspace/.swiftpm/xcode
    builtin-SwiftPerFileCompile HStack.swift
SwiftCompile normal arm64_32 /Users/admin/builder/spi-builder-workspace/.dependencies/checkouts/ViewInspector/Sources/ViewInspector/SwiftUI/HelpView.swift (in target 'ViewInspector' from project 'ViewInspector')
    cd /Users/admin/builder/spi-builder-workspace/.swiftpm/xcode
    builtin-SwiftPerFileCompile HelpView.swift
SwiftCompile normal arm64_32 /Users/admin/builder/spi-builder-workspace/.dependencies/checkouts/ViewInspector/Sources/ViewInspector/SwiftUI/IDView.swift (in target 'ViewInspector' from project 'ViewInspector')
    cd /Users/admin/builder/spi-builder-workspace/.swiftpm/xcode
    builtin-SwiftPerFileCompile IDView.swift
SwiftCompile normal arm64_32 /Users/admin/builder/spi-builder-workspace/.dependencies/checkouts/ViewInspector/Sources/ViewInspector/SwiftUI/Image.swift (in target 'ViewInspector' from project 'ViewInspector')
    cd /Users/admin/builder/spi-builder-workspace/.swiftpm/xcode
    builtin-SwiftPerFileCompile Image.swift
SwiftCompile normal arm64_32 /Users/admin/builder/spi-builder-workspace/.dependencies/checkouts/ViewInspector/Sources/ViewInspector/SwiftUI/Label.swift (in target 'ViewInspector' from project 'ViewInspector')
    cd /Users/admin/builder/spi-builder-workspace/.swiftpm/xcode
    builtin-SwiftPerFileCompile Label.swift
SwiftCompile normal arm64_32 /Users/admin/builder/spi-builder-workspace/.dependencies/checkouts/ViewInspector/Sources/ViewInspector/SwiftUI/LabeledContent.swift (in target 'ViewInspector' from project 'ViewInspector')
    cd /Users/admin/builder/spi-builder-workspace/.swiftpm/xcode
    builtin-SwiftPerFileCompile LabeledContent.swift
SwiftCompile normal arm64_32 /Users/admin/builder/spi-builder-workspace/.dependencies/checkouts/ViewInspector/Sources/ViewInspector/SwiftUI/LazyHGrid.swift (in target 'ViewInspector' from project 'ViewInspector')
    cd /Users/admin/builder/spi-builder-workspace/.swiftpm/xcode
    builtin-SwiftPerFileCompile LazyHGrid.swift
SwiftDriverJobDiscovery normal arm64 Compiling TouchBar.swift, TreeView.swift, TupleView.swift, UnaryViewAdaptor.swift, VSplitView.swift, VStack.swift, VideoPlayer.swift, ViewThatFits.swift, ZStack.swift, ViewHosting.swift, ViewSearch.swift, ViewSearchIndex.swift (in target 'ViewInspector' from project 'ViewInspector')
SwiftCompile normal arm64 Compiling\ EventsModifiers.swift,\ GestureModifiers.swift,\ InteractionModifiers.swift,\ NavigationBarModifiers.swift,\ PositioningModifiers.swift,\ PreviewModifiers.swift,\ SizingModifiers.swift,\ TextInputModifiers.swift,\ TransformingModifiers.swift,\ TransitiveModifiers.swift,\ VisualEffectModifiers.swift,\ PopupPresenter.swift,\ ActionSheet.swift /Users/admin/builder/spi-builder-workspace/.dependencies/checkouts/ViewInspector/Sources/ViewInspector/Modifiers/EventsModifiers.swift /Users/admin/builder/spi-builder-workspace/.dependencies/checkouts/ViewInspector/Sources/ViewInspector/Modifiers/GestureModifiers.swift /Users/admin/builder/spi-builder-workspace/.dependencies/checkouts/ViewInspector/Sources/ViewInspector/Modifiers/InteractionModifiers.swift /Users/admin/builder/spi-builder-workspace/.dependencies/checkouts/ViewInspector/Sources/ViewInspector/Modifiers/NavigationBarModifiers.swift /Users/admin/builder/spi-builder-workspace/.dependencies/checkouts/ViewInspector/Sources/ViewInspector/Modifiers/PositioningModifiers.swift /Users/admin/builder/spi-builder-workspace/.dependencies/checkouts/ViewInspector/Sources/ViewInspector/Modifiers/PreviewModifiers.swift /Users/admin/builder/spi-builder-workspace/.dependencies/checkouts/ViewInspector/Sources/ViewInspector/Modifiers/SizingModifiers.swift /Users/admin/builder/spi-builder-workspace/.dependencies/checkouts/ViewInspector/Sources/ViewInspector/Modifiers/TextInputModifiers.swift /Users/admin/builder/spi-builder-workspace/.dependencies/checkouts/ViewInspector/Sources/ViewInspector/Modifiers/TransformingModifiers.swift /Users/admin/builder/spi-builder-workspace/.dependencies/checkouts/ViewInspector/Sources/ViewInspector/Modifiers/TransitiveModifiers.swift /Users/admin/builder/spi-builder-workspace/.dependencies/checkouts/ViewInspector/Sources/ViewInspector/Modifiers/VisualEffectModifiers.swift /Users/admin/builder/spi-builder-workspace/.dependencies/checkouts/ViewInspector/Sources/ViewInspector/PopupPresenter.swift /Users/admin/builder/spi-builder-workspace/.dependencies/checkouts/ViewInspector/Sources/ViewInspector/SwiftUI/ActionSheet.swift (in target 'ViewInspector' from project 'ViewInspector')
SwiftCompile normal arm64 /Users/admin/builder/spi-builder-workspace/.dependencies/checkouts/ViewInspector/Sources/ViewInspector/Modifiers/EventsModifiers.swift (in target 'ViewInspector' from project 'ViewInspector')
    cd /Users/admin/builder/spi-builder-workspace/.swiftpm/xcode
    builtin-SwiftPerFileCompile EventsModifiers.swift
SwiftCompile normal arm64 /Users/admin/builder/spi-builder-workspace/.dependencies/checkouts/ViewInspector/Sources/ViewInspector/Modifiers/GestureModifiers.swift (in target 'ViewInspector' from project 'ViewInspector')
    cd /Users/admin/builder/spi-builder-workspace/.swiftpm/xcode
    builtin-SwiftPerFileCompile GestureModifiers.swift
SwiftCompile normal arm64 /Users/admin/builder/spi-builder-workspace/.dependencies/checkouts/ViewInspector/Sources/ViewInspector/Modifiers/InteractionModifiers.swift (in target 'ViewInspector' from project 'ViewInspector')
    cd /Users/admin/builder/spi-builder-workspace/.swiftpm/xcode
    builtin-SwiftPerFileCompile InteractionModifiers.swift
SwiftCompile normal arm64 /Users/admin/builder/spi-builder-workspace/.dependencies/checkouts/ViewInspector/Sources/ViewInspector/Modifiers/NavigationBarModifiers.swift (in target 'ViewInspector' from project 'ViewInspector')
    cd /Users/admin/builder/spi-builder-workspace/.swiftpm/xcode
    builtin-SwiftPerFileCompile NavigationBarModifiers.swift
SwiftCompile normal arm64 /Users/admin/builder/spi-builder-workspace/.dependencies/checkouts/ViewInspector/Sources/ViewInspector/Modifiers/PositioningModifiers.swift (in target 'ViewInspector' from project 'ViewInspector')
    cd /Users/admin/builder/spi-builder-workspace/.swiftpm/xcode
    builtin-SwiftPerFileCompile PositioningModifiers.swift
SwiftCompile normal arm64 /Users/admin/builder/spi-builder-workspace/.dependencies/checkouts/ViewInspector/Sources/ViewInspector/Modifiers/PreviewModifiers.swift (in target 'ViewInspector' from project 'ViewInspector')
    cd /Users/admin/builder/spi-builder-workspace/.swiftpm/xcode
    builtin-SwiftPerFileCompile PreviewModifiers.swift
SwiftCompile normal arm64 /Users/admin/builder/spi-builder-workspace/.dependencies/checkouts/ViewInspector/Sources/ViewInspector/Modifiers/SizingModifiers.swift (in target 'ViewInspector' from project 'ViewInspector')
    cd /Users/admin/builder/spi-builder-workspace/.swiftpm/xcode
    builtin-SwiftPerFileCompile SizingModifiers.swift
SwiftCompile normal arm64 /Users/admin/builder/spi-builder-workspace/.dependencies/checkouts/ViewInspector/Sources/ViewInspector/Modifiers/TextInputModifiers.swift (in target 'ViewInspector' from project 'ViewInspector')
    cd /Users/admin/builder/spi-builder-workspace/.swiftpm/xcode
    builtin-SwiftPerFileCompile TextInputModifiers.swift
SwiftCompile normal arm64 /Users/admin/builder/spi-builder-workspace/.dependencies/checkouts/ViewInspector/Sources/ViewInspector/Modifiers/TransformingModifiers.swift (in target 'ViewInspector' from project 'ViewInspector')
    cd /Users/admin/builder/spi-builder-workspace/.swiftpm/xcode
    builtin-SwiftPerFileCompile TransformingModifiers.swift
SwiftCompile normal arm64 /Users/admin/builder/spi-builder-workspace/.dependencies/checkouts/ViewInspector/Sources/ViewInspector/Modifiers/TransitiveModifiers.swift (in target 'ViewInspector' from project 'ViewInspector')
    cd /Users/admin/builder/spi-builder-workspace/.swiftpm/xcode
    builtin-SwiftPerFileCompile TransitiveModifiers.swift
SwiftCompile normal arm64 /Users/admin/builder/spi-builder-workspace/.dependencies/checkouts/ViewInspector/Sources/ViewInspector/Modifiers/VisualEffectModifiers.swift (in target 'ViewInspector' from project 'ViewInspector')
    cd /Users/admin/builder/spi-builder-workspace/.swiftpm/xcode
    builtin-SwiftPerFileCompile VisualEffectModifiers.swift
SwiftCompile normal arm64 /Users/admin/builder/spi-builder-workspace/.dependencies/checkouts/ViewInspector/Sources/ViewInspector/PopupPresenter.swift (in target 'ViewInspector' from project 'ViewInspector')
    cd /Users/admin/builder/spi-builder-workspace/.swiftpm/xcode
    builtin-SwiftPerFileCompile PopupPresenter.swift
SwiftCompile normal arm64 /Users/admin/builder/spi-builder-workspace/.dependencies/checkouts/ViewInspector/Sources/ViewInspector/SwiftUI/ActionSheet.swift (in target 'ViewInspector' from project 'ViewInspector')
    cd /Users/admin/builder/spi-builder-workspace/.swiftpm/xcode
    builtin-SwiftPerFileCompile ActionSheet.swift
SwiftDriverJobDiscovery normal arm64 Compiling LazyHStack.swift, LazyVGrid.swift, LazyVStack.swift, LinearGradient.swift, Link.swift, List.swift, LocationButton.swift, Map.swift, MapAnnotation.swift, Menu.swift, MenuButton.swift, MultiDatePicker.swift (in target 'ViewInspector' from project 'ViewInspector')
SwiftCompile normal arm64_32 Compiling\ NavigationDestination.swift,\ NavigationLink.swift,\ NavigationSplitView.swift,\ NavigationStack.swift,\ NavigationView.swift,\ OptionalContent.swift,\ OutlineGroup.swift,\ Overlay.swift,\ PasteButton.swift,\ Picker.swift,\ Popover.swift,\ PopoverContent.swift /Users/admin/builder/spi-builder-workspace/.dependencies/checkouts/ViewInspector/Sources/ViewInspector/SwiftUI/NavigationDestination.swift /Users/admin/builder/spi-builder-workspace/.dependencies/checkouts/ViewInspector/Sources/ViewInspector/SwiftUI/NavigationLink.swift /Users/admin/builder/spi-builder-workspace/.dependencies/checkouts/ViewInspector/Sources/ViewInspector/SwiftUI/NavigationSplitView.swift /Users/admin/builder/spi-builder-workspace/.dependencies/checkouts/ViewInspector/Sources/ViewInspector/SwiftUI/NavigationStack.swift /Users/admin/builder/spi-builder-workspace/.dependencies/checkouts/ViewInspector/Sources/ViewInspector/SwiftUI/NavigationView.swift /Users/admin/builder/spi-builder-workspace/.dependencies/checkouts/ViewInspector/Sources/ViewInspector/SwiftUI/OptionalContent.swift /Users/admin/builder/spi-builder-workspace/.dependencies/checkouts/ViewInspector/Sources/ViewInspector/SwiftUI/OutlineGroup.swift /Users/admin/builder/spi-builder-workspace/.dependencies/checkouts/ViewInspector/Sources/ViewInspector/SwiftUI/Overlay.swift /Users/admin/builder/spi-builder-workspace/.dependencies/checkouts/ViewInspector/Sources/ViewInspector/SwiftUI/PasteButton.swift /Users/admin/builder/spi-builder-workspace/.dependencies/checkouts/ViewInspector/Sources/ViewInspector/SwiftUI/Picker.swift /Users/admin/builder/spi-builder-workspace/.dependencies/checkouts/ViewInspector/Sources/ViewInspector/SwiftUI/Popover.swift /Users/admin/builder/spi-builder-workspace/.dependencies/checkouts/ViewInspector/Sources/ViewInspector/SwiftUI/PopoverContent.swift (in target 'ViewInspector' from project 'ViewInspector')
SwiftCompile normal arm64_32 /Users/admin/builder/spi-builder-workspace/.dependencies/checkouts/ViewInspector/Sources/ViewInspector/SwiftUI/NavigationDestination.swift (in target 'ViewInspector' from project 'ViewInspector')
    cd /Users/admin/builder/spi-builder-workspace/.swiftpm/xcode
    builtin-SwiftPerFileCompile NavigationDestination.swift
SwiftCompile normal arm64_32 /Users/admin/builder/spi-builder-workspace/.dependencies/checkouts/ViewInspector/Sources/ViewInspector/SwiftUI/NavigationLink.swift (in target 'ViewInspector' from project 'ViewInspector')
    cd /Users/admin/builder/spi-builder-workspace/.swiftpm/xcode
    builtin-SwiftPerFileCompile NavigationLink.swift
SwiftCompile normal arm64_32 /Users/admin/builder/spi-builder-workspace/.dependencies/checkouts/ViewInspector/Sources/ViewInspector/SwiftUI/NavigationSplitView.swift (in target 'ViewInspector' from project 'ViewInspector')
    cd /Users/admin/builder/spi-builder-workspace/.swiftpm/xcode
    builtin-SwiftPerFileCompile NavigationSplitView.swift
SwiftCompile normal arm64_32 /Users/admin/builder/spi-builder-workspace/.dependencies/checkouts/ViewInspector/Sources/ViewInspector/SwiftUI/NavigationStack.swift (in target 'ViewInspector' from project 'ViewInspector')
    cd /Users/admin/builder/spi-builder-workspace/.swiftpm/xcode
    builtin-SwiftPerFileCompile NavigationStack.swift
SwiftCompile normal arm64_32 /Users/admin/builder/spi-builder-workspace/.dependencies/checkouts/ViewInspector/Sources/ViewInspector/SwiftUI/NavigationView.swift (in target 'ViewInspector' from project 'ViewInspector')
    cd /Users/admin/builder/spi-builder-workspace/.swiftpm/xcode
    builtin-SwiftPerFileCompile NavigationView.swift
SwiftCompile normal arm64_32 /Users/admin/builder/spi-builder-workspace/.dependencies/checkouts/ViewInspector/Sources/ViewInspector/SwiftUI/OptionalContent.swift (in target 'ViewInspector' from project 'ViewInspector')
    cd /Users/admin/builder/spi-builder-workspace/.swiftpm/xcode
    builtin-SwiftPerFileCompile OptionalContent.swift
SwiftCompile normal arm64_32 /Users/admin/builder/spi-builder-workspace/.dependencies/checkouts/ViewInspector/Sources/ViewInspector/SwiftUI/OutlineGroup.swift (in target 'ViewInspector' from project 'ViewInspector')
    cd /Users/admin/builder/spi-builder-workspace/.swiftpm/xcode
    builtin-SwiftPerFileCompile OutlineGroup.swift
SwiftCompile normal arm64_32 /Users/admin/builder/spi-builder-workspace/.dependencies/checkouts/ViewInspector/Sources/ViewInspector/SwiftUI/Overlay.swift (in target 'ViewInspector' from project 'ViewInspector')
    cd /Users/admin/builder/spi-builder-workspace/.swiftpm/xcode
    builtin-SwiftPerFileCompile Overlay.swift
SwiftCompile normal arm64_32 /Users/admin/builder/spi-builder-workspace/.dependencies/checkouts/ViewInspector/Sources/ViewInspector/SwiftUI/PasteButton.swift (in target 'ViewInspector' from project 'ViewInspector')
    cd /Users/admin/builder/spi-builder-workspace/.swiftpm/xcode
    builtin-SwiftPerFileCompile PasteButton.swift
SwiftCompile normal arm64_32 /Users/admin/builder/spi-builder-workspace/.dependencies/checkouts/ViewInspector/Sources/ViewInspector/SwiftUI/Picker.swift (in target 'ViewInspector' from project 'ViewInspector')
    cd /Users/admin/builder/spi-builder-workspace/.swiftpm/xcode
    builtin-SwiftPerFileCompile Picker.swift
SwiftCompile normal arm64_32 /Users/admin/builder/spi-builder-workspace/.dependencies/checkouts/ViewInspector/Sources/ViewInspector/SwiftUI/Popover.swift (in target 'ViewInspector' from project 'ViewInspector')
    cd /Users/admin/builder/spi-builder-workspace/.swiftpm/xcode
    builtin-SwiftPerFileCompile Popover.swift
SwiftCompile normal arm64_32 /Users/admin/builder/spi-builder-workspace/.dependencies/checkouts/ViewInspector/Sources/ViewInspector/SwiftUI/PopoverContent.swift (in target 'ViewInspector' from project 'ViewInspector')
    cd /Users/admin/builder/spi-builder-workspace/.swiftpm/xcode
    builtin-SwiftPerFileCompile PopoverContent.swift
SwiftCompile normal arm64 Compiling\ ProgressView.swift,\ RadialGradient.swift,\ SafeAreaInset.swift,\ ScrollView.swift,\ ScrollViewReader.swift,\ Section.swift,\ SecureField.swift,\ Shape.swift,\ ShareLink.swift,\ Sheet.swift,\ SignInWithAppleButton.swift,\ Slider.swift /Users/admin/builder/spi-builder-workspace/.dependencies/checkouts/ViewInspector/Sources/ViewInspector/SwiftUI/ProgressView.swift /Users/admin/builder/spi-builder-workspace/.dependencies/checkouts/ViewInspector/Sources/ViewInspector/SwiftUI/RadialGradient.swift /Users/admin/builder/spi-builder-workspace/.dependencies/checkouts/ViewInspector/Sources/ViewInspector/SwiftUI/SafeAreaInset.swift /Users/admin/builder/spi-builder-workspace/.dependencies/checkouts/ViewInspector/Sources/ViewInspector/SwiftUI/ScrollView.swift /Users/admin/builder/spi-builder-workspace/.dependencies/checkouts/ViewInspector/Sources/ViewInspector/SwiftUI/ScrollViewReader.swift /Users/admin/builder/spi-builder-workspace/.dependencies/checkouts/ViewInspector/Sources/ViewInspector/SwiftUI/Section.swift /Users/admin/builder/spi-builder-workspace/.dependencies/checkouts/ViewInspector/Sources/ViewInspector/SwiftUI/SecureField.swift /Users/admin/builder/spi-builder-workspace/.dependencies/checkouts/ViewInspector/Sources/ViewInspector/SwiftUI/Shape.swift /Users/admin/builder/spi-builder-workspace/.dependencies/checkouts/ViewInspector/Sources/ViewInspector/SwiftUI/ShareLink.swift /Users/admin/builder/spi-builder-workspace/.dependencies/checkouts/ViewInspector/Sources/ViewInspector/SwiftUI/Sheet.swift /Users/admin/builder/spi-builder-workspace/.dependencies/checkouts/ViewInspector/Sources/ViewInspector/SwiftUI/SignInWithAppleButton.swift /Users/admin/builder/spi-builder-workspace/.dependencies/checkouts/ViewInspector/Sources/ViewInspector/SwiftUI/Slider.swift (in target 'ViewInspector' from project 'ViewInspector')
SwiftCompile normal arm64 /Users/admin/builder/spi-builder-workspace/.dependencies/checkouts/ViewInspector/Sources/ViewInspector/SwiftUI/ProgressView.swift (in target 'ViewInspector' from project 'ViewInspector')
    cd /Users/admin/builder/spi-builder-workspace/.swiftpm/xcode
    builtin-SwiftPerFileCompile ProgressView.swift
SwiftCompile normal arm64 /Users/admin/builder/spi-builder-workspace/.dependencies/checkouts/ViewInspector/Sources/ViewInspector/SwiftUI/RadialGradient.swift (in target 'ViewInspector' from project 'ViewInspector')
    cd /Users/admin/builder/spi-builder-workspace/.swiftpm/xcode
    builtin-SwiftPerFileCompile RadialGradient.swift
SwiftCompile normal arm64 /Users/admin/builder/spi-builder-workspace/.dependencies/checkouts/ViewInspector/Sources/ViewInspector/SwiftUI/SafeAreaInset.swift (in target 'ViewInspector' from project 'ViewInspector')
    cd /Users/admin/builder/spi-builder-workspace/.swiftpm/xcode
    builtin-SwiftPerFileCompile SafeAreaInset.swift
SwiftCompile normal arm64 /Users/admin/builder/spi-builder-workspace/.dependencies/checkouts/ViewInspector/Sources/ViewInspector/SwiftUI/ScrollView.swift (in target 'ViewInspector' from project 'ViewInspector')
    cd /Users/admin/builder/spi-builder-workspace/.swiftpm/xcode
    builtin-SwiftPerFileCompile ScrollView.swift
SwiftCompile normal arm64 /Users/admin/builder/spi-builder-workspace/.dependencies/checkouts/ViewInspector/Sources/ViewInspector/SwiftUI/ScrollViewReader.swift (in target 'ViewInspector' from project 'ViewInspector')
    cd /Users/admin/builder/spi-builder-workspace/.swiftpm/xcode
    builtin-SwiftPerFileCompile ScrollViewReader.swift
SwiftCompile normal arm64 /Users/admin/builder/spi-builder-workspace/.dependencies/checkouts/ViewInspector/Sources/ViewInspector/SwiftUI/Section.swift (in target 'ViewInspector' from project 'ViewInspector')
    cd /Users/admin/builder/spi-builder-workspace/.swiftpm/xcode
    builtin-SwiftPerFileCompile Section.swift
SwiftCompile normal arm64 /Users/admin/builder/spi-builder-workspace/.dependencies/checkouts/ViewInspector/Sources/ViewInspector/SwiftUI/SecureField.swift (in target 'ViewInspector' from project 'ViewInspector')
    cd /Users/admin/builder/spi-builder-workspace/.swiftpm/xcode
    builtin-SwiftPerFileCompile SecureField.swift
SwiftCompile normal arm64 /Users/admin/builder/spi-builder-workspace/.dependencies/checkouts/ViewInspector/Sources/ViewInspector/SwiftUI/Shape.swift (in target 'ViewInspector' from project 'ViewInspector')
    cd /Users/admin/builder/spi-builder-workspace/.swiftpm/xcode
    builtin-SwiftPerFileCompile Shape.swift
SwiftCompile normal arm64 /Users/admin/builder/spi-builder-workspace/.dependencies/checkouts/ViewInspector/Sources/ViewInspector/SwiftUI/ShareLink.swift (in target 'ViewInspector' from project 'ViewInspector')
    cd /Users/admin/builder/spi-builder-workspace/.swiftpm/xcode
    builtin-SwiftPerFileCompile ShareLink.swift
SwiftCompile normal arm64 /Users/admin/builder/spi-builder-workspace/.dependencies/checkouts/ViewInspector/Sources/ViewInspector/SwiftUI/Sheet.swift (in target 'ViewInspector' from project 'ViewInspector')
    cd /Users/admin/builder/spi-builder-workspace/.swiftpm/xcode
    builtin-SwiftPerFileCompile Sheet.swift
SwiftCompile normal arm64 /Users/admin/builder/spi-builder-workspace/.dependencies/checkouts/ViewInspector/Sources/ViewInspector/SwiftUI/SignInWithAppleButton.swift (in target 'ViewInspector' from project 'ViewInspector')
    cd /Users/admin/builder/spi-builder-workspace/.swiftpm/xcode
    builtin-SwiftPerFileCompile SignInWithAppleButton.swift
SwiftCompile normal arm64 /Users/admin/builder/spi-builder-workspace/.dependencies/checkouts/ViewInspector/Sources/ViewInspector/SwiftUI/Slider.swift (in target 'ViewInspector' from project 'ViewInspector')
    cd /Users/admin/builder/spi-builder-workspace/.swiftpm/xcode
    builtin-SwiftPerFileCompile Slider.swift
SwiftDriverJobDiscovery normal arm64 Compiling Gesture.swift, Grid.swift, Group.swift, GroupBox.swift, HSplitView.swift, HStack.swift, HelpView.swift, IDView.swift, Image.swift, Label.swift, LabeledContent.swift, LazyHGrid.swift (in target 'ViewInspector' from project 'ViewInspector')
SwiftCompile normal arm64 Compiling\ NavigationDestination.swift,\ NavigationLink.swift,\ NavigationSplitView.swift,\ NavigationStack.swift,\ NavigationView.swift,\ OptionalContent.swift,\ OutlineGroup.swift,\ Overlay.swift,\ PasteButton.swift,\ Picker.swift,\ Popover.swift,\ PopoverContent.swift /Users/admin/builder/spi-builder-workspace/.dependencies/checkouts/ViewInspector/Sources/ViewInspector/SwiftUI/NavigationDestination.swift /Users/admin/builder/spi-builder-workspace/.dependencies/checkouts/ViewInspector/Sources/ViewInspector/SwiftUI/NavigationLink.swift /Users/admin/builder/spi-builder-workspace/.dependencies/checkouts/ViewInspector/Sources/ViewInspector/SwiftUI/NavigationSplitView.swift /Users/admin/builder/spi-builder-workspace/.dependencies/checkouts/ViewInspector/Sources/ViewInspector/SwiftUI/NavigationStack.swift /Users/admin/builder/spi-builder-workspace/.dependencies/checkouts/ViewInspector/Sources/ViewInspector/SwiftUI/NavigationView.swift /Users/admin/builder/spi-builder-workspace/.dependencies/checkouts/ViewInspector/Sources/ViewInspector/SwiftUI/OptionalContent.swift /Users/admin/builder/spi-builder-workspace/.dependencies/checkouts/ViewInspector/Sources/ViewInspector/SwiftUI/OutlineGroup.swift /Users/admin/builder/spi-builder-workspace/.dependencies/checkouts/ViewInspector/Sources/ViewInspector/SwiftUI/Overlay.swift /Users/admin/builder/spi-builder-workspace/.dependencies/checkouts/ViewInspector/Sources/ViewInspector/SwiftUI/PasteButton.swift /Users/admin/builder/spi-builder-workspace/.dependencies/checkouts/ViewInspector/Sources/ViewInspector/SwiftUI/Picker.swift /Users/admin/builder/spi-builder-workspace/.dependencies/checkouts/ViewInspector/Sources/ViewInspector/SwiftUI/Popover.swift /Users/admin/builder/spi-builder-workspace/.dependencies/checkouts/ViewInspector/Sources/ViewInspector/SwiftUI/PopoverContent.swift (in target 'ViewInspector' from project 'ViewInspector')
SwiftCompile normal arm64 /Users/admin/builder/spi-builder-workspace/.dependencies/checkouts/ViewInspector/Sources/ViewInspector/SwiftUI/NavigationDestination.swift (in target 'ViewInspector' from project 'ViewInspector')
    cd /Users/admin/builder/spi-builder-workspace/.swiftpm/xcode
    builtin-SwiftPerFileCompile NavigationDestination.swift
SwiftCompile normal arm64 /Users/admin/builder/spi-builder-workspace/.dependencies/checkouts/ViewInspector/Sources/ViewInspector/SwiftUI/NavigationLink.swift (in target 'ViewInspector' from project 'ViewInspector')
    cd /Users/admin/builder/spi-builder-workspace/.swiftpm/xcode
    builtin-SwiftPerFileCompile NavigationLink.swift
SwiftCompile normal arm64 /Users/admin/builder/spi-builder-workspace/.dependencies/checkouts/ViewInspector/Sources/ViewInspector/SwiftUI/NavigationSplitView.swift (in target 'ViewInspector' from project 'ViewInspector')
    cd /Users/admin/builder/spi-builder-workspace/.swiftpm/xcode
    builtin-SwiftPerFileCompile NavigationSplitView.swift
SwiftCompile normal arm64 /Users/admin/builder/spi-builder-workspace/.dependencies/checkouts/ViewInspector/Sources/ViewInspector/SwiftUI/NavigationStack.swift (in target 'ViewInspector' from project 'ViewInspector')
    cd /Users/admin/builder/spi-builder-workspace/.swiftpm/xcode
    builtin-SwiftPerFileCompile NavigationStack.swift
SwiftCompile normal arm64 /Users/admin/builder/spi-builder-workspace/.dependencies/checkouts/ViewInspector/Sources/ViewInspector/SwiftUI/NavigationView.swift (in target 'ViewInspector' from project 'ViewInspector')
    cd /Users/admin/builder/spi-builder-workspace/.swiftpm/xcode
    builtin-SwiftPerFileCompile NavigationView.swift
SwiftCompile normal arm64 /Users/admin/builder/spi-builder-workspace/.dependencies/checkouts/ViewInspector/Sources/ViewInspector/SwiftUI/OptionalContent.swift (in target 'ViewInspector' from project 'ViewInspector')
    cd /Users/admin/builder/spi-builder-workspace/.swiftpm/xcode
    builtin-SwiftPerFileCompile OptionalContent.swift
SwiftCompile normal arm64 /Users/admin/builder/spi-builder-workspace/.dependencies/checkouts/ViewInspector/Sources/ViewInspector/SwiftUI/OutlineGroup.swift (in target 'ViewInspector' from project 'ViewInspector')
    cd /Users/admin/builder/spi-builder-workspace/.swiftpm/xcode
    builtin-SwiftPerFileCompile OutlineGroup.swift
SwiftCompile normal arm64 /Users/admin/builder/spi-builder-workspace/.dependencies/checkouts/ViewInspector/Sources/ViewInspector/SwiftUI/Overlay.swift (in target 'ViewInspector' from project 'ViewInspector')
    cd /Users/admin/builder/spi-builder-workspace/.swiftpm/xcode
    builtin-SwiftPerFileCompile Overlay.swift
SwiftCompile normal arm64 /Users/admin/builder/spi-builder-workspace/.dependencies/checkouts/ViewInspector/Sources/ViewInspector/SwiftUI/PasteButton.swift (in target 'ViewInspector' from project 'ViewInspector')
    cd /Users/admin/builder/spi-builder-workspace/.swiftpm/xcode
    builtin-SwiftPerFileCompile PasteButton.swift
SwiftCompile normal arm64 /Users/admin/builder/spi-builder-workspace/.dependencies/checkouts/ViewInspector/Sources/ViewInspector/SwiftUI/Picker.swift (in target 'ViewInspector' from project 'ViewInspector')
    cd /Users/admin/builder/spi-builder-workspace/.swiftpm/xcode
    builtin-SwiftPerFileCompile Picker.swift
SwiftCompile normal arm64 /Users/admin/builder/spi-builder-workspace/.dependencies/checkouts/ViewInspector/Sources/ViewInspector/SwiftUI/Popover.swift (in target 'ViewInspector' from project 'ViewInspector')
    cd /Users/admin/builder/spi-builder-workspace/.swiftpm/xcode
    builtin-SwiftPerFileCompile Popover.swift
SwiftCompile normal arm64 /Users/admin/builder/spi-builder-workspace/.dependencies/checkouts/ViewInspector/Sources/ViewInspector/SwiftUI/PopoverContent.swift (in target 'ViewInspector' from project 'ViewInspector')
    cd /Users/admin/builder/spi-builder-workspace/.swiftpm/xcode
    builtin-SwiftPerFileCompile PopoverContent.swift
SwiftDriverJobDiscovery normal arm64 Compiling Alert.swift, AngularGradient.swift, AnyView.swift, AsyncImage.swift, Button.swift, Canvas.swift, ClassifiedView.swift, Color.swift, ColorPicker.swift, ConditionalContent.swift, ConfirmationDialog.swift, ContentUnavailableView.swift, ControlGroup.swift (in target 'ViewInspector' from project 'ViewInspector')
SwiftCompile normal arm64 Compiling\ CustomView.swift,\ CustomViewModifier.swift,\ DatePicker.swift,\ DelayedPreferenceView.swift,\ DisclosureGroup.swift,\ Divider.swift,\ EditButton.swift,\ EllipticalGradient.swift,\ EmptyView.swift,\ EquatableView.swift,\ ForEach.swift,\ Form.swift,\ GeometryReader.swift /Users/admin/builder/spi-builder-workspace/.dependencies/checkouts/ViewInspector/Sources/ViewInspector/SwiftUI/CustomView.swift /Users/admin/builder/spi-builder-workspace/.dependencies/checkouts/ViewInspector/Sources/ViewInspector/SwiftUI/CustomViewModifier.swift /Users/admin/builder/spi-builder-workspace/.dependencies/checkouts/ViewInspector/Sources/ViewInspector/SwiftUI/DatePicker.swift /Users/admin/builder/spi-builder-workspace/.dependencies/checkouts/ViewInspector/Sources/ViewInspector/SwiftUI/DelayedPreferenceView.swift /Users/admin/builder/spi-builder-workspace/.dependencies/checkouts/ViewInspector/Sources/ViewInspector/SwiftUI/DisclosureGroup.swift /Users/admin/builder/spi-builder-workspace/.dependencies/checkouts/ViewInspector/Sources/ViewInspector/SwiftUI/Divider.swift /Users/admin/builder/spi-builder-workspace/.dependencies/checkouts/ViewInspector/Sources/ViewInspector/SwiftUI/EditButton.swift /Users/admin/builder/spi-builder-workspace/.dependencies/checkouts/ViewInspector/Sources/ViewInspector/SwiftUI/EllipticalGradient.swift /Users/admin/builder/spi-builder-workspace/.dependencies/checkouts/ViewInspector/Sources/ViewInspector/SwiftUI/EmptyView.swift /Users/admin/builder/spi-builder-workspace/.dependencies/checkouts/ViewInspector/Sources/ViewInspector/SwiftUI/EquatableView.swift /Users/admin/builder/spi-builder-workspace/.dependencies/checkouts/ViewInspector/Sources/ViewInspector/SwiftUI/ForEach.swift /Users/admin/builder/spi-builder-workspace/.dependencies/checkouts/ViewInspector/Sources/ViewInspector/SwiftUI/Form.swift /Users/admin/builder/spi-builder-workspace/.dependencies/checkouts/ViewInspector/Sources/ViewInspector/SwiftUI/GeometryReader.swift (in target 'ViewInspector' from project 'ViewInspector')
SwiftCompile normal arm64 /Users/admin/builder/spi-builder-workspace/.dependencies/checkouts/ViewInspector/Sources/ViewInspector/SwiftUI/CustomView.swift (in target 'ViewInspector' from project 'ViewInspector')
    cd /Users/admin/builder/spi-builder-workspace/.swiftpm/xcode
    builtin-SwiftPerFileCompile CustomView.swift
SwiftCompile normal arm64 /Users/admin/builder/spi-builder-workspace/.dependencies/checkouts/ViewInspector/Sources/ViewInspector/SwiftUI/CustomViewModifier.swift (in target 'ViewInspector' from project 'ViewInspector')
    cd /Users/admin/builder/spi-builder-workspace/.swiftpm/xcode
    builtin-SwiftPerFileCompile CustomViewModifier.swift
SwiftCompile normal arm64 /Users/admin/builder/spi-builder-workspace/.dependencies/checkouts/ViewInspector/Sources/ViewInspector/SwiftUI/DatePicker.swift (in target 'ViewInspector' from project 'ViewInspector')
    cd /Users/admin/builder/spi-builder-workspace/.swiftpm/xcode
    builtin-SwiftPerFileCompile DatePicker.swift
SwiftCompile normal arm64 /Users/admin/builder/spi-builder-workspace/.dependencies/checkouts/ViewInspector/Sources/ViewInspector/SwiftUI/DelayedPreferenceView.swift (in target 'ViewInspector' from project 'ViewInspector')
    cd /Users/admin/builder/spi-builder-workspace/.swiftpm/xcode
    builtin-SwiftPerFileCompile DelayedPreferenceView.swift
SwiftCompile normal arm64 /Users/admin/builder/spi-builder-workspace/.dependencies/checkouts/ViewInspector/Sources/ViewInspector/SwiftUI/DisclosureGroup.swift (in target 'ViewInspector' from project 'ViewInspector')
    cd /Users/admin/builder/spi-builder-workspace/.swiftpm/xcode
    builtin-SwiftPerFileCompile DisclosureGroup.swift
SwiftCompile normal arm64 /Users/admin/builder/spi-builder-workspace/.dependencies/checkouts/ViewInspector/Sources/ViewInspector/SwiftUI/Divider.swift (in target 'ViewInspector' from project 'ViewInspector')
    cd /Users/admin/builder/spi-builder-workspace/.swiftpm/xcode
    builtin-SwiftPerFileCompile Divider.swift
SwiftCompile normal arm64 /Users/admin/builder/spi-builder-workspace/.dependencies/checkouts/ViewInspector/Sources/ViewInspector/SwiftUI/EditButton.swift (in target 'ViewInspector' from project 'ViewInspector')
    cd /Users/admin/builder/spi-builder-workspace/.swiftpm/xcode
    builtin-SwiftPerFileCompile EditButton.swift
SwiftCompile normal arm64 /Users/admin/builder/spi-builder-workspace/.dependencies/checkouts/ViewInspector/Sources/ViewInspector/SwiftUI/EllipticalGradient.swift (in target 'ViewInspector' from project 'ViewInspector')
    cd /Users/admin/builder/spi-builder-workspace/.swiftpm/xcode
    builtin-SwiftPerFileCompile EllipticalGradient.swift
SwiftCompile normal arm64 /Users/admin/builder/spi-builder-workspace/.dependencies/checkouts/ViewInspector/Sources/ViewInspector/SwiftUI/EmptyView.swift (in target 'ViewInspector' from project 'ViewInspector')
    cd /Users/admin/builder/spi-builder-workspace/.swiftpm/xcode
    builtin-SwiftPerFileCompile EmptyView.swift
SwiftCompile normal arm64 /Users/admin/builder/spi-builder-workspace/.dependencies/checkouts/ViewInspector/Sources/ViewInspector/SwiftUI/EquatableView.swift (in target 'ViewInspector' from project 'ViewInspector')
    cd /Users/admin/builder/spi-builder-workspace/.swiftpm/xcode
    builtin-SwiftPerFileCompile EquatableView.swift
SwiftCompile normal arm64 /Users/admin/builder/spi-builder-workspace/.dependencies/checkouts/ViewInspector/Sources/ViewInspector/SwiftUI/ForEach.swift (in target 'ViewInspector' from project 'ViewInspector')
    cd /Users/admin/builder/spi-builder-workspace/.swiftpm/xcode
    builtin-SwiftPerFileCompile ForEach.swift
SwiftCompile normal arm64 /Users/admin/builder/spi-builder-workspace/.dependencies/checkouts/ViewInspector/Sources/ViewInspector/SwiftUI/Form.swift (in target 'ViewInspector' from project 'ViewInspector')
    cd /Users/admin/builder/spi-builder-workspace/.swiftpm/xcode
    builtin-SwiftPerFileCompile Form.swift
SwiftCompile normal arm64 /Users/admin/builder/spi-builder-workspace/.dependencies/checkouts/ViewInspector/Sources/ViewInspector/SwiftUI/GeometryReader.swift (in target 'ViewInspector' from project 'ViewInspector')
    cd /Users/admin/builder/spi-builder-workspace/.swiftpm/xcode
    builtin-SwiftPerFileCompile GeometryReader.swift
SwiftDriverJobDiscovery normal arm64_32 Compiling Gesture.swift, Grid.swift, Group.swift, GroupBox.swift, HSplitView.swift, HStack.swift, HelpView.swift, IDView.swift, Image.swift, Label.swift, LabeledContent.swift, LazyHGrid.swift (in target 'ViewInspector' from project 'ViewInspector')
SwiftCompile normal arm64_32 Compiling\ CustomView.swift,\ CustomViewModifier.swift,\ DatePicker.swift,\ DelayedPreferenceView.swift,\ DisclosureGroup.swift,\ Divider.swift,\ EditButton.swift,\ EllipticalGradient.swift,\ EmptyView.swift,\ EquatableView.swift,\ ForEach.swift,\ Form.swift,\ GeometryReader.swift /Users/admin/builder/spi-builder-workspace/.dependencies/checkouts/ViewInspector/Sources/ViewInspector/SwiftUI/CustomView.swift /Users/admin/builder/spi-builder-workspace/.dependencies/checkouts/ViewInspector/Sources/ViewInspector/SwiftUI/CustomViewModifier.swift /Users/admin/builder/spi-builder-workspace/.dependencies/checkouts/ViewInspector/Sources/ViewInspector/SwiftUI/DatePicker.swift /Users/admin/builder/spi-builder-workspace/.dependencies/checkouts/ViewInspector/Sources/ViewInspector/SwiftUI/DelayedPreferenceView.swift /Users/admin/builder/spi-builder-workspace/.dependencies/checkouts/ViewInspector/Sources/ViewInspector/SwiftUI/DisclosureGroup.swift /Users/admin/builder/spi-builder-workspace/.dependencies/checkouts/ViewInspector/Sources/ViewInspector/SwiftUI/Divider.swift /Users/admin/builder/spi-builder-workspace/.dependencies/checkouts/ViewInspector/Sources/ViewInspector/SwiftUI/EditButton.swift /Users/admin/builder/spi-builder-workspace/.dependencies/checkouts/ViewInspector/Sources/ViewInspector/SwiftUI/EllipticalGradient.swift /Users/admin/builder/spi-builder-workspace/.dependencies/checkouts/ViewInspector/Sources/ViewInspector/SwiftUI/EmptyView.swift /Users/admin/builder/spi-builder-workspace/.dependencies/checkouts/ViewInspector/Sources/ViewInspector/SwiftUI/EquatableView.swift /Users/admin/builder/spi-builder-workspace/.dependencies/checkouts/ViewInspector/Sources/ViewInspector/SwiftUI/ForEach.swift /Users/admin/builder/spi-builder-workspace/.dependencies/checkouts/ViewInspector/Sources/ViewInspector/SwiftUI/Form.swift /Users/admin/builder/spi-builder-workspace/.dependencies/checkouts/ViewInspector/Sources/ViewInspector/SwiftUI/GeometryReader.swift (in target 'ViewInspector' from project 'ViewInspector')
SwiftCompile normal arm64_32 /Users/admin/builder/spi-builder-workspace/.dependencies/checkouts/ViewInspector/Sources/ViewInspector/SwiftUI/CustomView.swift (in target 'ViewInspector' from project 'ViewInspector')
    cd /Users/admin/builder/spi-builder-workspace/.swiftpm/xcode
    builtin-SwiftPerFileCompile CustomView.swift
SwiftCompile normal arm64_32 /Users/admin/builder/spi-builder-workspace/.dependencies/checkouts/ViewInspector/Sources/ViewInspector/SwiftUI/CustomViewModifier.swift (in target 'ViewInspector' from project 'ViewInspector')
    cd /Users/admin/builder/spi-builder-workspace/.swiftpm/xcode
    builtin-SwiftPerFileCompile CustomViewModifier.swift
SwiftCompile normal arm64_32 /Users/admin/builder/spi-builder-workspace/.dependencies/checkouts/ViewInspector/Sources/ViewInspector/SwiftUI/DatePicker.swift (in target 'ViewInspector' from project 'ViewInspector')
    cd /Users/admin/builder/spi-builder-workspace/.swiftpm/xcode
    builtin-SwiftPerFileCompile DatePicker.swift
SwiftCompile normal arm64_32 /Users/admin/builder/spi-builder-workspace/.dependencies/checkouts/ViewInspector/Sources/ViewInspector/SwiftUI/DelayedPreferenceView.swift (in target 'ViewInspector' from project 'ViewInspector')
    cd /Users/admin/builder/spi-builder-workspace/.swiftpm/xcode
    builtin-SwiftPerFileCompile DelayedPreferenceView.swift
SwiftCompile normal arm64_32 /Users/admin/builder/spi-builder-workspace/.dependencies/checkouts/ViewInspector/Sources/ViewInspector/SwiftUI/DisclosureGroup.swift (in target 'ViewInspector' from project 'ViewInspector')
    cd /Users/admin/builder/spi-builder-workspace/.swiftpm/xcode
    builtin-SwiftPerFileCompile DisclosureGroup.swift
SwiftCompile normal arm64_32 /Users/admin/builder/spi-builder-workspace/.dependencies/checkouts/ViewInspector/Sources/ViewInspector/SwiftUI/Divider.swift (in target 'ViewInspector' from project 'ViewInspector')
    cd /Users/admin/builder/spi-builder-workspace/.swiftpm/xcode
    builtin-SwiftPerFileCompile Divider.swift
SwiftCompile normal arm64_32 /Users/admin/builder/spi-builder-workspace/.dependencies/checkouts/ViewInspector/Sources/ViewInspector/SwiftUI/EditButton.swift (in target 'ViewInspector' from project 'ViewInspector')
    cd /Users/admin/builder/spi-builder-workspace/.swiftpm/xcode
    builtin-SwiftPerFileCompile EditButton.swift
SwiftCompile normal arm64_32 /Users/admin/builder/spi-builder-workspace/.dependencies/checkouts/ViewInspector/Sources/ViewInspector/SwiftUI/EllipticalGradient.swift (in target 'ViewInspector' from project 'ViewInspector')
    cd /Users/admin/builder/spi-builder-workspace/.swiftpm/xcode
    builtin-SwiftPerFileCompile EllipticalGradient.swift
SwiftCompile normal arm64_32 /Users/admin/builder/spi-builder-workspace/.dependencies/checkouts/ViewInspector/Sources/ViewInspector/SwiftUI/EmptyView.swift (in target 'ViewInspector' from project 'ViewInspector')
    cd /Users/admin/builder/spi-builder-workspace/.swiftpm/xcode
    builtin-SwiftPerFileCompile EmptyView.swift
SwiftCompile normal arm64_32 /Users/admin/builder/spi-builder-workspace/.dependencies/checkouts/ViewInspector/Sources/ViewInspector/SwiftUI/EquatableView.swift (in target 'ViewInspector' from project 'ViewInspector')
    cd /Users/admin/builder/spi-builder-workspace/.swiftpm/xcode
    builtin-SwiftPerFileCompile EquatableView.swift
SwiftCompile normal arm64_32 /Users/admin/builder/spi-builder-workspace/.dependencies/checkouts/ViewInspector/Sources/ViewInspector/SwiftUI/ForEach.swift (in target 'ViewInspector' from project 'ViewInspector')
    cd /Users/admin/builder/spi-builder-workspace/.swiftpm/xcode
    builtin-SwiftPerFileCompile ForEach.swift
SwiftCompile normal arm64_32 /Users/admin/builder/spi-builder-workspace/.dependencies/checkouts/ViewInspector/Sources/ViewInspector/SwiftUI/Form.swift (in target 'ViewInspector' from project 'ViewInspector')
    cd /Users/admin/builder/spi-builder-workspace/.swiftpm/xcode
    builtin-SwiftPerFileCompile Form.swift
SwiftCompile normal arm64_32 /Users/admin/builder/spi-builder-workspace/.dependencies/checkouts/ViewInspector/Sources/ViewInspector/SwiftUI/GeometryReader.swift (in target 'ViewInspector' from project 'ViewInspector')
    cd /Users/admin/builder/spi-builder-workspace/.swiftpm/xcode
    builtin-SwiftPerFileCompile GeometryReader.swift
SwiftDriverJobDiscovery normal arm64_32 Compiling Alert.swift, AngularGradient.swift, AnyView.swift, AsyncImage.swift, Button.swift, Canvas.swift, ClassifiedView.swift, Color.swift, ColorPicker.swift, ConditionalContent.swift, ConfirmationDialog.swift, ContentUnavailableView.swift, ControlGroup.swift (in target 'ViewInspector' from project 'ViewInspector')
SwiftCompile normal arm64_32 Compiling\ TouchBar.swift,\ TreeView.swift,\ TupleView.swift,\ UnaryViewAdaptor.swift,\ VSplitView.swift,\ VStack.swift,\ VideoPlayer.swift,\ ViewThatFits.swift,\ ZStack.swift,\ ViewHosting.swift,\ ViewSearch.swift,\ ViewSearchIndex.swift /Users/admin/builder/spi-builder-workspace/.dependencies/checkouts/ViewInspector/Sources/ViewInspector/SwiftUI/TouchBar.swift /Users/admin/builder/spi-builder-workspace/.dependencies/checkouts/ViewInspector/Sources/ViewInspector/SwiftUI/TreeView.swift /Users/admin/builder/spi-builder-workspace/.dependencies/checkouts/ViewInspector/Sources/ViewInspector/SwiftUI/TupleView.swift /Users/admin/builder/spi-builder-workspace/.dependencies/checkouts/ViewInspector/Sources/ViewInspector/SwiftUI/UnaryViewAdaptor.swift /Users/admin/builder/spi-builder-workspace/.dependencies/checkouts/ViewInspector/Sources/ViewInspector/SwiftUI/VSplitView.swift /Users/admin/builder/spi-builder-workspace/.dependencies/checkouts/ViewInspector/Sources/ViewInspector/SwiftUI/VStack.swift /Users/admin/builder/spi-builder-workspace/.dependencies/checkouts/ViewInspector/Sources/ViewInspector/SwiftUI/VideoPlayer.swift /Users/admin/builder/spi-builder-workspace/.dependencies/checkouts/ViewInspector/Sources/ViewInspector/SwiftUI/ViewThatFits.swift /Users/admin/builder/spi-builder-workspace/.dependencies/checkouts/ViewInspector/Sources/ViewInspector/SwiftUI/ZStack.swift /Users/admin/builder/spi-builder-workspace/.dependencies/checkouts/ViewInspector/Sources/ViewInspector/ViewHosting.swift /Users/admin/builder/spi-builder-workspace/.dependencies/checkouts/ViewInspector/Sources/ViewInspector/ViewSearch.swift /Users/admin/builder/spi-builder-workspace/.dependencies/checkouts/ViewInspector/Sources/ViewInspector/ViewSearchIndex.swift (in target 'ViewInspector' from project 'ViewInspector')
SwiftCompile normal arm64_32 /Users/admin/builder/spi-builder-workspace/.dependencies/checkouts/ViewInspector/Sources/ViewInspector/SwiftUI/TouchBar.swift (in target 'ViewInspector' from project 'ViewInspector')
    cd /Users/admin/builder/spi-builder-workspace/.swiftpm/xcode
    builtin-SwiftPerFileCompile TouchBar.swift
SwiftCompile normal arm64_32 /Users/admin/builder/spi-builder-workspace/.dependencies/checkouts/ViewInspector/Sources/ViewInspector/SwiftUI/TreeView.swift (in target 'ViewInspector' from project 'ViewInspector')
    cd /Users/admin/builder/spi-builder-workspace/.swiftpm/xcode
    builtin-SwiftPerFileCompile TreeView.swift
SwiftCompile normal arm64_32 /Users/admin/builder/spi-builder-workspace/.dependencies/checkouts/ViewInspector/Sources/ViewInspector/SwiftUI/TupleView.swift (in target 'ViewInspector' from project 'ViewInspector')
    cd /Users/admin/builder/spi-builder-workspace/.swiftpm/xcode
    builtin-SwiftPerFileCompile TupleView.swift
SwiftCompile normal arm64_32 /Users/admin/builder/spi-builder-workspace/.dependencies/checkouts/ViewInspector/Sources/ViewInspector/SwiftUI/UnaryViewAdaptor.swift (in target 'ViewInspector' from project 'ViewInspector')
    cd /Users/admin/builder/spi-builder-workspace/.swiftpm/xcode
    builtin-SwiftPerFileCompile UnaryViewAdaptor.swift
SwiftCompile normal arm64_32 /Users/admin/builder/spi-builder-workspace/.dependencies/checkouts/ViewInspector/Sources/ViewInspector/SwiftUI/VSplitView.swift (in target 'ViewInspector' from project 'ViewInspector')
    cd /Users/admin/builder/spi-builder-workspace/.swiftpm/xcode
    builtin-SwiftPerFileCompile VSplitView.swift
SwiftCompile normal arm64_32 /Users/admin/builder/spi-builder-workspace/.dependencies/checkouts/ViewInspector/Sources/ViewInspector/SwiftUI/VStack.swift (in target 'ViewInspector' from project 'ViewInspector')
    cd /Users/admin/builder/spi-builder-workspace/.swiftpm/xcode
    builtin-SwiftPerFileCompile VStack.swift
SwiftCompile normal arm64_32 /Users/admin/builder/spi-builder-workspace/.dependencies/checkouts/ViewInspector/Sources/ViewInspector/SwiftUI/VideoPlayer.swift (in target 'ViewInspector' from project 'ViewInspector')
    cd /Users/admin/builder/spi-builder-workspace/.swiftpm/xcode
    builtin-SwiftPerFileCompile VideoPlayer.swift
SwiftCompile normal arm64_32 /Users/admin/builder/spi-builder-workspace/.dependencies/checkouts/ViewInspector/Sources/ViewInspector/SwiftUI/ViewThatFits.swift (in target 'ViewInspector' from project 'ViewInspector')
    cd /Users/admin/builder/spi-builder-workspace/.swiftpm/xcode
    builtin-SwiftPerFileCompile ViewThatFits.swift
SwiftCompile normal arm64_32 /Users/admin/builder/spi-builder-workspace/.dependencies/checkouts/ViewInspector/Sources/ViewInspector/SwiftUI/ZStack.swift (in target 'ViewInspector' from project 'ViewInspector')
    cd /Users/admin/builder/spi-builder-workspace/.swiftpm/xcode
    builtin-SwiftPerFileCompile ZStack.swift
SwiftCompile normal arm64_32 /Users/admin/builder/spi-builder-workspace/.dependencies/checkouts/ViewInspector/Sources/ViewInspector/ViewHosting.swift (in target 'ViewInspector' from project 'ViewInspector')
    cd /Users/admin/builder/spi-builder-workspace/.swiftpm/xcode
    builtin-SwiftPerFileCompile ViewHosting.swift
SwiftCompile normal arm64_32 /Users/admin/builder/spi-builder-workspace/.dependencies/checkouts/ViewInspector/Sources/ViewInspector/ViewSearch.swift (in target 'ViewInspector' from project 'ViewInspector')
    cd /Users/admin/builder/spi-builder-workspace/.swiftpm/xcode
    builtin-SwiftPerFileCompile ViewSearch.swift
SwiftCompile normal arm64_32 /Users/admin/builder/spi-builder-workspace/.dependencies/checkouts/ViewInspector/Sources/ViewInspector/ViewSearchIndex.swift (in target 'ViewInspector' from project 'ViewInspector')
    cd /Users/admin/builder/spi-builder-workspace/.swiftpm/xcode
    builtin-SwiftPerFileCompile ViewSearchIndex.swift
SwiftDriverJobDiscovery normal arm64 Compiling Spacer.swift, Stepper.swift, StyleConfiguration.swift, SubscriptionView.swift, TabView.swift, Text.swift, TextAttributes.swift, TextEditor.swift, TextField.swift, TimelineView.swift, Toggle.swift, Toolbar.swift (in target 'ViewInspector' from project 'ViewInspector')
SwiftDriver\ Compilation JoinedText normal arm64_32 com.apple.xcode.tools.swift.compiler (in target 'JoinedText' from project 'JoinedText')
    cd /Users/admin/builder/spi-builder-workspace/.swiftpm/xcode
    builtin-Swift-Compilation -- /Applications/Xcode-27.0.0-Release.Candidate.app/Contents/Developer/Toolchains/XcodeDefault.xctoolchain/usr/bin/swiftc -parse-as-library -module-name JoinedText -Onone @/Users/admin/builder/spi-builder-workspace/.derivedData/Build/Intermediates.noindex/JoinedText.build/Debug-watchos/JoinedText-t.build/Objects-normal/arm64_32/JoinedText.SwiftFileList -DSWIFT_PACKAGE -DDEBUG -DSWIFT_MODULE_RESOURCE_BUNDLE_UNAVAILABLE -DXcode -plugin-path /Applications/Xcode-27.0.0-Release.Candidate.app/Contents/Developer/Toolchains/XcodeDefault.xctoolchain/usr/lib/swift/host/plugins/testing -enable-experimental-feature DebugDescriptionMacro -sdk /Applications/Xcode-27.0.0-Release.Candidate.app/Contents/Developer/Platforms/WatchOS.platform/Developer/SDKs/WatchOS27.0.sdk -target arm64_32-apple-watchos9.0 -g -module-cache-path /Users/admin/builder/spi-builder-workspace/.derivedData/ModuleCache.noindex -Xfrontend -serialize-debugging-options -profile-coverage-mapping -profile-generate -enable-testing -index-store-path /Users/admin/builder/spi-builder-workspace/.derivedData/Index.noindex/DataStore -Xcc -D_LIBCPP_HARDENING_MODE\=_LIBCPP_HARDENING_MODE_DEBUG -swift-version 5 -I /Users/admin/builder/spi-builder-workspace/.derivedData/Build/Products/Debug-watchos -Isystem /Applications/Xcode-27.0.0-Release.Candidate.app/Contents/Developer/Platforms/WatchOS.platform/Developer/usr/lib -F /Users/admin/builder/spi-builder-workspace/.derivedData/Build/Products/Debug-watchos -F /Applications/Xcode-27.0.0-Release.Candidate.app/Contents/Developer/Platforms/WatchOS.platform/Developer/Library/Frameworks -F /Applications/Xcode-27.0.0-Release.Candidate.app/Contents/Developer/Platforms/WatchOS.platform/Developer/SDKs/WatchOS27.0.sdk/Developer/Library/Frameworks -c -j10 -enable-batch-mode -incremental -Xcc -ivfsstatcache -Xcc /Users/admin/builder/spi-builder-workspace/.derivedData/SDKStatCaches.noindex/watchos27.0-24R360-e829b21a6f8c9b70876ba0858053c04477534ef55a1706bf4c1112bbb242f0a2.sdkstatcache -output-file-map /Users/admin/builder/spi-builder-workspace/.derivedData/Build/Intermediates.noindex/JoinedText.build/Debug-watchos/JoinedText-t.build/Objects-normal/arm64_32/JoinedText-OutputFileMap.json -save-temps -no-color-diagnostics -explicit-module-build -module-cache-path /Users/admin/builder/spi-builder-workspace/.derivedData/Build/Intermediates.noindex/SwiftExplicitPrecompiledModules -clang-scanner-module-cache-path /Users/admin/builder/spi-builder-workspace/.derivedData/ModuleCache.noindex -sdk-module-cache-path /Users/admin/builder/spi-builder-workspace/.derivedData/SDKExplicitPrecompiledModules -emit-dependencies -emit-module -emit-module-path /Users/admin/builder/spi-builder-workspace/.derivedData/Build/Intermediates.noindex/JoinedText.build/Debug-watchos/JoinedText-t.build/Objects-normal/arm64_32/JoinedText.swiftmodule -serialize-diagnostics -dependency-scan-serialize-diagnostics-path /Users/admin/builder/spi-builder-workspace/.derivedData/Build/Intermediates.noindex/JoinedText.build/Debug-watchos/JoinedText-t.build/Objects-normal/arm64_32/JoinedText-dependency-scan.dia -validate-clang-modules-once -clang-build-session-file /Users/admin/builder/spi-builder-workspace/.derivedData/ModuleCache.noindex/Session.modulevalidation -Xcc -fmodules-prune-interval\=86400 -Xcc -fmodules-prune-after\=345600 -emit-const-values -const-gather-protocols-list /Users/admin/builder/spi-builder-workspace/.derivedData/Build/Intermediates.noindex/JoinedText.build/Debug-watchos/JoinedText-t.build/Objects-normal/arm64_32/JoinedText_const_extract_protocols.json -Xcc -I/Users/admin/builder/spi-builder-workspace/.derivedData/Build/Products/Debug-watchos/include -Xcc -I/Users/admin/builder/spi-builder-workspace/.derivedData/Build/Intermediates.noindex/JoinedText.build/Debug-watchos/JoinedText-t.build/DerivedSources-normal/arm64_32 -Xcc -I/Users/admin/builder/spi-builder-workspace/.derivedData/Build/Intermediates.noindex/JoinedText.build/Debug-watchos/JoinedText-t.build/DerivedSources/arm64_32 -Xcc -I/Users/admin/builder/spi-builder-workspace/.derivedData/Build/Intermediates.noindex/JoinedText.build/Debug-watchos/JoinedText-t.build/DerivedSources -Xcc -DSWIFT_PACKAGE -Xcc -DDEBUG\=1 -emit-objc-header -emit-objc-header-path /Users/admin/builder/spi-builder-workspace/.derivedData/Build/Intermediates.noindex/JoinedText.build/Debug-watchos/JoinedText-t.build/Objects-normal/arm64_32/JoinedText-Swift.h -working-directory /Users/admin/builder/spi-builder-workspace/.swiftpm/xcode -experimental-emit-module-separately -disable-cmo
SwiftDriverJobDiscovery normal arm64 Compiling EventsModifiers.swift, GestureModifiers.swift, InteractionModifiers.swift, NavigationBarModifiers.swift, PositioningModifiers.swift, PreviewModifiers.swift, SizingModifiers.swift, TextInputModifiers.swift, TransformingModifiers.swift, TransitiveModifiers.swift, VisualEffectModifiers.swift, PopupPresenter.swift, ActionSheet.swift (in target 'ViewInspector' from project 'ViewInspector')
SwiftDriver\ Compilation JoinedText normal arm64 com.apple.xcode.tools.swift.compiler (in target 'JoinedText' from project 'JoinedText')
    cd /Users/admin/builder/spi-builder-workspace/.swiftpm/xcode
    builtin-Swift-Compilation -- /Applications/Xcode-27.0.0-Release.Candidate.app/Contents/Developer/Toolchains/XcodeDefault.xctoolchain/usr/bin/swiftc -parse-as-library -module-name JoinedText -Onone @/Users/admin/builder/spi-builder-workspace/.derivedData/Build/Intermediates.noindex/JoinedText.build/Debug-watchos/JoinedText-t.build/Objects-normal/arm64/JoinedText.SwiftFileList -DSWIFT_PACKAGE -DDEBUG -DSWIFT_MODULE_RESOURCE_BUNDLE_UNAVAILABLE -DXcode -plugin-path /Applications/Xcode-27.0.0-Release.Candidate.app/Contents/Developer/Toolchains/XcodeDefault.xctoolchain/usr/lib/swift/host/plugins/testing -enable-experimental-feature DebugDescriptionMacro -sdk /Applications/Xcode-27.0.0-Release.Candidate.app/Contents/Developer/Platforms/WatchOS.platform/Developer/SDKs/WatchOS27.0.sdk -target arm64-apple-watchos9.0 -g -module-cache-path /Users/admin/builder/spi-builder-workspace/.derivedData/ModuleCache.noindex -Xfrontend -serialize-debugging-options -profile-coverage-mapping -profile-generate -enable-testing -index-store-path /Users/admin/builder/spi-builder-workspace/.derivedData/Index.noindex/DataStore -Xcc -D_LIBCPP_HARDENING_MODE\=_LIBCPP_HARDENING_MODE_DEBUG -swift-version 5 -I /Users/admin/builder/spi-builder-workspace/.derivedData/Build/Products/Debug-watchos -Isystem /Applications/Xcode-27.0.0-Release.Candidate.app/Contents/Developer/Platforms/WatchOS.platform/Developer/usr/lib -F /Users/admin/builder/spi-builder-workspace/.derivedData/Build/Products/Debug-watchos -F /Applications/Xcode-27.0.0-Release.Candidate.app/Contents/Developer/Platforms/WatchOS.platform/Developer/Library/Frameworks -F /Applications/Xcode-27.0.0-Release.Candidate.app/Contents/Developer/Platforms/WatchOS.platform/Developer/SDKs/WatchOS27.0.sdk/Developer/Library/Frameworks -c -j10 -enable-batch-mode -incremental -Xcc -ivfsstatcache -Xcc /Users/admin/builder/spi-builder-workspace/.derivedData/SDKStatCaches.noindex/watchos27.0-24R360-e829b21a6f8c9b70876ba0858053c04477534ef55a1706bf4c1112bbb242f0a2.sdkstatcache -output-file-map /Users/admin/builder/spi-builder-workspace/.derivedData/Build/Intermediates.noindex/JoinedText.build/Debug-watchos/JoinedText-t.build/Objects-normal/arm64/JoinedText-OutputFileMap.json -save-temps -no-color-diagnostics -explicit-module-build -module-cache-path /Users/admin/builder/spi-builder-workspace/.derivedData/Build/Intermediates.noindex/SwiftExplicitPrecompiledModules -clang-scanner-module-cache-path /Users/admin/builder/spi-builder-workspace/.derivedData/ModuleCache.noindex -sdk-module-cache-path /Users/admin/builder/spi-builder-workspace/.derivedData/SDKExplicitPrecompiledModules -emit-dependencies -emit-module -emit-module-path /Users/admin/builder/spi-builder-workspace/.derivedData/Build/Intermediates.noindex/JoinedText.build/Debug-watchos/JoinedText-t.build/Objects-normal/arm64/JoinedText.swiftmodule -serialize-diagnostics -dependency-scan-serialize-diagnostics-path /Users/admin/builder/spi-builder-workspace/.derivedData/Build/Intermediates.noindex/JoinedText.build/Debug-watchos/JoinedText-t.build/Objects-normal/arm64/JoinedText-dependency-scan.dia -validate-clang-modules-once -clang-build-session-file /Users/admin/builder/spi-builder-workspace/.derivedData/ModuleCache.noindex/Session.modulevalidation -Xcc -fmodules-prune-interval\=86400 -Xcc -fmodules-prune-after\=345600 -emit-const-values -const-gather-protocols-list /Users/admin/builder/spi-builder-workspace/.derivedData/Build/Intermediates.noindex/JoinedText.build/Debug-watchos/JoinedText-t.build/Objects-normal/arm64/JoinedText_const_extract_protocols.json -Xcc -I/Users/admin/builder/spi-builder-workspace/.derivedData/Build/Products/Debug-watchos/include -Xcc -I/Users/admin/builder/spi-builder-workspace/.derivedData/Build/Intermediates.noindex/JoinedText.build/Debug-watchos/JoinedText-t.build/DerivedSources-normal/arm64 -Xcc -I/Users/admin/builder/spi-builder-workspace/.derivedData/Build/Intermediates.noindex/JoinedText.build/Debug-watchos/JoinedText-t.build/DerivedSources/arm64 -Xcc -I/Users/admin/builder/spi-builder-workspace/.derivedData/Build/Intermediates.noindex/JoinedText.build/Debug-watchos/JoinedText-t.build/DerivedSources -Xcc -DSWIFT_PACKAGE -Xcc -DDEBUG\=1 -emit-objc-header -emit-objc-header-path /Users/admin/builder/spi-builder-workspace/.derivedData/Build/Intermediates.noindex/JoinedText.build/Debug-watchos/JoinedText-t.build/Objects-normal/arm64/JoinedText-Swift.h -working-directory /Users/admin/builder/spi-builder-workspace/.swiftpm/xcode -experimental-emit-module-separately -disable-cmo
Ld /Users/admin/builder/spi-builder-workspace/.derivedData/Build/Intermediates.noindex/JoinedText.build/Debug-watchos/JoinedText-t.build/Objects-normal/arm64_32/Binary/JoinedText.o normal arm64_32 (in target 'JoinedText' from project 'JoinedText')
    cd /Users/admin/builder/spi-builder-workspace
    /Applications/Xcode-27.0.0-Release.Candidate.app/Contents/Developer/Toolchains/XcodeDefault.xctoolchain/usr/bin/clang -Xlinker -reproducible -target arm64_32-apple-watchos9.0 -r -isysroot /Applications/Xcode-27.0.0-Release.Candidate.app/Contents/Developer/Platforms/WatchOS.platform/Developer/SDKs/WatchOS27.0.sdk -O0 -Xlinker -no_warn_duplicate_libraries -F/Users/admin/builder/spi-builder-workspace/.derivedData/Build/Intermediates.noindex/EagerLinkingTBDs/Debug-watchos -F/Users/admin/builder/spi-builder-workspace/.derivedData/Build/Products/Debug-watchos -iframework /Applications/Xcode-27.0.0-Release.Candidate.app/Contents/Developer/Platforms/WatchOS.platform/Developer/Library/Frameworks -iframework /Applications/Xcode-27.0.0-Release.Candidate.app/Contents/Developer/Platforms/WatchOS.platform/Developer/SDKs/WatchOS27.0.sdk/Developer/Library/Frameworks -filelist /Users/admin/builder/spi-builder-workspace/.derivedData/Build/Intermediates.noindex/JoinedText.build/Debug-watchos/JoinedText-t.build/Objects-normal/arm64_32/JoinedText.LinkFileList -nostdlib -Xlinker -object_path_lto -Xlinker /Users/admin/builder/spi-builder-workspace/.derivedData/Build/Intermediates.noindex/JoinedText.build/Debug-watchos/JoinedText-t.build/Objects-normal/arm64_32/JoinedText_lto.o -Xlinker -no_deduplicate -Xlinker -debug_variant -Xlinker -dependency_info -Xlinker /Users/admin/builder/spi-builder-workspace/.derivedData/Build/Intermediates.noindex/JoinedText.build/Debug-watchos/JoinedText-t.build/Objects-normal/arm64_32/JoinedText_dependency_info.dat -fobjc-link-runtime -L/Applications/Xcode-27.0.0-Release.Candidate.app/Contents/Developer/Toolchains/XcodeDefault.xctoolchain/usr/lib/swift/watchos -L/usr/lib/swift -Xlinker -add_ast_path -Xlinker /Users/admin/builder/spi-builder-workspace/.derivedData/Build/Intermediates.noindex/JoinedText.build/Debug-watchos/JoinedText-t.build/Objects-normal/arm64_32/JoinedText.swiftmodule -o /Users/admin/builder/spi-builder-workspace/.derivedData/Build/Intermediates.noindex/JoinedText.build/Debug-watchos/JoinedText-t.build/Objects-normal/arm64_32/Binary/JoinedText.o
Ld /Users/admin/builder/spi-builder-workspace/.derivedData/Build/Intermediates.noindex/JoinedText.build/Debug-watchos/JoinedText-t.build/Objects-normal/arm64/Binary/JoinedText.o normal arm64 (in target 'JoinedText' from project 'JoinedText')
    cd /Users/admin/builder/spi-builder-workspace
    /Applications/Xcode-27.0.0-Release.Candidate.app/Contents/Developer/Toolchains/XcodeDefault.xctoolchain/usr/bin/clang -Xlinker -reproducible -target arm64-apple-watchos9.0 -r -isysroot /Applications/Xcode-27.0.0-Release.Candidate.app/Contents/Developer/Platforms/WatchOS.platform/Developer/SDKs/WatchOS27.0.sdk -O0 -Xlinker -no_warn_duplicate_libraries -F/Users/admin/builder/spi-builder-workspace/.derivedData/Build/Intermediates.noindex/EagerLinkingTBDs/Debug-watchos -F/Users/admin/builder/spi-builder-workspace/.derivedData/Build/Products/Debug-watchos -iframework /Applications/Xcode-27.0.0-Release.Candidate.app/Contents/Developer/Platforms/WatchOS.platform/Developer/Library/Frameworks -iframework /Applications/Xcode-27.0.0-Release.Candidate.app/Contents/Developer/Platforms/WatchOS.platform/Developer/SDKs/WatchOS27.0.sdk/Developer/Library/Frameworks -filelist /Users/admin/builder/spi-builder-workspace/.derivedData/Build/Intermediates.noindex/JoinedText.build/Debug-watchos/JoinedText-t.build/Objects-normal/arm64/JoinedText.LinkFileList -nostdlib -Xlinker -object_path_lto -Xlinker /Users/admin/builder/spi-builder-workspace/.derivedData/Build/Intermediates.noindex/JoinedText.build/Debug-watchos/JoinedText-t.build/Objects-normal/arm64/JoinedText_lto.o -Xlinker -no_deduplicate -Xlinker -debug_variant -Xlinker -dependency_info -Xlinker /Users/admin/builder/spi-builder-workspace/.derivedData/Build/Intermediates.noindex/JoinedText.build/Debug-watchos/JoinedText-t.build/Objects-normal/arm64/JoinedText_dependency_info.dat -fobjc-link-runtime -L/Applications/Xcode-27.0.0-Release.Candidate.app/Contents/Developer/Toolchains/XcodeDefault.xctoolchain/usr/lib/swift/watchos -L/usr/lib/swift -Xlinker -add_ast_path -Xlinker /Users/admin/builder/spi-builder-workspace/.derivedData/Build/Intermediates.noindex/JoinedText.build/Debug-watchos/JoinedText-t.build/Objects-normal/arm64/JoinedText.swiftmodule -o /Users/admin/builder/spi-builder-workspace/.derivedData/Build/Intermediates.noindex/JoinedText.build/Debug-watchos/JoinedText-t.build/Objects-normal/arm64/Binary/JoinedText.o
SwiftDriverJobDiscovery normal arm64_32 Compiling Spacer.swift, Stepper.swift, StyleConfiguration.swift, SubscriptionView.swift, TabView.swift, Text.swift, TextAttributes.swift, TextEditor.swift, TextField.swift, TimelineView.swift, Toggle.swift, Toolbar.swift (in target 'ViewInspector' from project 'ViewInspector')
SwiftDriver JoinedTextTests normal arm64_32 com.apple.xcode.tools.swift.compiler (in target 'JoinedTextTests-product' from project 'JoinedText')
    cd /Users/admin/builder/spi-builder-workspace/.swiftpm/xcode
    builtin-SwiftDriver -- /Applications/Xcode-27.0.0-Release.Candidate.app/Contents/Developer/Toolchains/XcodeDefault.xctoolchain/usr/bin/swiftc -parse-as-library -module-name JoinedTextTests -Onone @/Users/admin/builder/spi-builder-workspace/.derivedData/Build/Intermediates.noindex/JoinedText.build/Debug-watchos/JoinedTextTests-p.build/Objects-normal/arm64_32/JoinedTextTests.SwiftFileList -DSWIFT_PACKAGE -DDEBUG -DXcode -plugin-path /Applications/Xcode-27.0.0-Release.Candidate.app/Contents/Developer/Toolchains/XcodeDefault.xctoolchain/usr/lib/swift/host/plugins/testing -enable-experimental-feature DebugDescriptionMacro -sdk /Applications/Xcode-27.0.0-Release.Candidate.app/Contents/Developer/Platforms/WatchOS.platform/Developer/SDKs/WatchOS27.0.sdk -target arm64_32-apple-watchos10.0 -g -module-cache-path /Users/admin/builder/spi-builder-workspace/.derivedData/ModuleCache.noindex -Xfrontend -serialize-debugging-options -profile-coverage-mapping -profile-generate -enable-testing -index-store-path /Users/admin/builder/spi-builder-workspace/.derivedData/Index.noindex/DataStore -Xcc -D_LIBCPP_HARDENING_MODE\=_LIBCPP_HARDENING_MODE_DEBUG -swift-version 5 -I /Users/admin/builder/spi-builder-workspace/.derivedData/Build/Products/Debug-watchos -Isystem /Applications/Xcode-27.0.0-Release.Candidate.app/Contents/Developer/Platforms/WatchOS.platform/Developer/usr/lib -F /Users/admin/builder/spi-builder-workspace/.derivedData/Build/Products/Debug-watchos/PackageFrameworks -F /Users/admin/builder/spi-builder-workspace/.derivedData/Build/Products/Debug-watchos -F /Applications/Xcode-27.0.0-Release.Candidate.app/Contents/Developer/Platforms/WatchOS.platform/Developer/Library/Frameworks -F /Applications/Xcode-27.0.0-Release.Candidate.app/Contents/Developer/Platforms/WatchOS.platform/Developer/SDKs/WatchOS27.0.sdk/Developer/Library/Frameworks -c -j10 -enable-batch-mode -incremental -Xcc -ivfsstatcache -Xcc /Users/admin/builder/spi-builder-workspace/.derivedData/SDKStatCaches.noindex/watchos27.0-24R360-e829b21a6f8c9b70876ba0858053c04477534ef55a1706bf4c1112bbb242f0a2.sdkstatcache -output-file-map /Users/admin/builder/spi-builder-workspace/.derivedData/Build/Intermediates.noindex/JoinedText.build/Debug-watchos/JoinedTextTests-p.build/Objects-normal/arm64_32/JoinedTextTests-OutputFileMap.json -save-temps -no-color-diagnostics -explicit-module-build -module-cache-path /Users/admin/builder/spi-builder-workspace/.derivedData/Build/Intermediates.noindex/SwiftExplicitPrecompiledModules -clang-scanner-module-cache-path /Users/admin/builder/spi-builder-workspace/.derivedData/ModuleCache.noindex -sdk-module-cache-path /Users/admin/builder/spi-builder-workspace/.derivedData/SDKExplicitPrecompiledModules -emit-dependencies -emit-module -emit-module-path /Users/admin/builder/spi-builder-workspace/.derivedData/Build/Intermediates.noindex/JoinedText.build/Debug-watchos/JoinedTextTests-p.build/Objects-normal/arm64_32/JoinedTextTests.swiftmodule -serialize-diagnostics -dependency-scan-serialize-diagnostics-path /Users/admin/builder/spi-builder-workspace/.derivedData/Build/Intermediates.noindex/JoinedText.build/Debug-watchos/JoinedTextTests-p.build/Objects-normal/arm64_32/JoinedTextTests-dependency-scan.dia -validate-clang-modules-once -clang-build-session-file /Users/admin/builder/spi-builder-workspace/.derivedData/ModuleCache.noindex/Session.modulevalidation -Xcc -fmodules-prune-interval\=86400 -Xcc -fmodules-prune-after\=345600 -emit-const-values -const-gather-protocols-list /Users/admin/builder/spi-builder-workspace/.derivedData/Build/Intermediates.noindex/JoinedText.build/Debug-watchos/JoinedTextTests-p.build/Objects-normal/arm64_32/JoinedTextTests_const_extract_protocols.json -Xcc -I/Users/admin/builder/spi-builder-workspace/.derivedData/Build/Products/Debug-watchos/include -Xcc -I/Users/admin/builder/spi-builder-workspace/.derivedData/Build/Intermediates.noindex/JoinedText.build/Debug-watchos/JoinedTextTests-p.build/DerivedSources-normal/arm64_32 -Xcc -I/Users/admin/builder/spi-builder-workspace/.derivedData/Build/Intermediates.noindex/JoinedText.build/Debug-watchos/JoinedTextTests-p.build/DerivedSources/arm64_32 -Xcc -I/Users/admin/builder/spi-builder-workspace/.derivedData/Build/Intermediates.noindex/JoinedText.build/Debug-watchos/JoinedTextTests-p.build/DerivedSources -Xcc -DSWIFT_PACKAGE -Xcc -DDEBUG\=1 -working-directory /Users/admin/builder/spi-builder-workspace/.swiftpm/xcode -experimental-emit-module-separately -disable-cmo
SwiftDriver JoinedTextTests normal arm64 com.apple.xcode.tools.swift.compiler (in target 'JoinedTextTests-product' from project 'JoinedText')
    cd /Users/admin/builder/spi-builder-workspace/.swiftpm/xcode
    builtin-SwiftDriver -- /Applications/Xcode-27.0.0-Release.Candidate.app/Contents/Developer/Toolchains/XcodeDefault.xctoolchain/usr/bin/swiftc -parse-as-library -module-name JoinedTextTests -Onone @/Users/admin/builder/spi-builder-workspace/.derivedData/Build/Intermediates.noindex/JoinedText.build/Debug-watchos/JoinedTextTests-p.build/Objects-normal/arm64/JoinedTextTests.SwiftFileList -DSWIFT_PACKAGE -DDEBUG -DXcode -plugin-path /Applications/Xcode-27.0.0-Release.Candidate.app/Contents/Developer/Toolchains/XcodeDefault.xctoolchain/usr/lib/swift/host/plugins/testing -enable-experimental-feature DebugDescriptionMacro -sdk /Applications/Xcode-27.0.0-Release.Candidate.app/Contents/Developer/Platforms/WatchOS.platform/Developer/SDKs/WatchOS27.0.sdk -target arm64-apple-watchos10.0 -g -module-cache-path /Users/admin/builder/spi-builder-workspace/.derivedData/ModuleCache.noindex -Xfrontend -serialize-debugging-options -profile-coverage-mapping -profile-generate -enable-testing -index-store-path /Users/admin/builder/spi-builder-workspace/.derivedData/Index.noindex/DataStore -Xcc -D_LIBCPP_HARDENING_MODE\=_LIBCPP_HARDENING_MODE_DEBUG -swift-version 5 -I /Users/admin/builder/spi-builder-workspace/.derivedData/Build/Products/Debug-watchos -Isystem /Applications/Xcode-27.0.0-Release.Candidate.app/Contents/Developer/Platforms/WatchOS.platform/Developer/usr/lib -F /Users/admin/builder/spi-builder-workspace/.derivedData/Build/Products/Debug-watchos/PackageFrameworks -F /Users/admin/builder/spi-builder-workspace/.derivedData/Build/Products/Debug-watchos -F /Applications/Xcode-27.0.0-Release.Candidate.app/Contents/Developer/Platforms/WatchOS.platform/Developer/Library/Frameworks -F /Applications/Xcode-27.0.0-Release.Candidate.app/Contents/Developer/Platforms/WatchOS.platform/Developer/SDKs/WatchOS27.0.sdk/Developer/Library/Frameworks -c -j10 -enable-batch-mode -incremental -Xcc -ivfsstatcache -Xcc /Users/admin/builder/spi-builder-workspace/.derivedData/SDKStatCaches.noindex/watchos27.0-24R360-e829b21a6f8c9b70876ba0858053c04477534ef55a1706bf4c1112bbb242f0a2.sdkstatcache -output-file-map /Users/admin/builder/spi-builder-workspace/.derivedData/Build/Intermediates.noindex/JoinedText.build/Debug-watchos/JoinedTextTests-p.build/Objects-normal/arm64/JoinedTextTests-OutputFileMap.json -save-temps -no-color-diagnostics -explicit-module-build -module-cache-path /Users/admin/builder/spi-builder-workspace/.derivedData/Build/Intermediates.noindex/SwiftExplicitPrecompiledModules -clang-scanner-module-cache-path /Users/admin/builder/spi-builder-workspace/.derivedData/ModuleCache.noindex -sdk-module-cache-path /Users/admin/builder/spi-builder-workspace/.derivedData/SDKExplicitPrecompiledModules -emit-dependencies -emit-module -emit-module-path /Users/admin/builder/spi-builder-workspace/.derivedData/Build/Intermediates.noindex/JoinedText.build/Debug-watchos/JoinedTextTests-p.build/Objects-normal/arm64/JoinedTextTests.swiftmodule -serialize-diagnostics -dependency-scan-serialize-diagnostics-path /Users/admin/builder/spi-builder-workspace/.derivedData/Build/Intermediates.noindex/JoinedText.build/Debug-watchos/JoinedTextTests-p.build/Objects-normal/arm64/JoinedTextTests-dependency-scan.dia -validate-clang-modules-once -clang-build-session-file /Users/admin/builder/spi-builder-workspace/.derivedData/ModuleCache.noindex/Session.modulevalidation -Xcc -fmodules-prune-interval\=86400 -Xcc -fmodules-prune-after\=345600 -emit-const-values -const-gather-protocols-list /Users/admin/builder/spi-builder-workspace/.derivedData/Build/Intermediates.noindex/JoinedText.build/Debug-watchos/JoinedTextTests-p.build/Objects-normal/arm64/JoinedTextTests_const_extract_protocols.json -Xcc -I/Users/admin/builder/spi-builder-workspace/.derivedData/Build/Products/Debug-watchos/include -Xcc -I/Users/admin/builder/spi-builder-workspace/.derivedData/Build/Intermediates.noindex/JoinedText.build/Debug-watchos/JoinedTextTests-p.build/DerivedSources-normal/arm64 -Xcc -I/Users/admin/builder/spi-builder-workspace/.derivedData/Build/Intermediates.noindex/JoinedText.build/Debug-watchos/JoinedTextTests-p.build/DerivedSources/arm64 -Xcc -I/Users/admin/builder/spi-builder-workspace/.derivedData/Build/Intermediates.noindex/JoinedText.build/Debug-watchos/JoinedTextTests-p.build/DerivedSources -Xcc -DSWIFT_PACKAGE -Xcc -DDEBUG\=1 -working-directory /Users/admin/builder/spi-builder-workspace/.swiftpm/xcode -experimental-emit-module-separately -disable-cmo
CreateUniversalBinary /Users/admin/builder/spi-builder-workspace/.derivedData/Build/Products/Debug-watchos/JoinedText.o normal arm64\ arm64_32 (in target 'JoinedText' from project 'JoinedText')
    cd /Users/admin/builder/spi-builder-workspace
    /Applications/Xcode-27.0.0-Release.Candidate.app/Contents/Developer/Toolchains/XcodeDefault.xctoolchain/usr/bin/lipo -create /Users/admin/builder/spi-builder-workspace/.derivedData/Build/Intermediates.noindex/JoinedText.build/Debug-watchos/JoinedText-t.build/Objects-normal/arm64/Binary/JoinedText.o /Users/admin/builder/spi-builder-workspace/.derivedData/Build/Intermediates.noindex/JoinedText.build/Debug-watchos/JoinedText-t.build/Objects-normal/arm64_32/Binary/JoinedText.o -output /Users/admin/builder/spi-builder-workspace/.derivedData/Build/Products/Debug-watchos/JoinedText.o
SwiftDriverJobDiscovery normal arm64_32 Compiling NavigationDestination.swift, NavigationLink.swift, NavigationSplitView.swift, NavigationStack.swift, NavigationView.swift, OptionalContent.swift, OutlineGroup.swift, Overlay.swift, PasteButton.swift, Picker.swift, Popover.swift, PopoverContent.swift (in target 'ViewInspector' from project 'ViewInspector')
ExtractAppIntentsMetadata (in target 'JoinedText' from project 'JoinedText')
    cd /Users/admin/builder/spi-builder-workspace
    /Applications/Xcode-27.0.0-Release.Candidate.app/Contents/Developer/Toolchains/XcodeDefault.xctoolchain/usr/bin/appintentsmetadataprocessor --toolchain-dir /var/run/com.apple.security.cryptexd/mnt/com.apple.MobileAsset.MetalToolchain-v27.1.266.1.bL2tcm/Metal.xctoolchain --module-name JoinedText --sdk-root /Applications/Xcode-27.0.0-Release.Candidate.app/Contents/Developer/Platforms/WatchOS.platform/Developer/SDKs/WatchOS27.0.sdk --xcode-version 27A266a --platform-family watchOS --deployment-target 9.0 --bundle-identifier spi-builder-workspace.JoinedText --output /Users/admin/builder/spi-builder-workspace/.derivedData/Build/Products/Debug-watchos/JoinedText.appintents --target-triple arm64-apple-watchos9.0 --target-triple arm64_32-apple-watchos9.0 --binary-file /Users/admin/builder/spi-builder-workspace/.derivedData/Build/Products/Debug-watchos/JoinedText.o --dependency-file /Users/admin/builder/spi-builder-workspace/.derivedData/Build/Intermediates.noindex/JoinedText.build/Debug-watchos/JoinedText-t.build/Objects-normal/arm64/JoinedText_dependency_info.dat --dependency-file /Users/admin/builder/spi-builder-workspace/.derivedData/Build/Intermediates.noindex/JoinedText.build/Debug-watchos/JoinedText-t.build/Objects-normal/arm64_32/JoinedText_dependency_info.dat --stringsdata-file /Users/admin/builder/spi-builder-workspace/.derivedData/Build/Intermediates.noindex/JoinedText.build/Debug-watchos/JoinedText-t.build/Objects-normal/arm64/ExtractedAppShortcutsMetadata.stringsdata --stringsdata-file /Users/admin/builder/spi-builder-workspace/.derivedData/Build/Intermediates.noindex/JoinedText.build/Debug-watchos/JoinedText-t.build/Objects-normal/arm64_32/ExtractedAppShortcutsMetadata.stringsdata --source-file-list /Users/admin/builder/spi-builder-workspace/.derivedData/Build/Intermediates.noindex/JoinedText.build/Debug-watchos/JoinedText-t.build/Objects-normal/arm64/JoinedText.SwiftFileList --source-file-list /Users/admin/builder/spi-builder-workspace/.derivedData/Build/Intermediates.noindex/JoinedText.build/Debug-watchos/JoinedText-t.build/Objects-normal/arm64_32/JoinedText.SwiftFileList --metadata-file-list /Users/admin/builder/spi-builder-workspace/.derivedData/Build/Intermediates.noindex/JoinedText.build/Debug-watchos/JoinedText-t.build/JoinedText.DependencyMetadataFileList --static-metadata-file-list /Users/admin/builder/spi-builder-workspace/.derivedData/Build/Intermediates.noindex/JoinedText.build/Debug-watchos/JoinedText-t.build/JoinedText.DependencyStaticMetadataFileList --swift-const-vals-list /Users/admin/builder/spi-builder-workspace/.derivedData/Build/Intermediates.noindex/JoinedText.build/Debug-watchos/JoinedText-t.build/Objects-normal/arm64/JoinedText.SwiftConstValuesFileList --swift-const-vals-list /Users/admin/builder/spi-builder-workspace/.derivedData/Build/Intermediates.noindex/JoinedText.build/Debug-watchos/JoinedText-t.build/Objects-normal/arm64_32/JoinedText.SwiftConstValuesFileList --force --compile-time-extraction --deployment-aware-processing --no-app-shortcuts-localization
2026-09-17 16:32:40.086 appintentsmetadataprocessor[890:5573] Starting appintentsmetadataprocessor export
2026-09-17 16:32:40.196 appintentsmetadataprocessor[890:5573] Extracted no relevant App Intents symbols, skipping writing output
SwiftDriverJobDiscovery normal arm64 Compiling NavigationDestination.swift, NavigationLink.swift, NavigationSplitView.swift, NavigationStack.swift, NavigationView.swift, OptionalContent.swift, OutlineGroup.swift, Overlay.swift, PasteButton.swift, Picker.swift, Popover.swift, PopoverContent.swift (in target 'ViewInspector' from project 'ViewInspector')
SwiftDriverJobDiscovery normal arm64 Compiling BaseTypes.swift, ContentExtraction.swift, EnvironmentInjection.swift, InspectableView+RandomAccessCollection.swift, InspectableView.swift, InspectionEmissary.swift, Inspector.swift, LazyGroup.swift, AccessibilityModifiers.swift, AnimationModifiers.swift, ConfigurationModifiers.swift, CustomStyleModifiers.swift, EnvironmentModifiers.swift (in target 'ViewInspector' from project 'ViewInspector')
SwiftDriverJobDiscovery normal arm64 Compiling CustomView.swift, CustomViewModifier.swift, DatePicker.swift, DelayedPreferenceView.swift, DisclosureGroup.swift, Divider.swift, EditButton.swift, EllipticalGradient.swift, EmptyView.swift, EquatableView.swift, ForEach.swift, Form.swift, GeometryReader.swift (in target 'ViewInspector' from project 'ViewInspector')
SwiftExplicitDependencyCompileModuleFromInterface arm64 /Users/admin/builder/spi-builder-workspace/.derivedData/Build/Intermediates.noindex/SwiftExplicitPrecompiledModules/XCUIAutomation-2BC5897SHXM5Y.swiftmodule
SwiftExplicitDependencyCompileModuleFromInterface arm64_32 /Users/admin/builder/spi-builder-workspace/.derivedData/Build/Intermediates.noindex/SwiftExplicitPrecompiledModules/XCUIAutomation-2KEQCEI56WY22.swiftmodule
SwiftDriverJobDiscovery normal arm64 Compiling ProgressView.swift, RadialGradient.swift, SafeAreaInset.swift, ScrollView.swift, ScrollViewReader.swift, Section.swift, SecureField.swift, Shape.swift, ShareLink.swift, Sheet.swift, SignInWithAppleButton.swift, Slider.swift (in target 'ViewInspector' from project 'ViewInspector')
SwiftDriverJobDiscovery normal arm64_32 Compiling CustomView.swift, CustomViewModifier.swift, DatePicker.swift, DelayedPreferenceView.swift, DisclosureGroup.swift, Divider.swift, EditButton.swift, EllipticalGradient.swift, EmptyView.swift, EquatableView.swift, ForEach.swift, Form.swift, GeometryReader.swift (in target 'ViewInspector' from project 'ViewInspector')
SwiftDriver\ Compilation ViewInspector normal arm64 com.apple.xcode.tools.swift.compiler (in target 'ViewInspector' from project 'ViewInspector')
    cd /Users/admin/builder/spi-builder-workspace/.swiftpm/xcode
    builtin-Swift-Compilation -- /Applications/Xcode-27.0.0-Release.Candidate.app/Contents/Developer/Toolchains/XcodeDefault.xctoolchain/usr/bin/swiftc -parse-as-library -module-name ViewInspector -Onone @/Users/admin/builder/spi-builder-workspace/.derivedData/Build/Intermediates.noindex/ViewInspector.build/Debug-watchos/ViewInspector-t.build/Objects-normal/arm64/ViewInspector.SwiftFileList -DSWIFT_PACKAGE -DDEBUG -DSWIFT_MODULE_RESOURCE_BUNDLE_UNAVAILABLE -DXcode -plugin-path /Applications/Xcode-27.0.0-Release.Candidate.app/Contents/Developer/Toolchains/XcodeDefault.xctoolchain/usr/lib/swift/host/plugins/testing -enable-experimental-feature DebugDescriptionMacro -sdk /Applications/Xcode-27.0.0-Release.Candidate.app/Contents/Developer/Platforms/WatchOS.platform/Developer/SDKs/WatchOS27.0.sdk -target arm64-apple-watchos9.0 -g -module-cache-path /Users/admin/builder/spi-builder-workspace/.derivedData/ModuleCache.noindex -Xfrontend -serialize-debugging-options -profile-coverage-mapping -profile-generate -enable-testing -suppress-warnings -index-store-path /Users/admin/builder/spi-builder-workspace/.derivedData/Index.noindex/DataStore -Xcc -D_LIBCPP_HARDENING_MODE\=_LIBCPP_HARDENING_MODE_DEBUG -swift-version 5 -I /Users/admin/builder/spi-builder-workspace/.derivedData/Build/Products/Debug-watchos -Isystem /Applications/Xcode-27.0.0-Release.Candidate.app/Contents/Developer/Platforms/WatchOS.platform/Developer/usr/lib -F /Users/admin/builder/spi-builder-workspace/.derivedData/Build/Products/Debug-watchos -F /Applications/Xcode-27.0.0-Release.Candidate.app/Contents/Developer/Platforms/WatchOS.platform/Developer/Library/Frameworks -F /Applications/Xcode-27.0.0-Release.Candidate.app/Contents/Developer/Platforms/WatchOS.platform/Developer/SDKs/WatchOS27.0.sdk/Developer/Library/Frameworks -emit-localized-strings -emit-localized-strings-path /Users/admin/builder/spi-builder-workspace/.derivedData/Build/Intermediates.noindex/ViewInspector.build/Debug-watchos/ViewInspector-t.build/Objects-normal/arm64 -c -j10 -enable-batch-mode -incremental -Xcc -ivfsstatcache -Xcc /Users/admin/builder/spi-builder-workspace/.derivedData/SDKStatCaches.noindex/watchos27.0-24R360-e829b21a6f8c9b70876ba0858053c04477534ef55a1706bf4c1112bbb242f0a2.sdkstatcache -output-file-map /Users/admin/builder/spi-builder-workspace/.derivedData/Build/Intermediates.noindex/ViewInspector.build/Debug-watchos/ViewInspector-t.build/Objects-normal/arm64/ViewInspector-OutputFileMap.json -save-temps -no-color-diagnostics -explicit-module-build -module-cache-path /Users/admin/builder/spi-builder-workspace/.derivedData/Build/Intermediates.noindex/SwiftExplicitPrecompiledModules -clang-scanner-module-cache-path /Users/admin/builder/spi-builder-workspace/.derivedData/ModuleCache.noindex -sdk-module-cache-path /Users/admin/builder/spi-builder-workspace/.derivedData/SDKExplicitPrecompiledModules -emit-dependencies -emit-module -emit-module-path /Users/admin/builder/spi-builder-workspace/.derivedData/Build/Intermediates.noindex/ViewInspector.build/Debug-watchos/ViewInspector-t.build/Objects-normal/arm64/ViewInspector.swiftmodule -serialize-diagnostics -dependency-scan-serialize-diagnostics-path /Users/admin/builder/spi-builder-workspace/.derivedData/Build/Intermediates.noindex/ViewInspector.build/Debug-watchos/ViewInspector-t.build/Objects-normal/arm64/ViewInspector-dependency-scan.dia -validate-clang-modules-once -clang-build-session-file /Users/admin/builder/spi-builder-workspace/.derivedData/ModuleCache.noindex/Session.modulevalidation -Xcc -fmodules-prune-interval\=86400 -Xcc -fmodules-prune-after\=345600 -package-name viewinspector -emit-const-values -const-gather-protocols-list /Users/admin/builder/spi-builder-workspace/.derivedData/Build/Intermediates.noindex/ViewInspector.build/Debug-watchos/ViewInspector-t.build/Objects-normal/arm64/ViewInspector_const_extract_protocols.json -Xcc -I/Users/admin/builder/spi-builder-workspace/.derivedData/Build/Products/Debug-watchos/include -Xcc -I/Users/admin/builder/spi-builder-workspace/.derivedData/Build/Intermediates.noindex/ViewInspector.build/Debug-watchos/ViewInspector-t.build/DerivedSources-normal/arm64 -Xcc -I/Users/admin/builder/spi-builder-workspace/.derivedData/Build/Intermediates.noindex/ViewInspector.build/Debug-watchos/ViewInspector-t.build/DerivedSources/arm64 -Xcc -I/Users/admin/builder/spi-builder-workspace/.derivedData/Build/Intermediates.noindex/ViewInspector.build/Debug-watchos/ViewInspector-t.build/DerivedSources -Xcc -DSWIFT_PACKAGE -Xcc -DDEBUG\=1 -emit-objc-header -emit-objc-header-path /Users/admin/builder/spi-builder-workspace/.derivedData/Build/Intermediates.noindex/ViewInspector.build/Debug-watchos/ViewInspector-t.build/Objects-normal/arm64/ViewInspector-Swift.h -working-directory /Users/admin/builder/spi-builder-workspace/.swiftpm/xcode -experimental-emit-module-separately -disable-cmo
Ld /Users/admin/builder/spi-builder-workspace/.derivedData/Build/Intermediates.noindex/ViewInspector.build/Debug-watchos/ViewInspector-t.build/Objects-normal/arm64/Binary/ViewInspector.o normal arm64 (in target 'ViewInspector' from project 'ViewInspector')
    cd /Users/admin/builder/spi-builder-workspace/.dependencies/checkouts/ViewInspector
    /Applications/Xcode-27.0.0-Release.Candidate.app/Contents/Developer/Toolchains/XcodeDefault.xctoolchain/usr/bin/clang -Xlinker -reproducible -target arm64-apple-watchos9.0 -r -isysroot /Applications/Xcode-27.0.0-Release.Candidate.app/Contents/Developer/Platforms/WatchOS.platform/Developer/SDKs/WatchOS27.0.sdk -O0 -w -Xlinker -no_warn_duplicate_libraries -F/Users/admin/builder/spi-builder-workspace/.derivedData/Build/Intermediates.noindex/EagerLinkingTBDs/Debug-watchos -F/Users/admin/builder/spi-builder-workspace/.derivedData/Build/Products/Debug-watchos -iframework /Applications/Xcode-27.0.0-Release.Candidate.app/Contents/Developer/Platforms/WatchOS.platform/Developer/Library/Frameworks -iframework /Applications/Xcode-27.0.0-Release.Candidate.app/Contents/Developer/Platforms/WatchOS.platform/Developer/SDKs/WatchOS27.0.sdk/Developer/Library/Frameworks -filelist /Users/admin/builder/spi-builder-workspace/.derivedData/Build/Intermediates.noindex/ViewInspector.build/Debug-watchos/ViewInspector-t.build/Objects-normal/arm64/ViewInspector.LinkFileList -nostdlib -Xlinker -object_path_lto -Xlinker /Users/admin/builder/spi-builder-workspace/.derivedData/Build/Intermediates.noindex/ViewInspector.build/Debug-watchos/ViewInspector-t.build/Objects-normal/arm64/ViewInspector_lto.o -Xlinker -no_deduplicate -Xlinker -debug_variant -Xlinker -dependency_info -Xlinker /Users/admin/builder/spi-builder-workspace/.derivedData/Build/Intermediates.noindex/ViewInspector.build/Debug-watchos/ViewInspector-t.build/Objects-normal/arm64/ViewInspector_dependency_info.dat -fobjc-link-runtime -L/Applications/Xcode-27.0.0-Release.Candidate.app/Contents/Developer/Toolchains/XcodeDefault.xctoolchain/usr/lib/swift/watchos -L/usr/lib/swift -Xlinker -add_ast_path -Xlinker /Users/admin/builder/spi-builder-workspace/.derivedData/Build/Intermediates.noindex/ViewInspector.build/Debug-watchos/ViewInspector-t.build/Objects-normal/arm64/ViewInspector.swiftmodule -o /Users/admin/builder/spi-builder-workspace/.derivedData/Build/Intermediates.noindex/ViewInspector.build/Debug-watchos/ViewInspector-t.build/Objects-normal/arm64/Binary/ViewInspector.o
SwiftDriverJobDiscovery normal arm64_32 Compiling BaseTypes.swift, ContentExtraction.swift, EnvironmentInjection.swift, InspectableView+RandomAccessCollection.swift, InspectableView.swift, InspectionEmissary.swift, Inspector.swift, LazyGroup.swift, AccessibilityModifiers.swift, AnimationModifiers.swift, ConfigurationModifiers.swift, CustomStyleModifiers.swift, EnvironmentModifiers.swift (in target 'ViewInspector' from project 'ViewInspector')
SwiftExplicitDependencyCompileModuleFromInterface arm64_32 /Users/admin/builder/spi-builder-workspace/.derivedData/Build/Intermediates.noindex/SwiftExplicitPrecompiledModules/XCTest-3CRT07T5RQDUO.swiftmodule
SwiftExplicitDependencyCompileModuleFromInterface arm64 /Users/admin/builder/spi-builder-workspace/.derivedData/Build/Intermediates.noindex/SwiftExplicitPrecompiledModules/XCTest-296Q314KH7RKU.swiftmodule
SwiftEmitModule normal arm64_32 Emitting\ module\ for\ JoinedTextTests (in target 'JoinedTextTests-product' from project 'JoinedText')
/Users/admin/builder/spi-builder-workspace/Tests/JoinedTextTests/TextStylingTests.swift:44:68: error: 'TextAttributes' is not a member type of generic struct 'ViewInspector.InspectableView<View>'
42 | extension InspectableView where View == ViewType.Text {
43 |
44 |     func attributes(forSubstring substring: String) throws -> Self.TextAttributes {
   |                                                                    `- error: 'TextAttributes' is not a member type of generic struct 'ViewInspector.InspectableView<View>'
45 |         let existingString = try XCTUnwrap(try string())
46 |         let range = try XCTUnwrap(existingString.range(of: substring))
ViewInspector.InspectableView:2:15: note: 'InspectableView' declared here
1 | @available(iOS 13.0, macOS 10.15, tvOS 13.0, *)
2 | public struct InspectableView<View> where View : ViewInspector.BaseViewType {
  |               `- note: 'InspectableView' declared here
3 | }
Failed frontend command:
/Applications/Xcode-27.0.0-Release.Candidate.app/Contents/Developer/Toolchains/XcodeDefault.xctoolchain/usr/bin/swift-frontend -frontend -emit-module -experimental-skip-non-inlinable-function-bodies-without-types /Users/admin/builder/spi-builder-workspace/Tests/JoinedTextTests/CodeFlowTests.swift /Users/admin/builder/spi-builder-workspace/Tests/JoinedTextTests/TextJoiningTests.swift /Users/admin/builder/spi-builder-workspace/Tests/JoinedTextTests/TextStylingTests.swift /Users/admin/builder/spi-builder-workspace/Tests/JoinedTextTests/XCTestCase+Utils.swift /Users/admin/builder/spi-builder-workspace/Tests/JoinedTextTests/XCTestManifests.swift -target arm64_32-apple-watchos10.0 -module-can-import-version ObjectiveC 973.1 0 -disable-cross-import-overlay-search -load-resolved-plugin /Applications/Xcode-27.0.0-Release.Candidate.app/Contents/Developer/Platforms/WatchOS.platform/Developer/usr/lib/swift/host/plugins/libFoundationMacros.dylib\#/Applications/Xcode-27.0.0-Release.Candidate.app/Contents/Developer/Platforms/WatchOS.platform/Developer/usr/bin/swift-plugin-server\#FoundationMacros -load-resolved-plugin /Applications/Xcode-27.0.0-Release.Candidate.app/Contents/Developer/Platforms/WatchOS.platform/Developer/usr/lib/swift/host/plugins/libObservationMacros.dylib\#/Applications/Xcode-27.0.0-Release.Candidate.app/Contents/Developer/Platforms/WatchOS.platform/Developer/usr/bin/swift-plugin-server\#ObservationMacros -load-resolved-plugin /Applications/Xcode-27.0.0-Release.Candidate.app/Contents/Developer/Platforms/WatchOS.platform/Developer/usr/lib/swift/host/plugins/libPreviewsMacros.dylib\#/Applications/Xcode-27.0.0-Release.Candidate.app/Contents/Developer/Platforms/WatchOS.platform/Developer/usr/bin/swift-plugin-server\#PreviewsMacros -load-resolved-plugin /Applications/Xcode-27.0.0-Release.Candidate.app/Contents/Developer/Platforms/WatchOS.platform/Developer/usr/lib/swift/host/plugins/libSwiftMacros.dylib\#/Applications/Xcode-27.0.0-Release.Candidate.app/Contents/Developer/Platforms/WatchOS.platform/Developer/usr/bin/swift-plugin-server\#SwiftMacros -load-resolved-plugin /Applications/Xcode-27.0.0-Release.Candidate.app/Contents/Developer/Platforms/WatchOS.platform/Developer/usr/lib/swift/host/plugins/libSwiftUIMacros.dylib\#/Applications/Xcode-27.0.0-Release.Candidate.app/Contents/Developer/Platforms/WatchOS.platform/Developer/usr/bin/swift-plugin-server\#SwiftUIMacros -disable-implicit-swift-modules -Xcc -fno-implicit-modules -Xcc -fno-implicit-module-maps -explicit-swift-module-map-file /Users/admin/builder/spi-builder-workspace/.derivedData/Build/Intermediates.noindex/JoinedText.build/Debug-watchos/JoinedTextTests-p.build/Objects-normal/arm64_32/JoinedTextTests-dependencies-1.json -enable-objc-interop -sdk /Applications/Xcode-27.0.0-Release.Candidate.app/Contents/Developer/Platforms/WatchOS.platform/Developer/SDKs/WatchOS27.0.sdk -I /Users/admin/builder/spi-builder-workspace/.derivedData/Build/Products/Debug-watchos -Isystem /Applications/Xcode-27.0.0-Release.Candidate.app/Contents/Developer/Platforms/WatchOS.platform/Developer/usr/lib -F /Users/admin/builder/spi-builder-workspace/.derivedData/Build/Products/Debug-watchos/PackageFrameworks -F /Users/admin/builder/spi-builder-workspace/.derivedData/Build/Products/Debug-watchos -F /Applications/Xcode-27.0.0-Release.Candidate.app/Contents/Developer/Platforms/WatchOS.platform/Developer/Library/Frameworks -F /Applications/Xcode-27.0.0-Release.Candidate.app/Contents/Developer/Platforms/WatchOS.platform/Developer/SDKs/WatchOS27.0.sdk/Developer/Library/Frameworks -module-cache-path /Users/admin/builder/spi-builder-workspace/.derivedData/Build/Intermediates.noindex/SwiftExplicitPrecompiledModules -no-color-diagnostics -Xcc -fno-color-diagnostics -enable-testing -g -debug-info-format\=dwarf -dwarf-version\=4 -profile-generate -profile-coverage-mapping -swift-version 5 -Onone -D SWIFT_PACKAGE -D DEBUG -D Xcode -serialize-debugging-options -enable-experimental-feature DebugDescriptionMacro -empty-abi-descriptor -validate-clang-modules-once -clang-build-session-file /Users/admin/builder/spi-builder-workspace/.derivedData/ModuleCache.noindex/Session.modulevalidation -Xcc -working-directory -Xcc /Users/admin/builder/spi-builder-workspace/.swiftpm/xcode -enable-anonymous-context-mangled-names -file-compilation-dir /Users/admin/builder/spi-builder-workspace/.swiftpm/xcode -Xcc -D_LIBCPP_HARDENING_MODE\=_LIBCPP_HARDENING_MODE_DEBUG -Xcc -ivfsstatcache -Xcc /Users/admin/builder/spi-builder-workspace/.derivedData/SDKStatCaches.noindex/watchos27.0-24R360-e829b21a6f8c9b70876ba0858053c04477534ef55a1706bf4c1112bbb242f0a2.sdkstatcache -Xcc -fmodules-prune-interval\=86400 -Xcc -fmodules-prune-after\=345600 -Xcc -I/Users/admin/builder/spi-builder-workspace/.derivedData/Build/Products/Debug-watchos/include -Xcc -I/Users/admin/builder/spi-builder-workspace/.derivedData/Build/Intermediates.noindex/JoinedText.build/Debug-watchos/JoinedTextTests-p.build/DerivedSources-normal/arm64_32 -Xcc -I/Users/admin/builder/spi-builder-workspace/.derivedData/Build/Intermediates.noindex/JoinedText.build/Debug-watchos/JoinedTextTests-p.build/DerivedSources/arm64_32 -Xcc -I/Users/admin/builder/spi-builder-workspace/.derivedData/Build/Intermediates.noindex/JoinedText.build/Debug-watchos/JoinedTextTests-p.build/DerivedSources -Xcc -DSWIFT_PACKAGE -Xcc -DDEBUG\=1 -no-auto-bridging-header-chaining -module-name JoinedTextTests -const-gather-protocols-file /Users/admin/builder/spi-builder-workspace/.derivedData/Build/Intermediates.noindex/JoinedText.build/Debug-watchos/JoinedTextTests-p.build/Objects-normal/arm64_32/JoinedTextTests_const_extract_protocols.json -disable-clang-spi -clang-target arm64_32-apple-watchos27.0 -target-sdk-version 27.0 -target-sdk-name watchos27.0 -in-process-plugin-server-path /Applications/Xcode-27.0.0-Release.Candidate.app/Contents/Developer/Toolchains/XcodeDefault.xctoolchain/usr/lib/swift/host/libSwiftInProcPluginServer.dylib -emit-module-doc-path /Users/admin/builder/spi-builder-workspace/.derivedData/Build/Intermediates.noindex/JoinedText.build/Debug-watchos/JoinedTextTests-p.build/Objects-normal/arm64_32/JoinedTextTests.swiftdoc -emit-module-source-info-path /Users/admin/builder/spi-builder-workspace/.derivedData/Build/Intermediates.noindex/JoinedText.build/Debug-watchos/JoinedTextTests-p.build/Objects-normal/arm64_32/JoinedTextTests.swiftsourceinfo -serialize-diagnostics-path /Users/admin/builder/spi-builder-workspace/.derivedData/Build/Intermediates.noindex/JoinedText.build/Debug-watchos/JoinedTextTests-p.build/Objects-normal/arm64_32/JoinedTextTests-primary-emit-module.dia -emit-dependencies-path /Users/admin/builder/spi-builder-workspace/.derivedData/Build/Intermediates.noindex/JoinedText.build/Debug-watchos/JoinedTextTests-p.build/Objects-normal/arm64_32/JoinedTextTests-primary-emit-module.d -parse-as-library -o /Users/admin/builder/spi-builder-workspace/.derivedData/Build/Intermediates.noindex/JoinedText.build/Debug-watchos/JoinedTextTests-p.build/Objects-normal/arm64_32/JoinedTextTests.swiftmodule -emit-abi-descriptor-path /Users/admin/builder/spi-builder-workspace/.derivedData/Build/Intermediates.noindex/JoinedText.build/Debug-watchos/JoinedTextTests-p.build/Objects-normal/arm64_32/JoinedTextTests.abi.json
SwiftCompile normal arm64_32 (in target 'JoinedTextTests-product' from project 'JoinedText')
    cd /Users/admin/builder/spi-builder-workspace/.swiftpm/xcode

SwiftCompile normal arm64_32 Compiling\ XCTestManifests.swift /Users/admin/builder/spi-builder-workspace/Tests/JoinedTextTests/XCTestManifests.swift (in target 'JoinedTextTests-product' from project 'JoinedText')
SwiftCompile normal arm64_32 /Users/admin/builder/spi-builder-workspace/Tests/JoinedTextTests/XCTestManifests.swift (in target 'JoinedTextTests-product' from project 'JoinedText')
    cd /Users/admin/builder/spi-builder-workspace/.swiftpm/xcode
    builtin-SwiftPerFileCompile XCTestManifests.swift
SwiftCompile normal arm64_32 Compiling\ CodeFlowTests.swift /Users/admin/builder/spi-builder-workspace/Tests/JoinedTextTests/CodeFlowTests.swift (in target 'JoinedTextTests-product' from project 'JoinedText')
SwiftCompile normal arm64_32 /Users/admin/builder/spi-builder-workspace/Tests/JoinedTextTests/CodeFlowTests.swift (in target 'JoinedTextTests-product' from project 'JoinedText')
    cd /Users/admin/builder/spi-builder-workspace/.swiftpm/xcode
    builtin-SwiftPerFileCompile CodeFlowTests.swift
SwiftCompile normal arm64_32 Compiling\ TextStylingTests.swift /Users/admin/builder/spi-builder-workspace/Tests/JoinedTextTests/TextStylingTests.swift (in target 'JoinedTextTests-product' from project 'JoinedText')
/Users/admin/builder/spi-builder-workspace/Tests/JoinedTextTests/TextStylingTests.swift:44:68: error: 'TextAttributes' is not a member type of generic struct 'ViewInspector.InspectableView<View>'
42 | extension InspectableView where View == ViewType.Text {
43 |
44 |     func attributes(forSubstring substring: String) throws -> Self.TextAttributes {
   |                                                                    `- error: 'TextAttributes' is not a member type of generic struct 'ViewInspector.InspectableView<View>'
45 |         let existingString = try XCTUnwrap(try string())
46 |         let range = try XCTUnwrap(existingString.range(of: substring))
ViewInspector.InspectableView:2:15: note: 'InspectableView' declared here
1 | @available(iOS 13.0, macOS 10.15, tvOS 13.0, *)
2 | public struct InspectableView<View> where View : ViewInspector.BaseViewType {
  |               `- note: 'InspectableView' declared here
3 | }
/Users/admin/builder/spi-builder-workspace/Tests/JoinedTextTests/TextStylingTests.swift:32:63: error: argument passed to call that takes no arguments
30 |         }.inspect().text()
31 |
32 |         let boldSubstring = try text.attributes(forSubstring: "bold")
   |                                                               `- error: argument passed to call that takes no arguments
33 |         XCTAssertTrue(try boldSubstring.isBold())
34 |         XCTAssertThrowsError(try boldSubstring.isItalic())
SwiftCompile normal arm64_32 /Users/admin/builder/spi-builder-workspace/Tests/JoinedTextTests/TextStylingTests.swift (in target 'JoinedTextTests-product' from project 'JoinedText')
    cd /Users/admin/builder/spi-builder-workspace/.swiftpm/xcode
    builtin-SwiftPerFileCompile TextStylingTests.swift
SwiftCompile normal arm64_32 Compiling\ XCTestCase+Utils.swift /Users/admin/builder/spi-builder-workspace/Tests/JoinedTextTests/XCTestCase+Utils.swift (in target 'JoinedTextTests-product' from project 'JoinedText')
SwiftCompile normal arm64_32 /Users/admin/builder/spi-builder-workspace/Tests/JoinedTextTests/XCTestCase+Utils.swift (in target 'JoinedTextTests-product' from project 'JoinedText')
    cd /Users/admin/builder/spi-builder-workspace/.swiftpm/xcode
    builtin-SwiftPerFileCompile XCTestCase+Utils.swift
SwiftCompile normal arm64_32 Compiling\ TextJoiningTests.swift /Users/admin/builder/spi-builder-workspace/Tests/JoinedTextTests/TextJoiningTests.swift (in target 'JoinedTextTests-product' from project 'JoinedText')
SwiftCompile normal arm64_32 /Users/admin/builder/spi-builder-workspace/Tests/JoinedTextTests/TextJoiningTests.swift (in target 'JoinedTextTests-product' from project 'JoinedText')
    cd /Users/admin/builder/spi-builder-workspace/.swiftpm/xcode
    builtin-SwiftPerFileCompile TextJoiningTests.swift
SwiftEmitModule normal arm64 Emitting\ module\ for\ JoinedTextTests (in target 'JoinedTextTests-product' from project 'JoinedText')
/Users/admin/builder/spi-builder-workspace/Tests/JoinedTextTests/TextStylingTests.swift:44:68: error: 'TextAttributes' is not a member type of generic struct 'ViewInspector.InspectableView<View>'
42 | extension InspectableView where View == ViewType.Text {
43 |
44 |     func attributes(forSubstring substring: String) throws -> Self.TextAttributes {
   |                                                                    `- error: 'TextAttributes' is not a member type of generic struct 'ViewInspector.InspectableView<View>'
45 |         let existingString = try XCTUnwrap(try string())
46 |         let range = try XCTUnwrap(existingString.range(of: substring))
ViewInspector.InspectableView:2:15: note: 'InspectableView' declared here
1 | @available(iOS 13.0, macOS 10.15, tvOS 13.0, *)
2 | public struct InspectableView<View> where View : ViewInspector.BaseViewType {
  |               `- note: 'InspectableView' declared here
3 | }
Failed frontend command:
/Applications/Xcode-27.0.0-Release.Candidate.app/Contents/Developer/Toolchains/XcodeDefault.xctoolchain/usr/bin/swift-frontend -frontend -emit-module -experimental-skip-non-inlinable-function-bodies-without-types /Users/admin/builder/spi-builder-workspace/Tests/JoinedTextTests/CodeFlowTests.swift /Users/admin/builder/spi-builder-workspace/Tests/JoinedTextTests/TextJoiningTests.swift /Users/admin/builder/spi-builder-workspace/Tests/JoinedTextTests/TextStylingTests.swift /Users/admin/builder/spi-builder-workspace/Tests/JoinedTextTests/XCTestCase+Utils.swift /Users/admin/builder/spi-builder-workspace/Tests/JoinedTextTests/XCTestManifests.swift -target arm64-apple-watchos10.0 -module-can-import-version ObjectiveC 973.1 0 -disable-cross-import-overlay-search -load-resolved-plugin /Applications/Xcode-27.0.0-Release.Candidate.app/Contents/Developer/Platforms/WatchOS.platform/Developer/usr/lib/swift/host/plugins/libFoundationMacros.dylib\#/Applications/Xcode-27.0.0-Release.Candidate.app/Contents/Developer/Platforms/WatchOS.platform/Developer/usr/bin/swift-plugin-server\#FoundationMacros -load-resolved-plugin /Applications/Xcode-27.0.0-Release.Candidate.app/Contents/Developer/Platforms/WatchOS.platform/Developer/usr/lib/swift/host/plugins/libObservationMacros.dylib\#/Applications/Xcode-27.0.0-Release.Candidate.app/Contents/Developer/Platforms/WatchOS.platform/Developer/usr/bin/swift-plugin-server\#ObservationMacros -load-resolved-plugin /Applications/Xcode-27.0.0-Release.Candidate.app/Contents/Developer/Platforms/WatchOS.platform/Developer/usr/lib/swift/host/plugins/libPreviewsMacros.dylib\#/Applications/Xcode-27.0.0-Release.Candidate.app/Contents/Developer/Platforms/WatchOS.platform/Developer/usr/bin/swift-plugin-server\#PreviewsMacros -load-resolved-plugin /Applications/Xcode-27.0.0-Release.Candidate.app/Contents/Developer/Platforms/WatchOS.platform/Developer/usr/lib/swift/host/plugins/libSwiftMacros.dylib\#/Applications/Xcode-27.0.0-Release.Candidate.app/Contents/Developer/Platforms/WatchOS.platform/Developer/usr/bin/swift-plugin-server\#SwiftMacros -load-resolved-plugin /Applications/Xcode-27.0.0-Release.Candidate.app/Contents/Developer/Platforms/WatchOS.platform/Developer/usr/lib/swift/host/plugins/libSwiftUIMacros.dylib\#/Applications/Xcode-27.0.0-Release.Candidate.app/Contents/Developer/Platforms/WatchOS.platform/Developer/usr/bin/swift-plugin-server\#SwiftUIMacros -disable-implicit-swift-modules -Xcc -fno-implicit-modules -Xcc -fno-implicit-module-maps -explicit-swift-module-map-file /Users/admin/builder/spi-builder-workspace/.derivedData/Build/Intermediates.noindex/JoinedText.build/Debug-watchos/JoinedTextTests-p.build/Objects-normal/arm64/JoinedTextTests-dependencies-2.json -Xllvm -aarch64-use-tbi -enable-objc-interop -stack-check -sdk /Applications/Xcode-27.0.0-Release.Candidate.app/Contents/Developer/Platforms/WatchOS.platform/Developer/SDKs/WatchOS27.0.sdk -I /Users/admin/builder/spi-builder-workspace/.derivedData/Build/Products/Debug-watchos -Isystem /Applications/Xcode-27.0.0-Release.Candidate.app/Contents/Developer/Platforms/WatchOS.platform/Developer/usr/lib -F /Users/admin/builder/spi-builder-workspace/.derivedData/Build/Products/Debug-watchos/PackageFrameworks -F /Users/admin/builder/spi-builder-workspace/.derivedData/Build/Products/Debug-watchos -F /Applications/Xcode-27.0.0-Release.Candidate.app/Contents/Developer/Platforms/WatchOS.platform/Developer/Library/Frameworks -F /Applications/Xcode-27.0.0-Release.Candidate.app/Contents/Developer/Platforms/WatchOS.platform/Developer/SDKs/WatchOS27.0.sdk/Developer/Library/Frameworks -module-cache-path /Users/admin/builder/spi-builder-workspace/.derivedData/Build/Intermediates.noindex/SwiftExplicitPrecompiledModules -no-color-diagnostics -Xcc -fno-color-diagnostics -enable-testing -g -debug-info-format\=dwarf -dwarf-version\=4 -profile-generate -profile-coverage-mapping -swift-version 5 -Onone -D SWIFT_PACKAGE -D DEBUG -D Xcode -serialize-debugging-options -enable-experimental-feature DebugDescriptionMacro -empty-abi-descriptor -validate-clang-modules-once -clang-build-session-file /Users/admin/builder/spi-builder-workspace/.derivedData/ModuleCache.noindex/Session.modulevalidation -Xcc -working-directory -Xcc /Users/admin/builder/spi-builder-workspace/.swiftpm/xcode -enable-anonymous-context-mangled-names -file-compilation-dir /Users/admin/builder/spi-builder-workspace/.swiftpm/xcode -Xcc -D_LIBCPP_HARDENING_MODE\=_LIBCPP_HARDENING_MODE_DEBUG -Xcc -ivfsstatcache -Xcc /Users/admin/builder/spi-builder-workspace/.derivedData/SDKStatCaches.noindex/watchos27.0-24R360-e829b21a6f8c9b70876ba0858053c04477534ef55a1706bf4c1112bbb242f0a2.sdkstatcache -Xcc -fmodules-prune-interval\=86400 -Xcc -fmodules-prune-after\=345600 -Xcc -I/Users/admin/builder/spi-builder-workspace/.derivedData/Build/Products/Debug-watchos/include -Xcc -I/Users/admin/builder/spi-builder-workspace/.derivedData/Build/Intermediates.noindex/JoinedText.build/Debug-watchos/JoinedTextTests-p.build/DerivedSources-normal/arm64 -Xcc -I/Users/admin/builder/spi-builder-workspace/.derivedData/Build/Intermediates.noindex/JoinedText.build/Debug-watchos/JoinedTextTests-p.build/DerivedSources/arm64 -Xcc -I/Users/admin/builder/spi-builder-workspace/.derivedData/Build/Intermediates.noindex/JoinedText.build/Debug-watchos/JoinedTextTests-p.build/DerivedSources -Xcc -DSWIFT_PACKAGE -Xcc -DDEBUG\=1 -no-auto-bridging-header-chaining -module-name JoinedTextTests -const-gather-protocols-file /Users/admin/builder/spi-builder-workspace/.derivedData/Build/Intermediates.noindex/JoinedText.build/Debug-watchos/JoinedTextTests-p.build/Objects-normal/arm64/JoinedTextTests_const_extract_protocols.json -disable-clang-spi -clang-target arm64-apple-watchos27.0 -target-sdk-version 27.0 -target-sdk-name watchos27.0 -in-process-plugin-server-path /Applications/Xcode-27.0.0-Release.Candidate.app/Contents/Developer/Toolchains/XcodeDefault.xctoolchain/usr/lib/swift/host/libSwiftInProcPluginServer.dylib -emit-module-doc-path /Users/admin/builder/spi-builder-workspace/.derivedData/Build/Intermediates.noindex/JoinedText.build/Debug-watchos/JoinedTextTests-p.build/Objects-normal/arm64/JoinedTextTests.swiftdoc -emit-module-source-info-path /Users/admin/builder/spi-builder-workspace/.derivedData/Build/Intermediates.noindex/JoinedText.build/Debug-watchos/JoinedTextTests-p.build/Objects-normal/arm64/JoinedTextTests.swiftsourceinfo -serialize-diagnostics-path /Users/admin/builder/spi-builder-workspace/.derivedData/Build/Intermediates.noindex/JoinedText.build/Debug-watchos/JoinedTextTests-p.build/Objects-normal/arm64/JoinedTextTests-primary-emit-module.dia -emit-dependencies-path /Users/admin/builder/spi-builder-workspace/.derivedData/Build/Intermediates.noindex/JoinedText.build/Debug-watchos/JoinedTextTests-p.build/Objects-normal/arm64/JoinedTextTests-primary-emit-module.d -parse-as-library -o /Users/admin/builder/spi-builder-workspace/.derivedData/Build/Intermediates.noindex/JoinedText.build/Debug-watchos/JoinedTextTests-p.build/Objects-normal/arm64/JoinedTextTests.swiftmodule -emit-abi-descriptor-path /Users/admin/builder/spi-builder-workspace/.derivedData/Build/Intermediates.noindex/JoinedText.build/Debug-watchos/JoinedTextTests-p.build/Objects-normal/arm64/JoinedTextTests.abi.json
SwiftCompile normal arm64 (in target 'JoinedTextTests-product' from project 'JoinedText')
    cd /Users/admin/builder/spi-builder-workspace/.swiftpm/xcode

SwiftCompile normal arm64 Compiling\ TextJoiningTests.swift /Users/admin/builder/spi-builder-workspace/Tests/JoinedTextTests/TextJoiningTests.swift (in target 'JoinedTextTests-product' from project 'JoinedText')
SwiftCompile normal arm64 /Users/admin/builder/spi-builder-workspace/Tests/JoinedTextTests/TextJoiningTests.swift (in target 'JoinedTextTests-product' from project 'JoinedText')
    cd /Users/admin/builder/spi-builder-workspace/.swiftpm/xcode
    builtin-SwiftPerFileCompile TextJoiningTests.swift
SwiftCompile normal arm64 Compiling\ CodeFlowTests.swift /Users/admin/builder/spi-builder-workspace/Tests/JoinedTextTests/CodeFlowTests.swift (in target 'JoinedTextTests-product' from project 'JoinedText')
SwiftCompile normal arm64 /Users/admin/builder/spi-builder-workspace/Tests/JoinedTextTests/CodeFlowTests.swift (in target 'JoinedTextTests-product' from project 'JoinedText')
    cd /Users/admin/builder/spi-builder-workspace/.swiftpm/xcode
    builtin-SwiftPerFileCompile CodeFlowTests.swift
SwiftCompile normal arm64 Compiling\ TextStylingTests.swift /Users/admin/builder/spi-builder-workspace/Tests/JoinedTextTests/TextStylingTests.swift (in target 'JoinedTextTests-product' from project 'JoinedText')
SwiftCompile normal arm64 /Users/admin/builder/spi-builder-workspace/Tests/JoinedTextTests/TextStylingTests.swift (in target 'JoinedTextTests-product' from project 'JoinedText')
    cd /Users/admin/builder/spi-builder-workspace/.swiftpm/xcode
    builtin-SwiftPerFileCompile TextStylingTests.swift
SwiftDriverJobDiscovery normal arm64_32 Compiling XCTestManifests.swift (in target 'JoinedTextTests-product' from project 'JoinedText')
SwiftCompile normal arm64 Compiling\ XCTestManifests.swift /Users/admin/builder/spi-builder-workspace/Tests/JoinedTextTests/XCTestManifests.swift (in target 'JoinedTextTests-product' from project 'JoinedText')
SwiftCompile normal arm64 /Users/admin/builder/spi-builder-workspace/Tests/JoinedTextTests/XCTestManifests.swift (in target 'JoinedTextTests-product' from project 'JoinedText')
    cd /Users/admin/builder/spi-builder-workspace/.swiftpm/xcode
    builtin-SwiftPerFileCompile XCTestManifests.swift
PruneExplicitPrecompiledModules /Users/admin/builder/spi-builder-workspace/.derivedData/Build/Intermediates.noindex/ExplicitPrecompiledModules
PruneExplicitPrecompiledModules /Users/admin/builder/spi-builder-workspace/.derivedData/Build/Intermediates.noindex/SwiftExplicitPrecompiledModules
PruneExplicitPrecompiledModules /Users/admin/builder/spi-builder-workspace/.derivedData/SDKExplicitPrecompiledModules
2026-09-17 16:32:27.083 xcodebuild[686:4342] [MT] IDERunDestination: Supported platforms for the buildables in the current scheme is empty.
2026-09-17 16:32:27.186 xcodebuild[686:4342] [MT] IDERunDestination: Supported platforms for the buildables in the current scheme is empty.
** BUILD FAILED **
The following build commands failed:
	SwiftEmitModule normal arm64_32 Emitting\ module\ for\ JoinedTextTests (in target 'JoinedTextTests-product' from project 'JoinedText')
	SwiftCompile normal arm64_32 (in target 'JoinedTextTests-product' from project 'JoinedText')
	SwiftEmitModule normal arm64 Emitting\ module\ for\ JoinedTextTests (in target 'JoinedTextTests-product' from project 'JoinedText')
	SwiftCompile normal arm64 (in target 'JoinedTextTests-product' from project 'JoinedText')
	Building workspace JoinedText with scheme JoinedText
(5 failures)
Command line invocation:
    /Applications/Xcode-27.0.0-Release.Candidate.app/Contents/Developer/usr/bin/xcodebuild -IDEClonedSourcePackagesDirPathOverride=/Users/admin/builder/spi-builder-workspace/.dependencies -resolvePackageDependencies
Resolve Package Graph
Resolved source packages:
  ViewInspector: https://github.com/nalexn/ViewInspector @ 0.10.3
  JoinedText: /Users/admin/builder/spi-builder-workspace
resolved source packages: ViewInspector, JoinedText
2026-09-17 16:32:41.671 xcodebuild[907:5689] [MT] IDERunDestination: Supported platforms for the buildables in the current scheme is empty.
2026-09-17 16:32:41.778 xcodebuild[907:5689] [MT] IDERunDestination: Supported platforms for the buildables in the current scheme is empty.
{
  "dependencies" : [
    {
      "identity" : "viewinspector",
      "requirement" : {
        "range" : [
          {
            "lower_bound" : "0.4.5",
            "upper_bound" : "1.0.0"
          }
        ]
      },
      "type" : "sourceControl",
      "url" : "https://github.com/nalexn/ViewInspector"
    }
  ],
  "manifest_display_name" : "JoinedText",
  "name" : "JoinedText",
  "path" : "/Users/admin/builder/spi-builder-workspace",
  "platforms" : [
    {
      "name" : "ios",
      "version" : "13.0"
    },
    {
      "name" : "macos",
      "version" : "10.15"
    }
  ],
  "products" : [
    {
      "name" : "JoinedText",
      "targets" : [
        "JoinedText"
      ],
      "type" : {
        "library" : [
          "automatic"
        ]
      }
    }
  ],
  "targets" : [
    {
      "c99name" : "JoinedTextTests",
      "module_type" : "SwiftTarget",
      "name" : "JoinedTextTests",
      "path" : "Tests/JoinedTextTests",
      "product_dependencies" : [
        "ViewInspector"
      ],
      "sources" : [
        "CodeFlowTests.swift",
        "TextJoiningTests.swift",
        "TextStylingTests.swift",
        "XCTestCase+Utils.swift",
        "XCTestManifests.swift"
      ],
      "target_dependencies" : [
        "JoinedText"
      ],
      "type" : "test"
    },
    {
      "c99name" : "JoinedText",
      "module_type" : "SwiftTarget",
      "name" : "JoinedText",
      "path" : "Sources/JoinedText",
      "product_memberships" : [
        "JoinedText"
      ],
      "sources" : [
        "Sequence+JoinedText.swift",
        "Text+Builder.swift",
        "TextBuilder.swift"
      ],
      "type" : "library"
    }
  ],
  "tools_version" : "5.2"
}
{
  "workspace" : {
    "name" : "JoinedText",
    "schemes" : [
      "JoinedText"
    ]
  }
}
2026-09-17 16:32:42.936 xcodebuild[915:5760] [MT] IDERunDestination: Supported platforms for the buildables in the current scheme is empty.
2026-09-17 16:32:43.042 xcodebuild[915:5760] [MT] IDERunDestination: Supported platforms for the buildables in the current scheme is empty.
Running build ...
env DEVELOPER_DIR=/Applications/Xcode-27.0.0-Release.Candidate.app xcrun xcodebuild -IDEClonedSourcePackagesDirPathOverride=$PWD/.dependencies -skipMacroValidation -skipPackagePluginValidation -derivedDataPath $PWD/.derivedData build -scheme JoinedText -destination generic/platform=watchOS
Command line invocation:
    /Applications/Xcode-27.0.0-Release.Candidate.app/Contents/Developer/usr/bin/xcodebuild -IDEClonedSourcePackagesDirPathOverride=/Users/admin/builder/spi-builder-workspace/.dependencies -skipMacroValidation -skipPackagePluginValidation -derivedDataPath /Users/admin/builder/spi-builder-workspace/.derivedData build -scheme JoinedText -destination generic/platform=watchOS
Resolve Package Graph
Resolved source packages:
  ViewInspector: https://github.com/nalexn/ViewInspector @ 0.10.3
  JoinedText: /Users/admin/builder/spi-builder-workspace
ComputePackagePrebuildTargetDependencyGraph
Prepare packages
CreateBuildRequest
SendProjectDescription
CreateBuildOperation
ComputeTargetDependencyGraph
note: Building targets in dependency order
note: Target dependency graph (5 targets)
    Target 'JoinedTextTests-product' in project 'JoinedText'
        ➜ Explicit dependency on target 'JoinedText' in project 'JoinedText'
        ➜ Explicit dependency on target 'ViewInspector-product' in project 'ViewInspector'
    Target 'ViewInspector-product' in project 'ViewInspector'
        ➜ Explicit dependency on target 'ViewInspector' in project 'ViewInspector'
    Target 'ViewInspector' in project 'ViewInspector' (no dependencies)
    Target 'JoinedText-product' in project 'JoinedText'
        ➜ Explicit dependency on target 'JoinedText' in project 'JoinedText'
    Target 'JoinedText' in project 'JoinedText' (no dependencies)
GatherProvisioningInputs
CreateBuildDescription
ClangStatCache /Applications/Xcode-27.0.0-Release.Candidate.app/Contents/Developer/Toolchains/XcodeDefault.xctoolchain/usr/bin/clang-stat-cache /Applications/Xcode-27.0.0-Release.Candidate.app/Contents/Developer/Platforms/WatchOS.platform/Developer/SDKs/WatchOS27.0.sdk /Users/admin/builder/spi-builder-workspace/.derivedData/SDKStatCaches.noindex/watchos27.0-24R360-e829b21a6f8c9b70876ba0858053c04477534ef55a1706bf4c1112bbb242f0a2.sdkstatcache
    cd /Users/admin/builder/spi-builder-workspace/.swiftpm/xcode
    /Applications/Xcode-27.0.0-Release.Candidate.app/Contents/Developer/Toolchains/XcodeDefault.xctoolchain/usr/bin/clang-stat-cache /Applications/Xcode-27.0.0-Release.Candidate.app/Contents/Developer/Platforms/WatchOS.platform/Developer/SDKs/WatchOS27.0.sdk -o /Users/admin/builder/spi-builder-workspace/.derivedData/SDKStatCaches.noindex/watchos27.0-24R360-e829b21a6f8c9b70876ba0858053c04477534ef55a1706bf4c1112bbb242f0a2.sdkstatcache
SwiftDriver ViewInspector normal arm64_32 com.apple.xcode.tools.swift.compiler (in target 'ViewInspector' from project 'ViewInspector')
    cd /Users/admin/builder/spi-builder-workspace/.swiftpm/xcode
    builtin-SwiftDriver -- /Applications/Xcode-27.0.0-Release.Candidate.app/Contents/Developer/Toolchains/XcodeDefault.xctoolchain/usr/bin/swiftc -parse-as-library -module-name ViewInspector -Onone @/Users/admin/builder/spi-builder-workspace/.derivedData/Build/Intermediates.noindex/ViewInspector.build/Debug-watchos/ViewInspector-t.build/Objects-normal/arm64_32/ViewInspector.SwiftFileList -DSWIFT_PACKAGE -DDEBUG -DSWIFT_MODULE_RESOURCE_BUNDLE_UNAVAILABLE -DXcode -plugin-path /Applications/Xcode-27.0.0-Release.Candidate.app/Contents/Developer/Toolchains/XcodeDefault.xctoolchain/usr/lib/swift/host/plugins/testing -enable-experimental-feature DebugDescriptionMacro -sdk /Applications/Xcode-27.0.0-Release.Candidate.app/Contents/Developer/Platforms/WatchOS.platform/Developer/SDKs/WatchOS27.0.sdk -target arm64_32-apple-watchos9.0 -g -module-cache-path /Users/admin/builder/spi-builder-workspace/.derivedData/ModuleCache.noindex -Xfrontend -serialize-debugging-options -profile-coverage-mapping -profile-generate -enable-testing -suppress-warnings -index-store-path /Users/admin/builder/spi-builder-workspace/.derivedData/Index.noindex/DataStore -Xcc -D_LIBCPP_HARDENING_MODE\=_LIBCPP_HARDENING_MODE_DEBUG -swift-version 5 -I /Users/admin/builder/spi-builder-workspace/.derivedData/Build/Products/Debug-watchos -Isystem /Applications/Xcode-27.0.0-Release.Candidate.app/Contents/Developer/Platforms/WatchOS.platform/Developer/usr/lib -F /Users/admin/builder/spi-builder-workspace/.derivedData/Build/Products/Debug-watchos -F /Applications/Xcode-27.0.0-Release.Candidate.app/Contents/Developer/Platforms/WatchOS.platform/Developer/Library/Frameworks -F /Applications/Xcode-27.0.0-Release.Candidate.app/Contents/Developer/Platforms/WatchOS.platform/Developer/SDKs/WatchOS27.0.sdk/Developer/Library/Frameworks -emit-localized-strings -emit-localized-strings-path /Users/admin/builder/spi-builder-workspace/.derivedData/Build/Intermediates.noindex/ViewInspector.build/Debug-watchos/ViewInspector-t.build/Objects-normal/arm64_32 -c -j10 -enable-batch-mode -incremental -Xcc -ivfsstatcache -Xcc /Users/admin/builder/spi-builder-workspace/.derivedData/SDKStatCaches.noindex/watchos27.0-24R360-e829b21a6f8c9b70876ba0858053c04477534ef55a1706bf4c1112bbb242f0a2.sdkstatcache -output-file-map /Users/admin/builder/spi-builder-workspace/.derivedData/Build/Intermediates.noindex/ViewInspector.build/Debug-watchos/ViewInspector-t.build/Objects-normal/arm64_32/ViewInspector-OutputFileMap.json -save-temps -no-color-diagnostics -explicit-module-build -module-cache-path /Users/admin/builder/spi-builder-workspace/.derivedData/Build/Intermediates.noindex/SwiftExplicitPrecompiledModules -clang-scanner-module-cache-path /Users/admin/builder/spi-builder-workspace/.derivedData/ModuleCache.noindex -sdk-module-cache-path /Users/admin/builder/spi-builder-workspace/.derivedData/SDKExplicitPrecompiledModules -emit-dependencies -emit-module -emit-module-path /Users/admin/builder/spi-builder-workspace/.derivedData/Build/Intermediates.noindex/ViewInspector.build/Debug-watchos/ViewInspector-t.build/Objects-normal/arm64_32/ViewInspector.swiftmodule -serialize-diagnostics -dependency-scan-serialize-diagnostics-path /Users/admin/builder/spi-builder-workspace/.derivedData/Build/Intermediates.noindex/ViewInspector.build/Debug-watchos/ViewInspector-t.build/Objects-normal/arm64_32/ViewInspector-dependency-scan.dia -validate-clang-modules-once -clang-build-session-file /Users/admin/builder/spi-builder-workspace/.derivedData/ModuleCache.noindex/Session.modulevalidation -Xcc -fmodules-prune-interval\=86400 -Xcc -fmodules-prune-after\=345600 -package-name viewinspector -emit-const-values -const-gather-protocols-list /Users/admin/builder/spi-builder-workspace/.derivedData/Build/Intermediates.noindex/ViewInspector.build/Debug-watchos/ViewInspector-t.build/Objects-normal/arm64_32/ViewInspector_const_extract_protocols.json -Xcc -I/Users/admin/builder/spi-builder-workspace/.derivedData/Build/Products/Debug-watchos/include -Xcc -I/Users/admin/builder/spi-builder-workspace/.derivedData/Build/Intermediates.noindex/ViewInspector.build/Debug-watchos/ViewInspector-t.build/DerivedSources-normal/arm64_32 -Xcc -I/Users/admin/builder/spi-builder-workspace/.derivedData/Build/Intermediates.noindex/ViewInspector.build/Debug-watchos/ViewInspector-t.build/DerivedSources/arm64_32 -Xcc -I/Users/admin/builder/spi-builder-workspace/.derivedData/Build/Intermediates.noindex/ViewInspector.build/Debug-watchos/ViewInspector-t.build/DerivedSources -Xcc -DSWIFT_PACKAGE -Xcc -DDEBUG\=1 -emit-objc-header -emit-objc-header-path /Users/admin/builder/spi-builder-workspace/.derivedData/Build/Intermediates.noindex/ViewInspector.build/Debug-watchos/ViewInspector-t.build/Objects-normal/arm64_32/ViewInspector-Swift.h -working-directory /Users/admin/builder/spi-builder-workspace/.swiftpm/xcode -experimental-emit-module-separately -disable-cmo
SwiftDriver JoinedTextTests normal arm64_32 com.apple.xcode.tools.swift.compiler (in target 'JoinedTextTests-product' from project 'JoinedText')
    cd /Users/admin/builder/spi-builder-workspace/.swiftpm/xcode
    builtin-SwiftDriver -- /Applications/Xcode-27.0.0-Release.Candidate.app/Contents/Developer/Toolchains/XcodeDefault.xctoolchain/usr/bin/swiftc -parse-as-library -module-name JoinedTextTests -Onone @/Users/admin/builder/spi-builder-workspace/.derivedData/Build/Intermediates.noindex/JoinedText.build/Debug-watchos/JoinedTextTests-p.build/Objects-normal/arm64_32/JoinedTextTests.SwiftFileList -DSWIFT_PACKAGE -DDEBUG -DXcode -plugin-path /Applications/Xcode-27.0.0-Release.Candidate.app/Contents/Developer/Toolchains/XcodeDefault.xctoolchain/usr/lib/swift/host/plugins/testing -enable-experimental-feature DebugDescriptionMacro -sdk /Applications/Xcode-27.0.0-Release.Candidate.app/Contents/Developer/Platforms/WatchOS.platform/Developer/SDKs/WatchOS27.0.sdk -target arm64_32-apple-watchos10.0 -g -module-cache-path /Users/admin/builder/spi-builder-workspace/.derivedData/ModuleCache.noindex -Xfrontend -serialize-debugging-options -profile-coverage-mapping -profile-generate -enable-testing -index-store-path /Users/admin/builder/spi-builder-workspace/.derivedData/Index.noindex/DataStore -Xcc -D_LIBCPP_HARDENING_MODE\=_LIBCPP_HARDENING_MODE_DEBUG -swift-version 5 -I /Users/admin/builder/spi-builder-workspace/.derivedData/Build/Products/Debug-watchos -Isystem /Applications/Xcode-27.0.0-Release.Candidate.app/Contents/Developer/Platforms/WatchOS.platform/Developer/usr/lib -F /Users/admin/builder/spi-builder-workspace/.derivedData/Build/Products/Debug-watchos/PackageFrameworks -F /Users/admin/builder/spi-builder-workspace/.derivedData/Build/Products/Debug-watchos -F /Applications/Xcode-27.0.0-Release.Candidate.app/Contents/Developer/Platforms/WatchOS.platform/Developer/Library/Frameworks -F /Applications/Xcode-27.0.0-Release.Candidate.app/Contents/Developer/Platforms/WatchOS.platform/Developer/SDKs/WatchOS27.0.sdk/Developer/Library/Frameworks -c -j10 -enable-batch-mode -incremental -Xcc -ivfsstatcache -Xcc /Users/admin/builder/spi-builder-workspace/.derivedData/SDKStatCaches.noindex/watchos27.0-24R360-e829b21a6f8c9b70876ba0858053c04477534ef55a1706bf4c1112bbb242f0a2.sdkstatcache -output-file-map /Users/admin/builder/spi-builder-workspace/.derivedData/Build/Intermediates.noindex/JoinedText.build/Debug-watchos/JoinedTextTests-p.build/Objects-normal/arm64_32/JoinedTextTests-OutputFileMap.json -save-temps -no-color-diagnostics -explicit-module-build -module-cache-path /Users/admin/builder/spi-builder-workspace/.derivedData/Build/Intermediates.noindex/SwiftExplicitPrecompiledModules -clang-scanner-module-cache-path /Users/admin/builder/spi-builder-workspace/.derivedData/ModuleCache.noindex -sdk-module-cache-path /Users/admin/builder/spi-builder-workspace/.derivedData/SDKExplicitPrecompiledModules -emit-dependencies -emit-module -emit-module-path /Users/admin/builder/spi-builder-workspace/.derivedData/Build/Intermediates.noindex/JoinedText.build/Debug-watchos/JoinedTextTests-p.build/Objects-normal/arm64_32/JoinedTextTests.swiftmodule -serialize-diagnostics -dependency-scan-serialize-diagnostics-path /Users/admin/builder/spi-builder-workspace/.derivedData/Build/Intermediates.noindex/JoinedText.build/Debug-watchos/JoinedTextTests-p.build/Objects-normal/arm64_32/JoinedTextTests-dependency-scan.dia -validate-clang-modules-once -clang-build-session-file /Users/admin/builder/spi-builder-workspace/.derivedData/ModuleCache.noindex/Session.modulevalidation -Xcc -fmodules-prune-interval\=86400 -Xcc -fmodules-prune-after\=345600 -emit-const-values -const-gather-protocols-list /Users/admin/builder/spi-builder-workspace/.derivedData/Build/Intermediates.noindex/JoinedText.build/Debug-watchos/JoinedTextTests-p.build/Objects-normal/arm64_32/JoinedTextTests_const_extract_protocols.json -Xcc -I/Users/admin/builder/spi-builder-workspace/.derivedData/Build/Products/Debug-watchos/include -Xcc -I/Users/admin/builder/spi-builder-workspace/.derivedData/Build/Intermediates.noindex/JoinedText.build/Debug-watchos/JoinedTextTests-p.build/DerivedSources-normal/arm64_32 -Xcc -I/Users/admin/builder/spi-builder-workspace/.derivedData/Build/Intermediates.noindex/JoinedText.build/Debug-watchos/JoinedTextTests-p.build/DerivedSources/arm64_32 -Xcc -I/Users/admin/builder/spi-builder-workspace/.derivedData/Build/Intermediates.noindex/JoinedText.build/Debug-watchos/JoinedTextTests-p.build/DerivedSources -Xcc -DSWIFT_PACKAGE -Xcc -DDEBUG\=1 -working-directory /Users/admin/builder/spi-builder-workspace/.swiftpm/xcode -experimental-emit-module-separately -disable-cmo
SwiftDriver JoinedTextTests normal arm64 com.apple.xcode.tools.swift.compiler (in target 'JoinedTextTests-product' from project 'JoinedText')
    cd /Users/admin/builder/spi-builder-workspace/.swiftpm/xcode
    builtin-SwiftDriver -- /Applications/Xcode-27.0.0-Release.Candidate.app/Contents/Developer/Toolchains/XcodeDefault.xctoolchain/usr/bin/swiftc -parse-as-library -module-name JoinedTextTests -Onone @/Users/admin/builder/spi-builder-workspace/.derivedData/Build/Intermediates.noindex/JoinedText.build/Debug-watchos/JoinedTextTests-p.build/Objects-normal/arm64/JoinedTextTests.SwiftFileList -DSWIFT_PACKAGE -DDEBUG -DXcode -plugin-path /Applications/Xcode-27.0.0-Release.Candidate.app/Contents/Developer/Toolchains/XcodeDefault.xctoolchain/usr/lib/swift/host/plugins/testing -enable-experimental-feature DebugDescriptionMacro -sdk /Applications/Xcode-27.0.0-Release.Candidate.app/Contents/Developer/Platforms/WatchOS.platform/Developer/SDKs/WatchOS27.0.sdk -target arm64-apple-watchos10.0 -g -module-cache-path /Users/admin/builder/spi-builder-workspace/.derivedData/ModuleCache.noindex -Xfrontend -serialize-debugging-options -profile-coverage-mapping -profile-generate -enable-testing -index-store-path /Users/admin/builder/spi-builder-workspace/.derivedData/Index.noindex/DataStore -Xcc -D_LIBCPP_HARDENING_MODE\=_LIBCPP_HARDENING_MODE_DEBUG -swift-version 5 -I /Users/admin/builder/spi-builder-workspace/.derivedData/Build/Products/Debug-watchos -Isystem /Applications/Xcode-27.0.0-Release.Candidate.app/Contents/Developer/Platforms/WatchOS.platform/Developer/usr/lib -F /Users/admin/builder/spi-builder-workspace/.derivedData/Build/Products/Debug-watchos/PackageFrameworks -F /Users/admin/builder/spi-builder-workspace/.derivedData/Build/Products/Debug-watchos -F /Applications/Xcode-27.0.0-Release.Candidate.app/Contents/Developer/Platforms/WatchOS.platform/Developer/Library/Frameworks -F /Applications/Xcode-27.0.0-Release.Candidate.app/Contents/Developer/Platforms/WatchOS.platform/Developer/SDKs/WatchOS27.0.sdk/Developer/Library/Frameworks -c -j10 -enable-batch-mode -incremental -Xcc -ivfsstatcache -Xcc /Users/admin/builder/spi-builder-workspace/.derivedData/SDKStatCaches.noindex/watchos27.0-24R360-e829b21a6f8c9b70876ba0858053c04477534ef55a1706bf4c1112bbb242f0a2.sdkstatcache -output-file-map /Users/admin/builder/spi-builder-workspace/.derivedData/Build/Intermediates.noindex/JoinedText.build/Debug-watchos/JoinedTextTests-p.build/Objects-normal/arm64/JoinedTextTests-OutputFileMap.json -save-temps -no-color-diagnostics -explicit-module-build -module-cache-path /Users/admin/builder/spi-builder-workspace/.derivedData/Build/Intermediates.noindex/SwiftExplicitPrecompiledModules -clang-scanner-module-cache-path /Users/admin/builder/spi-builder-workspace/.derivedData/ModuleCache.noindex -sdk-module-cache-path /Users/admin/builder/spi-builder-workspace/.derivedData/SDKExplicitPrecompiledModules -emit-dependencies -emit-module -emit-module-path /Users/admin/builder/spi-builder-workspace/.derivedData/Build/Intermediates.noindex/JoinedText.build/Debug-watchos/JoinedTextTests-p.build/Objects-normal/arm64/JoinedTextTests.swiftmodule -serialize-diagnostics -dependency-scan-serialize-diagnostics-path /Users/admin/builder/spi-builder-workspace/.derivedData/Build/Intermediates.noindex/JoinedText.build/Debug-watchos/JoinedTextTests-p.build/Objects-normal/arm64/JoinedTextTests-dependency-scan.dia -validate-clang-modules-once -clang-build-session-file /Users/admin/builder/spi-builder-workspace/.derivedData/ModuleCache.noindex/Session.modulevalidation -Xcc -fmodules-prune-interval\=86400 -Xcc -fmodules-prune-after\=345600 -emit-const-values -const-gather-protocols-list /Users/admin/builder/spi-builder-workspace/.derivedData/Build/Intermediates.noindex/JoinedText.build/Debug-watchos/JoinedTextTests-p.build/Objects-normal/arm64/JoinedTextTests_const_extract_protocols.json -Xcc -I/Users/admin/builder/spi-builder-workspace/.derivedData/Build/Products/Debug-watchos/include -Xcc -I/Users/admin/builder/spi-builder-workspace/.derivedData/Build/Intermediates.noindex/JoinedText.build/Debug-watchos/JoinedTextTests-p.build/DerivedSources-normal/arm64 -Xcc -I/Users/admin/builder/spi-builder-workspace/.derivedData/Build/Intermediates.noindex/JoinedText.build/Debug-watchos/JoinedTextTests-p.build/DerivedSources/arm64 -Xcc -I/Users/admin/builder/spi-builder-workspace/.derivedData/Build/Intermediates.noindex/JoinedText.build/Debug-watchos/JoinedTextTests-p.build/DerivedSources -Xcc -DSWIFT_PACKAGE -Xcc -DDEBUG\=1 -working-directory /Users/admin/builder/spi-builder-workspace/.swiftpm/xcode -experimental-emit-module-separately -disable-cmo
SwiftCompile normal arm64 Compiling\ CodeFlowTests.swift /Users/admin/builder/spi-builder-workspace/Tests/JoinedTextTests/CodeFlowTests.swift (in target 'JoinedTextTests-product' from project 'JoinedText')
SwiftCompile normal arm64 /Users/admin/builder/spi-builder-workspace/Tests/JoinedTextTests/CodeFlowTests.swift (in target 'JoinedTextTests-product' from project 'JoinedText')
    cd /Users/admin/builder/spi-builder-workspace/.swiftpm/xcode
    builtin-SwiftPerFileCompile CodeFlowTests.swift
SwiftEmitModule normal arm64 Emitting\ module\ for\ JoinedTextTests (in target 'JoinedTextTests-product' from project 'JoinedText')
/Users/admin/builder/spi-builder-workspace/Tests/JoinedTextTests/TextStylingTests.swift:44:68: error: 'TextAttributes' is not a member type of generic struct 'ViewInspector.InspectableView<View>'
42 | extension InspectableView where View == ViewType.Text {
43 |
44 |     func attributes(forSubstring substring: String) throws -> Self.TextAttributes {
   |                                                                    `- error: 'TextAttributes' is not a member type of generic struct 'ViewInspector.InspectableView<View>'
45 |         let existingString = try XCTUnwrap(try string())
46 |         let range = try XCTUnwrap(existingString.range(of: substring))
ViewInspector.InspectableView:2:15: note: 'InspectableView' declared here
1 | @available(iOS 13.0, macOS 10.15, tvOS 13.0, *)
2 | public struct InspectableView<View> where View : ViewInspector.BaseViewType {
  |               `- note: 'InspectableView' declared here
3 | }
Failed frontend command:
/Applications/Xcode-27.0.0-Release.Candidate.app/Contents/Developer/Toolchains/XcodeDefault.xctoolchain/usr/bin/swift-frontend -frontend -emit-module -experimental-skip-non-inlinable-function-bodies-without-types /Users/admin/builder/spi-builder-workspace/Tests/JoinedTextTests/CodeFlowTests.swift /Users/admin/builder/spi-builder-workspace/Tests/JoinedTextTests/TextJoiningTests.swift /Users/admin/builder/spi-builder-workspace/Tests/JoinedTextTests/TextStylingTests.swift /Users/admin/builder/spi-builder-workspace/Tests/JoinedTextTests/XCTestCase+Utils.swift /Users/admin/builder/spi-builder-workspace/Tests/JoinedTextTests/XCTestManifests.swift -target arm64-apple-watchos10.0 -module-can-import-version ObjectiveC 973.1 0 -disable-cross-import-overlay-search -load-resolved-plugin /Applications/Xcode-27.0.0-Release.Candidate.app/Contents/Developer/Platforms/WatchOS.platform/Developer/usr/lib/swift/host/plugins/libFoundationMacros.dylib\#/Applications/Xcode-27.0.0-Release.Candidate.app/Contents/Developer/Platforms/WatchOS.platform/Developer/usr/bin/swift-plugin-server\#FoundationMacros -load-resolved-plugin /Applications/Xcode-27.0.0-Release.Candidate.app/Contents/Developer/Platforms/WatchOS.platform/Developer/usr/lib/swift/host/plugins/libObservationMacros.dylib\#/Applications/Xcode-27.0.0-Release.Candidate.app/Contents/Developer/Platforms/WatchOS.platform/Developer/usr/bin/swift-plugin-server\#ObservationMacros -load-resolved-plugin /Applications/Xcode-27.0.0-Release.Candidate.app/Contents/Developer/Platforms/WatchOS.platform/Developer/usr/lib/swift/host/plugins/libPreviewsMacros.dylib\#/Applications/Xcode-27.0.0-Release.Candidate.app/Contents/Developer/Platforms/WatchOS.platform/Developer/usr/bin/swift-plugin-server\#PreviewsMacros -load-resolved-plugin /Applications/Xcode-27.0.0-Release.Candidate.app/Contents/Developer/Platforms/WatchOS.platform/Developer/usr/lib/swift/host/plugins/libSwiftMacros.dylib\#/Applications/Xcode-27.0.0-Release.Candidate.app/Contents/Developer/Platforms/WatchOS.platform/Developer/usr/bin/swift-plugin-server\#SwiftMacros -load-resolved-plugin /Applications/Xcode-27.0.0-Release.Candidate.app/Contents/Developer/Platforms/WatchOS.platform/Developer/usr/lib/swift/host/plugins/libSwiftUIMacros.dylib\#/Applications/Xcode-27.0.0-Release.Candidate.app/Contents/Developer/Platforms/WatchOS.platform/Developer/usr/bin/swift-plugin-server\#SwiftUIMacros -disable-implicit-swift-modules -Xcc -fno-implicit-modules -Xcc -fno-implicit-module-maps -explicit-swift-module-map-file /Users/admin/builder/spi-builder-workspace/.derivedData/Build/Intermediates.noindex/JoinedText.build/Debug-watchos/JoinedTextTests-p.build/Objects-normal/arm64/JoinedTextTests-dependencies-1.json -Xllvm -aarch64-use-tbi -enable-objc-interop -stack-check -sdk /Applications/Xcode-27.0.0-Release.Candidate.app/Contents/Developer/Platforms/WatchOS.platform/Developer/SDKs/WatchOS27.0.sdk -I /Users/admin/builder/spi-builder-workspace/.derivedData/Build/Products/Debug-watchos -Isystem /Applications/Xcode-27.0.0-Release.Candidate.app/Contents/Developer/Platforms/WatchOS.platform/Developer/usr/lib -F /Users/admin/builder/spi-builder-workspace/.derivedData/Build/Products/Debug-watchos/PackageFrameworks -F /Users/admin/builder/spi-builder-workspace/.derivedData/Build/Products/Debug-watchos -F /Applications/Xcode-27.0.0-Release.Candidate.app/Contents/Developer/Platforms/WatchOS.platform/Developer/Library/Frameworks -F /Applications/Xcode-27.0.0-Release.Candidate.app/Contents/Developer/Platforms/WatchOS.platform/Developer/SDKs/WatchOS27.0.sdk/Developer/Library/Frameworks -module-cache-path /Users/admin/builder/spi-builder-workspace/.derivedData/Build/Intermediates.noindex/SwiftExplicitPrecompiledModules -no-color-diagnostics -Xcc -fno-color-diagnostics -enable-testing -g -debug-info-format\=dwarf -dwarf-version\=4 -profile-generate -profile-coverage-mapping -swift-version 5 -Onone -D SWIFT_PACKAGE -D DEBUG -D Xcode -serialize-debugging-options -enable-experimental-feature DebugDescriptionMacro -empty-abi-descriptor -validate-clang-modules-once -clang-build-session-file /Users/admin/builder/spi-builder-workspace/.derivedData/ModuleCache.noindex/Session.modulevalidation -Xcc -working-directory -Xcc /Users/admin/builder/spi-builder-workspace/.swiftpm/xcode -enable-anonymous-context-mangled-names -file-compilation-dir /Users/admin/builder/spi-builder-workspace/.swiftpm/xcode -Xcc -D_LIBCPP_HARDENING_MODE\=_LIBCPP_HARDENING_MODE_DEBUG -Xcc -ivfsstatcache -Xcc /Users/admin/builder/spi-builder-workspace/.derivedData/SDKStatCaches.noindex/watchos27.0-24R360-e829b21a6f8c9b70876ba0858053c04477534ef55a1706bf4c1112bbb242f0a2.sdkstatcache -Xcc -fmodules-prune-interval\=86400 -Xcc -fmodules-prune-after\=345600 -Xcc -I/Users/admin/builder/spi-builder-workspace/.derivedData/Build/Products/Debug-watchos/include -Xcc -I/Users/admin/builder/spi-builder-workspace/.derivedData/Build/Intermediates.noindex/JoinedText.build/Debug-watchos/JoinedTextTests-p.build/DerivedSources-normal/arm64 -Xcc -I/Users/admin/builder/spi-builder-workspace/.derivedData/Build/Intermediates.noindex/JoinedText.build/Debug-watchos/JoinedTextTests-p.build/DerivedSources/arm64 -Xcc -I/Users/admin/builder/spi-builder-workspace/.derivedData/Build/Intermediates.noindex/JoinedText.build/Debug-watchos/JoinedTextTests-p.build/DerivedSources -Xcc -DSWIFT_PACKAGE -Xcc -DDEBUG\=1 -no-auto-bridging-header-chaining -module-name JoinedTextTests -const-gather-protocols-file /Users/admin/builder/spi-builder-workspace/.derivedData/Build/Intermediates.noindex/JoinedText.build/Debug-watchos/JoinedTextTests-p.build/Objects-normal/arm64/JoinedTextTests_const_extract_protocols.json -disable-clang-spi -clang-target arm64-apple-watchos27.0 -target-sdk-version 27.0 -target-sdk-name watchos27.0 -in-process-plugin-server-path /Applications/Xcode-27.0.0-Release.Candidate.app/Contents/Developer/Toolchains/XcodeDefault.xctoolchain/usr/lib/swift/host/libSwiftInProcPluginServer.dylib -emit-module-doc-path /Users/admin/builder/spi-builder-workspace/.derivedData/Build/Intermediates.noindex/JoinedText.build/Debug-watchos/JoinedTextTests-p.build/Objects-normal/arm64/JoinedTextTests.swiftdoc -emit-module-source-info-path /Users/admin/builder/spi-builder-workspace/.derivedData/Build/Intermediates.noindex/JoinedText.build/Debug-watchos/JoinedTextTests-p.build/Objects-normal/arm64/JoinedTextTests.swiftsourceinfo -serialize-diagnostics-path /Users/admin/builder/spi-builder-workspace/.derivedData/Build/Intermediates.noindex/JoinedText.build/Debug-watchos/JoinedTextTests-p.build/Objects-normal/arm64/JoinedTextTests-primary-emit-module.dia -emit-dependencies-path /Users/admin/builder/spi-builder-workspace/.derivedData/Build/Intermediates.noindex/JoinedText.build/Debug-watchos/JoinedTextTests-p.build/Objects-normal/arm64/JoinedTextTests-primary-emit-module.d -parse-as-library -o /Users/admin/builder/spi-builder-workspace/.derivedData/Build/Intermediates.noindex/JoinedText.build/Debug-watchos/JoinedTextTests-p.build/Objects-normal/arm64/JoinedTextTests.swiftmodule -emit-abi-descriptor-path /Users/admin/builder/spi-builder-workspace/.derivedData/Build/Intermediates.noindex/JoinedText.build/Debug-watchos/JoinedTextTests-p.build/Objects-normal/arm64/JoinedTextTests.abi.json
SwiftCompile normal arm64 (in target 'JoinedTextTests-product' from project 'JoinedText')
    cd /Users/admin/builder/spi-builder-workspace/.swiftpm/xcode

SwiftCompile normal arm64 Compiling\ XCTestManifests.swift /Users/admin/builder/spi-builder-workspace/Tests/JoinedTextTests/XCTestManifests.swift (in target 'JoinedTextTests-product' from project 'JoinedText')
SwiftCompile normal arm64 /Users/admin/builder/spi-builder-workspace/Tests/JoinedTextTests/XCTestManifests.swift (in target 'JoinedTextTests-product' from project 'JoinedText')
    cd /Users/admin/builder/spi-builder-workspace/.swiftpm/xcode
    builtin-SwiftPerFileCompile XCTestManifests.swift
SwiftCompile normal arm64 Compiling\ TextStylingTests.swift /Users/admin/builder/spi-builder-workspace/Tests/JoinedTextTests/TextStylingTests.swift (in target 'JoinedTextTests-product' from project 'JoinedText')
/Users/admin/builder/spi-builder-workspace/Tests/JoinedTextTests/TextStylingTests.swift:44:68: error: 'TextAttributes' is not a member type of generic struct 'ViewInspector.InspectableView<View>'
42 | extension InspectableView where View == ViewType.Text {
43 |
44 |     func attributes(forSubstring substring: String) throws -> Self.TextAttributes {
   |                                                                    `- error: 'TextAttributes' is not a member type of generic struct 'ViewInspector.InspectableView<View>'
45 |         let existingString = try XCTUnwrap(try string())
46 |         let range = try XCTUnwrap(existingString.range(of: substring))
ViewInspector.InspectableView:2:15: note: 'InspectableView' declared here
1 | @available(iOS 13.0, macOS 10.15, tvOS 13.0, *)
2 | public struct InspectableView<View> where View : ViewInspector.BaseViewType {
  |               `- note: 'InspectableView' declared here
3 | }
/Users/admin/builder/spi-builder-workspace/Tests/JoinedTextTests/TextStylingTests.swift:32:63: error: argument passed to call that takes no arguments
30 |         }.inspect().text()
31 |
32 |         let boldSubstring = try text.attributes(forSubstring: "bold")
   |                                                               `- error: argument passed to call that takes no arguments
33 |         XCTAssertTrue(try boldSubstring.isBold())
34 |         XCTAssertThrowsError(try boldSubstring.isItalic())
SwiftCompile normal arm64 /Users/admin/builder/spi-builder-workspace/Tests/JoinedTextTests/TextStylingTests.swift (in target 'JoinedTextTests-product' from project 'JoinedText')
    cd /Users/admin/builder/spi-builder-workspace/.swiftpm/xcode
    builtin-SwiftPerFileCompile TextStylingTests.swift
SwiftCompile normal arm64 Compiling\ XCTestCase+Utils.swift /Users/admin/builder/spi-builder-workspace/Tests/JoinedTextTests/XCTestCase+Utils.swift (in target 'JoinedTextTests-product' from project 'JoinedText')
SwiftCompile normal arm64 /Users/admin/builder/spi-builder-workspace/Tests/JoinedTextTests/XCTestCase+Utils.swift (in target 'JoinedTextTests-product' from project 'JoinedText')
    cd /Users/admin/builder/spi-builder-workspace/.swiftpm/xcode
    builtin-SwiftPerFileCompile XCTestCase+Utils.swift
SwiftCompile normal arm64 Compiling\ TextJoiningTests.swift /Users/admin/builder/spi-builder-workspace/Tests/JoinedTextTests/TextJoiningTests.swift (in target 'JoinedTextTests-product' from project 'JoinedText')
SwiftCompile normal arm64 /Users/admin/builder/spi-builder-workspace/Tests/JoinedTextTests/TextJoiningTests.swift (in target 'JoinedTextTests-product' from project 'JoinedText')
    cd /Users/admin/builder/spi-builder-workspace/.swiftpm/xcode
    builtin-SwiftPerFileCompile TextJoiningTests.swift
SwiftEmitModule normal arm64_32 Emitting\ module\ for\ JoinedTextTests (in target 'JoinedTextTests-product' from project 'JoinedText')
SwiftCompile normal arm64_32 (in target 'JoinedTextTests-product' from project 'JoinedText')
    cd /Users/admin/builder/spi-builder-workspace/.swiftpm/xcode

SwiftCompile normal arm64_32 Compiling\ TextJoiningTests.swift /Users/admin/builder/spi-builder-workspace/Tests/JoinedTextTests/TextJoiningTests.swift (in target 'JoinedTextTests-product' from project 'JoinedText')
SwiftCompile normal arm64_32 /Users/admin/builder/spi-builder-workspace/Tests/JoinedTextTests/TextJoiningTests.swift (in target 'JoinedTextTests-product' from project 'JoinedText')
    cd /Users/admin/builder/spi-builder-workspace/.swiftpm/xcode
    builtin-SwiftPerFileCompile TextJoiningTests.swift
SwiftCompile normal arm64_32 Compiling\ XCTestCase+Utils.swift /Users/admin/builder/spi-builder-workspace/Tests/JoinedTextTests/XCTestCase+Utils.swift (in target 'JoinedTextTests-product' from project 'JoinedText')
SwiftCompile normal arm64_32 /Users/admin/builder/spi-builder-workspace/Tests/JoinedTextTests/XCTestCase+Utils.swift (in target 'JoinedTextTests-product' from project 'JoinedText')
    cd /Users/admin/builder/spi-builder-workspace/.swiftpm/xcode
    builtin-SwiftPerFileCompile XCTestCase+Utils.swift
SwiftCompile normal arm64_32 Compiling\ CodeFlowTests.swift /Users/admin/builder/spi-builder-workspace/Tests/JoinedTextTests/CodeFlowTests.swift (in target 'JoinedTextTests-product' from project 'JoinedText')
SwiftCompile normal arm64_32 /Users/admin/builder/spi-builder-workspace/Tests/JoinedTextTests/CodeFlowTests.swift (in target 'JoinedTextTests-product' from project 'JoinedText')
    cd /Users/admin/builder/spi-builder-workspace/.swiftpm/xcode
    builtin-SwiftPerFileCompile CodeFlowTests.swift
SwiftDriverJobDiscovery normal arm64 Compiling XCTestManifests.swift (in target 'JoinedTextTests-product' from project 'JoinedText')
SwiftCompile normal arm64_32 Compiling\ TextStylingTests.swift /Users/admin/builder/spi-builder-workspace/Tests/JoinedTextTests/TextStylingTests.swift (in target 'JoinedTextTests-product' from project 'JoinedText')
SwiftCompile normal arm64_32 /Users/admin/builder/spi-builder-workspace/Tests/JoinedTextTests/TextStylingTests.swift (in target 'JoinedTextTests-product' from project 'JoinedText')
    cd /Users/admin/builder/spi-builder-workspace/.swiftpm/xcode
    builtin-SwiftPerFileCompile TextStylingTests.swift
PruneExplicitPrecompiledModules /Users/admin/builder/spi-builder-workspace/.derivedData/SDKExplicitPrecompiledModules
PruneExplicitPrecompiledModules /Users/admin/builder/spi-builder-workspace/.derivedData/Build/Intermediates.noindex/ExplicitPrecompiledModules
PruneExplicitPrecompiledModules /Users/admin/builder/spi-builder-workspace/.derivedData/Build/Intermediates.noindex/SwiftExplicitPrecompiledModules
2026-09-17 16:32:43.975 xcodebuild[916:5787] [MT] IDERunDestination: Supported platforms for the buildables in the current scheme is empty.
2026-09-17 16:32:44.077 xcodebuild[916:5787] [MT] IDERunDestination: Supported platforms for the buildables in the current scheme is empty.
** BUILD FAILED **
The following build commands failed:
	SwiftEmitModule normal arm64 Emitting\ module\ for\ JoinedTextTests (in target 'JoinedTextTests-product' from project 'JoinedText')
	SwiftCompile normal arm64 (in target 'JoinedTextTests-product' from project 'JoinedText')
	Building workspace JoinedText with scheme JoinedText
(3 failures)
BUILD FAILURE 6.4 watchOS