The Swift Package Index logo.Swift Package Index

Build Information

Failed to build PacketCaptureBPF, reference 0.2.10 (aaa6c5), with Swift 6.4 for Android on 18 Sep 2026 00:18:50 UTC.

Build Command

bash -c docker run --pull=always --rm -v "checkouts-54344844-0":/host -w "$PWD" -e JAVA_HOME="/root/.sdkman/candidates/java/current" -e SPI_BUILD="1" -e SPI_PROCESSING="1" registry.gitlab.com/saguaro1/spi-images:android-6.4-latest swift build --swift-sdk aarch64-unknown-linux-android28 2>&1

Build Log

========================================
RunAll
========================================
Builder version: 5.1.0
Interrupt handler set up.
========================================
Checkout
========================================
Clone URL: https://github.com/OperatorFoundation/PacketCaptureBPF.git
Reference: 0.2.10
Initialized empty Git repository in /host/spi-builder-workspace/.git/
hint: Using 'master' as the name for the initial branch. This default branch name
hint: is subject to change. To configure the initial branch name to use in all
hint: of your new repositories, which will suppress this warning, call:
hint:
hint: 	git config --global init.defaultBranch <name>
hint:
hint: Names commonly chosen instead of 'master' are 'main', 'trunk' and
hint: 'development'. The just-created branch can be renamed via this command:
hint:
hint: 	git branch -m <name>
From https://github.com/OperatorFoundation/PacketCaptureBPF
 * tag               0.2.10     -> FETCH_HEAD
HEAD is now at aaa6c50 Update CaptureDevice.swift
Cloned https://github.com/OperatorFoundation/PacketCaptureBPF.git
Revision (git rev-parse @):
aaa6c509569cb11904e35dd682bb581b9b2f8083
SUCCESS checkout https://github.com/OperatorFoundation/PacketCaptureBPF.git at 0.2.10
========================================
Build
========================================
Selected platform:         android
Swift version:             6.4
Building package at path:  $PWD
https://github.com/OperatorFoundation/PacketCaptureBPF.git
Running build ...
bash -c docker run --pull=always --rm -v "checkouts-54344844-0":/host -w "$PWD" -e JAVA_HOME="/root/.sdkman/candidates/java/current" -e SPI_BUILD="1" -e SPI_PROCESSING="1" registry.gitlab.com/saguaro1/spi-images:android-6.4-latest swift build --swift-sdk aarch64-unknown-linux-android28 2>&1
android-6.4-latest: Pulling from saguaro1/spi-images
Digest: sha256:abadcff584c273feba50641b454858d377ba30b35ea7287a94f45ebd8afd0ea0
Status: Image is up to date for registry.gitlab.com/saguaro1/spi-images:android-6.4-latest
Fetching https://github.com/OperatorFoundation/SwiftQueue.git
Fetching https://github.com/OperatorFoundation/Datable.git
Fetching https://github.com/OperatorFoundation/PacketStream.git
Fetching https://github.com/OperatorFoundation/Bits.git
Fetching https://github.com/OperatorFoundation/InternetProtocols.git
[1/122] Fetching bits
[123/521] Fetching bits, datable
[163/566] Fetching bits, datable, packetstream
Fetched https://github.com/OperatorFoundation/PacketStream.git (0.42s)
[402/521] Fetching bits, datable
[522/591] Fetching bits, datable, swiftqueue
Fetched https://github.com/OperatorFoundation/SwiftQueue.git (0.47s)
Fetched https://github.com/OperatorFoundation/Datable.git (0.47s)
[1/467] Fetching internetprotocols
Fetched https://github.com/OperatorFoundation/Bits.git (0.57s)
Fetched https://github.com/OperatorFoundation/InternetProtocols.git (0.57s)
Computing version for https://github.com/OperatorFoundation/PacketStream.git
Computed https://github.com/OperatorFoundation/PacketStream.git at 0.2.1 (0.77s)
Computing version for https://github.com/OperatorFoundation/SwiftQueue.git
Computed https://github.com/OperatorFoundation/SwiftQueue.git at 0.1.3 (0.15s)
Computing version for https://github.com/OperatorFoundation/Bits.git
Computed https://github.com/OperatorFoundation/Bits.git at 2.0.1 (0.18s)
Computing version for https://github.com/OperatorFoundation/Datable.git
Computed https://github.com/OperatorFoundation/Datable.git at 3.1.5 (0.19s)
Computing version for https://github.com/OperatorFoundation/InternetProtocols.git
Computed https://github.com/OperatorFoundation/InternetProtocols.git at 2.2.1 (0.19s)
Creating working copy for https://github.com/OperatorFoundation/Datable.git
Working copy of https://github.com/OperatorFoundation/Datable.git resolved at 3.1.5
Creating working copy for https://github.com/OperatorFoundation/InternetProtocols.git
Working copy of https://github.com/OperatorFoundation/InternetProtocols.git resolved at 2.2.1
Creating working copy for https://github.com/OperatorFoundation/PacketStream.git
Working copy of https://github.com/OperatorFoundation/PacketStream.git resolved at 0.2.1
Creating working copy for https://github.com/OperatorFoundation/Bits.git
Working copy of https://github.com/OperatorFoundation/Bits.git resolved at 2.0.1
Creating working copy for https://github.com/OperatorFoundation/SwiftQueue.git
Working copy of https://github.com/OperatorFoundation/SwiftQueue.git resolved at 0.1.3
Building for debugging...
[Constructing description]
[Planning deferred tasks]
[50 / 86] Datable
[54 / 95] Datable
[55 / 95] Datable
[71 / 95] PacketStream-product
[82 / 102] PacketStream
[91 / 103] PacketCaptureBPF
[93 / 105] Datable
[93 / 105] Bits
[95 / 106] Datable
error: SwiftCompile normal aarch64 failed with a nonzero exit code. Command line:     cd /host

/host/spi-builder-workspace/Sources/PacketCaptureBPF/CaptureDevice.swift:53:18: error: cannot find 'ifreq' in scope
 51 |     let packets = Queue<(Date, Data)>()
 52 |
 53 |     var if_req = ifreq()
    |                  `- error: cannot find 'ifreq' in scope
 54 |     var capturing: Bool = false
 55 |
/host/spi-builder-workspace/Sources/PacketCaptureBPF/CaptureDevice.swift:160:13: error: cannot find 'ioctl' in scope
158 |         var bpf_stat = bpf_stat_struct(bs_recv: 0, bs_drop: 0)
159 |
160 |         _ = ioctl(self.fd_bpf, BIOCGSTATS, &bpf_stat)
    |             `- error: cannot find 'ioctl' in scope
161 |         //print("bpf_stat: \(bpf_stat)")
162 |
/host/spi-builder-workspace/Sources/PacketCaptureBPF/CaptureDevice.swift:167:19: error: cannot find 'read' in scope
165 |
166 |         // read from bpf device into buffer
167 |         let len = read(self.fd_bpf, &self.buffer, Int(self.buffer_size) )
    |                   `- error: cannot find 'read' in scope
168 |
169 |         guard len != -1 else
/host/spi-builder-workspace/Sources/PacketCaptureBPF/CaptureDevice.swift:267:35: error: the compiler is unable to type-check this expression in reasonable time; try breaking up the expression into distinct sub-expressions
265 |
266 |                 //bpf is byte aligned
267 |                 let bytesToRead = (((UInt32(bh_hdrlen) + bh_caplen) + (UInt32(BPF_ALIGNMENT) - 1)) & (~(UInt32(BPF_ALIGNMENT) - 1))) - UInt32(bh_hdrlen)
    |                                   `- error: the compiler is unable to type-check this expression in reasonable time; try breaking up the expression into distinct sub-expressions
268 |                 //print("bytesToRead: \(bytesToRead)")
269 |
Failed frontend command:
/root/.local/share/swiftly/toolchains/6.4.x-snapshot-2026-09-04/usr/bin/swift-frontend -frontend -emit-module -experimental-skip-non-inlinable-function-bodies-without-types /host/spi-builder-workspace/Sources/PacketCaptureBPF/CaptureDevice.swift -target aarch64-unknown-linux-android28 -Xllvm -aarch64-use-tbi -disable-objc-interop -sdk /android-ndk/android-ndk-r27d/toolchains/llvm/prebuilt/linux-x86_64/sysroot -sysroot /android-ndk/android-ndk-r27d/toolchains/llvm/prebuilt/linux-x86_64/sysroot -I /host/spi-builder-workspace/.build/out/Products/Debug-android-aarch64 -module-cache-path /host/spi-builder-workspace/.build/out/ModuleCache.noindex -color-diagnostics -Xcc -fcolor-diagnostics -enable-testing -g -debug-info-format\=dwarf -dwarf-version\=4 -swift-version 5 -Onone -D SWIFT_PACKAGE -D DEBUG -D SWIFT_MODULE_RESOURCE_BUNDLE_UNAVAILABLE -D Xcode -serialize-debugging-options -enable-experimental-feature DebugDescriptionMacro -empty-abi-descriptor -external-plugin-path /root/.local/share/swiftly/toolchains/6.4.x-snapshot-2026-09-04/usr/lib/swift/host/plugins/testing\#/root/.local/share/swiftly/toolchains/6.4.x-snapshot-2026-09-04/usr/bin/swift-plugin-server -validate-clang-modules-once -clang-build-session-file /host/spi-builder-workspace/.build/out/ModuleCache.noindex/Session.modulevalidation -Xcc -working-directory -Xcc /host -resource-dir /root/.swiftpm/swift-sdks/swift-6.4.x-DEVELOPMENT-SNAPSHOT-2026-09-04-a_android.artifactbundle/swift-android/swift-resources/usr/lib/swift-aarch64 -enable-anonymous-context-mangled-names -file-compilation-dir /host -Xcc -resource-dir -Xcc /android-ndk/android-ndk-r27d/toolchains/llvm/prebuilt/linux-x86_64/lib/clang/18 -Xcc -fno-omit-frame-pointer -Xcc -D_LIBCPP_HARDENING_MODE\=_LIBCPP_HARDENING_MODE_DEBUG -Xcc -fmodules-prune-interval\=86400 -Xcc -fmodules-prune-after\=345600 -Xcc -I/host/spi-builder-workspace/.build/out/Products/Debug-android-aarch64/include -Xcc -I/host/spi-builder-workspace/.build/out/Intermediates.noindex/PacketCaptureBPF.build/Debug-android-aarch64/PacketCaptureBPF-t.build/DerivedSources-normal/aarch64 -Xcc -I/host/spi-builder-workspace/.build/out/Intermediates.noindex/PacketCaptureBPF.build/Debug-android-aarch64/PacketCaptureBPF-t.build/DerivedSources/aarch64 -Xcc -I/host/spi-builder-workspace/.build/out/Intermediates.noindex/PacketCaptureBPF.build/Debug-android-aarch64/PacketCaptureBPF-t.build/DerivedSources -Xcc -DSWIFT_PACKAGE -Xcc -DDEBUG\=1 -no-auto-bridging-header-chaining -module-name PacketCaptureBPF -const-gather-protocols-file /host/spi-builder-workspace/.build/out/Intermediates.noindex/PacketCaptureBPF.build/Debug-android-aarch64/PacketCaptureBPF-t.build/Objects-normal/aarch64/PacketCaptureBPF_const_extract_protocols.json -in-process-plugin-server-path /root/.local/share/swiftly/toolchains/6.4.x-snapshot-2026-09-04/usr/lib/swift/host/libSwiftInProcPluginServer.so -plugin-path /root/.local/share/swiftly/toolchains/6.4.x-snapshot-2026-09-04/usr/lib/swift/host/plugins -plugin-path /root/.local/share/swiftly/toolchains/6.4.x-snapshot-2026-09-04/usr/local/lib/swift/host/plugins -emit-module-doc-path /host/spi-builder-workspace/.build/out/Intermediates.noindex/PacketCaptureBPF.build/Debug-android-aarch64/PacketCaptureBPF-t.build/Objects-normal/aarch64/Modules/PacketCaptureBPF.swiftdoc -emit-module-source-info-path /host/spi-builder-workspace/.build/out/Intermediates.noindex/PacketCaptureBPF.build/Debug-android-aarch64/PacketCaptureBPF-t.build/Objects-normal/aarch64/Modules/PacketCaptureBPF.swiftsourceinfo -emit-objc-header-path /host/spi-builder-workspace/.build/out/Intermediates.noindex/PacketCaptureBPF.build/Debug-android-aarch64/PacketCaptureBPF-t.build/Objects-normal/aarch64/PacketCaptureBPF-Swift.h -serialize-diagnostics-path /host/spi-builder-workspace/.build/out/Intermediates.noindex/PacketCaptureBPF.build/Debug-android-aarch64/PacketCaptureBPF-t.build/Objects-normal/aarch64/PacketCaptureBPF-primary-emit-module.dia -emit-dependencies-path /host/spi-builder-workspace/.build/out/Intermediates.noindex/PacketCaptureBPF.build/Debug-android-aarch64/PacketCaptureBPF-t.build/Objects-normal/aarch64/PacketCaptureBPF-primary-emit-module.d -parse-as-library -o /host/spi-builder-workspace/.build/out/Intermediates.noindex/PacketCaptureBPF.build/Debug-android-aarch64/PacketCaptureBPF-t.build/Objects-normal/aarch64/Modules/PacketCaptureBPF.swiftmodule
error: Build failed
BUILD FAILURE 6.4 android