Build Information
Failed to build spfk-network, reference 1.0.8 (ed23df), with Swift 6.4 for tvOS using Xcode 27.0 on 27 Sep 2026 18:05:51 UTC.
Build Command
env DEVELOPER_DIR=/Applications/Xcode-27.0.0-Release.Candidate.app xcrun xcodebuild -IDEClonedSourcePackagesDirPathOverride=$PWD/.dependencies -skipMacroValidation -skipPackagePluginValidation -derivedDataPath $PWD/.derivedData build -scheme spfk-network -destination generic/platform=tvOSBuild Log
2026-09-27 14:05:41.034 appintentsmetadataprocessor[1503:8140] Starting appintentsmetadataprocessor export
2026-09-27 14:05:41.109 appintentsmetadataprocessor[1503:8140] Extracted no relevant App Intents symbols, skipping writing output
SwiftEmitModule normal arm64 Emitting\ module\ for\ Collections (in target 'Collections' from project 'swift-collections')
SwiftCompile normal arm64 (in target 'Collections' from project 'swift-collections')
cd /Users/admin/builder/spi-builder-workspace/.swiftpm/xcode
SwiftCompile normal arm64 Compiling\ Collections.swift /Users/admin/builder/spi-builder-workspace/.dependencies/checkouts/swift-collections/Sources/Collections/Collections.swift (in target 'Collections' from project 'swift-collections')
SwiftCompile normal arm64 (in target 'Collections' from project 'swift-collections')
cd /Users/admin/builder/spi-builder-workspace/.swiftpm/xcode
SwiftDriverJobDiscovery normal arm64 Emitting module for Collections (in target 'Collections' from project 'swift-collections')
SwiftDriver\ Compilation\ Requirements Collections normal arm64 com.apple.xcode.tools.swift.compiler (in target 'Collections' from project 'swift-collections')
cd /Users/admin/builder/spi-builder-workspace/.swiftpm/xcode
builtin-Swift-Compilation-Requirements -- /Applications/Xcode-27.0.0-Release.Candidate.app/Contents/Developer/Toolchains/XcodeDefault.xctoolchain/usr/bin/swiftc -parse-as-library -module-name Collections -Onone @/Users/admin/builder/spi-builder-workspace/.derivedData/Build/Intermediates.noindex/swift-collections.build/Debug-appletvos/Collections-t.build/Objects-normal/arm64/Collections.SwiftFileList -DSWIFT_PACKAGE -DDEBUG -DSWIFT_MODULE_RESOURCE_BUNDLE_UNAVAILABLE -DCOLLECTIONS_RANDOMIZED_TESTING -DXcode -enable-experimental-feature AvailabilityMacro\=SwiftStdlib\ 5.0:\ macOS\ 10.14.4,\ iOS\ 12.2,\ watchOS\ 5.2,\ tvOS\ 12.2 -enable-experimental-feature AvailabilityMacro\=SwiftStdlib\ 5.1:\ macOS\ 10.15,\ iOS\ 13.0,\ watchOS\ 6.0,\ tvOS\ 13.0 -enable-experimental-feature AvailabilityMacro\=SwiftStdlib\ 5.6:\ macOS\ 12.3,\ iOS\ 15.4,\ watchOS\ 8.5,\ tvOS\ 15.4 -enable-experimental-feature AvailabilityMacro\=SwiftStdlib\ 5.7:\ macOS\ 13.0,\ iOS\ 16.0,\ watchOS\ 9.0,\ tvOS\ 16.0 -enable-experimental-feature AvailabilityMacro\=SwiftStdlib\ 5.8:\ macOS\ 13.3,\ iOS\ 16.4,\ watchOS\ 9.4,\ tvOS\ 16.4 -enable-experimental-feature AvailabilityMacro\=SwiftStdlib\ 5.9:\ macOS\ 14.0,\ iOS\ 17.0,\ watchOS\ 10.0,\ tvOS\ 17.0 -enable-experimental-feature AvailabilityMacro\=SwiftStdlib\ 5.10:\ macOS\ 14.4,\ iOS\ 17.4,\ watchOS\ 10.4,\ tvOS\ 17.4,\ visionOS\ 1.1 -enable-experimental-feature AvailabilityMacro\=SwiftStdlib\ 6.0:\ macOS\ 15.0,\ iOS\ 18.0,\ watchOS\ 11.0,\ tvOS\ 18.0,\ visionOS\ 2.0 -enable-experimental-feature AvailabilityMacro\=SwiftStdlib\ 6.1:\ macOS\ 15.4,\ iOS\ 18.4,\ watchOS\ 11.4,\ tvOS\ 18.4,\ visionOS\ 2.4 -enable-experimental-feature AvailabilityMacro\=SwiftStdlib\ 6.2:\ macOS\ 26.0,\ iOS\ 26.0,\ watchOS\ 26.0,\ tvOS\ 26.0,\ visionOS\ 26.0 -enable-experimental-feature AvailabilityMacro\=SwiftStdlib\ 6.3:\ macOS\ 26.4,\ iOS\ 26.4,\ watchOS\ 26.4,\ tvOS\ 26.4,\ visionOS\ 26.4 -enable-experimental-feature AvailabilityMacro\=SwiftStdlib\ 6.4:\ macOS\ 27.0,\ iOS\ 27.0,\ watchOS\ 27.0,\ tvOS\ 27.0,\ visionOS\ 27.0 -enable-experimental-feature AvailabilityMacro\=SwiftStdlib\ 6.5:\ macOS\ 9999,\ iOS\ 9999,\ watchOS\ 9999,\ tvOS\ 9999,\ visionOS\ 9999 -enable-upcoming-feature MemberImportVisibility -enable-experimental-feature BuiltinModule -enable-experimental-feature Lifetimes -enable-experimental-feature InoutLifetimeDependence -enable-experimental-feature AddressableParameters -enable-experimental-feature AddressableTypes -enable-experimental-feature SuppressedAssociatedTypesWithDefaults -enable-experimental-feature BorrowingSequence -plugin-path /Applications/Xcode-27.0.0-Release.Candidate.app/Contents/Developer/Toolchains/XcodeDefault.xctoolchain/usr/lib/swift/host/plugins/testing -enable-experimental-feature DebugDescriptionMacro -sdk /Applications/Xcode-27.0.0-Release.Candidate.app/Contents/Developer/Platforms/AppleTVOS.platform/Developer/SDKs/AppleTVOS27.0.sdk -target arm64-apple-tvos15.0 -g -module-cache-path /Users/admin/builder/spi-builder-workspace/.derivedData/ModuleCache.noindex -Xfrontend -serialize-debugging-options -profile-coverage-mapping -profile-generate -enable-testing -suppress-warnings -index-store-path /Users/admin/builder/spi-builder-workspace/.derivedData/Index.noindex/DataStore -Xcc -D_LIBCPP_HARDENING_MODE\=_LIBCPP_HARDENING_MODE_DEBUG -swift-version 6 -I /Users/admin/builder/spi-builder-workspace/.derivedData/Build/Products/Debug-appletvos -Isystem /Applications/Xcode-27.0.0-Release.Candidate.app/Contents/Developer/Platforms/AppleTVOS.platform/Developer/usr/lib -F /Users/admin/builder/spi-builder-workspace/.derivedData/Build/Products/Debug-appletvos/PackageFrameworks -F /Users/admin/builder/spi-builder-workspace/.derivedData/Build/Products/Debug-appletvos -F /Applications/Xcode-27.0.0-Release.Candidate.app/Contents/Developer/Platforms/AppleTVOS.platform/Developer/Library/Frameworks -F /Applications/Xcode-27.0.0-Release.Candidate.app/Contents/Developer/Platforms/AppleTVOS.platform/Developer/SDKs/AppleTVOS27.0.sdk/Developer/Library/Frameworks -c -j10 -enable-batch-mode -incremental -Xcc -ivfsstatcache -Xcc /Users/admin/builder/spi-builder-workspace/.derivedData/SDKStatCaches.noindex/appletvos27.0-24J360-e829b21a6f8c9b70876ba0858053c044b32bfd8d43560033f8d89884cdb90028.sdkstatcache -output-file-map /Users/admin/builder/spi-builder-workspace/.derivedData/Build/Intermediates.noindex/swift-collections.build/Debug-appletvos/Collections-t.build/Objects-normal/arm64/Collections-OutputFileMap.json -save-temps -no-color-diagnostics -explicit-module-build -module-cache-path /Users/admin/builder/spi-builder-workspace/.derivedData/Build/Intermediates.noindex/SwiftExplicitPrecompiledModules -clang-scanner-module-cache-path /Users/admin/builder/spi-builder-workspace/.derivedData/ModuleCache.noindex -sdk-module-cache-path /Users/admin/builder/spi-builder-workspace/.derivedData/SDKExplicitPrecompiledModules -emit-dependencies -emit-module -emit-module-path /Users/admin/builder/spi-builder-workspace/.derivedData/Build/Intermediates.noindex/swift-collections.build/Debug-appletvos/Collections-t.build/Objects-normal/arm64/Collections.swiftmodule -serialize-diagnostics -dependency-scan-serialize-diagnostics-path /Users/admin/builder/spi-builder-workspace/.derivedData/Build/Intermediates.noindex/swift-collections.build/Debug-appletvos/Collections-t.build/Objects-normal/arm64/Collections-dependency-scan.dia -user-module-version 1.7.1 -validate-clang-modules-once -clang-build-session-file /Users/admin/builder/spi-builder-workspace/.derivedData/ModuleCache.noindex/Session.modulevalidation -Xcc -fmodules-prune-interval\=86400 -Xcc -fmodules-prune-after\=345600 -package-name swift_collections -emit-const-values -const-gather-protocols-list /Users/admin/builder/spi-builder-workspace/.derivedData/Build/Intermediates.noindex/swift-collections.build/Debug-appletvos/Collections-t.build/Objects-normal/arm64/Collections_const_extract_protocols.json -Xcc -I/Users/admin/builder/spi-builder-workspace/.derivedData/Build/Products/Debug-appletvos/include -Xcc -I/Users/admin/builder/spi-builder-workspace/.derivedData/Build/Intermediates.noindex/swift-collections.build/Debug-appletvos/Collections-t.build/DerivedSources-normal/arm64 -Xcc -I/Users/admin/builder/spi-builder-workspace/.derivedData/Build/Intermediates.noindex/swift-collections.build/Debug-appletvos/Collections-t.build/DerivedSources/arm64 -Xcc -I/Users/admin/builder/spi-builder-workspace/.derivedData/Build/Intermediates.noindex/swift-collections.build/Debug-appletvos/Collections-t.build/DerivedSources -Xcc -DSWIFT_PACKAGE -Xcc -DDEBUG\=1 -emit-objc-header -emit-objc-header-path /Users/admin/builder/spi-builder-workspace/.derivedData/Build/Intermediates.noindex/swift-collections.build/Debug-appletvos/Collections-t.build/Objects-normal/arm64/Collections-Swift.h -working-directory /Users/admin/builder/spi-builder-workspace/.swiftpm/xcode -experimental-emit-module-separately -disable-cmo
SwiftDriverJobDiscovery normal arm64 Compiling Collections.swift (in target 'Collections' from project 'swift-collections')
SwiftDriver\ Compilation Collections normal arm64 com.apple.xcode.tools.swift.compiler (in target 'Collections' from project 'swift-collections')
cd /Users/admin/builder/spi-builder-workspace/.swiftpm/xcode
builtin-Swift-Compilation -- /Applications/Xcode-27.0.0-Release.Candidate.app/Contents/Developer/Toolchains/XcodeDefault.xctoolchain/usr/bin/swiftc -parse-as-library -module-name Collections -Onone @/Users/admin/builder/spi-builder-workspace/.derivedData/Build/Intermediates.noindex/swift-collections.build/Debug-appletvos/Collections-t.build/Objects-normal/arm64/Collections.SwiftFileList -DSWIFT_PACKAGE -DDEBUG -DSWIFT_MODULE_RESOURCE_BUNDLE_UNAVAILABLE -DCOLLECTIONS_RANDOMIZED_TESTING -DXcode -enable-experimental-feature AvailabilityMacro\=SwiftStdlib\ 5.0:\ macOS\ 10.14.4,\ iOS\ 12.2,\ watchOS\ 5.2,\ tvOS\ 12.2 -enable-experimental-feature AvailabilityMacro\=SwiftStdlib\ 5.1:\ macOS\ 10.15,\ iOS\ 13.0,\ watchOS\ 6.0,\ tvOS\ 13.0 -enable-experimental-feature AvailabilityMacro\=SwiftStdlib\ 5.6:\ macOS\ 12.3,\ iOS\ 15.4,\ watchOS\ 8.5,\ tvOS\ 15.4 -enable-experimental-feature AvailabilityMacro\=SwiftStdlib\ 5.7:\ macOS\ 13.0,\ iOS\ 16.0,\ watchOS\ 9.0,\ tvOS\ 16.0 -enable-experimental-feature AvailabilityMacro\=SwiftStdlib\ 5.8:\ macOS\ 13.3,\ iOS\ 16.4,\ watchOS\ 9.4,\ tvOS\ 16.4 -enable-experimental-feature AvailabilityMacro\=SwiftStdlib\ 5.9:\ macOS\ 14.0,\ iOS\ 17.0,\ watchOS\ 10.0,\ tvOS\ 17.0 -enable-experimental-feature AvailabilityMacro\=SwiftStdlib\ 5.10:\ macOS\ 14.4,\ iOS\ 17.4,\ watchOS\ 10.4,\ tvOS\ 17.4,\ visionOS\ 1.1 -enable-experimental-feature AvailabilityMacro\=SwiftStdlib\ 6.0:\ macOS\ 15.0,\ iOS\ 18.0,\ watchOS\ 11.0,\ tvOS\ 18.0,\ visionOS\ 2.0 -enable-experimental-feature AvailabilityMacro\=SwiftStdlib\ 6.1:\ macOS\ 15.4,\ iOS\ 18.4,\ watchOS\ 11.4,\ tvOS\ 18.4,\ visionOS\ 2.4 -enable-experimental-feature AvailabilityMacro\=SwiftStdlib\ 6.2:\ macOS\ 26.0,\ iOS\ 26.0,\ watchOS\ 26.0,\ tvOS\ 26.0,\ visionOS\ 26.0 -enable-experimental-feature AvailabilityMacro\=SwiftStdlib\ 6.3:\ macOS\ 26.4,\ iOS\ 26.4,\ watchOS\ 26.4,\ tvOS\ 26.4,\ visionOS\ 26.4 -enable-experimental-feature AvailabilityMacro\=SwiftStdlib\ 6.4:\ macOS\ 27.0,\ iOS\ 27.0,\ watchOS\ 27.0,\ tvOS\ 27.0,\ visionOS\ 27.0 -enable-experimental-feature AvailabilityMacro\=SwiftStdlib\ 6.5:\ macOS\ 9999,\ iOS\ 9999,\ watchOS\ 9999,\ tvOS\ 9999,\ visionOS\ 9999 -enable-upcoming-feature MemberImportVisibility -enable-experimental-feature BuiltinModule -enable-experimental-feature Lifetimes -enable-experimental-feature InoutLifetimeDependence -enable-experimental-feature AddressableParameters -enable-experimental-feature AddressableTypes -enable-experimental-feature SuppressedAssociatedTypesWithDefaults -enable-experimental-feature BorrowingSequence -plugin-path /Applications/Xcode-27.0.0-Release.Candidate.app/Contents/Developer/Toolchains/XcodeDefault.xctoolchain/usr/lib/swift/host/plugins/testing -enable-experimental-feature DebugDescriptionMacro -sdk /Applications/Xcode-27.0.0-Release.Candidate.app/Contents/Developer/Platforms/AppleTVOS.platform/Developer/SDKs/AppleTVOS27.0.sdk -target arm64-apple-tvos15.0 -g -module-cache-path /Users/admin/builder/spi-builder-workspace/.derivedData/ModuleCache.noindex -Xfrontend -serialize-debugging-options -profile-coverage-mapping -profile-generate -enable-testing -suppress-warnings -index-store-path /Users/admin/builder/spi-builder-workspace/.derivedData/Index.noindex/DataStore -Xcc -D_LIBCPP_HARDENING_MODE\=_LIBCPP_HARDENING_MODE_DEBUG -swift-version 6 -I /Users/admin/builder/spi-builder-workspace/.derivedData/Build/Products/Debug-appletvos -Isystem /Applications/Xcode-27.0.0-Release.Candidate.app/Contents/Developer/Platforms/AppleTVOS.platform/Developer/usr/lib -F /Users/admin/builder/spi-builder-workspace/.derivedData/Build/Products/Debug-appletvos/PackageFrameworks -F /Users/admin/builder/spi-builder-workspace/.derivedData/Build/Products/Debug-appletvos -F /Applications/Xcode-27.0.0-Release.Candidate.app/Contents/Developer/Platforms/AppleTVOS.platform/Developer/Library/Frameworks -F /Applications/Xcode-27.0.0-Release.Candidate.app/Contents/Developer/Platforms/AppleTVOS.platform/Developer/SDKs/AppleTVOS27.0.sdk/Developer/Library/Frameworks -c -j10 -enable-batch-mode -incremental -Xcc -ivfsstatcache -Xcc /Users/admin/builder/spi-builder-workspace/.derivedData/SDKStatCaches.noindex/appletvos27.0-24J360-e829b21a6f8c9b70876ba0858053c044b32bfd8d43560033f8d89884cdb90028.sdkstatcache -output-file-map /Users/admin/builder/spi-builder-workspace/.derivedData/Build/Intermediates.noindex/swift-collections.build/Debug-appletvos/Collections-t.build/Objects-normal/arm64/Collections-OutputFileMap.json -save-temps -no-color-diagnostics -explicit-module-build -module-cache-path /Users/admin/builder/spi-builder-workspace/.derivedData/Build/Intermediates.noindex/SwiftExplicitPrecompiledModules -clang-scanner-module-cache-path /Users/admin/builder/spi-builder-workspace/.derivedData/ModuleCache.noindex -sdk-module-cache-path /Users/admin/builder/spi-builder-workspace/.derivedData/SDKExplicitPrecompiledModules -emit-dependencies -emit-module -emit-module-path /Users/admin/builder/spi-builder-workspace/.derivedData/Build/Intermediates.noindex/swift-collections.build/Debug-appletvos/Collections-t.build/Objects-normal/arm64/Collections.swiftmodule -serialize-diagnostics -dependency-scan-serialize-diagnostics-path /Users/admin/builder/spi-builder-workspace/.derivedData/Build/Intermediates.noindex/swift-collections.build/Debug-appletvos/Collections-t.build/Objects-normal/arm64/Collections-dependency-scan.dia -user-module-version 1.7.1 -validate-clang-modules-once -clang-build-session-file /Users/admin/builder/spi-builder-workspace/.derivedData/ModuleCache.noindex/Session.modulevalidation -Xcc -fmodules-prune-interval\=86400 -Xcc -fmodules-prune-after\=345600 -package-name swift_collections -emit-const-values -const-gather-protocols-list /Users/admin/builder/spi-builder-workspace/.derivedData/Build/Intermediates.noindex/swift-collections.build/Debug-appletvos/Collections-t.build/Objects-normal/arm64/Collections_const_extract_protocols.json -Xcc -I/Users/admin/builder/spi-builder-workspace/.derivedData/Build/Products/Debug-appletvos/include -Xcc -I/Users/admin/builder/spi-builder-workspace/.derivedData/Build/Intermediates.noindex/swift-collections.build/Debug-appletvos/Collections-t.build/DerivedSources-normal/arm64 -Xcc -I/Users/admin/builder/spi-builder-workspace/.derivedData/Build/Intermediates.noindex/swift-collections.build/Debug-appletvos/Collections-t.build/DerivedSources/arm64 -Xcc -I/Users/admin/builder/spi-builder-workspace/.derivedData/Build/Intermediates.noindex/swift-collections.build/Debug-appletvos/Collections-t.build/DerivedSources -Xcc -DSWIFT_PACKAGE -Xcc -DDEBUG\=1 -emit-objc-header -emit-objc-header-path /Users/admin/builder/spi-builder-workspace/.derivedData/Build/Intermediates.noindex/swift-collections.build/Debug-appletvos/Collections-t.build/Objects-normal/arm64/Collections-Swift.h -working-directory /Users/admin/builder/spi-builder-workspace/.swiftpm/xcode -experimental-emit-module-separately -disable-cmo
SwiftMergeGeneratedHeaders /Users/admin/builder/spi-builder-workspace/.derivedData/Build/Intermediates.noindex/GeneratedModuleMaps-appletvos/Collections-Swift.h /Users/admin/builder/spi-builder-workspace/.derivedData/Build/Intermediates.noindex/swift-collections.build/Debug-appletvos/Collections-t.build/Objects-normal/arm64/Collections-Swift.h (in target 'Collections' from project 'swift-collections')
cd /Users/admin/builder/spi-builder-workspace/.dependencies/checkouts/swift-collections
builtin-swiftHeaderTool -arch arm64 /Users/admin/builder/spi-builder-workspace/.derivedData/Build/Intermediates.noindex/swift-collections.build/Debug-appletvos/Collections-t.build/Objects-normal/arm64/Collections-Swift.h -o /Users/admin/builder/spi-builder-workspace/.derivedData/Build/Intermediates.noindex/GeneratedModuleMaps-appletvos/Collections-Swift.h
Copy /Users/admin/builder/spi-builder-workspace/.derivedData/Build/Products/Debug-appletvos/Collections.swiftmodule/arm64-apple-tvos.swiftmodule /Users/admin/builder/spi-builder-workspace/.derivedData/Build/Intermediates.noindex/swift-collections.build/Debug-appletvos/Collections-t.build/Objects-normal/arm64/Collections.swiftmodule (in target 'Collections' from project 'swift-collections')
cd /Users/admin/builder/spi-builder-workspace/.dependencies/checkouts/swift-collections
builtin-copy -exclude .DS_Store -exclude CVS -exclude .svn -exclude .git -exclude .hg -resolve-src-symlinks -rename /Users/admin/builder/spi-builder-workspace/.derivedData/Build/Intermediates.noindex/swift-collections.build/Debug-appletvos/Collections-t.build/Objects-normal/arm64/Collections.swiftmodule /Users/admin/builder/spi-builder-workspace/.derivedData/Build/Products/Debug-appletvos/Collections.swiftmodule/arm64-apple-tvos.swiftmodule
Copy /Users/admin/builder/spi-builder-workspace/.derivedData/Build/Products/Debug-appletvos/Collections.swiftmodule/arm64-apple-tvos.swiftdoc /Users/admin/builder/spi-builder-workspace/.derivedData/Build/Intermediates.noindex/swift-collections.build/Debug-appletvos/Collections-t.build/Objects-normal/arm64/Collections.swiftdoc (in target 'Collections' from project 'swift-collections')
cd /Users/admin/builder/spi-builder-workspace/.dependencies/checkouts/swift-collections
builtin-copy -exclude .DS_Store -exclude CVS -exclude .svn -exclude .git -exclude .hg -resolve-src-symlinks -rename /Users/admin/builder/spi-builder-workspace/.derivedData/Build/Intermediates.noindex/swift-collections.build/Debug-appletvos/Collections-t.build/Objects-normal/arm64/Collections.swiftdoc /Users/admin/builder/spi-builder-workspace/.derivedData/Build/Products/Debug-appletvos/Collections.swiftmodule/arm64-apple-tvos.swiftdoc
Copy /Users/admin/builder/spi-builder-workspace/.derivedData/Build/Products/Debug-appletvos/Collections.swiftmodule/arm64-apple-tvos.abi.json /Users/admin/builder/spi-builder-workspace/.derivedData/Build/Intermediates.noindex/swift-collections.build/Debug-appletvos/Collections-t.build/Objects-normal/arm64/Collections.abi.json (in target 'Collections' from project 'swift-collections')
cd /Users/admin/builder/spi-builder-workspace/.dependencies/checkouts/swift-collections
builtin-copy -exclude .DS_Store -exclude CVS -exclude .svn -exclude .git -exclude .hg -resolve-src-symlinks -rename /Users/admin/builder/spi-builder-workspace/.derivedData/Build/Intermediates.noindex/swift-collections.build/Debug-appletvos/Collections-t.build/Objects-normal/arm64/Collections.abi.json /Users/admin/builder/spi-builder-workspace/.derivedData/Build/Products/Debug-appletvos/Collections.swiftmodule/arm64-apple-tvos.abi.json
Copy /Users/admin/builder/spi-builder-workspace/.derivedData/Build/Products/Debug-appletvos/Collections.swiftmodule/Project/arm64-apple-tvos.swiftsourceinfo /Users/admin/builder/spi-builder-workspace/.derivedData/Build/Intermediates.noindex/swift-collections.build/Debug-appletvos/Collections-t.build/Objects-normal/arm64/Collections.swiftsourceinfo (in target 'Collections' from project 'swift-collections')
cd /Users/admin/builder/spi-builder-workspace/.dependencies/checkouts/swift-collections
builtin-copy -exclude .DS_Store -exclude CVS -exclude .svn -exclude .git -exclude .hg -resolve-src-symlinks -rename /Users/admin/builder/spi-builder-workspace/.derivedData/Build/Intermediates.noindex/swift-collections.build/Debug-appletvos/Collections-t.build/Objects-normal/arm64/Collections.swiftsourceinfo /Users/admin/builder/spi-builder-workspace/.derivedData/Build/Products/Debug-appletvos/Collections.swiftmodule/Project/arm64-apple-tvos.swiftsourceinfo
Ld /Users/admin/builder/spi-builder-workspace/.derivedData/Build/Products/Debug-appletvos/Collections.o normal (in target 'Collections' from project 'swift-collections')
cd /Users/admin/builder/spi-builder-workspace/.dependencies/checkouts/swift-collections
/Applications/Xcode-27.0.0-Release.Candidate.app/Contents/Developer/Toolchains/XcodeDefault.xctoolchain/usr/bin/clang -Xlinker -reproducible -target arm64-apple-tvos15.0 -r -isysroot /Applications/Xcode-27.0.0-Release.Candidate.app/Contents/Developer/Platforms/AppleTVOS.platform/Developer/SDKs/AppleTVOS27.0.sdk -O0 -w -Xlinker -no_warn_duplicate_libraries -F/Users/admin/builder/spi-builder-workspace/.derivedData/Build/Intermediates.noindex/EagerLinkingTBDs/Debug-appletvos -F/Users/admin/builder/spi-builder-workspace/.derivedData/Build/Products/Debug-appletvos/PackageFrameworks -F/Users/admin/builder/spi-builder-workspace/.derivedData/Build/Products/Debug-appletvos -iframework /Applications/Xcode-27.0.0-Release.Candidate.app/Contents/Developer/Platforms/AppleTVOS.platform/Developer/Library/Frameworks -iframework /Applications/Xcode-27.0.0-Release.Candidate.app/Contents/Developer/Platforms/AppleTVOS.platform/Developer/SDKs/AppleTVOS27.0.sdk/Developer/Library/Frameworks -filelist /Users/admin/builder/spi-builder-workspace/.derivedData/Build/Intermediates.noindex/swift-collections.build/Debug-appletvos/Collections-t.build/Objects-normal/arm64/Collections.LinkFileList -nostdlib -Xlinker -object_path_lto -Xlinker /Users/admin/builder/spi-builder-workspace/.derivedData/Build/Intermediates.noindex/swift-collections.build/Debug-appletvos/Collections-t.build/Objects-normal/arm64/Collections_lto.o -Xlinker -no_deduplicate -Xlinker -debug_variant -Xlinker -dependency_info -Xlinker /Users/admin/builder/spi-builder-workspace/.derivedData/Build/Intermediates.noindex/swift-collections.build/Debug-appletvos/Collections-t.build/Objects-normal/arm64/Collections_dependency_info.dat -fobjc-link-runtime -L/Applications/Xcode-27.0.0-Release.Candidate.app/Contents/Developer/Toolchains/XcodeDefault.xctoolchain/usr/lib/swift/appletvos -L/usr/lib/swift -Xlinker -add_ast_path -Xlinker /Users/admin/builder/spi-builder-workspace/.derivedData/Build/Intermediates.noindex/swift-collections.build/Debug-appletvos/Collections-t.build/Objects-normal/arm64/Collections.swiftmodule -o /Users/admin/builder/spi-builder-workspace/.derivedData/Build/Products/Debug-appletvos/Collections.o
ExtractAppIntentsMetadata (in target 'Collections' from project 'swift-collections')
cd /Users/admin/builder/spi-builder-workspace/.dependencies/checkouts/swift-collections
/Applications/Xcode-27.0.0-Release.Candidate.app/Contents/Developer/Toolchains/XcodeDefault.xctoolchain/usr/bin/appintentsmetadataprocessor --toolchain-dir /var/run/com.apple.security.cryptexd/mnt/com.apple.MobileAsset.MetalToolchain-v27.1.266.1.0eyej7/Metal.xctoolchain --module-name Collections --sdk-root /Applications/Xcode-27.0.0-Release.Candidate.app/Contents/Developer/Platforms/AppleTVOS.platform/Developer/SDKs/AppleTVOS27.0.sdk --xcode-version 27A266a --platform-family tvOS --deployment-target 15.0 --bundle-identifier swift-collections.Collections --output /Users/admin/builder/spi-builder-workspace/.derivedData/Build/Products/Debug-appletvos/Collections.appintents --target-triple arm64-apple-tvos15.0 --binary-file /Users/admin/builder/spi-builder-workspace/.derivedData/Build/Products/Debug-appletvos/Collections.o --dependency-file /Users/admin/builder/spi-builder-workspace/.derivedData/Build/Intermediates.noindex/swift-collections.build/Debug-appletvos/Collections-t.build/Objects-normal/arm64/Collections_dependency_info.dat --stringsdata-file /Users/admin/builder/spi-builder-workspace/.derivedData/Build/Intermediates.noindex/swift-collections.build/Debug-appletvos/Collections-t.build/Objects-normal/arm64/ExtractedAppShortcutsMetadata.stringsdata --source-file-list /Users/admin/builder/spi-builder-workspace/.derivedData/Build/Intermediates.noindex/swift-collections.build/Debug-appletvos/Collections-t.build/Objects-normal/arm64/Collections.SwiftFileList --metadata-file-list /Users/admin/builder/spi-builder-workspace/.derivedData/Build/Intermediates.noindex/swift-collections.build/Debug-appletvos/Collections-t.build/Collections.DependencyMetadataFileList --static-metadata-file-list /Users/admin/builder/spi-builder-workspace/.derivedData/Build/Intermediates.noindex/swift-collections.build/Debug-appletvos/Collections-t.build/Collections.DependencyStaticMetadataFileList --swift-const-vals-list /Users/admin/builder/spi-builder-workspace/.derivedData/Build/Intermediates.noindex/swift-collections.build/Debug-appletvos/Collections-t.build/Objects-normal/arm64/Collections.SwiftConstValuesFileList --force --compile-time-extraction --deployment-aware-processing --no-app-shortcuts-localization
2026-09-27 14:05:41.163 appintentsmetadataprocessor[1508:8198] Starting appintentsmetadataprocessor export
2026-09-27 14:05:41.232 appintentsmetadataprocessor[1508:8198] Extracted no relevant App Intents symbols, skipping writing output
SwiftCompile normal arm64 Compiling\ MergeStorage.swift,\ MultiProducerSingleConsumerAsyncChannel+Internal.swift,\ MultiProducerSingleConsumerAsyncChannel.swift,\ RangeReplaceableCollection.swift,\ Rethrow.swift,\ SetAlgebra.swift /Users/admin/builder/spi-builder-workspace/.dependencies/checkouts/swift-async-algorithms/Sources/AsyncAlgorithms/Merge/MergeStorage.swift /Users/admin/builder/spi-builder-workspace/.dependencies/checkouts/swift-async-algorithms/Sources/AsyncAlgorithms/MultiProducerSingleConsumerChannel/MultiProducerSingleConsumerAsyncChannel+Internal.swift /Users/admin/builder/spi-builder-workspace/.dependencies/checkouts/swift-async-algorithms/Sources/AsyncAlgorithms/MultiProducerSingleConsumerChannel/MultiProducerSingleConsumerAsyncChannel.swift /Users/admin/builder/spi-builder-workspace/.dependencies/checkouts/swift-async-algorithms/Sources/AsyncAlgorithms/RangeReplaceableCollection.swift /Users/admin/builder/spi-builder-workspace/.dependencies/checkouts/swift-async-algorithms/Sources/AsyncAlgorithms/Rethrow.swift /Users/admin/builder/spi-builder-workspace/.dependencies/checkouts/swift-async-algorithms/Sources/AsyncAlgorithms/SetAlgebra.swift (in target 'AsyncAlgorithms' from project 'swift-async-algorithms')
SwiftCompile normal arm64 /Users/admin/builder/spi-builder-workspace/.dependencies/checkouts/swift-async-algorithms/Sources/AsyncAlgorithms/Merge/MergeStorage.swift (in target 'AsyncAlgorithms' from project 'swift-async-algorithms')
cd /Users/admin/builder/spi-builder-workspace/.swiftpm/xcode
builtin-SwiftPerFileCompile MergeStorage.swift
SwiftCompile normal arm64 /Users/admin/builder/spi-builder-workspace/.dependencies/checkouts/swift-async-algorithms/Sources/AsyncAlgorithms/MultiProducerSingleConsumerChannel/MultiProducerSingleConsumerAsyncChannel+Internal.swift (in target 'AsyncAlgorithms' from project 'swift-async-algorithms')
cd /Users/admin/builder/spi-builder-workspace/.swiftpm/xcode
builtin-SwiftPerFileCompile MultiProducerSingleConsumerAsyncChannel+Internal.swift
SwiftCompile normal arm64 /Users/admin/builder/spi-builder-workspace/.dependencies/checkouts/swift-async-algorithms/Sources/AsyncAlgorithms/MultiProducerSingleConsumerChannel/MultiProducerSingleConsumerAsyncChannel.swift (in target 'AsyncAlgorithms' from project 'swift-async-algorithms')
cd /Users/admin/builder/spi-builder-workspace/.swiftpm/xcode
builtin-SwiftPerFileCompile MultiProducerSingleConsumerAsyncChannel.swift
SwiftCompile normal arm64 /Users/admin/builder/spi-builder-workspace/.dependencies/checkouts/swift-async-algorithms/Sources/AsyncAlgorithms/RangeReplaceableCollection.swift (in target 'AsyncAlgorithms' from project 'swift-async-algorithms')
cd /Users/admin/builder/spi-builder-workspace/.swiftpm/xcode
builtin-SwiftPerFileCompile RangeReplaceableCollection.swift
SwiftCompile normal arm64 /Users/admin/builder/spi-builder-workspace/.dependencies/checkouts/swift-async-algorithms/Sources/AsyncAlgorithms/Rethrow.swift (in target 'AsyncAlgorithms' from project 'swift-async-algorithms')
cd /Users/admin/builder/spi-builder-workspace/.swiftpm/xcode
builtin-SwiftPerFileCompile Rethrow.swift
SwiftCompile normal arm64 /Users/admin/builder/spi-builder-workspace/.dependencies/checkouts/swift-async-algorithms/Sources/AsyncAlgorithms/SetAlgebra.swift (in target 'AsyncAlgorithms' from project 'swift-async-algorithms')
cd /Users/admin/builder/spi-builder-workspace/.swiftpm/xcode
builtin-SwiftPerFileCompile SetAlgebra.swift
SwiftEmitModule normal arm64 Emitting\ module\ for\ AsyncAlgorithms (in target 'AsyncAlgorithms' from project 'swift-async-algorithms')
SwiftCompile normal arm64 (in target 'AsyncAlgorithms' from project 'swift-async-algorithms')
cd /Users/admin/builder/spi-builder-workspace/.swiftpm/xcode
SwiftCompile normal arm64 Compiling\ UnsafeTransfer.swift,\ AsyncZip2Sequence.swift,\ AsyncZip3Sequence.swift,\ ZipStateMachine.swift,\ ZipStorage.swift /Users/admin/builder/spi-builder-workspace/.dependencies/checkouts/swift-async-algorithms/Sources/AsyncAlgorithms/UnsafeTransfer.swift /Users/admin/builder/spi-builder-workspace/.dependencies/checkouts/swift-async-algorithms/Sources/AsyncAlgorithms/Zip/AsyncZip2Sequence.swift /Users/admin/builder/spi-builder-workspace/.dependencies/checkouts/swift-async-algorithms/Sources/AsyncAlgorithms/Zip/AsyncZip3Sequence.swift /Users/admin/builder/spi-builder-workspace/.dependencies/checkouts/swift-async-algorithms/Sources/AsyncAlgorithms/Zip/ZipStateMachine.swift /Users/admin/builder/spi-builder-workspace/.dependencies/checkouts/swift-async-algorithms/Sources/AsyncAlgorithms/Zip/ZipStorage.swift (in target 'AsyncAlgorithms' from project 'swift-async-algorithms')
SwiftCompile normal arm64 /Users/admin/builder/spi-builder-workspace/.dependencies/checkouts/swift-async-algorithms/Sources/AsyncAlgorithms/UnsafeTransfer.swift (in target 'AsyncAlgorithms' from project 'swift-async-algorithms')
cd /Users/admin/builder/spi-builder-workspace/.swiftpm/xcode
builtin-SwiftPerFileCompile UnsafeTransfer.swift
SwiftCompile normal arm64 /Users/admin/builder/spi-builder-workspace/.dependencies/checkouts/swift-async-algorithms/Sources/AsyncAlgorithms/Zip/AsyncZip2Sequence.swift (in target 'AsyncAlgorithms' from project 'swift-async-algorithms')
cd /Users/admin/builder/spi-builder-workspace/.swiftpm/xcode
builtin-SwiftPerFileCompile AsyncZip2Sequence.swift
SwiftCompile normal arm64 /Users/admin/builder/spi-builder-workspace/.dependencies/checkouts/swift-async-algorithms/Sources/AsyncAlgorithms/Zip/AsyncZip3Sequence.swift (in target 'AsyncAlgorithms' from project 'swift-async-algorithms')
cd /Users/admin/builder/spi-builder-workspace/.swiftpm/xcode
builtin-SwiftPerFileCompile AsyncZip3Sequence.swift
SwiftCompile normal arm64 /Users/admin/builder/spi-builder-workspace/.dependencies/checkouts/swift-async-algorithms/Sources/AsyncAlgorithms/Zip/ZipStateMachine.swift (in target 'AsyncAlgorithms' from project 'swift-async-algorithms')
cd /Users/admin/builder/spi-builder-workspace/.swiftpm/xcode
builtin-SwiftPerFileCompile ZipStateMachine.swift
SwiftCompile normal arm64 /Users/admin/builder/spi-builder-workspace/.dependencies/checkouts/swift-async-algorithms/Sources/AsyncAlgorithms/Zip/ZipStorage.swift (in target 'AsyncAlgorithms' from project 'swift-async-algorithms')
cd /Users/admin/builder/spi-builder-workspace/.swiftpm/xcode
builtin-SwiftPerFileCompile ZipStorage.swift
SwiftCompile normal arm64 Compiling\ AsyncThrowingExclusiveReductionsSequence.swift,\ AsyncThrowingInclusiveReductionsSequence.swift,\ AsyncTimerSequence.swift,\ AsyncBufferSequence.swift,\ BoundedBufferStateMachine.swift,\ BoundedBufferStorage.swift /Users/admin/builder/spi-builder-workspace/.dependencies/checkouts/swift-async-algorithms/Sources/AsyncAlgorithms/AsyncThrowingExclusiveReductionsSequence.swift /Users/admin/builder/spi-builder-workspace/.dependencies/checkouts/swift-async-algorithms/Sources/AsyncAlgorithms/AsyncThrowingInclusiveReductionsSequence.swift /Users/admin/builder/spi-builder-workspace/.dependencies/checkouts/swift-async-algorithms/Sources/AsyncAlgorithms/AsyncTimerSequence.swift /Users/admin/builder/spi-builder-workspace/.dependencies/checkouts/swift-async-algorithms/Sources/AsyncAlgorithms/Buffer/AsyncBufferSequence.swift /Users/admin/builder/spi-builder-workspace/.dependencies/checkouts/swift-async-algorithms/Sources/AsyncAlgorithms/Buffer/BoundedBufferStateMachine.swift /Users/admin/builder/spi-builder-workspace/.dependencies/checkouts/swift-async-algorithms/Sources/AsyncAlgorithms/Buffer/BoundedBufferStorage.swift (in target 'AsyncAlgorithms' from project 'swift-async-algorithms')
SwiftCompile normal arm64 /Users/admin/builder/spi-builder-workspace/.dependencies/checkouts/swift-async-algorithms/Sources/AsyncAlgorithms/AsyncThrowingExclusiveReductionsSequence.swift (in target 'AsyncAlgorithms' from project 'swift-async-algorithms')
cd /Users/admin/builder/spi-builder-workspace/.swiftpm/xcode
builtin-SwiftPerFileCompile AsyncThrowingExclusiveReductionsSequence.swift
SwiftCompile normal arm64 /Users/admin/builder/spi-builder-workspace/.dependencies/checkouts/swift-async-algorithms/Sources/AsyncAlgorithms/AsyncThrowingInclusiveReductionsSequence.swift (in target 'AsyncAlgorithms' from project 'swift-async-algorithms')
cd /Users/admin/builder/spi-builder-workspace/.swiftpm/xcode
builtin-SwiftPerFileCompile AsyncThrowingInclusiveReductionsSequence.swift
SwiftCompile normal arm64 /Users/admin/builder/spi-builder-workspace/.dependencies/checkouts/swift-async-algorithms/Sources/AsyncAlgorithms/AsyncTimerSequence.swift (in target 'AsyncAlgorithms' from project 'swift-async-algorithms')
cd /Users/admin/builder/spi-builder-workspace/.swiftpm/xcode
builtin-SwiftPerFileCompile AsyncTimerSequence.swift
SwiftCompile normal arm64 /Users/admin/builder/spi-builder-workspace/.dependencies/checkouts/swift-async-algorithms/Sources/AsyncAlgorithms/Buffer/AsyncBufferSequence.swift (in target 'AsyncAlgorithms' from project 'swift-async-algorithms')
cd /Users/admin/builder/spi-builder-workspace/.swiftpm/xcode
builtin-SwiftPerFileCompile AsyncBufferSequence.swift
SwiftCompile normal arm64 /Users/admin/builder/spi-builder-workspace/.dependencies/checkouts/swift-async-algorithms/Sources/AsyncAlgorithms/Buffer/BoundedBufferStateMachine.swift (in target 'AsyncAlgorithms' from project 'swift-async-algorithms')
cd /Users/admin/builder/spi-builder-workspace/.swiftpm/xcode
builtin-SwiftPerFileCompile BoundedBufferStateMachine.swift
SwiftCompile normal arm64 /Users/admin/builder/spi-builder-workspace/.dependencies/checkouts/swift-async-algorithms/Sources/AsyncAlgorithms/Buffer/BoundedBufferStorage.swift (in target 'AsyncAlgorithms' from project 'swift-async-algorithms')
cd /Users/admin/builder/spi-builder-workspace/.swiftpm/xcode
builtin-SwiftPerFileCompile BoundedBufferStorage.swift
SwiftCompile normal arm64 Compiling\ _TinyArray.swift,\ AsyncInterspersedSequence.swift,\ Locking.swift,\ AsyncMerge2Sequence.swift,\ AsyncMerge3Sequence.swift,\ MergeStateMachine.swift /Users/admin/builder/spi-builder-workspace/.dependencies/checkouts/swift-async-algorithms/Sources/AsyncAlgorithms/Internal/_TinyArray.swift /Users/admin/builder/spi-builder-workspace/.dependencies/checkouts/swift-async-algorithms/Sources/AsyncAlgorithms/Interspersed/AsyncInterspersedSequence.swift /Users/admin/builder/spi-builder-workspace/.dependencies/checkouts/swift-async-algorithms/Sources/AsyncAlgorithms/Locking.swift /Users/admin/builder/spi-builder-workspace/.dependencies/checkouts/swift-async-algorithms/Sources/AsyncAlgorithms/Merge/AsyncMerge2Sequence.swift /Users/admin/builder/spi-builder-workspace/.dependencies/checkouts/swift-async-algorithms/Sources/AsyncAlgorithms/Merge/AsyncMerge3Sequence.swift /Users/admin/builder/spi-builder-workspace/.dependencies/checkouts/swift-async-algorithms/Sources/AsyncAlgorithms/Merge/MergeStateMachine.swift (in target 'AsyncAlgorithms' from project 'swift-async-algorithms')
SwiftCompile normal arm64 /Users/admin/builder/spi-builder-workspace/.dependencies/checkouts/swift-async-algorithms/Sources/AsyncAlgorithms/Internal/_TinyArray.swift (in target 'AsyncAlgorithms' from project 'swift-async-algorithms')
cd /Users/admin/builder/spi-builder-workspace/.swiftpm/xcode
builtin-SwiftPerFileCompile _TinyArray.swift
SwiftCompile normal arm64 /Users/admin/builder/spi-builder-workspace/.dependencies/checkouts/swift-async-algorithms/Sources/AsyncAlgorithms/Interspersed/AsyncInterspersedSequence.swift (in target 'AsyncAlgorithms' from project 'swift-async-algorithms')
cd /Users/admin/builder/spi-builder-workspace/.swiftpm/xcode
builtin-SwiftPerFileCompile AsyncInterspersedSequence.swift
SwiftCompile normal arm64 /Users/admin/builder/spi-builder-workspace/.dependencies/checkouts/swift-async-algorithms/Sources/AsyncAlgorithms/Locking.swift (in target 'AsyncAlgorithms' from project 'swift-async-algorithms')
cd /Users/admin/builder/spi-builder-workspace/.swiftpm/xcode
builtin-SwiftPerFileCompile Locking.swift
SwiftCompile normal arm64 /Users/admin/builder/spi-builder-workspace/.dependencies/checkouts/swift-async-algorithms/Sources/AsyncAlgorithms/Merge/AsyncMerge2Sequence.swift (in target 'AsyncAlgorithms' from project 'swift-async-algorithms')
cd /Users/admin/builder/spi-builder-workspace/.swiftpm/xcode
builtin-SwiftPerFileCompile AsyncMerge2Sequence.swift
SwiftCompile normal arm64 /Users/admin/builder/spi-builder-workspace/.dependencies/checkouts/swift-async-algorithms/Sources/AsyncAlgorithms/Merge/AsyncMerge3Sequence.swift (in target 'AsyncAlgorithms' from project 'swift-async-algorithms')
cd /Users/admin/builder/spi-builder-workspace/.swiftpm/xcode
builtin-SwiftPerFileCompile AsyncMerge3Sequence.swift
SwiftCompile normal arm64 /Users/admin/builder/spi-builder-workspace/.dependencies/checkouts/swift-async-algorithms/Sources/AsyncAlgorithms/Merge/MergeStateMachine.swift (in target 'AsyncAlgorithms' from project 'swift-async-algorithms')
cd /Users/admin/builder/spi-builder-workspace/.swiftpm/xcode
builtin-SwiftPerFileCompile MergeStateMachine.swift
SwiftCompile normal arm64 Compiling\ UnboundedBufferStateMachine.swift,\ UnboundedBufferStorage.swift,\ AsyncChannel.swift,\ AsyncThrowingChannel.swift,\ ChannelStateMachine.swift,\ ChannelStorage.swift /Users/admin/builder/spi-builder-workspace/.dependencies/checkouts/swift-async-algorithms/Sources/AsyncAlgorithms/Buffer/UnboundedBufferStateMachine.swift /Users/admin/builder/spi-builder-workspace/.dependencies/checkouts/swift-async-algorithms/Sources/AsyncAlgorithms/Buffer/UnboundedBufferStorage.swift /Users/admin/builder/spi-builder-workspace/.dependencies/checkouts/swift-async-algorithms/Sources/AsyncAlgorithms/Channels/AsyncChannel.swift /Users/admin/builder/spi-builder-workspace/.dependencies/checkouts/swift-async-algorithms/Sources/AsyncAlgorithms/Channels/AsyncThrowingChannel.swift /Users/admin/builder/spi-builder-workspace/.dependencies/checkouts/swift-async-algorithms/Sources/AsyncAlgorithms/Channels/ChannelStateMachine.swift /Users/admin/builder/spi-builder-workspace/.dependencies/checkouts/swift-async-algorithms/Sources/AsyncAlgorithms/Channels/ChannelStorage.swift (in target 'AsyncAlgorithms' from project 'swift-async-algorithms')
SwiftCompile normal arm64 /Users/admin/builder/spi-builder-workspace/.dependencies/checkouts/swift-async-algorithms/Sources/AsyncAlgorithms/Buffer/UnboundedBufferStateMachine.swift (in target 'AsyncAlgorithms' from project 'swift-async-algorithms')
cd /Users/admin/builder/spi-builder-workspace/.swiftpm/xcode
builtin-SwiftPerFileCompile UnboundedBufferStateMachine.swift
SwiftCompile normal arm64 /Users/admin/builder/spi-builder-workspace/.dependencies/checkouts/swift-async-algorithms/Sources/AsyncAlgorithms/Buffer/UnboundedBufferStorage.swift (in target 'AsyncAlgorithms' from project 'swift-async-algorithms')
cd /Users/admin/builder/spi-builder-workspace/.swiftpm/xcode
builtin-SwiftPerFileCompile UnboundedBufferStorage.swift
SwiftCompile normal arm64 /Users/admin/builder/spi-builder-workspace/.dependencies/checkouts/swift-async-algorithms/Sources/AsyncAlgorithms/Channels/AsyncChannel.swift (in target 'AsyncAlgorithms' from project 'swift-async-algorithms')
cd /Users/admin/builder/spi-builder-workspace/.swiftpm/xcode
builtin-SwiftPerFileCompile AsyncChannel.swift
SwiftCompile normal arm64 /Users/admin/builder/spi-builder-workspace/.dependencies/checkouts/swift-async-algorithms/Sources/AsyncAlgorithms/Channels/AsyncThrowingChannel.swift (in target 'AsyncAlgorithms' from project 'swift-async-algorithms')
cd /Users/admin/builder/spi-builder-workspace/.swiftpm/xcode
builtin-SwiftPerFileCompile AsyncThrowingChannel.swift
SwiftCompile normal arm64 /Users/admin/builder/spi-builder-workspace/.dependencies/checkouts/swift-async-algorithms/Sources/AsyncAlgorithms/Channels/ChannelStateMachine.swift (in target 'AsyncAlgorithms' from project 'swift-async-algorithms')
cd /Users/admin/builder/spi-builder-workspace/.swiftpm/xcode
builtin-SwiftPerFileCompile ChannelStateMachine.swift
SwiftCompile normal arm64 /Users/admin/builder/spi-builder-workspace/.dependencies/checkouts/swift-async-algorithms/Sources/AsyncAlgorithms/Channels/ChannelStorage.swift (in target 'AsyncAlgorithms' from project 'swift-async-algorithms')
cd /Users/admin/builder/spi-builder-workspace/.swiftpm/xcode
builtin-SwiftPerFileCompile ChannelStorage.swift
SwiftCompile normal arm64 Compiling\ AsyncJoinedSequence.swift,\ AsyncMapErrorSequence.swift,\ AsyncRemoveDuplicatesSequence.swift,\ AsyncShareSequence.swift,\ AsyncSyncSequence.swift,\ AsyncThrottleSequence.swift /Users/admin/builder/spi-builder-workspace/.dependencies/checkouts/swift-async-algorithms/Sources/AsyncAlgorithms/AsyncJoinedSequence.swift /Users/admin/builder/spi-builder-workspace/.dependencies/checkouts/swift-async-algorithms/Sources/AsyncAlgorithms/AsyncMapErrorSequence.swift /Users/admin/builder/spi-builder-workspace/.dependencies/checkouts/swift-async-algorithms/Sources/AsyncAlgorithms/AsyncRemoveDuplicatesSequence.swift /Users/admin/builder/spi-builder-workspace/.dependencies/checkouts/swift-async-algorithms/Sources/AsyncAlgorithms/AsyncShareSequence.swift /Users/admin/builder/spi-builder-workspace/.dependencies/checkouts/swift-async-algorithms/Sources/AsyncAlgorithms/AsyncSyncSequence.swift /Users/admin/builder/spi-builder-workspace/.dependencies/checkouts/swift-async-algorithms/Sources/AsyncAlgorithms/AsyncThrottleSequence.swift (in target 'AsyncAlgorithms' from project 'swift-async-algorithms')
SwiftCompile normal arm64 /Users/admin/builder/spi-builder-workspace/.dependencies/checkouts/swift-async-algorithms/Sources/AsyncAlgorithms/AsyncJoinedSequence.swift (in target 'AsyncAlgorithms' from project 'swift-async-algorithms')
cd /Users/admin/builder/spi-builder-workspace/.swiftpm/xcode
builtin-SwiftPerFileCompile AsyncJoinedSequence.swift
SwiftCompile normal arm64 /Users/admin/builder/spi-builder-workspace/.dependencies/checkouts/swift-async-algorithms/Sources/AsyncAlgorithms/AsyncMapErrorSequence.swift (in target 'AsyncAlgorithms' from project 'swift-async-algorithms')
cd /Users/admin/builder/spi-builder-workspace/.swiftpm/xcode
builtin-SwiftPerFileCompile AsyncMapErrorSequence.swift
SwiftCompile normal arm64 /Users/admin/builder/spi-builder-workspace/.dependencies/checkouts/swift-async-algorithms/Sources/AsyncAlgorithms/AsyncRemoveDuplicatesSequence.swift (in target 'AsyncAlgorithms' from project 'swift-async-algorithms')
cd /Users/admin/builder/spi-builder-workspace/.swiftpm/xcode
builtin-SwiftPerFileCompile AsyncRemoveDuplicatesSequence.swift
SwiftCompile normal arm64 /Users/admin/builder/spi-builder-workspace/.dependencies/checkouts/swift-async-algorithms/Sources/AsyncAlgorithms/AsyncShareSequence.swift (in target 'AsyncAlgorithms' from project 'swift-async-algorithms')
cd /Users/admin/builder/spi-builder-workspace/.swiftpm/xcode
builtin-SwiftPerFileCompile AsyncShareSequence.swift
SwiftCompile normal arm64 /Users/admin/builder/spi-builder-workspace/.dependencies/checkouts/swift-async-algorithms/Sources/AsyncAlgorithms/AsyncSyncSequence.swift (in target 'AsyncAlgorithms' from project 'swift-async-algorithms')
cd /Users/admin/builder/spi-builder-workspace/.swiftpm/xcode
builtin-SwiftPerFileCompile AsyncSyncSequence.swift
SwiftCompile normal arm64 /Users/admin/builder/spi-builder-workspace/.dependencies/checkouts/swift-async-algorithms/Sources/AsyncAlgorithms/AsyncThrottleSequence.swift (in target 'AsyncAlgorithms' from project 'swift-async-algorithms')
cd /Users/admin/builder/spi-builder-workspace/.swiftpm/xcode
builtin-SwiftPerFileCompile AsyncThrottleSequence.swift
SwiftDriverJobDiscovery normal arm64 Compiling CanonicalFilePath.swift, Clamped Property Wrapper.swift, Collection Set-Like Methods.swift, ComparableSortComparator.swift, DateComponents from String.swift, DomainName.swift, EmailAddress.swift, IPAddress.swift, ReverseDomainName.swift, AnyPropertyAccessor.swift (in target 'SwiftExtensions' from project 'swift-extensions')
SwiftCompile normal arm64 Compiling\ AsyncAdjacentPairsSequence.swift,\ AsyncBufferedByteIterator.swift,\ AsyncChain2Sequence.swift,\ AsyncChain3Sequence.swift,\ AsyncChunkedByGroupSequence.swift,\ AsyncChunkedOnProjectionSequence.swift /Users/admin/builder/spi-builder-workspace/.dependencies/checkouts/swift-async-algorithms/Sources/AsyncAlgorithms/AsyncAdjacentPairsSequence.swift /Users/admin/builder/spi-builder-workspace/.dependencies/checkouts/swift-async-algorithms/Sources/AsyncAlgorithms/AsyncBufferedByteIterator.swift /Users/admin/builder/spi-builder-workspace/.dependencies/checkouts/swift-async-algorithms/Sources/AsyncAlgorithms/AsyncChain2Sequence.swift /Users/admin/builder/spi-builder-workspace/.dependencies/checkouts/swift-async-algorithms/Sources/AsyncAlgorithms/AsyncChain3Sequence.swift /Users/admin/builder/spi-builder-workspace/.dependencies/checkouts/swift-async-algorithms/Sources/AsyncAlgorithms/AsyncChunkedByGroupSequence.swift /Users/admin/builder/spi-builder-workspace/.dependencies/checkouts/swift-async-algorithms/Sources/AsyncAlgorithms/AsyncChunkedOnProjectionSequence.swift (in target 'AsyncAlgorithms' from project 'swift-async-algorithms')
SwiftCompile normal arm64 /Users/admin/builder/spi-builder-workspace/.dependencies/checkouts/swift-async-algorithms/Sources/AsyncAlgorithms/AsyncAdjacentPairsSequence.swift (in target 'AsyncAlgorithms' from project 'swift-async-algorithms')
cd /Users/admin/builder/spi-builder-workspace/.swiftpm/xcode
builtin-SwiftPerFileCompile AsyncAdjacentPairsSequence.swift
SwiftCompile normal arm64 /Users/admin/builder/spi-builder-workspace/.dependencies/checkouts/swift-async-algorithms/Sources/AsyncAlgorithms/AsyncBufferedByteIterator.swift (in target 'AsyncAlgorithms' from project 'swift-async-algorithms')
cd /Users/admin/builder/spi-builder-workspace/.swiftpm/xcode
builtin-SwiftPerFileCompile AsyncBufferedByteIterator.swift
SwiftCompile normal arm64 /Users/admin/builder/spi-builder-workspace/.dependencies/checkouts/swift-async-algorithms/Sources/AsyncAlgorithms/AsyncChain2Sequence.swift (in target 'AsyncAlgorithms' from project 'swift-async-algorithms')
cd /Users/admin/builder/spi-builder-workspace/.swiftpm/xcode
builtin-SwiftPerFileCompile AsyncChain2Sequence.swift
SwiftCompile normal arm64 /Users/admin/builder/spi-builder-workspace/.dependencies/checkouts/swift-async-algorithms/Sources/AsyncAlgorithms/AsyncChain3Sequence.swift (in target 'AsyncAlgorithms' from project 'swift-async-algorithms')
cd /Users/admin/builder/spi-builder-workspace/.swiftpm/xcode
builtin-SwiftPerFileCompile AsyncChain3Sequence.swift
SwiftCompile normal arm64 /Users/admin/builder/spi-builder-workspace/.dependencies/checkouts/swift-async-algorithms/Sources/AsyncAlgorithms/AsyncChunkedByGroupSequence.swift (in target 'AsyncAlgorithms' from project 'swift-async-algorithms')
cd /Users/admin/builder/spi-builder-workspace/.swiftpm/xcode
builtin-SwiftPerFileCompile AsyncChunkedByGroupSequence.swift
SwiftCompile normal arm64 /Users/admin/builder/spi-builder-workspace/.dependencies/checkouts/swift-async-algorithms/Sources/AsyncAlgorithms/AsyncChunkedOnProjectionSequence.swift (in target 'AsyncAlgorithms' from project 'swift-async-algorithms')
cd /Users/admin/builder/spi-builder-workspace/.swiftpm/xcode
builtin-SwiftPerFileCompile AsyncChunkedOnProjectionSequence.swift
SwiftDriverJobDiscovery normal arm64 Compiling String.swift, FilePath and URL.swift, SwiftDataParsing+API 2.1.0.swift, SwiftDataParsing+API 2.1.1.swift, SwiftDataParsing.swift, Clipboard.swift, Globals.swift, OSLogger.swift, Protocols.swift (in target 'SwiftExtensions' from project 'swift-extensions')
SwiftCompile normal arm64 Compiling\ AsyncCombineLatest2Sequence.swift,\ AsyncCombineLatest3Sequence.swift,\ CombineLatestStateMachine.swift,\ CombineLatestStorage.swift,\ AsyncDebounceSequence.swift,\ DebounceStateMachine.swift /Users/admin/builder/spi-builder-workspace/.dependencies/checkouts/swift-async-algorithms/Sources/AsyncAlgorithms/CombineLatest/AsyncCombineLatest2Sequence.swift /Users/admin/builder/spi-builder-workspace/.dependencies/checkouts/swift-async-algorithms/Sources/AsyncAlgorithms/CombineLatest/AsyncCombineLatest3Sequence.swift /Users/admin/builder/spi-builder-workspace/.dependencies/checkouts/swift-async-algorithms/Sources/AsyncAlgorithms/CombineLatest/CombineLatestStateMachine.swift /Users/admin/builder/spi-builder-workspace/.dependencies/checkouts/swift-async-algorithms/Sources/AsyncAlgorithms/CombineLatest/CombineLatestStorage.swift /Users/admin/builder/spi-builder-workspace/.dependencies/checkouts/swift-async-algorithms/Sources/AsyncAlgorithms/Debounce/AsyncDebounceSequence.swift /Users/admin/builder/spi-builder-workspace/.dependencies/checkouts/swift-async-algorithms/Sources/AsyncAlgorithms/Debounce/DebounceStateMachine.swift (in target 'AsyncAlgorithms' from project 'swift-async-algorithms')
SwiftCompile normal arm64 /Users/admin/builder/spi-builder-workspace/.dependencies/checkouts/swift-async-algorithms/Sources/AsyncAlgorithms/CombineLatest/AsyncCombineLatest2Sequence.swift (in target 'AsyncAlgorithms' from project 'swift-async-algorithms')
cd /Users/admin/builder/spi-builder-workspace/.swiftpm/xcode
builtin-SwiftPerFileCompile AsyncCombineLatest2Sequence.swift
SwiftCompile normal arm64 /Users/admin/builder/spi-builder-workspace/.dependencies/checkouts/swift-async-algorithms/Sources/AsyncAlgorithms/CombineLatest/AsyncCombineLatest3Sequence.swift (in target 'AsyncAlgorithms' from project 'swift-async-algorithms')
cd /Users/admin/builder/spi-builder-workspace/.swiftpm/xcode
builtin-SwiftPerFileCompile AsyncCombineLatest3Sequence.swift
SwiftCompile normal arm64 /Users/admin/builder/spi-builder-workspace/.dependencies/checkouts/swift-async-algorithms/Sources/AsyncAlgorithms/CombineLatest/CombineLatestStateMachine.swift (in target 'AsyncAlgorithms' from project 'swift-async-algorithms')
cd /Users/admin/builder/spi-builder-workspace/.swiftpm/xcode
builtin-SwiftPerFileCompile CombineLatestStateMachine.swift
SwiftCompile normal arm64 /Users/admin/builder/spi-builder-workspace/.dependencies/checkouts/swift-async-algorithms/Sources/AsyncAlgorithms/CombineLatest/CombineLatestStorage.swift (in target 'AsyncAlgorithms' from project 'swift-async-algorithms')
cd /Users/admin/builder/spi-builder-workspace/.swiftpm/xcode
builtin-SwiftPerFileCompile CombineLatestStorage.swift
SwiftCompile normal arm64 /Users/admin/builder/spi-builder-workspace/.dependencies/checkouts/swift-async-algorithms/Sources/AsyncAlgorithms/Debounce/AsyncDebounceSequence.swift (in target 'AsyncAlgorithms' from project 'swift-async-algorithms')
cd /Users/admin/builder/spi-builder-workspace/.swiftpm/xcode
builtin-SwiftPerFileCompile AsyncDebounceSequence.swift
SwiftCompile normal arm64 /Users/admin/builder/spi-builder-workspace/.dependencies/checkouts/swift-async-algorithms/Sources/AsyncAlgorithms/Debounce/DebounceStateMachine.swift (in target 'AsyncAlgorithms' from project 'swift-async-algorithms')
cd /Users/admin/builder/spi-builder-workspace/.swiftpm/xcode
builtin-SwiftPerFileCompile DebounceStateMachine.swift
SwiftDriverJobDiscovery normal arm64 Compiling FloatingPoint and Foundation.swift, FormatStyle.swift, Integers and Foundation.swift, NSArray.swift, NSAttributedString.swift, Progress.swift, String and CharacterSet.swift, String and Data.swift, String and Foundation.swift (in target 'SwiftExtensions' from project 'swift-extensions')
SwiftCompile normal arm64 Compiling\ DebounceStorage.swift,\ Dictionary.swift,\ AsyncFlatMapLatestSequence.swift,\ FlatMapLatestStateMachine.swift,\ FlatMapLatestStorage.swift,\ Disconnected.swift /Users/admin/builder/spi-builder-workspace/.dependencies/checkouts/swift-async-algorithms/Sources/AsyncAlgorithms/Debounce/DebounceStorage.swift /Users/admin/builder/spi-builder-workspace/.dependencies/checkouts/swift-async-algorithms/Sources/AsyncAlgorithms/Dictionary.swift /Users/admin/builder/spi-builder-workspace/.dependencies/checkouts/swift-async-algorithms/Sources/AsyncAlgorithms/FlatMapLatest/AsyncFlatMapLatestSequence.swift /Users/admin/builder/spi-builder-workspace/.dependencies/checkouts/swift-async-algorithms/Sources/AsyncAlgorithms/FlatMapLatest/FlatMapLatestStateMachine.swift /Users/admin/builder/spi-builder-workspace/.dependencies/checkouts/swift-async-algorithms/Sources/AsyncAlgorithms/FlatMapLatest/FlatMapLatestStorage.swift /Users/admin/builder/spi-builder-workspace/.dependencies/checkouts/swift-async-algorithms/Sources/AsyncAlgorithms/Internal/Disconnected.swift (in target 'AsyncAlgorithms' from project 'swift-async-algorithms')
SwiftCompile normal arm64 /Users/admin/builder/spi-builder-workspace/.dependencies/checkouts/swift-async-algorithms/Sources/AsyncAlgorithms/Debounce/DebounceStorage.swift (in target 'AsyncAlgorithms' from project 'swift-async-algorithms')
cd /Users/admin/builder/spi-builder-workspace/.swiftpm/xcode
builtin-SwiftPerFileCompile DebounceStorage.swift
SwiftCompile normal arm64 /Users/admin/builder/spi-builder-workspace/.dependencies/checkouts/swift-async-algorithms/Sources/AsyncAlgorithms/Dictionary.swift (in target 'AsyncAlgorithms' from project 'swift-async-algorithms')
cd /Users/admin/builder/spi-builder-workspace/.swiftpm/xcode
builtin-SwiftPerFileCompile Dictionary.swift
SwiftCompile normal arm64 /Users/admin/builder/spi-builder-workspace/.dependencies/checkouts/swift-async-algorithms/Sources/AsyncAlgorithms/FlatMapLatest/AsyncFlatMapLatestSequence.swift (in target 'AsyncAlgorithms' from project 'swift-async-algorithms')
cd /Users/admin/builder/spi-builder-workspace/.swiftpm/xcode
builtin-SwiftPerFileCompile AsyncFlatMapLatestSequence.swift
SwiftCompile normal arm64 /Users/admin/builder/spi-builder-workspace/.dependencies/checkouts/swift-async-algorithms/Sources/AsyncAlgorithms/FlatMapLatest/FlatMapLatestStateMachine.swift (in target 'AsyncAlgorithms' from project 'swift-async-algorithms')
cd /Users/admin/builder/spi-builder-workspace/.swiftpm/xcode
builtin-SwiftPerFileCompile FlatMapLatestStateMachine.swift
SwiftCompile normal arm64 /Users/admin/builder/spi-builder-workspace/.dependencies/checkouts/swift-async-algorithms/Sources/AsyncAlgorithms/FlatMapLatest/FlatMapLatestStorage.swift (in target 'AsyncAlgorithms' from project 'swift-async-algorithms')
cd /Users/admin/builder/spi-builder-workspace/.swiftpm/xcode
builtin-SwiftPerFileCompile FlatMapLatestStorage.swift
SwiftCompile normal arm64 /Users/admin/builder/spi-builder-workspace/.dependencies/checkouts/swift-async-algorithms/Sources/AsyncAlgorithms/Internal/Disconnected.swift (in target 'AsyncAlgorithms' from project 'swift-async-algorithms')
cd /Users/admin/builder/spi-builder-workspace/.swiftpm/xcode
builtin-SwiftPerFileCompile Disconnected.swift
SwiftDriverJobDiscovery normal arm64 Compiling AsyncThrowingExclusiveReductionsSequence.swift, AsyncThrowingInclusiveReductionsSequence.swift, AsyncTimerSequence.swift, AsyncBufferSequence.swift, BoundedBufferStateMachine.swift, BoundedBufferStorage.swift (in target 'AsyncAlgorithms' from project 'swift-async-algorithms')
SwiftCompile normal arm64 Compiling\ AsyncChunksOfCountOrSignalSequence.swift,\ AsyncChunksOfCountSequence.swift,\ AsyncCompactedSequence.swift,\ AsyncExclusiveReductionsSequence.swift,\ AsyncInclusiveReductionsSequence.swift,\ AsyncJoinedBySeparatorSequence.swift /Users/admin/builder/spi-builder-workspace/.dependencies/checkouts/swift-async-algorithms/Sources/AsyncAlgorithms/AsyncChunksOfCountOrSignalSequence.swift /Users/admin/builder/spi-builder-workspace/.dependencies/checkouts/swift-async-algorithms/Sources/AsyncAlgorithms/AsyncChunksOfCountSequence.swift /Users/admin/builder/spi-builder-workspace/.dependencies/checkouts/swift-async-algorithms/Sources/AsyncAlgorithms/AsyncCompactedSequence.swift /Users/admin/builder/spi-builder-workspace/.dependencies/checkouts/swift-async-algorithms/Sources/AsyncAlgorithms/AsyncExclusiveReductionsSequence.swift /Users/admin/builder/spi-builder-workspace/.dependencies/checkouts/swift-async-algorithms/Sources/AsyncAlgorithms/AsyncInclusiveReductionsSequence.swift /Users/admin/builder/spi-builder-workspace/.dependencies/checkouts/swift-async-algorithms/Sources/AsyncAlgorithms/AsyncJoinedBySeparatorSequence.swift (in target 'AsyncAlgorithms' from project 'swift-async-algorithms')
SwiftCompile normal arm64 /Users/admin/builder/spi-builder-workspace/.dependencies/checkouts/swift-async-algorithms/Sources/AsyncAlgorithms/AsyncChunksOfCountOrSignalSequence.swift (in target 'AsyncAlgorithms' from project 'swift-async-algorithms')
cd /Users/admin/builder/spi-builder-workspace/.swiftpm/xcode
builtin-SwiftPerFileCompile AsyncChunksOfCountOrSignalSequence.swift
SwiftCompile normal arm64 /Users/admin/builder/spi-builder-workspace/.dependencies/checkouts/swift-async-algorithms/Sources/AsyncAlgorithms/AsyncChunksOfCountSequence.swift (in target 'AsyncAlgorithms' from project 'swift-async-algorithms')
cd /Users/admin/builder/spi-builder-workspace/.swiftpm/xcode
builtin-SwiftPerFileCompile AsyncChunksOfCountSequence.swift
SwiftCompile normal arm64 /Users/admin/builder/spi-builder-workspace/.dependencies/checkouts/swift-async-algorithms/Sources/AsyncAlgorithms/AsyncCompactedSequence.swift (in target 'AsyncAlgorithms' from project 'swift-async-algorithms')
cd /Users/admin/builder/spi-builder-workspace/.swiftpm/xcode
builtin-SwiftPerFileCompile AsyncCompactedSequence.swift
SwiftCompile normal arm64 /Users/admin/builder/spi-builder-workspace/.dependencies/checkouts/swift-async-algorithms/Sources/AsyncAlgorithms/AsyncExclusiveReductionsSequence.swift (in target 'AsyncAlgorithms' from project 'swift-async-algorithms')
cd /Users/admin/builder/spi-builder-workspace/.swiftpm/xcode
builtin-SwiftPerFileCompile AsyncExclusiveReductionsSequence.swift
SwiftCompile normal arm64 /Users/admin/builder/spi-builder-workspace/.dependencies/checkouts/swift-async-algorithms/Sources/AsyncAlgorithms/AsyncInclusiveReductionsSequence.swift (in target 'AsyncAlgorithms' from project 'swift-async-algorithms')
cd /Users/admin/builder/spi-builder-workspace/.swiftpm/xcode
builtin-SwiftPerFileCompile AsyncInclusiveReductionsSequence.swift
SwiftCompile normal arm64 /Users/admin/builder/spi-builder-workspace/.dependencies/checkouts/swift-async-algorithms/Sources/AsyncAlgorithms/AsyncJoinedBySeparatorSequence.swift (in target 'AsyncAlgorithms' from project 'swift-async-algorithms')
cd /Users/admin/builder/spi-builder-workspace/.swiftpm/xcode
builtin-SwiftPerFileCompile AsyncJoinedBySeparatorSequence.swift
SwiftDriverJobDiscovery normal arm64 Compiling UnboundedBufferStateMachine.swift, UnboundedBufferStorage.swift, AsyncChannel.swift, AsyncThrowingChannel.swift, ChannelStateMachine.swift, ChannelStorage.swift (in target 'AsyncAlgorithms' from project 'swift-async-algorithms')
SwiftDriverJobDiscovery normal arm64 Compiling UnsafeTransfer.swift, AsyncZip2Sequence.swift, AsyncZip3Sequence.swift, ZipStateMachine.swift, ZipStorage.swift (in target 'AsyncAlgorithms' from project 'swift-async-algorithms')
SwiftDriverJobDiscovery normal arm64 Compiling _TinyArray.swift, AsyncInterspersedSequence.swift, Locking.swift, AsyncMerge2Sequence.swift, AsyncMerge3Sequence.swift, MergeStateMachine.swift (in target 'AsyncAlgorithms' from project 'swift-async-algorithms')
SwiftDriverJobDiscovery normal arm64 Compiling Bool.swift, Collections.swift, Concurrency.swift, FloatingPoint.swift, Integers.swift, Operators.swift, Optional.swift, Ranges.swift, Result.swift (in target 'SwiftExtensions' from project 'swift-extensions')
SwiftDriver\ Compilation SwiftExtensions normal arm64 com.apple.xcode.tools.swift.compiler (in target 'SwiftExtensions' from project 'swift-extensions')
cd /Users/admin/builder/spi-builder-workspace/.swiftpm/xcode
builtin-Swift-Compilation -- /Applications/Xcode-27.0.0-Release.Candidate.app/Contents/Developer/Toolchains/XcodeDefault.xctoolchain/usr/bin/swiftc -parse-as-library -module-name SwiftExtensions -Onone @/Users/admin/builder/spi-builder-workspace/.derivedData/Build/Intermediates.noindex/swift-extensions.build/Debug-appletvos/SwiftExtensions-t.build/Objects-normal/arm64/SwiftExtensions.SwiftFileList -DSWIFT_PACKAGE -DDEBUG -DSWIFT_MODULE_RESOURCE_BUNDLE_UNAVAILABLE -DDEBUG -DXcode -enable-experimental-feature Lifetimes -plugin-path /Applications/Xcode-27.0.0-Release.Candidate.app/Contents/Developer/Toolchains/XcodeDefault.xctoolchain/usr/lib/swift/host/plugins/testing -enable-experimental-feature DebugDescriptionMacro -sdk /Applications/Xcode-27.0.0-Release.Candidate.app/Contents/Developer/Platforms/AppleTVOS.platform/Developer/SDKs/AppleTVOS27.0.sdk -target arm64-apple-tvos15.0 -g -module-cache-path /Users/admin/builder/spi-builder-workspace/.derivedData/ModuleCache.noindex -Xfrontend -serialize-debugging-options -profile-coverage-mapping -profile-generate -enable-testing -suppress-warnings -index-store-path /Users/admin/builder/spi-builder-workspace/.derivedData/Index.noindex/DataStore -Xcc -D_LIBCPP_HARDENING_MODE\=_LIBCPP_HARDENING_MODE_DEBUG -swift-version 6 -I /Users/admin/builder/spi-builder-workspace/.derivedData/Build/Products/Debug-appletvos -Isystem /Applications/Xcode-27.0.0-Release.Candidate.app/Contents/Developer/Platforms/AppleTVOS.platform/Developer/usr/lib -F /Users/admin/builder/spi-builder-workspace/.derivedData/Build/Products/Debug-appletvos/PackageFrameworks -F /Users/admin/builder/spi-builder-workspace/.derivedData/Build/Products/Debug-appletvos -F /Applications/Xcode-27.0.0-Release.Candidate.app/Contents/Developer/Platforms/AppleTVOS.platform/Developer/Library/Frameworks -F /Applications/Xcode-27.0.0-Release.Candidate.app/Contents/Developer/Platforms/AppleTVOS.platform/Developer/SDKs/AppleTVOS27.0.sdk/Developer/Library/Frameworks -c -j10 -enable-batch-mode -incremental -Xcc -ivfsstatcache -Xcc /Users/admin/builder/spi-builder-workspace/.derivedData/SDKStatCaches.noindex/appletvos27.0-24J360-e829b21a6f8c9b70876ba0858053c044b32bfd8d43560033f8d89884cdb90028.sdkstatcache -output-file-map /Users/admin/builder/spi-builder-workspace/.derivedData/Build/Intermediates.noindex/swift-extensions.build/Debug-appletvos/SwiftExtensions-t.build/Objects-normal/arm64/SwiftExtensions-OutputFileMap.json -save-temps -no-color-diagnostics -explicit-module-build -module-cache-path /Users/admin/builder/spi-builder-workspace/.derivedData/Build/Intermediates.noindex/SwiftExplicitPrecompiledModules -clang-scanner-module-cache-path /Users/admin/builder/spi-builder-workspace/.derivedData/ModuleCache.noindex -sdk-module-cache-path /Users/admin/builder/spi-builder-workspace/.derivedData/SDKExplicitPrecompiledModules -emit-dependencies -emit-module -emit-module-path /Users/admin/builder/spi-builder-workspace/.derivedData/Build/Intermediates.noindex/swift-extensions.build/Debug-appletvos/SwiftExtensions-t.build/Objects-normal/arm64/SwiftExtensions.swiftmodule -serialize-diagnostics -dependency-scan-serialize-diagnostics-path /Users/admin/builder/spi-builder-workspace/.derivedData/Build/Intermediates.noindex/swift-extensions.build/Debug-appletvos/SwiftExtensions-t.build/Objects-normal/arm64/SwiftExtensions-dependency-scan.dia -user-module-version 2.3.2 -validate-clang-modules-once -clang-build-session-file /Users/admin/builder/spi-builder-workspace/.derivedData/ModuleCache.noindex/Session.modulevalidation -Xcc -fmodules-prune-interval\=86400 -Xcc -fmodules-prune-after\=345600 -package-name swift_extensions -emit-const-values -const-gather-protocols-list /Users/admin/builder/spi-builder-workspace/.derivedData/Build/Intermediates.noindex/swift-extensions.build/Debug-appletvos/SwiftExtensions-t.build/Objects-normal/arm64/SwiftExtensions_const_extract_protocols.json -Xcc -I/Users/admin/builder/spi-builder-workspace/.derivedData/Build/Products/Debug-appletvos/include -Xcc -I/Users/admin/builder/spi-builder-workspace/.derivedData/Build/Intermediates.noindex/swift-extensions.build/Debug-appletvos/SwiftExtensions-t.build/DerivedSources-normal/arm64 -Xcc -I/Users/admin/builder/spi-builder-workspace/.derivedData/Build/Intermediates.noindex/swift-extensions.build/Debug-appletvos/SwiftExtensions-t.build/DerivedSources/arm64 -Xcc -I/Users/admin/builder/spi-builder-workspace/.derivedData/Build/Intermediates.noindex/swift-extensions.build/Debug-appletvos/SwiftExtensions-t.build/DerivedSources -Xcc -DSWIFT_PACKAGE -Xcc -DDEBUG\=1 -emit-objc-header -emit-objc-header-path /Users/admin/builder/spi-builder-workspace/.derivedData/Build/Intermediates.noindex/swift-extensions.build/Debug-appletvos/SwiftExtensions-t.build/Objects-normal/arm64/SwiftExtensions-Swift.h -working-directory /Users/admin/builder/spi-builder-workspace/.swiftpm/xcode -experimental-emit-module-separately -disable-cmo
Ld /Users/admin/builder/spi-builder-workspace/.derivedData/Build/Products/Debug-appletvos/SwiftExtensions.o normal (in target 'SwiftExtensions' from project 'swift-extensions')
cd /Users/admin/builder/spi-builder-workspace/.dependencies/checkouts/swift-extensions
/Applications/Xcode-27.0.0-Release.Candidate.app/Contents/Developer/Toolchains/XcodeDefault.xctoolchain/usr/bin/clang -Xlinker -reproducible -target arm64-apple-tvos15.0 -r -isysroot /Applications/Xcode-27.0.0-Release.Candidate.app/Contents/Developer/Platforms/AppleTVOS.platform/Developer/SDKs/AppleTVOS27.0.sdk -O0 -w -Xlinker -no_warn_duplicate_libraries -F/Users/admin/builder/spi-builder-workspace/.derivedData/Build/Intermediates.noindex/EagerLinkingTBDs/Debug-appletvos -F/Users/admin/builder/spi-builder-workspace/.derivedData/Build/Products/Debug-appletvos/PackageFrameworks -F/Users/admin/builder/spi-builder-workspace/.derivedData/Build/Products/Debug-appletvos -iframework /Applications/Xcode-27.0.0-Release.Candidate.app/Contents/Developer/Platforms/AppleTVOS.platform/Developer/Library/Frameworks -iframework /Applications/Xcode-27.0.0-Release.Candidate.app/Contents/Developer/Platforms/AppleTVOS.platform/Developer/SDKs/AppleTVOS27.0.sdk/Developer/Library/Frameworks -filelist /Users/admin/builder/spi-builder-workspace/.derivedData/Build/Intermediates.noindex/swift-extensions.build/Debug-appletvos/SwiftExtensions-t.build/Objects-normal/arm64/SwiftExtensions.LinkFileList -nostdlib -Xlinker -object_path_lto -Xlinker /Users/admin/builder/spi-builder-workspace/.derivedData/Build/Intermediates.noindex/swift-extensions.build/Debug-appletvos/SwiftExtensions-t.build/Objects-normal/arm64/SwiftExtensions_lto.o -Xlinker -no_deduplicate -Xlinker -debug_variant -Xlinker -dependency_info -Xlinker /Users/admin/builder/spi-builder-workspace/.derivedData/Build/Intermediates.noindex/swift-extensions.build/Debug-appletvos/SwiftExtensions-t.build/Objects-normal/arm64/SwiftExtensions_dependency_info.dat -fobjc-link-runtime -L/Applications/Xcode-27.0.0-Release.Candidate.app/Contents/Developer/Toolchains/XcodeDefault.xctoolchain/usr/lib/swift/appletvos -L/usr/lib/swift -Xlinker -add_ast_path -Xlinker /Users/admin/builder/spi-builder-workspace/.derivedData/Build/Intermediates.noindex/swift-extensions.build/Debug-appletvos/SwiftExtensions-t.build/Objects-normal/arm64/SwiftExtensions.swiftmodule -o /Users/admin/builder/spi-builder-workspace/.derivedData/Build/Products/Debug-appletvos/SwiftExtensions.o
SwiftDriverJobDiscovery normal arm64 Compiling AsyncJoinedSequence.swift, AsyncMapErrorSequence.swift, AsyncRemoveDuplicatesSequence.swift, AsyncShareSequence.swift, AsyncSyncSequence.swift, AsyncThrottleSequence.swift (in target 'AsyncAlgorithms' from project 'swift-async-algorithms')
ExtractAppIntentsMetadata (in target 'SwiftExtensions' from project 'swift-extensions')
cd /Users/admin/builder/spi-builder-workspace/.dependencies/checkouts/swift-extensions
/Applications/Xcode-27.0.0-Release.Candidate.app/Contents/Developer/Toolchains/XcodeDefault.xctoolchain/usr/bin/appintentsmetadataprocessor --toolchain-dir /var/run/com.apple.security.cryptexd/mnt/com.apple.MobileAsset.MetalToolchain-v27.1.266.1.0eyej7/Metal.xctoolchain --module-name SwiftExtensions --sdk-root /Applications/Xcode-27.0.0-Release.Candidate.app/Contents/Developer/Platforms/AppleTVOS.platform/Developer/SDKs/AppleTVOS27.0.sdk --xcode-version 27A266a --platform-family tvOS --deployment-target 15.0 --bundle-identifier swift-extensions.SwiftExtensions --output /Users/admin/builder/spi-builder-workspace/.derivedData/Build/Products/Debug-appletvos/SwiftExtensions.appintents --target-triple arm64-apple-tvos15.0 --binary-file /Users/admin/builder/spi-builder-workspace/.derivedData/Build/Products/Debug-appletvos/SwiftExtensions.o --dependency-file /Users/admin/builder/spi-builder-workspace/.derivedData/Build/Intermediates.noindex/swift-extensions.build/Debug-appletvos/SwiftExtensions-t.build/Objects-normal/arm64/SwiftExtensions_dependency_info.dat --stringsdata-file /Users/admin/builder/spi-builder-workspace/.derivedData/Build/Intermediates.noindex/swift-extensions.build/Debug-appletvos/SwiftExtensions-t.build/Objects-normal/arm64/ExtractedAppShortcutsMetadata.stringsdata --source-file-list /Users/admin/builder/spi-builder-workspace/.derivedData/Build/Intermediates.noindex/swift-extensions.build/Debug-appletvos/SwiftExtensions-t.build/Objects-normal/arm64/SwiftExtensions.SwiftFileList --metadata-file-list /Users/admin/builder/spi-builder-workspace/.derivedData/Build/Intermediates.noindex/swift-extensions.build/Debug-appletvos/SwiftExtensions-t.build/SwiftExtensions.DependencyMetadataFileList --static-metadata-file-list /Users/admin/builder/spi-builder-workspace/.derivedData/Build/Intermediates.noindex/swift-extensions.build/Debug-appletvos/SwiftExtensions-t.build/SwiftExtensions.DependencyStaticMetadataFileList --swift-const-vals-list /Users/admin/builder/spi-builder-workspace/.derivedData/Build/Intermediates.noindex/swift-extensions.build/Debug-appletvos/SwiftExtensions-t.build/Objects-normal/arm64/SwiftExtensions.SwiftConstValuesFileList --force --compile-time-extraction --deployment-aware-processing --no-app-shortcuts-localization
2026-09-27 14:05:42.067 appintentsmetadataprocessor[1522:8286] Starting appintentsmetadataprocessor export
2026-09-27 14:05:42.139 appintentsmetadataprocessor[1522:8286] Extracted no relevant App Intents symbols, skipping writing output
SwiftDriverJobDiscovery normal arm64 Emitting module for AsyncAlgorithms (in target 'AsyncAlgorithms' from project 'swift-async-algorithms')
SwiftDriver\ Compilation\ Requirements AsyncAlgorithms normal arm64 com.apple.xcode.tools.swift.compiler (in target 'AsyncAlgorithms' from project 'swift-async-algorithms')
cd /Users/admin/builder/spi-builder-workspace/.swiftpm/xcode
builtin-Swift-Compilation-Requirements -- /Applications/Xcode-27.0.0-Release.Candidate.app/Contents/Developer/Toolchains/XcodeDefault.xctoolchain/usr/bin/swiftc -parse-as-library -module-name AsyncAlgorithms -Onone @/Users/admin/builder/spi-builder-workspace/.derivedData/Build/Intermediates.noindex/swift-async-algorithms.build/Debug-appletvos/AsyncAlgorithms-t.build/Objects-normal/arm64/AsyncAlgorithms.SwiftFileList -DSWIFT_PACKAGE -DDEBUG -DSWIFT_MODULE_RESOURCE_BUNDLE_UNAVAILABLE -DXcode -enable-experimental-feature AvailabilityMacro\=AsyncAlgorithms\ 1.0:macOS\ 10.15,\ iOS\ 13.0,\ tvOS\ 13.0,\ watchOS\ 6.0 -enable-experimental-feature AvailabilityMacro\=AsyncAlgorithms\ 1.1:macOS\ 15.0,\ iOS\ 18.0,\ tvOS\ 18.0,\ watchOS\ 11.0,\ visionOS\ 2.0 -enable-experimental-feature AvailabilityMacro\=AsyncAlgorithms\ 1.2:macOS\ 15.0,\ iOS\ 18.0,\ tvOS\ 18.0,\ watchOS\ 11.0,\ visionOS\ 2.0 -enable-experimental-feature AvailabilityMacro\=AsyncAlgorithms\ 1.3:macOS\ 15.0,\ iOS\ 18.0,\ tvOS\ 18.0,\ watchOS\ 11.0,\ visionOS\ 2.0 -enable-experimental-feature StrictConcurrency\=complete -plugin-path /Applications/Xcode-27.0.0-Release.Candidate.app/Contents/Developer/Toolchains/XcodeDefault.xctoolchain/usr/lib/swift/host/plugins/testing -enable-experimental-feature DebugDescriptionMacro -sdk /Applications/Xcode-27.0.0-Release.Candidate.app/Contents/Developer/Platforms/AppleTVOS.platform/Developer/SDKs/AppleTVOS27.0.sdk -target arm64-apple-tvos15.0 -g -module-cache-path /Users/admin/builder/spi-builder-workspace/.derivedData/ModuleCache.noindex -Xfrontend -serialize-debugging-options -profile-coverage-mapping -profile-generate -enable-testing -suppress-warnings -index-store-path /Users/admin/builder/spi-builder-workspace/.derivedData/Index.noindex/DataStore -Xcc -D_LIBCPP_HARDENING_MODE\=_LIBCPP_HARDENING_MODE_DEBUG -swift-version 6 -I /Users/admin/builder/spi-builder-workspace/.derivedData/Build/Products/Debug-appletvos -Isystem /Applications/Xcode-27.0.0-Release.Candidate.app/Contents/Developer/Platforms/AppleTVOS.platform/Developer/usr/lib -F /Users/admin/builder/spi-builder-workspace/.derivedData/Build/Products/Debug-appletvos/PackageFrameworks -F /Users/admin/builder/spi-builder-workspace/.derivedData/Build/Products/Debug-appletvos -F /Applications/Xcode-27.0.0-Release.Candidate.app/Contents/Developer/Platforms/AppleTVOS.platform/Developer/Library/Frameworks -F /Applications/Xcode-27.0.0-Release.Candidate.app/Contents/Developer/Platforms/AppleTVOS.platform/Developer/SDKs/AppleTVOS27.0.sdk/Developer/Library/Frameworks -c -j10 -enable-batch-mode -incremental -Xcc -ivfsstatcache -Xcc /Users/admin/builder/spi-builder-workspace/.derivedData/SDKStatCaches.noindex/appletvos27.0-24J360-e829b21a6f8c9b70876ba0858053c044b32bfd8d43560033f8d89884cdb90028.sdkstatcache -output-file-map /Users/admin/builder/spi-builder-workspace/.derivedData/Build/Intermediates.noindex/swift-async-algorithms.build/Debug-appletvos/AsyncAlgorithms-t.build/Objects-normal/arm64/AsyncAlgorithms-OutputFileMap.json -save-temps -no-color-diagnostics -explicit-module-build -module-cache-path /Users/admin/builder/spi-builder-workspace/.derivedData/Build/Intermediates.noindex/SwiftExplicitPrecompiledModules -clang-scanner-module-cache-path /Users/admin/builder/spi-builder-workspace/.derivedData/ModuleCache.noindex -sdk-module-cache-path /Users/admin/builder/spi-builder-workspace/.derivedData/SDKExplicitPrecompiledModules -emit-dependencies -emit-module -emit-module-path /Users/admin/builder/spi-builder-workspace/.derivedData/Build/Intermediates.noindex/swift-async-algorithms.build/Debug-appletvos/AsyncAlgorithms-t.build/Objects-normal/arm64/AsyncAlgorithms.swiftmodule -serialize-diagnostics -dependency-scan-serialize-diagnostics-path /Users/admin/builder/spi-builder-workspace/.derivedData/Build/Intermediates.noindex/swift-async-algorithms.build/Debug-appletvos/AsyncAlgorithms-t.build/Objects-normal/arm64/AsyncAlgorithms-dependency-scan.dia -user-module-version 1.1.6 -validate-clang-modules-once -clang-build-session-file /Users/admin/builder/spi-builder-workspace/.derivedData/ModuleCache.noindex/Session.modulevalidation -Xcc -fmodules-prune-interval\=86400 -Xcc -fmodules-prune-after\=345600 -package-name swift_async_algorithms -emit-const-values -const-gather-protocols-list /Users/admin/builder/spi-builder-workspace/.derivedData/Build/Intermediates.noindex/swift-async-algorithms.build/Debug-appletvos/AsyncAlgorithms-t.build/Objects-normal/arm64/AsyncAlgorithms_const_extract_protocols.json -Xcc -I/Users/admin/builder/spi-builder-workspace/.derivedData/Build/Products/Debug-appletvos/include -Xcc -I/Users/admin/builder/spi-builder-workspace/.derivedData/Build/Intermediates.noindex/swift-async-algorithms.build/Debug-appletvos/AsyncAlgorithms-t.build/DerivedSources-normal/arm64 -Xcc -I/Users/admin/builder/spi-builder-workspace/.derivedData/Build/Intermediates.noindex/swift-async-algorithms.build/Debug-appletvos/AsyncAlgorithms-t.build/DerivedSources/arm64 -Xcc -I/Users/admin/builder/spi-builder-workspace/.derivedData/Build/Intermediates.noindex/swift-async-algorithms.build/Debug-appletvos/AsyncAlgorithms-t.build/DerivedSources -Xcc -DSWIFT_PACKAGE -Xcc -DDEBUG\=1 -emit-objc-header -emit-objc-header-path /Users/admin/builder/spi-builder-workspace/.derivedData/Build/Intermediates.noindex/swift-async-algorithms.build/Debug-appletvos/AsyncAlgorithms-t.build/Objects-normal/arm64/AsyncAlgorithms-Swift.h -working-directory /Users/admin/builder/spi-builder-workspace/.swiftpm/xcode -experimental-emit-module-separately -disable-cmo
SwiftMergeGeneratedHeaders /Users/admin/builder/spi-builder-workspace/.derivedData/Build/Intermediates.noindex/GeneratedModuleMaps-appletvos/AsyncAlgorithms-Swift.h /Users/admin/builder/spi-builder-workspace/.derivedData/Build/Intermediates.noindex/swift-async-algorithms.build/Debug-appletvos/AsyncAlgorithms-t.build/Objects-normal/arm64/AsyncAlgorithms-Swift.h (in target 'AsyncAlgorithms' from project 'swift-async-algorithms')
cd /Users/admin/builder/spi-builder-workspace/.dependencies/checkouts/swift-async-algorithms
builtin-swiftHeaderTool -arch arm64 /Users/admin/builder/spi-builder-workspace/.derivedData/Build/Intermediates.noindex/swift-async-algorithms.build/Debug-appletvos/AsyncAlgorithms-t.build/Objects-normal/arm64/AsyncAlgorithms-Swift.h -o /Users/admin/builder/spi-builder-workspace/.derivedData/Build/Intermediates.noindex/GeneratedModuleMaps-appletvos/AsyncAlgorithms-Swift.h
Copy /Users/admin/builder/spi-builder-workspace/.derivedData/Build/Products/Debug-appletvos/AsyncAlgorithms.swiftmodule/arm64-apple-tvos.swiftdoc /Users/admin/builder/spi-builder-workspace/.derivedData/Build/Intermediates.noindex/swift-async-algorithms.build/Debug-appletvos/AsyncAlgorithms-t.build/Objects-normal/arm64/AsyncAlgorithms.swiftdoc (in target 'AsyncAlgorithms' from project 'swift-async-algorithms')
cd /Users/admin/builder/spi-builder-workspace/.dependencies/checkouts/swift-async-algorithms
builtin-copy -exclude .DS_Store -exclude CVS -exclude .svn -exclude .git -exclude .hg -resolve-src-symlinks -rename /Users/admin/builder/spi-builder-workspace/.derivedData/Build/Intermediates.noindex/swift-async-algorithms.build/Debug-appletvos/AsyncAlgorithms-t.build/Objects-normal/arm64/AsyncAlgorithms.swiftdoc /Users/admin/builder/spi-builder-workspace/.derivedData/Build/Products/Debug-appletvos/AsyncAlgorithms.swiftmodule/arm64-apple-tvos.swiftdoc
Copy /Users/admin/builder/spi-builder-workspace/.derivedData/Build/Products/Debug-appletvos/AsyncAlgorithms.swiftmodule/arm64-apple-tvos.abi.json /Users/admin/builder/spi-builder-workspace/.derivedData/Build/Intermediates.noindex/swift-async-algorithms.build/Debug-appletvos/AsyncAlgorithms-t.build/Objects-normal/arm64/AsyncAlgorithms.abi.json (in target 'AsyncAlgorithms' from project 'swift-async-algorithms')
cd /Users/admin/builder/spi-builder-workspace/.dependencies/checkouts/swift-async-algorithms
builtin-copy -exclude .DS_Store -exclude CVS -exclude .svn -exclude .git -exclude .hg -resolve-src-symlinks -rename /Users/admin/builder/spi-builder-workspace/.derivedData/Build/Intermediates.noindex/swift-async-algorithms.build/Debug-appletvos/AsyncAlgorithms-t.build/Objects-normal/arm64/AsyncAlgorithms.abi.json /Users/admin/builder/spi-builder-workspace/.derivedData/Build/Products/Debug-appletvos/AsyncAlgorithms.swiftmodule/arm64-apple-tvos.abi.json
Copy /Users/admin/builder/spi-builder-workspace/.derivedData/Build/Products/Debug-appletvos/AsyncAlgorithms.swiftmodule/arm64-apple-tvos.swiftmodule /Users/admin/builder/spi-builder-workspace/.derivedData/Build/Intermediates.noindex/swift-async-algorithms.build/Debug-appletvos/AsyncAlgorithms-t.build/Objects-normal/arm64/AsyncAlgorithms.swiftmodule (in target 'AsyncAlgorithms' from project 'swift-async-algorithms')
cd /Users/admin/builder/spi-builder-workspace/.dependencies/checkouts/swift-async-algorithms
builtin-copy -exclude .DS_Store -exclude CVS -exclude .svn -exclude .git -exclude .hg -resolve-src-symlinks -rename /Users/admin/builder/spi-builder-workspace/.derivedData/Build/Intermediates.noindex/swift-async-algorithms.build/Debug-appletvos/AsyncAlgorithms-t.build/Objects-normal/arm64/AsyncAlgorithms.swiftmodule /Users/admin/builder/spi-builder-workspace/.derivedData/Build/Products/Debug-appletvos/AsyncAlgorithms.swiftmodule/arm64-apple-tvos.swiftmodule
Copy /Users/admin/builder/spi-builder-workspace/.derivedData/Build/Products/Debug-appletvos/AsyncAlgorithms.swiftmodule/Project/arm64-apple-tvos.swiftsourceinfo /Users/admin/builder/spi-builder-workspace/.derivedData/Build/Intermediates.noindex/swift-async-algorithms.build/Debug-appletvos/AsyncAlgorithms-t.build/Objects-normal/arm64/AsyncAlgorithms.swiftsourceinfo (in target 'AsyncAlgorithms' from project 'swift-async-algorithms')
cd /Users/admin/builder/spi-builder-workspace/.dependencies/checkouts/swift-async-algorithms
builtin-copy -exclude .DS_Store -exclude CVS -exclude .svn -exclude .git -exclude .hg -resolve-src-symlinks -rename /Users/admin/builder/spi-builder-workspace/.derivedData/Build/Intermediates.noindex/swift-async-algorithms.build/Debug-appletvos/AsyncAlgorithms-t.build/Objects-normal/arm64/AsyncAlgorithms.swiftsourceinfo /Users/admin/builder/spi-builder-workspace/.derivedData/Build/Products/Debug-appletvos/AsyncAlgorithms.swiftmodule/Project/arm64-apple-tvos.swiftsourceinfo
SwiftDriver SPFKBase normal arm64 com.apple.xcode.tools.swift.compiler (in target 'SPFKBase' from project 'spfk-base')
cd /Users/admin/builder/spi-builder-workspace/.swiftpm/xcode
builtin-SwiftDriver -- /Applications/Xcode-27.0.0-Release.Candidate.app/Contents/Developer/Toolchains/XcodeDefault.xctoolchain/usr/bin/swiftc -parse-as-library -module-name SPFKBase -Onone @/Users/admin/builder/spi-builder-workspace/.derivedData/Build/Intermediates.noindex/spfk-base.build/Debug-appletvos/SPFKBase-t.build/Objects-normal/arm64/SPFKBase.SwiftFileList -DSWIFT_PACKAGE -DDEBUG -DSWIFT_MODULE_RESOURCE_BUNDLE_UNAVAILABLE -Xcc -fmodule-map-file\=/Users/admin/builder/spi-builder-workspace/.dependencies/checkouts/swift-numerics/Sources/_NumericsShims/include/module.modulemap -Xcc -fmodule-map-file\=/Users/admin/builder/spi-builder-workspace/.derivedData/Build/Intermediates.noindex/GeneratedModuleMaps-appletvos/SPFKBaseC.modulemap -DXcode -plugin-path /Applications/Xcode-27.0.0-Release.Candidate.app/Contents/Developer/Toolchains/XcodeDefault.xctoolchain/usr/lib/swift/host/plugins/testing -enable-experimental-feature DebugDescriptionMacro -sdk /Applications/Xcode-27.0.0-Release.Candidate.app/Contents/Developer/Platforms/AppleTVOS.platform/Developer/SDKs/AppleTVOS27.0.sdk -target arm64-apple-tvos16.0 -g -module-cache-path /Users/admin/builder/spi-builder-workspace/.derivedData/ModuleCache.noindex -Xfrontend -serialize-debugging-options -profile-coverage-mapping -profile-generate -enable-testing -suppress-warnings -index-store-path /Users/admin/builder/spi-builder-workspace/.derivedData/Index.noindex/DataStore -Xcc -D_LIBCPP_HARDENING_MODE\=_LIBCPP_HARDENING_MODE_DEBUG -swift-version 6 -I /Users/admin/builder/spi-builder-workspace/.derivedData/Build/Products/Debug-appletvos -Isystem /Applications/Xcode-27.0.0-Release.Candidate.app/Contents/Developer/Platforms/AppleTVOS.platform/Developer/usr/lib -F /Users/admin/builder/spi-builder-workspace/.derivedData/Build/Products/Debug-appletvos/PackageFrameworks -F /Users/admin/builder/spi-builder-workspace/.derivedData/Build/Products/Debug-appletvos -F /Applications/Xcode-27.0.0-Release.Candidate.app/Contents/Developer/Platforms/AppleTVOS.platform/Developer/Library/Frameworks -F /Applications/Xcode-27.0.0-Release.Candidate.app/Contents/Developer/Platforms/AppleTVOS.platform/Developer/SDKs/AppleTVOS27.0.sdk/Developer/Library/Frameworks -emit-localized-strings -emit-localized-strings-path /Users/admin/builder/spi-builder-workspace/.derivedData/Build/Intermediates.noindex/spfk-base.build/Debug-appletvos/SPFKBase-t.build/Objects-normal/arm64 -c -j10 -enable-batch-mode -incremental -Xcc -ivfsstatcache -Xcc /Users/admin/builder/spi-builder-workspace/.derivedData/SDKStatCaches.noindex/appletvos27.0-24J360-e829b21a6f8c9b70876ba0858053c044b32bfd8d43560033f8d89884cdb90028.sdkstatcache -output-file-map /Users/admin/builder/spi-builder-workspace/.derivedData/Build/Intermediates.noindex/spfk-base.build/Debug-appletvos/SPFKBase-t.build/Objects-normal/arm64/SPFKBase-OutputFileMap.json -save-temps -no-color-diagnostics -explicit-module-build -module-cache-path /Users/admin/builder/spi-builder-workspace/.derivedData/Build/Intermediates.noindex/SwiftExplicitPrecompiledModules -clang-scanner-module-cache-path /Users/admin/builder/spi-builder-workspace/.derivedData/ModuleCache.noindex -sdk-module-cache-path /Users/admin/builder/spi-builder-workspace/.derivedData/SDKExplicitPrecompiledModules -emit-dependencies -emit-module -emit-module-path /Users/admin/builder/spi-builder-workspace/.derivedData/Build/Intermediates.noindex/spfk-base.build/Debug-appletvos/SPFKBase-t.build/Objects-normal/arm64/SPFKBase.swiftmodule -serialize-diagnostics -dependency-scan-serialize-diagnostics-path /Users/admin/builder/spi-builder-workspace/.derivedData/Build/Intermediates.noindex/spfk-base.build/Debug-appletvos/SPFKBase-t.build/Objects-normal/arm64/SPFKBase-dependency-scan.dia -user-module-version 1.11.0 -validate-clang-modules-once -clang-build-session-file /Users/admin/builder/spi-builder-workspace/.derivedData/ModuleCache.noindex/Session.modulevalidation -Xcc -fmodules-prune-interval\=86400 -Xcc -fmodules-prune-after\=345600 -package-name spfk_base -emit-const-values -const-gather-protocols-list /Users/admin/builder/spi-builder-workspace/.derivedData/Build/Intermediates.noindex/spfk-base.build/Debug-appletvos/SPFKBase-t.build/Objects-normal/arm64/SPFKBase_const_extract_protocols.json -Xcc -I/Users/admin/builder/spi-builder-workspace/.dependencies/checkouts/swift-numerics/Sources/_NumericsShims/include -Xcc -I/Users/admin/builder/spi-builder-workspace/.dependencies/checkouts/spfk-base/Sources/SPFKBaseC/include -Xcc -I/Users/admin/builder/spi-builder-workspace/.derivedData/Build/Products/Debug-appletvos/include -Xcc -I/Users/admin/builder/spi-builder-workspace/.derivedData/Build/Intermediates.noindex/spfk-base.build/Debug-appletvos/SPFKBase-t.build/DerivedSources-normal/arm64 -Xcc -I/Users/admin/builder/spi-builder-workspace/.derivedData/Build/Intermediates.noindex/spfk-base.build/Debug-appletvos/SPFKBase-t.build/DerivedSources/arm64 -Xcc -I/Users/admin/builder/spi-builder-workspace/.derivedData/Build/Intermediates.noindex/spfk-base.build/Debug-appletvos/SPFKBase-t.build/DerivedSources -Xcc -DSWIFT_PACKAGE -Xcc -DDEBUG\=1 -emit-objc-header -emit-objc-header-path /Users/admin/builder/spi-builder-workspace/.derivedData/Build/Intermediates.noindex/spfk-base.build/Debug-appletvos/SPFKBase-t.build/Objects-normal/arm64/SPFKBase-Swift.h -working-directory /Users/admin/builder/spi-builder-workspace/.swiftpm/xcode -experimental-emit-module-separately -disable-cmo
SwiftDriverJobDiscovery normal arm64 Compiling AsyncAdjacentPairsSequence.swift, AsyncBufferedByteIterator.swift, AsyncChain2Sequence.swift, AsyncChain3Sequence.swift, AsyncChunkedByGroupSequence.swift, AsyncChunkedOnProjectionSequence.swift (in target 'AsyncAlgorithms' from project 'swift-async-algorithms')
SwiftDriverJobDiscovery normal arm64 Compiling AsyncChunksOfCountOrSignalSequence.swift, AsyncChunksOfCountSequence.swift, AsyncCompactedSequence.swift, AsyncExclusiveReductionsSequence.swift, AsyncInclusiveReductionsSequence.swift, AsyncJoinedBySeparatorSequence.swift (in target 'AsyncAlgorithms' from project 'swift-async-algorithms')
SwiftDriverJobDiscovery normal arm64 Compiling MergeStorage.swift, MultiProducerSingleConsumerAsyncChannel+Internal.swift, MultiProducerSingleConsumerAsyncChannel.swift, RangeReplaceableCollection.swift, Rethrow.swift, SetAlgebra.swift (in target 'AsyncAlgorithms' from project 'swift-async-algorithms')
SwiftDriverJobDiscovery normal arm64 Compiling DebounceStorage.swift, Dictionary.swift, AsyncFlatMapLatestSequence.swift, FlatMapLatestStateMachine.swift, FlatMapLatestStorage.swift, Disconnected.swift (in target 'AsyncAlgorithms' from project 'swift-async-algorithms')
SwiftExplicitDependencyGeneratePcm arm64 /Users/admin/builder/spi-builder-workspace/.derivedData/Build/Intermediates.noindex/SwiftExplicitPrecompiledModules/SPFKBaseC-E9FVRANQ7B7S7XSHKJTVR2LQE.pcm
SwiftExplicitDependencyGeneratePcm arm64 /Users/admin/builder/spi-builder-workspace/.derivedData/SDKExplicitPrecompiledModules/CoreMIDI-B30Z2AL3XECIIRY4VF47O5AZP.pcm
SwiftExplicitDependencyGeneratePcm arm64 /Users/admin/builder/spi-builder-workspace/.derivedData/SDKExplicitPrecompiledModules/CoreAudioTypes-3D575H9KXE9GWSK6ZWEWBV9TM.pcm
SwiftExplicitDependencyGeneratePcm arm64 /Users/admin/builder/spi-builder-workspace/.derivedData/SDKExplicitPrecompiledModules/CoreAudio-46JNU59TK6U76A9ILN06CT9NS.pcm
SwiftExplicitDependencyGeneratePcm arm64 /Users/admin/builder/spi-builder-workspace/.derivedData/SDKExplicitPrecompiledModules/AudioToolbox-9V31DICOPA27I0F5R9SY4TSML.pcm
SwiftExplicitDependencyGeneratePcm arm64 /Users/admin/builder/spi-builder-workspace/.derivedData/SDKExplicitPrecompiledModules/CoreMedia-43BPYBY7ZACBDCUTAJXJFLTBP.pcm
SwiftDriverJobDiscovery normal arm64 Compiling AsyncCombineLatest2Sequence.swift, AsyncCombineLatest3Sequence.swift, CombineLatestStateMachine.swift, CombineLatestStorage.swift, AsyncDebounceSequence.swift, DebounceStateMachine.swift (in target 'AsyncAlgorithms' from project 'swift-async-algorithms')
SwiftDriver\ Compilation AsyncAlgorithms normal arm64 com.apple.xcode.tools.swift.compiler (in target 'AsyncAlgorithms' from project 'swift-async-algorithms')
cd /Users/admin/builder/spi-builder-workspace/.swiftpm/xcode
builtin-Swift-Compilation -- /Applications/Xcode-27.0.0-Release.Candidate.app/Contents/Developer/Toolchains/XcodeDefault.xctoolchain/usr/bin/swiftc -parse-as-library -module-name AsyncAlgorithms -Onone @/Users/admin/builder/spi-builder-workspace/.derivedData/Build/Intermediates.noindex/swift-async-algorithms.build/Debug-appletvos/AsyncAlgorithms-t.build/Objects-normal/arm64/AsyncAlgorithms.SwiftFileList -DSWIFT_PACKAGE -DDEBUG -DSWIFT_MODULE_RESOURCE_BUNDLE_UNAVAILABLE -DXcode -enable-experimental-feature AvailabilityMacro\=AsyncAlgorithms\ 1.0:macOS\ 10.15,\ iOS\ 13.0,\ tvOS\ 13.0,\ watchOS\ 6.0 -enable-experimental-feature AvailabilityMacro\=AsyncAlgorithms\ 1.1:macOS\ 15.0,\ iOS\ 18.0,\ tvOS\ 18.0,\ watchOS\ 11.0,\ visionOS\ 2.0 -enable-experimental-feature AvailabilityMacro\=AsyncAlgorithms\ 1.2:macOS\ 15.0,\ iOS\ 18.0,\ tvOS\ 18.0,\ watchOS\ 11.0,\ visionOS\ 2.0 -enable-experimental-feature AvailabilityMacro\=AsyncAlgorithms\ 1.3:macOS\ 15.0,\ iOS\ 18.0,\ tvOS\ 18.0,\ watchOS\ 11.0,\ visionOS\ 2.0 -enable-experimental-feature StrictConcurrency\=complete -plugin-path /Applications/Xcode-27.0.0-Release.Candidate.app/Contents/Developer/Toolchains/XcodeDefault.xctoolchain/usr/lib/swift/host/plugins/testing -enable-experimental-feature DebugDescriptionMacro -sdk /Applications/Xcode-27.0.0-Release.Candidate.app/Contents/Developer/Platforms/AppleTVOS.platform/Developer/SDKs/AppleTVOS27.0.sdk -target arm64-apple-tvos15.0 -g -module-cache-path /Users/admin/builder/spi-builder-workspace/.derivedData/ModuleCache.noindex -Xfrontend -serialize-debugging-options -profile-coverage-mapping -profile-generate -enable-testing -suppress-warnings -index-store-path /Users/admin/builder/spi-builder-workspace/.derivedData/Index.noindex/DataStore -Xcc -D_LIBCPP_HARDENING_MODE\=_LIBCPP_HARDENING_MODE_DEBUG -swift-version 6 -I /Users/admin/builder/spi-builder-workspace/.derivedData/Build/Products/Debug-appletvos -Isystem /Applications/Xcode-27.0.0-Release.Candidate.app/Contents/Developer/Platforms/AppleTVOS.platform/Developer/usr/lib -F /Users/admin/builder/spi-builder-workspace/.derivedData/Build/Products/Debug-appletvos/PackageFrameworks -F /Users/admin/builder/spi-builder-workspace/.derivedData/Build/Products/Debug-appletvos -F /Applications/Xcode-27.0.0-Release.Candidate.app/Contents/Developer/Platforms/AppleTVOS.platform/Developer/Library/Frameworks -F /Applications/Xcode-27.0.0-Release.Candidate.app/Contents/Developer/Platforms/AppleTVOS.platform/Developer/SDKs/AppleTVOS27.0.sdk/Developer/Library/Frameworks -c -j10 -enable-batch-mode -incremental -Xcc -ivfsstatcache -Xcc /Users/admin/builder/spi-builder-workspace/.derivedData/SDKStatCaches.noindex/appletvos27.0-24J360-e829b21a6f8c9b70876ba0858053c044b32bfd8d43560033f8d89884cdb90028.sdkstatcache -output-file-map /Users/admin/builder/spi-builder-workspace/.derivedData/Build/Intermediates.noindex/swift-async-algorithms.build/Debug-appletvos/AsyncAlgorithms-t.build/Objects-normal/arm64/AsyncAlgorithms-OutputFileMap.json -save-temps -no-color-diagnostics -explicit-module-build -module-cache-path /Users/admin/builder/spi-builder-workspace/.derivedData/Build/Intermediates.noindex/SwiftExplicitPrecompiledModules -clang-scanner-module-cache-path /Users/admin/builder/spi-builder-workspace/.derivedData/ModuleCache.noindex -sdk-module-cache-path /Users/admin/builder/spi-builder-workspace/.derivedData/SDKExplicitPrecompiledModules -emit-dependencies -emit-module -emit-module-path /Users/admin/builder/spi-builder-workspace/.derivedData/Build/Intermediates.noindex/swift-async-algorithms.build/Debug-appletvos/AsyncAlgorithms-t.build/Objects-normal/arm64/AsyncAlgorithms.swiftmodule -serialize-diagnostics -dependency-scan-serialize-diagnostics-path /Users/admin/builder/spi-builder-workspace/.derivedData/Build/Intermediates.noindex/swift-async-algorithms.build/Debug-appletvos/AsyncAlgorithms-t.build/Objects-normal/arm64/AsyncAlgorithms-dependency-scan.dia -user-module-version 1.1.6 -validate-clang-modules-once -clang-build-session-file /Users/admin/builder/spi-builder-workspace/.derivedData/ModuleCache.noindex/Session.modulevalidation -Xcc -fmodules-prune-interval\=86400 -Xcc -fmodules-prune-after\=345600 -package-name swift_async_algorithms -emit-const-values -const-gather-protocols-list /Users/admin/builder/spi-builder-workspace/.derivedData/Build/Intermediates.noindex/swift-async-algorithms.build/Debug-appletvos/AsyncAlgorithms-t.build/Objects-normal/arm64/AsyncAlgorithms_const_extract_protocols.json -Xcc -I/Users/admin/builder/spi-builder-workspace/.derivedData/Build/Products/Debug-appletvos/include -Xcc -I/Users/admin/builder/spi-builder-workspace/.derivedData/Build/Intermediates.noindex/swift-async-algorithms.build/Debug-appletvos/AsyncAlgorithms-t.build/DerivedSources-normal/arm64 -Xcc -I/Users/admin/builder/spi-builder-workspace/.derivedData/Build/Intermediates.noindex/swift-async-algorithms.build/Debug-appletvos/AsyncAlgorithms-t.build/DerivedSources/arm64 -Xcc -I/Users/admin/builder/spi-builder-workspace/.derivedData/Build/Intermediates.noindex/swift-async-algorithms.build/Debug-appletvos/AsyncAlgorithms-t.build/DerivedSources -Xcc -DSWIFT_PACKAGE -Xcc -DDEBUG\=1 -emit-objc-header -emit-objc-header-path /Users/admin/builder/spi-builder-workspace/.derivedData/Build/Intermediates.noindex/swift-async-algorithms.build/Debug-appletvos/AsyncAlgorithms-t.build/Objects-normal/arm64/AsyncAlgorithms-Swift.h -working-directory /Users/admin/builder/spi-builder-workspace/.swiftpm/xcode -experimental-emit-module-separately -disable-cmo
Ld /Users/admin/builder/spi-builder-workspace/.derivedData/Build/Products/Debug-appletvos/AsyncAlgorithms.o normal (in target 'AsyncAlgorithms' from project 'swift-async-algorithms')
cd /Users/admin/builder/spi-builder-workspace/.dependencies/checkouts/swift-async-algorithms
/Applications/Xcode-27.0.0-Release.Candidate.app/Contents/Developer/Toolchains/XcodeDefault.xctoolchain/usr/bin/clang -Xlinker -reproducible -target arm64-apple-tvos15.0 -r -isysroot /Applications/Xcode-27.0.0-Release.Candidate.app/Contents/Developer/Platforms/AppleTVOS.platform/Developer/SDKs/AppleTVOS27.0.sdk -O0 -w -Xlinker -no_warn_duplicate_libraries -F/Users/admin/builder/spi-builder-workspace/.derivedData/Build/Intermediates.noindex/EagerLinkingTBDs/Debug-appletvos -F/Users/admin/builder/spi-builder-workspace/.derivedData/Build/Products/Debug-appletvos/PackageFrameworks -F/Users/admin/builder/spi-builder-workspace/.derivedData/Build/Products/Debug-appletvos -iframework /Applications/Xcode-27.0.0-Release.Candidate.app/Contents/Developer/Platforms/AppleTVOS.platform/Developer/Library/Frameworks -iframework /Applications/Xcode-27.0.0-Release.Candidate.app/Contents/Developer/Platforms/AppleTVOS.platform/Developer/SDKs/AppleTVOS27.0.sdk/Developer/Library/Frameworks -filelist /Users/admin/builder/spi-builder-workspace/.derivedData/Build/Intermediates.noindex/swift-async-algorithms.build/Debug-appletvos/AsyncAlgorithms-t.build/Objects-normal/arm64/AsyncAlgorithms.LinkFileList -nostdlib -Xlinker -object_path_lto -Xlinker /Users/admin/builder/spi-builder-workspace/.derivedData/Build/Intermediates.noindex/swift-async-algorithms.build/Debug-appletvos/AsyncAlgorithms-t.build/Objects-normal/arm64/AsyncAlgorithms_lto.o -Xlinker -no_deduplicate -Xlinker -debug_variant -Xlinker -dependency_info -Xlinker /Users/admin/builder/spi-builder-workspace/.derivedData/Build/Intermediates.noindex/swift-async-algorithms.build/Debug-appletvos/AsyncAlgorithms-t.build/Objects-normal/arm64/AsyncAlgorithms_dependency_info.dat -fobjc-link-runtime -L/Applications/Xcode-27.0.0-Release.Candidate.app/Contents/Developer/Toolchains/XcodeDefault.xctoolchain/usr/lib/swift/appletvos -L/usr/lib/swift -Xlinker -add_ast_path -Xlinker /Users/admin/builder/spi-builder-workspace/.derivedData/Build/Intermediates.noindex/swift-async-algorithms.build/Debug-appletvos/AsyncAlgorithms-t.build/Objects-normal/arm64/AsyncAlgorithms.swiftmodule -o /Users/admin/builder/spi-builder-workspace/.derivedData/Build/Products/Debug-appletvos/AsyncAlgorithms.o
ExtractAppIntentsMetadata (in target 'AsyncAlgorithms' from project 'swift-async-algorithms')
cd /Users/admin/builder/spi-builder-workspace/.dependencies/checkouts/swift-async-algorithms
/Applications/Xcode-27.0.0-Release.Candidate.app/Contents/Developer/Toolchains/XcodeDefault.xctoolchain/usr/bin/appintentsmetadataprocessor --toolchain-dir /var/run/com.apple.security.cryptexd/mnt/com.apple.MobileAsset.MetalToolchain-v27.1.266.1.0eyej7/Metal.xctoolchain --module-name AsyncAlgorithms --sdk-root /Applications/Xcode-27.0.0-Release.Candidate.app/Contents/Developer/Platforms/AppleTVOS.platform/Developer/SDKs/AppleTVOS27.0.sdk --xcode-version 27A266a --platform-family tvOS --deployment-target 15.0 --bundle-identifier swift-async-algorithms.AsyncAlgorithms --output /Users/admin/builder/spi-builder-workspace/.derivedData/Build/Products/Debug-appletvos/AsyncAlgorithms.appintents --target-triple arm64-apple-tvos15.0 --binary-file /Users/admin/builder/spi-builder-workspace/.derivedData/Build/Products/Debug-appletvos/AsyncAlgorithms.o --dependency-file /Users/admin/builder/spi-builder-workspace/.derivedData/Build/Intermediates.noindex/swift-async-algorithms.build/Debug-appletvos/AsyncAlgorithms-t.build/Objects-normal/arm64/AsyncAlgorithms_dependency_info.dat --stringsdata-file /Users/admin/builder/spi-builder-workspace/.derivedData/Build/Intermediates.noindex/swift-async-algorithms.build/Debug-appletvos/AsyncAlgorithms-t.build/Objects-normal/arm64/ExtractedAppShortcutsMetadata.stringsdata --source-file-list /Users/admin/builder/spi-builder-workspace/.derivedData/Build/Intermediates.noindex/swift-async-algorithms.build/Debug-appletvos/AsyncAlgorithms-t.build/Objects-normal/arm64/AsyncAlgorithms.SwiftFileList --metadata-file-list /Users/admin/builder/spi-builder-workspace/.derivedData/Build/Intermediates.noindex/swift-async-algorithms.build/Debug-appletvos/AsyncAlgorithms-t.build/AsyncAlgorithms.DependencyMetadataFileList --static-metadata-file-list /Users/admin/builder/spi-builder-workspace/.derivedData/Build/Intermediates.noindex/swift-async-algorithms.build/Debug-appletvos/AsyncAlgorithms-t.build/AsyncAlgorithms.DependencyStaticMetadataFileList --swift-const-vals-list /Users/admin/builder/spi-builder-workspace/.derivedData/Build/Intermediates.noindex/swift-async-algorithms.build/Debug-appletvos/AsyncAlgorithms-t.build/Objects-normal/arm64/AsyncAlgorithms.SwiftConstValuesFileList --force --compile-time-extraction --deployment-aware-processing --no-app-shortcuts-localization
2026-09-27 14:05:42.700 appintentsmetadataprocessor[1531:8404] Starting appintentsmetadataprocessor export
2026-09-27 14:05:42.762 appintentsmetadataprocessor[1531:8404] Extracted no relevant App Intents symbols, skipping writing output
SwiftExplicitDependencyGeneratePcm arm64 /Users/admin/builder/spi-builder-workspace/.derivedData/SDKExplicitPrecompiledModules/AVFAudio-8NW4NDEP5052P5EQPU4CJYSUE.pcm
SwiftCompile normal arm64 Compiling\ FileManager.swift,\ FloatingPoint.swift,\ NSError.swift,\ NSException.swift /Users/admin/builder/spi-builder-workspace/.dependencies/checkouts/spfk-base/Sources/SPFKBase/Extensions/Foundation/FileManager.swift /Users/admin/builder/spi-builder-workspace/.dependencies/checkouts/spfk-base/Sources/SPFKBase/Extensions/Foundation/FloatingPoint.swift /Users/admin/builder/spi-builder-workspace/.dependencies/checkouts/spfk-base/Sources/SPFKBase/Extensions/Foundation/NSError.swift /Users/admin/builder/spi-builder-workspace/.dependencies/checkouts/spfk-base/Sources/SPFKBase/Extensions/Foundation/NSException.swift (in target 'SPFKBase' from project 'spfk-base')
/Users/admin/builder/spi-builder-workspace/.dependencies/checkouts/spfk-base/Sources/SPFKBase/Extensions/Foundation/FileManager.swift:21:18: error: 'trashDirectory' is unavailable in tvOS
19 | try? getRelationship(
20 | &relationship,
21 | of: .trashDirectory,
| `- error: 'trashDirectory' is unavailable in tvOS
22 | in: .allDomainsMask,
23 | toItemAt: url
Foundation.FileManager.SearchPathDirectory.trashDirectory:4:10: note: 'trashDirectory' has been explicitly marked unavailable here
2 | enum SearchPathDirectory {
3 | @available(tvOS, unavailable)
4 | case trashDirectory }
| `- note: 'trashDirectory' has been explicitly marked unavailable here
5 | }
6 |
Failed frontend command:
SwiftCompile normal arm64 /Users/admin/builder/spi-builder-workspace/.dependencies/checkouts/spfk-base/Sources/SPFKBase/Extensions/Foundation/FileManager.swift (in target 'SPFKBase' from project 'spfk-base')
cd /Users/admin/builder/spi-builder-workspace/.swiftpm/xcode
builtin-SwiftPerFileCompile FileManager.swift
SwiftCompile normal arm64 /Users/admin/builder/spi-builder-workspace/.dependencies/checkouts/spfk-base/Sources/SPFKBase/Extensions/Foundation/FloatingPoint.swift (in target 'SPFKBase' from project 'spfk-base')
cd /Users/admin/builder/spi-builder-workspace/.swiftpm/xcode
builtin-SwiftPerFileCompile FloatingPoint.swift
SwiftCompile normal arm64 /Users/admin/builder/spi-builder-workspace/.dependencies/checkouts/spfk-base/Sources/SPFKBase/Extensions/Foundation/NSError.swift (in target 'SPFKBase' from project 'spfk-base')
cd /Users/admin/builder/spi-builder-workspace/.swiftpm/xcode
builtin-SwiftPerFileCompile NSError.swift
SwiftCompile normal arm64 /Users/admin/builder/spi-builder-workspace/.dependencies/checkouts/spfk-base/Sources/SPFKBase/Extensions/Foundation/NSException.swift (in target 'SPFKBase' from project 'spfk-base')
cd /Users/admin/builder/spi-builder-workspace/.swiftpm/xcode
builtin-SwiftPerFileCompile NSException.swift
/Applications/Xcode-27.0.0-Release.Candidate.app/Contents/Developer/Toolchains/XcodeDefault.xctoolchain/usr/bin/swift-frontend -frontend -c /Users/admin/builder/spi-builder-workspace/.dependencies/checkouts/spfk-base/Sources/SPFKBase/Definitions/Benchmark.swift /Users/admin/builder/spi-builder-workspace/.dependencies/checkouts/spfk-base/Sources/SPFKBase/Definitions/CG\ Wrappers.swift /Users/admin/builder/spi-builder-workspace/.dependencies/checkouts/spfk-base/Sources/SPFKBase/Definitions/DebouncedTask.swift /Users/admin/builder/spi-builder-workspace/.dependencies/checkouts/spfk-base/Sources/SPFKBase/Definitions/FloatChannelData.swift /Users/admin/builder/spi-builder-workspace/.dependencies/checkouts/spfk-base/Sources/SPFKBase/Definitions/HexColor/HexColor+ColorName.swift /Users/admin/builder/spi-builder-workspace/.dependencies/checkouts/spfk-base/Sources/SPFKBase/Definitions/HexColor/HexColor+NSColor.swift /Users/admin/builder/spi-builder-workspace/.dependencies/checkouts/spfk-base/Sources/SPFKBase/Definitions/HexColor/HexColor.swift /Users/admin/builder/spi-builder-workspace/.dependencies/checkouts/spfk-base/Sources/SPFKBase/Definitions/Import/ParseProgressAccess.swift /Users/admin/builder/spi-builder-workspace/.dependencies/checkouts/spfk-base/Sources/SPFKBase/Definitions/Import/ParseStopSignal.swift /Users/admin/builder/spi-builder-workspace/.dependencies/checkouts/spfk-base/Sources/SPFKBase/Definitions/MovementDirection.swift /Users/admin/builder/spi-builder-workspace/.dependencies/checkouts/spfk-base/Sources/SPFKBase/Definitions/OSVersion.swift /Users/admin/builder/spi-builder-workspace/.dependencies/checkouts/spfk-base/Sources/SPFKBase/Definitions/SequentialPCMSource.swift /Users/admin/builder/spi-builder-workspace/.dependencies/checkouts/spfk-base/Sources/SPFKBase/Definitions/Serializable+Pasteboard.swift /Users/admin/builder/spi-builder-workspace/.dependencies/checkouts/spfk-base/Sources/SPFKBase/Definitions/Serializable.swift /Users/admin/builder/spi-builder-workspace/.dependencies/checkouts/spfk-base/Sources/SPFKBase/Definitions/TrimDescription.swift /Users/admin/builder/spi-builder-workspace/.dependencies/checkouts/spfk-base/Sources/SPFKBase/Definitions/UnitInterval.swift /Users/admin/builder/spi-builder-workspace/.dependencies/checkouts/spfk-base/Sources/SPFKBase/ExceptionTrap.swift /Users/admin/builder/spi-builder-workspace/.dependencies/checkouts/spfk-base/Sources/SPFKBase/Extensions/CoreFoundation/Floating\ Point.swift /Users/admin/builder/spi-builder-workspace/.dependencies/checkouts/spfk-base/Sources/SPFKBase/Extensions/CoreFoundation/FourCharCode.swift /Users/admin/builder/spi-builder-workspace/.dependencies/checkouts/spfk-base/Sources/SPFKBase/Extensions/Foundation/AsyncSequence.swift /Users/admin/builder/spi-builder-workspace/.dependencies/checkouts/spfk-base/Sources/SPFKBase/Extensions/Foundation/Bool+Extensions.swift /Users/admin/builder/spi-builder-workspace/.dependencies/checkouts/spfk-base/Sources/SPFKBase/Extensions/Foundation/Collection\ General.swift /Users/admin/builder/spi-builder-workspace/.dependencies/checkouts/spfk-base/Sources/SPFKBase/Extensions/Foundation/Collection\ String.swift -primary-file /Users/admin/builder/spi-builder-workspace/.dependencies/checkouts/spfk-base/Sources/SPFKBase/Extensions/Foundation/FileManager.swift -primary-file /Users/admin/builder/spi-builder-workspace/.dependencies/checkouts/spfk-base/Sources/SPFKBase/Extensions/Foundation/FloatingPoint.swift -primary-file /Users/admin/builder/spi-builder-workspace/.dependencies/checkouts/spfk-base/Sources/SPFKBase/Extensions/Foundation/NSError.swift -primary-file /Users/admin/builder/spi-builder-workspace/.dependencies/checkouts/spfk-base/Sources/SPFKBase/Extensions/Foundation/NSException.swift /Users/admin/builder/spi-builder-workspace/.dependencies/checkouts/spfk-base/Sources/SPFKBase/Extensions/Foundation/NSRect.swift /Users/admin/builder/spi-builder-workspace/.dependencies/checkouts/spfk-base/Sources/SPFKBase/Extensions/Foundation/NSSize.swift /Users/admin/builder/spi-builder-workspace/.dependencies/checkouts/spfk-base/Sources/SPFKBase/Extensions/Foundation/NotificationCenter.swift /Users/admin/builder/spi-builder-workspace/.dependencies/checkouts/spfk-base/Sources/SPFKBase/Extensions/Foundation/Number\ Normalization.swift /Users/admin/builder/spi-builder-workspace/.dependencies/checkouts/spfk-base/Sources/SPFKBase/Extensions/Foundation/String+C.swift /Users/admin/builder/spi-builder-workspace/.dependencies/checkouts/spfk-base/Sources/SPFKBase/Extensions/Foundation/String.swift /Users/admin/builder/spi-builder-workspace/.dependencies/checkouts/spfk-base/Sources/SPFKBase/Extensions/Foundation/Task.swift /Users/admin/builder/spi-builder-workspace/.dependencies/checkouts/spfk-base/Sources/SPFKBase/Extensions/Foundation/URL/URL+Directory.swift /Users/admin/builder/spi-builder-workspace/.dependencies/checkouts/spfk-base/Sources/SPFKBase/Extensions/Foundation/URL/URL+ResourceValues.swift /Users/admin/builder/spi-builder-workspace/.dependencies/checkouts/spfk-base/Sources/SPFKBase/Extensions/Foundation/URL/URL.swift /Users/admin/builder/spi-builder-workspace/.dependencies/checkouts/spfk-base/Sources/SPFKBase/Logging/BuildConfig.swift /Users/admin/builder/spi-builder-workspace/.dependencies/checkouts/spfk-base/Sources/SPFKBase/Logging/Log.swift /Users/admin/builder/spi-builder-workspace/.dependencies/checkouts/spfk-base/Sources/SPFKBase/Logging/PhaseTrace.swift /Users/admin/builder/spi-builder-workspace/.dependencies/checkouts/spfk-base/Sources/SPFKBase/Testing/BinTestCase.swift /Users/admin/builder/spi-builder-workspace/.dependencies/checkouts/spfk-base/Sources/SPFKBase/Testing/TestCaseModel.swift /Users/admin/builder/spi-builder-workspace/.dependencies/checkouts/spfk-base/Sources/SPFKBase/TypeDescribable.swift -supplementary-output-file-map /Users/admin/builder/spi-builder-workspace/.derivedData/Build/Intermediates.noindex/spfk-base.build/Debug-appletvos/SPFKBase-t.build/Objects-normal/arm64/supplementaryOutputs-92 -emit-localized-strings -emit-localized-strings-path /Users/admin/builder/spi-builder-workspace/.derivedData/Build/Intermediates.noindex/spfk-base.build/Debug-appletvos/SPFKBase-t.build/Objects-normal/arm64 -target arm64-apple-tvos16.0 -disable-cross-import-overlay-search -load-resolved-plugin /Applications/Xcode-27.0.0-Release.Candidate.app/Contents/Developer/Platforms/AppleTVOS.platform/Developer/usr/lib/swift/host/plugins/libFoundationMacros.dylib\#/Applications/Xcode-27.0.0-Release.Candidate.app/Contents/Developer/Platforms/AppleTVOS.platform/Developer/usr/bin/swift-plugin-server\#FoundationMacros -load-resolved-plugin /Applications/Xcode-27.0.0-Release.Candidate.app/Contents/Developer/Platforms/AppleTVOS.platform/Developer/usr/lib/swift/host/plugins/libObservationMacros.dylib\#/Applications/Xcode-27.0.0-Release.Candidate.app/Contents/Developer/Platforms/AppleTVOS.platform/Developer/usr/bin/swift-plugin-server\#ObservationMacros -load-resolved-plugin /Applications/Xcode-27.0.0-Release.Candidate.app/Contents/Developer/Platforms/AppleTVOS.platform/Developer/usr/lib/swift/host/plugins/libPreviewsMacros.dylib\#/Applications/Xcode-27.0.0-Release.Candidate.app/Contents/Developer/Platforms/AppleTVOS.platform/Developer/usr/bin/swift-plugin-server\#PreviewsMacros -load-resolved-plugin /Applications/Xcode-27.0.0-Release.Candidate.app/Contents/Developer/Platforms/AppleTVOS.platform/Developer/usr/lib/swift/host/plugins/libSwiftMacros.dylib\#/Applications/Xcode-27.0.0-Release.Candidate.app/Contents/Developer/Platforms/AppleTVOS.platform/Developer/usr/bin/swift-plugin-server\#SwiftMacros -load-resolved-plugin /Applications/Xcode-27.0.0-Release.Candidate.app/Contents/Developer/Platforms/AppleTVOS.platform/Developer/usr/lib/swift/host/plugins/libSwiftUIMacros.dylib\#/Applications/Xcode-27.0.0-Release.Candidate.app/Contents/Developer/Platforms/AppleTVOS.platform/Developer/usr/bin/swift-plugin-server\#SwiftUIMacros -disable-implicit-swift-modules -Xcc -fno-implicit-modules -Xcc -fno-implicit-module-maps -explicit-swift-module-map-file /Users/admin/builder/spi-builder-workspace/.derivedData/Build/Intermediates.noindex/spfk-base.build/Debug-appletvos/SPFKBase-t.build/Objects-normal/arm64/SPFKBase-dependencies-1.json -Xllvm -aarch64-use-tbi -enable-objc-interop -stack-check -sdk /Applications/Xcode-27.0.0-Release.Candidate.app/Contents/Developer/Platforms/AppleTVOS.platform/Developer/SDKs/AppleTVOS27.0.sdk -I /Users/admin/builder/spi-builder-workspace/.derivedData/Build/Products/Debug-appletvos -Isystem /Applications/Xcode-27.0.0-Release.Candidate.app/Contents/Developer/Platforms/AppleTVOS.platform/Developer/usr/lib -F /Users/admin/builder/spi-builder-workspace/.derivedData/Build/Products/Debug-appletvos/PackageFrameworks -F /Users/admin/builder/spi-builder-workspace/.derivedData/Build/Products/Debug-appletvos -F /Applications/Xcode-27.0.0-Release.Candidate.app/Contents/Developer/Platforms/AppleTVOS.platform/Developer/Library/Frameworks -F /Applications/Xcode-27.0.0-Release.Candidate.app/Contents/Developer/Platforms/AppleTVOS.platform/Developer/SDKs/AppleTVOS27.0.sdk/Developer/Library/Frameworks -module-cache-path /Users/admin/builder/spi-builder-workspace/.derivedData/Build/Intermediates.noindex/SwiftExplicitPrecompiledModules -no-color-diagnostics -Xcc -fno-color-diagnostics -enable-testing -g -debug-info-format\=dwarf -dwarf-version\=4 -suppress-warnings -profile-generate -profile-coverage-mapping -swift-version 6 -Onone -D SWIFT_PACKAGE -D DEBUG -D SWIFT_MODULE_RESOURCE_BUNDLE_UNAVAILABLE -D Xcode -serialize-debugging-options -enable-experimental-feature DebugDescriptionMacro -empty-abi-descriptor -user-module-version 1.11.0 -validate-clang-modules-once -clang-build-session-file /Users/admin/builder/spi-builder-workspace/.derivedData/ModuleCache.noindex/Session.modulevalidation -Xcc -working-directory -Xcc /Users/admin/builder/spi-builder-workspace/.swiftpm/xcode -enable-anonymous-context-mangled-names -file-compilation-dir /Users/admin/builder/spi-builder-workspace/.swiftpm/xcode -Xcc -fmodule-map-file\=/Users/admin/builder/spi-builder-workspace/.dependencies/checkouts/swift-numerics/Sources/_NumericsShims/include/module.modulemap -Xcc -fmodule-map-file\=/Users/admin/builder/spi-builder-workspace/.derivedData/Build/Intermediates.noindex/GeneratedModuleMaps-appletvos/SPFKBaseC.modulemap -Xcc -D_LIBCPP_HARDENING_MODE\=_LIBCPP_HARDENING_MODE_DEBUG -Xcc -ivfsstatcache -Xcc /Users/admin/builder/spi-builder-workspace/.derivedData/SDKStatCaches.noindex/appletvos27.0-24J360-e829b21a6f8c9b70876ba0858053c044b32bfd8d43560033f8d89884cdb90028.sdkstatcache -Xcc -fmodules-prune-interval\=86400 -Xcc -fmodules-prune-after\=345600 -Xcc -I/Users/admin/builder/spi-builder-workspace/.dependencies/checkouts/swift-numerics/Sources/_NumericsShims/include -Xcc -I/Users/admin/builder/spi-builder-workspace/.dependencies/checkouts/spfk-base/Sources/SPFKBaseC/include -Xcc -I/Users/admin/builder/spi-builder-workspace/.derivedData/Build/Products/Debug-appletvos/include -Xcc -I/Users/admin/builder/spi-builder-workspace/.derivedData/Build/Intermediates.noindex/spfk-base.build/Debug-appletvos/SPFKBase-t.build/DerivedSources-normal/arm64 -Xcc -I/Users/admin/builder/spi-builder-workspace/.derivedData/Build/Intermediates.noindex/spfk-base.build/Debug-appletvos/SPFKBase-t.build/DerivedSources/arm64 -Xcc -I/Users/admin/builder/spi-builder-workspace/.derivedData/Build/Intermediates.noindex/spfk-base.build/Debug-appletvos/SPFKBase-t.build/DerivedSources -Xcc -DSWIFT_PACKAGE -Xcc -DDEBUG\=1 -no-auto-bridging-header-chaining -module-name SPFKBase -package-name spfk_base -const-gather-protocols-file /Users/admin/builder/spi-builder-workspace/.derivedData/Build/Intermediates.noindex/spfk-base.build/Debug-appletvos/SPFKBase-t.build/Objects-normal/arm64/SPFKBase_const_extract_protocols.json -disable-clang-spi -clang-target arm64-apple-tvos27.0 -target-sdk-version 27.0 -target-sdk-name appletvos27.0 -in-process-plugin-server-path /Applications/Xcode-27.0.0-Release.Candidate.app/Contents/Developer/Toolchains/XcodeDefault.xctoolchain/usr/lib/swift/host/libSwiftInProcPluginServer.dylib -parse-as-library -o /Users/admin/builder/spi-builder-workspace/.derivedData/Build/Intermediates.noindex/spfk-base.build/Debug-appletvos/SPFKBase-t.build/Objects-normal/arm64/FileManager.o -o /Users/admin/builder/spi-builder-workspace/.derivedData/Build/Intermediates.noindex/spfk-base.build/Debug-appletvos/SPFKBase-t.build/Objects-normal/arm64/FloatingPoint.o -o /Users/admin/builder/spi-builder-workspace/.derivedData/Build/Intermediates.noindex/spfk-base.build/Debug-appletvos/SPFKBase-t.build/Objects-normal/arm64/NSError.o -o /Users/admin/builder/spi-builder-workspace/.derivedData/Build/Intermediates.noindex/spfk-base.build/Debug-appletvos/SPFKBase-t.build/Objects-normal/arm64/NSException.o -debug-module-path /Users/admin/builder/spi-builder-workspace/.derivedData/Build/Intermediates.noindex/spfk-base.build/Debug-appletvos/SPFKBase-t.build/Objects-normal/arm64/SPFKBase.swiftmodule -index-unit-output-path /spfk-base.build/Debug-appletvos/SPFKBase-t.build/Objects-normal/arm64/FileManager.o -index-unit-output-path /spfk-base.build/Debug-appletvos/SPFKBase-t.build/Objects-normal/arm64/FloatingPoint.o -index-unit-output-path /spfk-base.build/Debug-appletvos/SPFKBase-t.build/Objects-normal/arm64/NSError.o -index-unit-output-path /spfk-base.build/Debug-appletvos/SPFKBase-t.build/Objects-normal/arm64/NSException.o -index-store-path /Users/admin/builder/spi-builder-workspace/.derivedData/Index.noindex/DataStore -index-system-modules
SwiftCompile normal arm64 Compiling\ AsyncSequence.swift,\ Bool+Extensions.swift,\ Collection\ General.swift,\ Collection\ String.swift /Users/admin/builder/spi-builder-workspace/.dependencies/checkouts/spfk-base/Sources/SPFKBase/Extensions/Foundation/AsyncSequence.swift /Users/admin/builder/spi-builder-workspace/.dependencies/checkouts/spfk-base/Sources/SPFKBase/Extensions/Foundation/Bool+Extensions.swift /Users/admin/builder/spi-builder-workspace/.dependencies/checkouts/spfk-base/Sources/SPFKBase/Extensions/Foundation/Collection\ General.swift /Users/admin/builder/spi-builder-workspace/.dependencies/checkouts/spfk-base/Sources/SPFKBase/Extensions/Foundation/Collection\ String.swift (in target 'SPFKBase' from project 'spfk-base')
SwiftCompile normal arm64 /Users/admin/builder/spi-builder-workspace/.dependencies/checkouts/spfk-base/Sources/SPFKBase/Extensions/Foundation/AsyncSequence.swift (in target 'SPFKBase' from project 'spfk-base')
cd /Users/admin/builder/spi-builder-workspace/.swiftpm/xcode
builtin-SwiftPerFileCompile AsyncSequence.swift
SwiftCompile normal arm64 /Users/admin/builder/spi-builder-workspace/.dependencies/checkouts/spfk-base/Sources/SPFKBase/Extensions/Foundation/Bool+Extensions.swift (in target 'SPFKBase' from project 'spfk-base')
cd /Users/admin/builder/spi-builder-workspace/.swiftpm/xcode
builtin-SwiftPerFileCompile Bool+Extensions.swift
SwiftCompile normal arm64 /Users/admin/builder/spi-builder-workspace/.dependencies/checkouts/spfk-base/Sources/SPFKBase/Extensions/Foundation/Collection\ General.swift (in target 'SPFKBase' from project 'spfk-base')
cd /Users/admin/builder/spi-builder-workspace/.swiftpm/xcode
builtin-SwiftPerFileCompile Collection\ General.swift
SwiftCompile normal arm64 /Users/admin/builder/spi-builder-workspace/.dependencies/checkouts/spfk-base/Sources/SPFKBase/Extensions/Foundation/Collection\ String.swift (in target 'SPFKBase' from project 'spfk-base')
cd /Users/admin/builder/spi-builder-workspace/.swiftpm/xcode
builtin-SwiftPerFileCompile Collection\ String.swift
SwiftCompile normal arm64 Compiling\ NSRect.swift,\ NSSize.swift,\ NotificationCenter.swift,\ Number\ Normalization.swift /Users/admin/builder/spi-builder-workspace/.dependencies/checkouts/spfk-base/Sources/SPFKBase/Extensions/Foundation/NSRect.swift /Users/admin/builder/spi-builder-workspace/.dependencies/checkouts/spfk-base/Sources/SPFKBase/Extensions/Foundation/NSSize.swift /Users/admin/builder/spi-builder-workspace/.dependencies/checkouts/spfk-base/Sources/SPFKBase/Extensions/Foundation/NotificationCenter.swift /Users/admin/builder/spi-builder-workspace/.dependencies/checkouts/spfk-base/Sources/SPFKBase/Extensions/Foundation/Number\ Normalization.swift (in target 'SPFKBase' from project 'spfk-base')
SwiftCompile normal arm64 /Users/admin/builder/spi-builder-workspace/.dependencies/checkouts/spfk-base/Sources/SPFKBase/Extensions/Foundation/NSRect.swift (in target 'SPFKBase' from project 'spfk-base')
cd /Users/admin/builder/spi-builder-workspace/.swiftpm/xcode
builtin-SwiftPerFileCompile NSRect.swift
SwiftCompile normal arm64 /Users/admin/builder/spi-builder-workspace/.dependencies/checkouts/spfk-base/Sources/SPFKBase/Extensions/Foundation/NSSize.swift (in target 'SPFKBase' from project 'spfk-base')
cd /Users/admin/builder/spi-builder-workspace/.swiftpm/xcode
builtin-SwiftPerFileCompile NSSize.swift
SwiftCompile normal arm64 /Users/admin/builder/spi-builder-workspace/.dependencies/checkouts/spfk-base/Sources/SPFKBase/Extensions/Foundation/NotificationCenter.swift (in target 'SPFKBase' from project 'spfk-base')
cd /Users/admin/builder/spi-builder-workspace/.swiftpm/xcode
builtin-SwiftPerFileCompile NotificationCenter.swift
SwiftCompile normal arm64 /Users/admin/builder/spi-builder-workspace/.dependencies/checkouts/spfk-base/Sources/SPFKBase/Extensions/Foundation/Number\ Normalization.swift (in target 'SPFKBase' from project 'spfk-base')
cd /Users/admin/builder/spi-builder-workspace/.swiftpm/xcode
builtin-SwiftPerFileCompile Number\ Normalization.swift
SwiftEmitModule normal arm64 Emitting\ module\ for\ SPFKBase (in target 'SPFKBase' from project 'spfk-base')
SwiftCompile normal arm64 (in target 'SPFKBase' from project 'spfk-base')
cd /Users/admin/builder/spi-builder-workspace/.swiftpm/xcode
SwiftCompile normal arm64 Compiling\ UnitInterval.swift,\ ExceptionTrap.swift,\ Floating\ Point.swift,\ FourCharCode.swift /Users/admin/builder/spi-builder-workspace/.dependencies/checkouts/spfk-base/Sources/SPFKBase/Definitions/UnitInterval.swift /Users/admin/builder/spi-builder-workspace/.dependencies/checkouts/spfk-base/Sources/SPFKBase/ExceptionTrap.swift /Users/admin/builder/spi-builder-workspace/.dependencies/checkouts/spfk-base/Sources/SPFKBase/Extensions/CoreFoundation/Floating\ Point.swift /Users/admin/builder/spi-builder-workspace/.dependencies/checkouts/spfk-base/Sources/SPFKBase/Extensions/CoreFoundation/FourCharCode.swift (in target 'SPFKBase' from project 'spfk-base')
SwiftCompile normal arm64 /Users/admin/builder/spi-builder-workspace/.dependencies/checkouts/spfk-base/Sources/SPFKBase/Definitions/UnitInterval.swift (in target 'SPFKBase' from project 'spfk-base')
cd /Users/admin/builder/spi-builder-workspace/.swiftpm/xcode
builtin-SwiftPerFileCompile UnitInterval.swift
SwiftCompile normal arm64 /Users/admin/builder/spi-builder-workspace/.dependencies/checkouts/spfk-base/Sources/SPFKBase/ExceptionTrap.swift (in target 'SPFKBase' from project 'spfk-base')
cd /Users/admin/builder/spi-builder-workspace/.swiftpm/xcode
builtin-SwiftPerFileCompile ExceptionTrap.swift
SwiftCompile normal arm64 /Users/admin/builder/spi-builder-workspace/.dependencies/checkouts/spfk-base/Sources/SPFKBase/Extensions/CoreFoundation/Floating\ Point.swift (in target 'SPFKBase' from project 'spfk-base')
cd /Users/admin/builder/spi-builder-workspace/.swiftpm/xcode
builtin-SwiftPerFileCompile Floating\ Point.swift
SwiftCompile normal arm64 /Users/admin/builder/spi-builder-workspace/.dependencies/checkouts/spfk-base/Sources/SPFKBase/Extensions/CoreFoundation/FourCharCode.swift (in target 'SPFKBase' from project 'spfk-base')
cd /Users/admin/builder/spi-builder-workspace/.swiftpm/xcode
builtin-SwiftPerFileCompile FourCharCode.swift
SwiftCompile normal arm64 Compiling\ String+C.swift,\ String.swift,\ Task.swift,\ URL+Directory.swift /Users/admin/builder/spi-builder-workspace/.dependencies/checkouts/spfk-base/Sources/SPFKBase/Extensions/Foundation/String+C.swift /Users/admin/builder/spi-builder-workspace/.dependencies/checkouts/spfk-base/Sources/SPFKBase/Extensions/Foundation/String.swift /Users/admin/builder/spi-builder-workspace/.dependencies/checkouts/spfk-base/Sources/SPFKBase/Extensions/Foundation/Task.swift /Users/admin/builder/spi-builder-workspace/.dependencies/checkouts/spfk-base/Sources/SPFKBase/Extensions/Foundation/URL/URL+Directory.swift (in target 'SPFKBase' from project 'spfk-base')
SwiftCompile normal arm64 /Users/admin/builder/spi-builder-workspace/.dependencies/checkouts/spfk-base/Sources/SPFKBase/Extensions/Foundation/String+C.swift (in target 'SPFKBase' from project 'spfk-base')
cd /Users/admin/builder/spi-builder-workspace/.swiftpm/xcode
builtin-SwiftPerFileCompile String+C.swift
SwiftCompile normal arm64 /Users/admin/builder/spi-builder-workspace/.dependencies/checkouts/spfk-base/Sources/SPFKBase/Extensions/Foundation/String.swift (in target 'SPFKBase' from project 'spfk-base')
cd /Users/admin/builder/spi-builder-workspace/.swiftpm/xcode
builtin-SwiftPerFileCompile String.swift
SwiftCompile normal arm64 /Users/admin/builder/spi-builder-workspace/.dependencies/checkouts/spfk-base/Sources/SPFKBase/Extensions/Foundation/Task.swift (in target 'SPFKBase' from project 'spfk-base')
cd /Users/admin/builder/spi-builder-workspace/.swiftpm/xcode
builtin-SwiftPerFileCompile Task.swift
SwiftCompile normal arm64 /Users/admin/builder/spi-builder-workspace/.dependencies/checkouts/spfk-base/Sources/SPFKBase/Extensions/Foundation/URL/URL+Directory.swift (in target 'SPFKBase' from project 'spfk-base')
cd /Users/admin/builder/spi-builder-workspace/.swiftpm/xcode
builtin-SwiftPerFileCompile URL+Directory.swift
SwiftCompile normal arm64 Compiling\ OSVersion.swift,\ SequentialPCMSource.swift,\ Serializable+Pasteboard.swift,\ Serializable.swift,\ TrimDescription.swift /Users/admin/builder/spi-builder-workspace/.dependencies/checkouts/spfk-base/Sources/SPFKBase/Definitions/OSVersion.swift /Users/admin/builder/spi-builder-workspace/.dependencies/checkouts/spfk-base/Sources/SPFKBase/Definitions/SequentialPCMSource.swift /Users/admin/builder/spi-builder-workspace/.dependencies/checkouts/spfk-base/Sources/SPFKBase/Definitions/Serializable+Pasteboard.swift /Users/admin/builder/spi-builder-workspace/.dependencies/checkouts/spfk-base/Sources/SPFKBase/Definitions/Serializable.swift /Users/admin/builder/spi-builder-workspace/.dependencies/checkouts/spfk-base/Sources/SPFKBase/Definitions/TrimDescription.swift (in target 'SPFKBase' from project 'spfk-base')
SwiftCompile normal arm64 /Users/admin/builder/spi-builder-workspace/.dependencies/checkouts/spfk-base/Sources/SPFKBase/Definitions/OSVersion.swift (in target 'SPFKBase' from project 'spfk-base')
cd /Users/admin/builder/spi-builder-workspace/.swiftpm/xcode
builtin-SwiftPerFileCompile OSVersion.swift
SwiftCompile normal arm64 /Users/admin/builder/spi-builder-workspace/.dependencies/checkouts/spfk-base/Sources/SPFKBase/Definitions/SequentialPCMSource.swift (in target 'SPFKBase' from project 'spfk-base')
cd /Users/admin/builder/spi-builder-workspace/.swiftpm/xcode
builtin-SwiftPerFileCompile SequentialPCMSource.swift
SwiftCompile normal arm64 /Users/admin/builder/spi-builder-workspace/.dependencies/checkouts/spfk-base/Sources/SPFKBase/Definitions/Serializable+Pasteboard.swift (in target 'SPFKBase' from project 'spfk-base')
cd /Users/admin/builder/spi-builder-workspace/.swiftpm/xcode
builtin-SwiftPerFileCompile Serializable+Pasteboard.swift
SwiftCompile normal arm64 /Users/admin/builder/spi-builder-workspace/.dependencies/checkouts/spfk-base/Sources/SPFKBase/Definitions/Serializable.swift (in target 'SPFKBase' from project 'spfk-base')
cd /Users/admin/builder/spi-builder-workspace/.swiftpm/xcode
builtin-SwiftPerFileCompile Serializable.swift
SwiftCompile normal arm64 /Users/admin/builder/spi-builder-workspace/.dependencies/checkouts/spfk-base/Sources/SPFKBase/Definitions/TrimDescription.swift (in target 'SPFKBase' from project 'spfk-base')
cd /Users/admin/builder/spi-builder-workspace/.swiftpm/xcode
builtin-SwiftPerFileCompile TrimDescription.swift
SwiftCompile normal arm64 Compiling\ PhaseTrace.swift,\ BinTestCase.swift,\ TestCaseModel.swift,\ TypeDescribable.swift /Users/admin/builder/spi-builder-workspace/.dependencies/checkouts/spfk-base/Sources/SPFKBase/Logging/PhaseTrace.swift /Users/admin/builder/spi-builder-workspace/.dependencies/checkouts/spfk-base/Sources/SPFKBase/Testing/BinTestCase.swift /Users/admin/builder/spi-builder-workspace/.dependencies/checkouts/spfk-base/Sources/SPFKBase/Testing/TestCaseModel.swift /Users/admin/builder/spi-builder-workspace/.dependencies/checkouts/spfk-base/Sources/SPFKBase/TypeDescribable.swift (in target 'SPFKBase' from project 'spfk-base')
SwiftCompile normal arm64 /Users/admin/builder/spi-builder-workspace/.dependencies/checkouts/spfk-base/Sources/SPFKBase/Logging/PhaseTrace.swift (in target 'SPFKBase' from project 'spfk-base')
cd /Users/admin/builder/spi-builder-workspace/.swiftpm/xcode
builtin-SwiftPerFileCompile PhaseTrace.swift
SwiftCompile normal arm64 /Users/admin/builder/spi-builder-workspace/.dependencies/checkouts/spfk-base/Sources/SPFKBase/Testing/BinTestCase.swift (in target 'SPFKBase' from project 'spfk-base')
cd /Users/admin/builder/spi-builder-workspace/.swiftpm/xcode
builtin-SwiftPerFileCompile BinTestCase.swift
SwiftCompile normal arm64 /Users/admin/builder/spi-builder-workspace/.dependencies/checkouts/spfk-base/Sources/SPFKBase/Testing/TestCaseModel.swift (in target 'SPFKBase' from project 'spfk-base')
cd /Users/admin/builder/spi-builder-workspace/.swiftpm/xcode
builtin-SwiftPerFileCompile TestCaseModel.swift
SwiftCompile normal arm64 /Users/admin/builder/spi-builder-workspace/.dependencies/checkouts/spfk-base/Sources/SPFKBase/TypeDescribable.swift (in target 'SPFKBase' from project 'spfk-base')
cd /Users/admin/builder/spi-builder-workspace/.swiftpm/xcode
builtin-SwiftPerFileCompile TypeDescribable.swift
SwiftCompile normal arm64 Compiling\ Benchmark.swift,\ CG\ Wrappers.swift,\ DebouncedTask.swift,\ FloatChannelData.swift,\ HexColor+ColorName.swift /Users/admin/builder/spi-builder-workspace/.dependencies/checkouts/spfk-base/Sources/SPFKBase/Definitions/Benchmark.swift /Users/admin/builder/spi-builder-workspace/.dependencies/checkouts/spfk-base/Sources/SPFKBase/Definitions/CG\ Wrappers.swift /Users/admin/builder/spi-builder-workspace/.dependencies/checkouts/spfk-base/Sources/SPFKBase/Definitions/DebouncedTask.swift /Users/admin/builder/spi-builder-workspace/.dependencies/checkouts/spfk-base/Sources/SPFKBase/Definitions/FloatChannelData.swift /Users/admin/builder/spi-builder-workspace/.dependencies/checkouts/spfk-base/Sources/SPFKBase/Definitions/HexColor/HexColor+ColorName.swift (in target 'SPFKBase' from project 'spfk-base')
SwiftCompile normal arm64 /Users/admin/builder/spi-builder-workspace/.dependencies/checkouts/spfk-base/Sources/SPFKBase/Definitions/Benchmark.swift (in target 'SPFKBase' from project 'spfk-base')
cd /Users/admin/builder/spi-builder-workspace/.swiftpm/xcode
builtin-SwiftPerFileCompile Benchmark.swift
SwiftCompile normal arm64 /Users/admin/builder/spi-builder-workspace/.dependencies/checkouts/spfk-base/Sources/SPFKBase/Definitions/CG\ Wrappers.swift (in target 'SPFKBase' from project 'spfk-base')
cd /Users/admin/builder/spi-builder-workspace/.swiftpm/xcode
builtin-SwiftPerFileCompile CG\ Wrappers.swift
SwiftCompile normal arm64 /Users/admin/builder/spi-builder-workspace/.dependencies/checkouts/spfk-base/Sources/SPFKBase/Definitions/DebouncedTask.swift (in target 'SPFKBase' from project 'spfk-base')
cd /Users/admin/builder/spi-builder-workspace/.swiftpm/xcode
builtin-SwiftPerFileCompile DebouncedTask.swift
SwiftCompile normal arm64 /Users/admin/builder/spi-builder-workspace/.dependencies/checkouts/spfk-base/Sources/SPFKBase/Definitions/FloatChannelData.swift (in target 'SPFKBase' from project 'spfk-base')
cd /Users/admin/builder/spi-builder-workspace/.swiftpm/xcode
builtin-SwiftPerFileCompile FloatChannelData.swift
SwiftCompile normal arm64 /Users/admin/builder/spi-builder-workspace/.dependencies/checkouts/spfk-base/Sources/SPFKBase/Definitions/HexColor/HexColor+ColorName.swift (in target 'SPFKBase' from project 'spfk-base')
cd /Users/admin/builder/spi-builder-workspace/.swiftpm/xcode
builtin-SwiftPerFileCompile HexColor+ColorName.swift
SwiftCompile normal arm64 Compiling\ HexColor+NSColor.swift,\ HexColor.swift,\ ParseProgressAccess.swift,\ ParseStopSignal.swift,\ MovementDirection.swift /Users/admin/builder/spi-builder-workspace/.dependencies/checkouts/spfk-base/Sources/SPFKBase/Definitions/HexColor/HexColor+NSColor.swift /Users/admin/builder/spi-builder-workspace/.dependencies/checkouts/spfk-base/Sources/SPFKBase/Definitions/HexColor/HexColor.swift /Users/admin/builder/spi-builder-workspace/.dependencies/checkouts/spfk-base/Sources/SPFKBase/Definitions/Import/ParseProgressAccess.swift /Users/admin/builder/spi-builder-workspace/.dependencies/checkouts/spfk-base/Sources/SPFKBase/Definitions/Import/ParseStopSignal.swift /Users/admin/builder/spi-builder-workspace/.dependencies/checkouts/spfk-base/Sources/SPFKBase/Definitions/MovementDirection.swift (in target 'SPFKBase' from project 'spfk-base')
SwiftCompile normal arm64 /Users/admin/builder/spi-builder-workspace/.dependencies/checkouts/spfk-base/Sources/SPFKBase/Definitions/HexColor/HexColor+NSColor.swift (in target 'SPFKBase' from project 'spfk-base')
cd /Users/admin/builder/spi-builder-workspace/.swiftpm/xcode
builtin-SwiftPerFileCompile HexColor+NSColor.swift
SwiftCompile normal arm64 /Users/admin/builder/spi-builder-workspace/.dependencies/checkouts/spfk-base/Sources/SPFKBase/Definitions/HexColor/HexColor.swift (in target 'SPFKBase' from project 'spfk-base')
cd /Users/admin/builder/spi-builder-workspace/.swiftpm/xcode
builtin-SwiftPerFileCompile HexColor.swift
SwiftCompile normal arm64 /Users/admin/builder/spi-builder-workspace/.dependencies/checkouts/spfk-base/Sources/SPFKBase/Definitions/Import/ParseProgressAccess.swift (in target 'SPFKBase' from project 'spfk-base')
cd /Users/admin/builder/spi-builder-workspace/.swiftpm/xcode
builtin-SwiftPerFileCompile ParseProgressAccess.swift
SwiftCompile normal arm64 /Users/admin/builder/spi-builder-workspace/.dependencies/checkouts/spfk-base/Sources/SPFKBase/Definitions/Import/ParseStopSignal.swift (in target 'SPFKBase' from project 'spfk-base')
cd /Users/admin/builder/spi-builder-workspace/.swiftpm/xcode
builtin-SwiftPerFileCompile ParseStopSignal.swift
SwiftCompile normal arm64 /Users/admin/builder/spi-builder-workspace/.dependencies/checkouts/spfk-base/Sources/SPFKBase/Definitions/MovementDirection.swift (in target 'SPFKBase' from project 'spfk-base')
cd /Users/admin/builder/spi-builder-workspace/.swiftpm/xcode
builtin-SwiftPerFileCompile MovementDirection.swift
SwiftCompile normal arm64 Compiling\ URL+ResourceValues.swift,\ URL.swift,\ BuildConfig.swift,\ Log.swift /Users/admin/builder/spi-builder-workspace/.dependencies/checkouts/spfk-base/Sources/SPFKBase/Extensions/Foundation/URL/URL+ResourceValues.swift /Users/admin/builder/spi-builder-workspace/.dependencies/checkouts/spfk-base/Sources/SPFKBase/Extensions/Foundation/URL/URL.swift /Users/admin/builder/spi-builder-workspace/.dependencies/checkouts/spfk-base/Sources/SPFKBase/Logging/BuildConfig.swift /Users/admin/builder/spi-builder-workspace/.dependencies/checkouts/spfk-base/Sources/SPFKBase/Logging/Log.swift (in target 'SPFKBase' from project 'spfk-base')
SwiftCompile normal arm64 /Users/admin/builder/spi-builder-workspace/.dependencies/checkouts/spfk-base/Sources/SPFKBase/Extensions/Foundation/URL/URL+ResourceValues.swift (in target 'SPFKBase' from project 'spfk-base')
cd /Users/admin/builder/spi-builder-workspace/.swiftpm/xcode
builtin-SwiftPerFileCompile URL+ResourceValues.swift
SwiftCompile normal arm64 /Users/admin/builder/spi-builder-workspace/.dependencies/checkouts/spfk-base/Sources/SPFKBase/Extensions/Foundation/URL/URL.swift (in target 'SPFKBase' from project 'spfk-base')
cd /Users/admin/builder/spi-builder-workspace/.swiftpm/xcode
builtin-SwiftPerFileCompile URL.swift
SwiftCompile normal arm64 /Users/admin/builder/spi-builder-workspace/.dependencies/checkouts/spfk-base/Sources/SPFKBase/Logging/BuildConfig.swift (in target 'SPFKBase' from project 'spfk-base')
cd /Users/admin/builder/spi-builder-workspace/.swiftpm/xcode
builtin-SwiftPerFileCompile BuildConfig.swift
SwiftCompile normal arm64 /Users/admin/builder/spi-builder-workspace/.dependencies/checkouts/spfk-base/Sources/SPFKBase/Logging/Log.swift (in target 'SPFKBase' from project 'spfk-base')
cd /Users/admin/builder/spi-builder-workspace/.swiftpm/xcode
builtin-SwiftPerFileCompile Log.swift
PruneExplicitPrecompiledModules /Users/admin/builder/spi-builder-workspace/.derivedData/Build/Intermediates.noindex/ExplicitPrecompiledModules
PruneExplicitPrecompiledModules /Users/admin/builder/spi-builder-workspace/.derivedData/SDKExplicitPrecompiledModules
PruneExplicitPrecompiledModules /Users/admin/builder/spi-builder-workspace/.derivedData/Build/Intermediates.noindex/SwiftExplicitPrecompiledModules
2026-09-27 14:05:28.193 xcodebuild[1092:5986] [MT] IDERunDestination: Supported platforms for the buildables in the current scheme is empty.
** BUILD FAILED **
The following build commands failed:
SwiftCompile normal arm64 /Users/admin/builder/spi-builder-workspace/.dependencies/checkouts/spfk-base/Sources/SPFKBase/Extensions/Foundation/FileManager.swift (in target 'SPFKBase' from project 'spfk-base')
SwiftCompile normal arm64 Compiling\ FileManager.swift,\ FloatingPoint.swift,\ NSError.swift,\ NSException.swift /Users/admin/builder/spi-builder-workspace/.dependencies/checkouts/spfk-base/Sources/SPFKBase/Extensions/Foundation/FileManager.swift /Users/admin/builder/spi-builder-workspace/.dependencies/checkouts/spfk-base/Sources/SPFKBase/Extensions/Foundation/FloatingPoint.swift /Users/admin/builder/spi-builder-workspace/.dependencies/checkouts/spfk-base/Sources/SPFKBase/Extensions/Foundation/NSError.swift /Users/admin/builder/spi-builder-workspace/.dependencies/checkouts/spfk-base/Sources/SPFKBase/Extensions/Foundation/NSException.swift (in target 'SPFKBase' from project 'spfk-base')
Building workspace spfk-network with scheme spfk-network
(3 failures)
Command line invocation:
/Applications/Xcode-27.0.0-Release.Candidate.app/Contents/Developer/usr/bin/xcodebuild -IDEClonedSourcePackagesDirPathOverride=/Users/admin/builder/spi-builder-workspace/.dependencies -resolvePackageDependencies
Resolve Package Graph
Resolved source packages:
swift-data-parsing: https://github.com/orchetect/swift-data-parsing @ 0.1.2
AEXML: https://github.com/tadija/AEXML @ 4.7.0
spfk-base: https://github.com/ryanfrancesconi/spfk-base @ 1.11.0
swift-extensions: https://github.com/orchetect/swift-extensions @ 2.3.2
spfk-network: /Users/admin/builder/spi-builder-workspace
spfk-utils: https://github.com/ryanfrancesconi/spfk-utils @ 1.24.0
swift-async-algorithms: https://github.com/apple/swift-async-algorithms @ 1.1.6
swift-numerics: https://github.com/apple/swift-numerics @ 1.1.1
spfk-image: https://github.com/ryanfrancesconi/spfk-image @ 0.3.1
XAttr: https://github.com/jozefizso/swift-xattr @ 3.0.1
swift-collections: https://github.com/apple/swift-collections @ 1.7.1
spfk-testing: https://github.com/ryanfrancesconi/spfk-testing @ 1.11.1
spfk-filesystem: https://github.com/ryanfrancesconi/spfk-filesystem @ 1.10.1
resolved source packages: swift-data-parsing, AEXML, spfk-base, swift-extensions, spfk-network, spfk-utils, swift-async-algorithms, swift-numerics, spfk-image, XAttr, swift-collections, spfk-testing, spfk-filesystem
2026-09-27 14:05:44.698 xcodebuild[1543:8479] [MT] IDERunDestination: Supported platforms for the buildables in the current scheme is empty.
{
"dependencies" : [
{
"identity" : "spfk-utils",
"requirement" : {
"range" : [
{
"lower_bound" : "1.6.1",
"upper_bound" : "2.0.0"
}
]
},
"type" : "sourceControl",
"url" : "https://github.com/ryanfrancesconi/spfk-utils"
},
{
"identity" : "spfk-testing",
"requirement" : {
"range" : [
{
"lower_bound" : "1.1.0",
"upper_bound" : "2.0.0"
}
]
},
"type" : "sourceControl",
"url" : "https://github.com/ryanfrancesconi/spfk-testing"
}
],
"manifest_display_name" : "spfk-network",
"name" : "spfk-network",
"path" : "/Users/admin/builder/spi-builder-workspace",
"platforms" : [
{
"name" : "macos",
"version" : "13.0"
},
{
"name" : "ios",
"version" : "16.0"
}
],
"products" : [
{
"name" : "SPFKNetwork",
"targets" : [
"SPFKNetwork"
],
"type" : {
"library" : [
"automatic"
]
}
}
],
"targets" : [
{
"c99name" : "SPFKNetworkTests",
"module_type" : "SwiftTarget",
"name" : "SPFKNetworkTests",
"path" : "Tests/SPFKNetworkTests",
"product_dependencies" : [
"SPFKTesting"
],
"sources" : [
"BufferedDownloaderTests.swift",
"NetworkIOLiveTests.swift",
"NetworkIORequestTests.swift"
],
"target_dependencies" : [
"SPFKNetwork"
],
"type" : "test"
},
{
"c99name" : "SPFKNetwork",
"module_type" : "SwiftTarget",
"name" : "SPFKNetwork",
"path" : "Sources/SPFKNetwork",
"product_dependencies" : [
"SPFKUtils"
],
"product_memberships" : [
"SPFKNetwork"
],
"sources" : [
"NetworkIO/BufferedDownloader.swift",
"NetworkIO/NetworkIO+Headers.swift",
"NetworkIO/NetworkIO.swift"
],
"type" : "library"
}
],
"tools_version" : "6.2"
}
{
"workspace" : {
"name" : "spfk-network",
"schemes" : [
"spfk-network",
"swift-data-parsing"
]
}
}
2026-09-27 14:05:46.405 xcodebuild[1551:8544] [MT] IDERunDestination: Supported platforms for the buildables in the current scheme is empty.
{
"workspace" : {
"name" : "spfk-network",
"schemes" : [
"spfk-network",
"swift-data-parsing"
]
}
}
2026-09-27 14:05:47.808 xcodebuild[1553:8578] [MT] IDERunDestination: Supported platforms for the buildables in the current scheme is empty.
Running build ...
env DEVELOPER_DIR=/Applications/Xcode-27.0.0-Release.Candidate.app xcrun xcodebuild -IDEClonedSourcePackagesDirPathOverride=$PWD/.dependencies -skipMacroValidation -skipPackagePluginValidation -derivedDataPath $PWD/.derivedData build -scheme spfk-network -destination generic/platform=tvOS
Command line invocation:
/Applications/Xcode-27.0.0-Release.Candidate.app/Contents/Developer/usr/bin/xcodebuild -IDEClonedSourcePackagesDirPathOverride=/Users/admin/builder/spi-builder-workspace/.dependencies -skipMacroValidation -skipPackagePluginValidation -derivedDataPath /Users/admin/builder/spi-builder-workspace/.derivedData build -scheme spfk-network -destination generic/platform=tvOS
Resolve Package Graph
Resolved source packages:
XAttr: https://github.com/jozefizso/swift-xattr @ 3.0.1
spfk-network: /Users/admin/builder/spi-builder-workspace
swift-async-algorithms: https://github.com/apple/swift-async-algorithms @ 1.1.6
swift-extensions: https://github.com/orchetect/swift-extensions @ 2.3.2
swift-numerics: https://github.com/apple/swift-numerics @ 1.1.1
spfk-filesystem: https://github.com/ryanfrancesconi/spfk-filesystem @ 1.10.1
swift-collections: https://github.com/apple/swift-collections @ 1.7.1
spfk-utils: https://github.com/ryanfrancesconi/spfk-utils @ 1.24.0
spfk-image: https://github.com/ryanfrancesconi/spfk-image @ 0.3.1
AEXML: https://github.com/tadija/AEXML @ 4.7.0
spfk-testing: https://github.com/ryanfrancesconi/spfk-testing @ 1.11.1
spfk-base: https://github.com/ryanfrancesconi/spfk-base @ 1.11.0
swift-data-parsing: https://github.com/orchetect/swift-data-parsing @ 0.1.2
ComputePackagePrebuildTargetDependencyGraph
Prepare packages
CreateBuildRequest
SendProjectDescription
CreateBuildOperation
ComputeTargetDependencyGraph
note: Building targets in dependency order
note: Target dependency graph (40 targets)
Target 'SPFKNetwork-product' in project 'spfk-network'
➜ Explicit dependency on target 'SPFKNetwork' in project 'spfk-network'
➜ Explicit dependency on target 'SPFKUtils-product' in project 'spfk-utils'
Target 'SPFKNetwork' in project 'spfk-network'
➜ Explicit dependency on target 'SPFKUtils-product' in project 'spfk-utils'
Target 'SPFKUtils-product' in project 'spfk-utils'
➜ Explicit dependency on target 'SPFKUtils' in project 'spfk-utils'
➜ Explicit dependency on target 'spfk-utils_SPFKUtils' in project 'spfk-utils'
➜ Explicit dependency on target 'SPFKFileSystem-product' in project 'spfk-filesystem'
➜ Explicit dependency on target 'SPFKImage-product' in project 'spfk-image'
➜ Explicit dependency on target 'AEXML-product' in project 'AEXML'
Target 'SPFKUtils' in project 'spfk-utils'
➜ Explicit dependency on target 'spfk-utils_SPFKUtils' in project 'spfk-utils'
➜ Explicit dependency on target 'SPFKFileSystem-product' in project 'spfk-filesystem'
➜ Explicit dependency on target 'SPFKImage-product' in project 'spfk-image'
➜ Explicit dependency on target 'AEXML-product' in project 'AEXML'
Target 'AEXML-product' in project 'AEXML'
➜ Explicit dependency on target 'AEXML' in project 'AEXML'
Target 'AEXML' in project 'AEXML' (no dependencies)
Target 'SPFKImage-product' in project 'spfk-image'
➜ Explicit dependency on target 'SPFKImage' in project 'spfk-image'
➜ Explicit dependency on target 'SPFKBase-product' in project 'spfk-base'
➜ Explicit dependency on target 'SPFKFileSystem-product' in project 'spfk-filesystem'
Target 'SPFKImage' in project 'spfk-image'
➜ Explicit dependency on target 'SPFKBase-product' in project 'spfk-base'
➜ Explicit dependency on target 'SPFKFileSystem-product' in project 'spfk-filesystem'
Target 'SPFKFileSystem-product' in project 'spfk-filesystem'
➜ Explicit dependency on target 'SPFKFileSystem' in project 'spfk-filesystem'
➜ Explicit dependency on target 'spfk-filesystem_SPFKFileSystem' in project 'spfk-filesystem'
➜ Explicit dependency on target 'SPFKBase-product' in project 'spfk-base'
➜ Explicit dependency on target 'SwiftExtensions-product' in project 'swift-extensions'
➜ Explicit dependency on target 'XAttr-product' in project 'XAttr'
Target 'SPFKFileSystem' in project 'spfk-filesystem'
➜ Explicit dependency on target 'spfk-filesystem_SPFKFileSystem' in project 'spfk-filesystem'
➜ Explicit dependency on target 'SPFKBase-product' in project 'spfk-base'
➜ Explicit dependency on target 'SwiftExtensions-product' in project 'swift-extensions'
➜ Explicit dependency on target 'XAttr-product' in project 'XAttr'
Target 'XAttr-product' in project 'XAttr'
➜ Explicit dependency on target 'XAttr' in project 'XAttr'
Target 'XAttr' in project 'XAttr' (no dependencies)
Target 'SPFKBase-product' in project 'spfk-base'
➜ Explicit dependency on target 'SPFKBase' in project 'spfk-base'
➜ Explicit dependency on target 'SPFKBaseC' in project 'spfk-base'
➜ Explicit dependency on target 'SwiftExtensions-product' in project 'swift-extensions'
➜ Explicit dependency on target 'Numerics-product' in project 'swift-numerics'
➜ Explicit dependency on target 'Collections-product' in project 'swift-collections'
➜ Explicit dependency on target 'AsyncAlgorithms-product' in project 'swift-async-algorithms'
Target 'SPFKBase' in project 'spfk-base'
➜ Explicit dependency on target 'SPFKBaseC' in project 'spfk-base'
➜ Explicit dependency on target 'SwiftExtensions-product' in project 'swift-extensions'
➜ Explicit dependency on target 'Numerics-product' in project 'swift-numerics'
➜ Explicit dependency on target 'Collections-product' in project 'swift-collections'
➜ Explicit dependency on target 'AsyncAlgorithms-product' in project 'swift-async-algorithms'
Target 'AsyncAlgorithms-product' in project 'swift-async-algorithms'
➜ Explicit dependency on target 'AsyncAlgorithms' in project 'swift-async-algorithms'
➜ Explicit dependency on target 'OrderedCollections-product' in project 'swift-collections'
➜ Explicit dependency on target 'DequeModule-product' in project 'swift-collections'
Target 'AsyncAlgorithms' in project 'swift-async-algorithms'
➜ Explicit dependency on target 'OrderedCollections-product' in project 'swift-collections'
➜ Explicit dependency on target 'DequeModule-product' in project 'swift-collections'
Target 'DequeModule-product' in project 'swift-collections'
➜ Explicit dependency on target 'DequeModule' in project 'swift-collections'
➜ Explicit dependency on target 'InternalCollectionsUtilities' in project 'swift-collections'
➜ Explicit dependency on target 'SpanPreview' in project 'swift-collections'
Target 'OrderedCollections-product' in project 'swift-collections'
➜ Explicit dependency on target 'OrderedCollections' in project 'swift-collections'
➜ Explicit dependency on target 'InternalCollectionsUtilities' in project 'swift-collections'
Target 'Collections-product' in project 'swift-collections'
➜ Explicit dependency on target 'Collections' in project 'swift-collections'
➜ Explicit dependency on target 'InternalCollectionsUtilities' in project 'swift-collections'
➜ Explicit dependency on target 'BitCollections' in project 'swift-collections'
➜ Explicit dependency on target 'SpanPreview' in project 'swift-collections'
➜ Explicit dependency on target 'DequeModule' in project 'swift-collections'
➜ Explicit dependency on target 'HashTreeCollections' in project 'swift-collections'
➜ Explicit dependency on target 'HeapModule' in project 'swift-collections'
➜ Explicit dependency on target 'OrderedCollections' in project 'swift-collections'
➜ Explicit dependency on target '_RopeModule' in project 'swift-collections'
Target 'Collections' in project 'swift-collections'
➜ Explicit dependency on target 'InternalCollectionsUtilities' in project 'swift-collections'
➜ Explicit dependency on target 'BitCollections' in project 'swift-collections'
➜ Explicit dependency on target 'SpanPreview' in project 'swift-collections'
➜ Explicit dependency on target 'DequeModule' in project 'swift-collections'
➜ Explicit dependency on target 'HashTreeCollections' in project 'swift-collections'
➜ Explicit dependency on target 'HeapModule' in project 'swift-collections'
➜ Explicit dependency on target 'OrderedCollections' in project 'swift-collections'
➜ Explicit dependency on target '_RopeModule' in project 'swift-collections'
Target '_RopeModule' in project 'swift-collections'
➜ Explicit dependency on target 'InternalCollectionsUtilities' in project 'swift-collections'
Target 'OrderedCollections' in project 'swift-collections'
➜ Explicit dependency on target 'InternalCollectionsUtilities' in project 'swift-collections'
Target 'HeapModule' in project 'swift-collections'
➜ Explicit dependency on target 'InternalCollectionsUtilities' in project 'swift-collections'
Target 'HashTreeCollections' in project 'swift-collections'
➜ Explicit dependency on target 'InternalCollectionsUtilities' in project 'swift-collections'
Target 'DequeModule' in project 'swift-collections'
➜ Explicit dependency on target 'InternalCollectionsUtilities' in project 'swift-collections'
➜ Explicit dependency on target 'SpanPreview' in project 'swift-collections'
Target 'SpanPreview' in project 'swift-collections'
➜ Explicit dependency on target 'InternalCollectionsUtilities' in project 'swift-collections'
Target 'BitCollections' in project 'swift-collections'
➜ Explicit dependency on target 'InternalCollectionsUtilities' in project 'swift-collections'
Target 'InternalCollectionsUtilities' in project 'swift-collections' (no dependencies)
Target 'Numerics-product' in project 'swift-numerics'
➜ Explicit dependency on target 'Numerics' in project 'swift-numerics'
➜ Explicit dependency on target '_NumericsShims' in project 'swift-numerics'
➜ Explicit dependency on target 'RealModule' in project 'swift-numerics'
➜ Explicit dependency on target 'ComplexModule' in project 'swift-numerics'
Target 'Numerics' in project 'swift-numerics'
➜ Explicit dependency on target '_NumericsShims' in project 'swift-numerics'
➜ Explicit dependency on target 'RealModule' in project 'swift-numerics'
➜ Explicit dependency on target 'ComplexModule' in project 'swift-numerics'
Target 'ComplexModule' in project 'swift-numerics'
➜ Explicit dependency on target '_NumericsShims' in project 'swift-numerics'
➜ Explicit dependency on target 'RealModule' in project 'swift-numerics'
Target 'RealModule' in project 'swift-numerics'
➜ Explicit dependency on target '_NumericsShims' in project 'swift-numerics'
Target '_NumericsShims' in project 'swift-numerics' (no dependencies)
Target 'SwiftExtensions-product' in project 'swift-extensions'
➜ Explicit dependency on target 'SwiftExtensions' in project 'swift-extensions'
➜ Explicit dependency on target 'SwiftDataParsing-product' in project 'swift-data-parsing'
Target 'SwiftExtensions' in project 'swift-extensions'
➜ Explicit dependency on target 'SwiftDataParsing-product' in project 'swift-data-parsing'
Target 'SwiftDataParsing-product' in project 'swift-data-parsing'
➜ Explicit dependency on target 'SwiftDataParsing' in project 'swift-data-parsing'
Target 'SwiftDataParsing' in project 'swift-data-parsing' (no dependencies)
Target 'SPFKBaseC' in project 'spfk-base' (no dependencies)
Target 'spfk-filesystem_SPFKFileSystem' in project 'spfk-filesystem' (no dependencies)
Target 'spfk-utils_SPFKUtils' in project 'spfk-utils' (no dependencies)
GatherProvisioningInputs
CreateBuildDescription
ClangStatCache /Applications/Xcode-27.0.0-Release.Candidate.app/Contents/Developer/Toolchains/XcodeDefault.xctoolchain/usr/bin/clang-stat-cache /Applications/Xcode-27.0.0-Release.Candidate.app/Contents/Developer/Platforms/AppleTVOS.platform/Developer/SDKs/AppleTVOS27.0.sdk /Users/admin/builder/spi-builder-workspace/.derivedData/SDKStatCaches.noindex/appletvos27.0-24J360-e829b21a6f8c9b70876ba0858053c044b32bfd8d43560033f8d89884cdb90028.sdkstatcache
cd /Users/admin/builder/spi-builder-workspace/.swiftpm/xcode
/Applications/Xcode-27.0.0-Release.Candidate.app/Contents/Developer/Toolchains/XcodeDefault.xctoolchain/usr/bin/clang-stat-cache /Applications/Xcode-27.0.0-Release.Candidate.app/Contents/Developer/Platforms/AppleTVOS.platform/Developer/SDKs/AppleTVOS27.0.sdk -o /Users/admin/builder/spi-builder-workspace/.derivedData/SDKStatCaches.noindex/appletvos27.0-24J360-e829b21a6f8c9b70876ba0858053c044b32bfd8d43560033f8d89884cdb90028.sdkstatcache
SwiftDriver SPFKBase normal arm64 com.apple.xcode.tools.swift.compiler (in target 'SPFKBase' from project 'spfk-base')
cd /Users/admin/builder/spi-builder-workspace/.swiftpm/xcode
builtin-SwiftDriver -- /Applications/Xcode-27.0.0-Release.Candidate.app/Contents/Developer/Toolchains/XcodeDefault.xctoolchain/usr/bin/swiftc -parse-as-library -module-name SPFKBase -Onone @/Users/admin/builder/spi-builder-workspace/.derivedData/Build/Intermediates.noindex/spfk-base.build/Debug-appletvos/SPFKBase-t.build/Objects-normal/arm64/SPFKBase.SwiftFileList -DSWIFT_PACKAGE -DDEBUG -DSWIFT_MODULE_RESOURCE_BUNDLE_UNAVAILABLE -Xcc -fmodule-map-file\=/Users/admin/builder/spi-builder-workspace/.dependencies/checkouts/swift-numerics/Sources/_NumericsShims/include/module.modulemap -Xcc -fmodule-map-file\=/Users/admin/builder/spi-builder-workspace/.derivedData/Build/Intermediates.noindex/GeneratedModuleMaps-appletvos/SPFKBaseC.modulemap -DXcode -plugin-path /Applications/Xcode-27.0.0-Release.Candidate.app/Contents/Developer/Toolchains/XcodeDefault.xctoolchain/usr/lib/swift/host/plugins/testing -enable-experimental-feature DebugDescriptionMacro -sdk /Applications/Xcode-27.0.0-Release.Candidate.app/Contents/Developer/Platforms/AppleTVOS.platform/Developer/SDKs/AppleTVOS27.0.sdk -target arm64-apple-tvos16.0 -g -module-cache-path /Users/admin/builder/spi-builder-workspace/.derivedData/ModuleCache.noindex -Xfrontend -serialize-debugging-options -profile-coverage-mapping -profile-generate -enable-testing -suppress-warnings -index-store-path /Users/admin/builder/spi-builder-workspace/.derivedData/Index.noindex/DataStore -Xcc -D_LIBCPP_HARDENING_MODE\=_LIBCPP_HARDENING_MODE_DEBUG -swift-version 6 -I /Users/admin/builder/spi-builder-workspace/.derivedData/Build/Products/Debug-appletvos -Isystem /Applications/Xcode-27.0.0-Release.Candidate.app/Contents/Developer/Platforms/AppleTVOS.platform/Developer/usr/lib -F /Users/admin/builder/spi-builder-workspace/.derivedData/Build/Products/Debug-appletvos/PackageFrameworks -F /Users/admin/builder/spi-builder-workspace/.derivedData/Build/Products/Debug-appletvos -F /Applications/Xcode-27.0.0-Release.Candidate.app/Contents/Developer/Platforms/AppleTVOS.platform/Developer/Library/Frameworks -F /Applications/Xcode-27.0.0-Release.Candidate.app/Contents/Developer/Platforms/AppleTVOS.platform/Developer/SDKs/AppleTVOS27.0.sdk/Developer/Library/Frameworks -emit-localized-strings -emit-localized-strings-path /Users/admin/builder/spi-builder-workspace/.derivedData/Build/Intermediates.noindex/spfk-base.build/Debug-appletvos/SPFKBase-t.build/Objects-normal/arm64 -c -j10 -enable-batch-mode -incremental -Xcc -ivfsstatcache -Xcc /Users/admin/builder/spi-builder-workspace/.derivedData/SDKStatCaches.noindex/appletvos27.0-24J360-e829b21a6f8c9b70876ba0858053c044b32bfd8d43560033f8d89884cdb90028.sdkstatcache -output-file-map /Users/admin/builder/spi-builder-workspace/.derivedData/Build/Intermediates.noindex/spfk-base.build/Debug-appletvos/SPFKBase-t.build/Objects-normal/arm64/SPFKBase-OutputFileMap.json -save-temps -no-color-diagnostics -explicit-module-build -module-cache-path /Users/admin/builder/spi-builder-workspace/.derivedData/Build/Intermediates.noindex/SwiftExplicitPrecompiledModules -clang-scanner-module-cache-path /Users/admin/builder/spi-builder-workspace/.derivedData/ModuleCache.noindex -sdk-module-cache-path /Users/admin/builder/spi-builder-workspace/.derivedData/SDKExplicitPrecompiledModules -emit-dependencies -emit-module -emit-module-path /Users/admin/builder/spi-builder-workspace/.derivedData/Build/Intermediates.noindex/spfk-base.build/Debug-appletvos/SPFKBase-t.build/Objects-normal/arm64/SPFKBase.swiftmodule -serialize-diagnostics -dependency-scan-serialize-diagnostics-path /Users/admin/builder/spi-builder-workspace/.derivedData/Build/Intermediates.noindex/spfk-base.build/Debug-appletvos/SPFKBase-t.build/Objects-normal/arm64/SPFKBase-dependency-scan.dia -user-module-version 1.11.0 -validate-clang-modules-once -clang-build-session-file /Users/admin/builder/spi-builder-workspace/.derivedData/ModuleCache.noindex/Session.modulevalidation -Xcc -fmodules-prune-interval\=86400 -Xcc -fmodules-prune-after\=345600 -package-name spfk_base -emit-const-values -const-gather-protocols-list /Users/admin/builder/spi-builder-workspace/.derivedData/Build/Intermediates.noindex/spfk-base.build/Debug-appletvos/SPFKBase-t.build/Objects-normal/arm64/SPFKBase_const_extract_protocols.json -Xcc -I/Users/admin/builder/spi-builder-workspace/.dependencies/checkouts/swift-numerics/Sources/_NumericsShims/include -Xcc -I/Users/admin/builder/spi-builder-workspace/.dependencies/checkouts/spfk-base/Sources/SPFKBaseC/include -Xcc -I/Users/admin/builder/spi-builder-workspace/.derivedData/Build/Products/Debug-appletvos/include -Xcc -I/Users/admin/builder/spi-builder-workspace/.derivedData/Build/Intermediates.noindex/spfk-base.build/Debug-appletvos/SPFKBase-t.build/DerivedSources-normal/arm64 -Xcc -I/Users/admin/builder/spi-builder-workspace/.derivedData/Build/Intermediates.noindex/spfk-base.build/Debug-appletvos/SPFKBase-t.build/DerivedSources/arm64 -Xcc -I/Users/admin/builder/spi-builder-workspace/.derivedData/Build/Intermediates.noindex/spfk-base.build/Debug-appletvos/SPFKBase-t.build/DerivedSources -Xcc -DSWIFT_PACKAGE -Xcc -DDEBUG\=1 -emit-objc-header -emit-objc-header-path /Users/admin/builder/spi-builder-workspace/.derivedData/Build/Intermediates.noindex/spfk-base.build/Debug-appletvos/SPFKBase-t.build/Objects-normal/arm64/SPFKBase-Swift.h -working-directory /Users/admin/builder/spi-builder-workspace/.swiftpm/xcode -experimental-emit-module-separately -disable-cmo
SwiftCompile normal arm64 Compiling\ NSRect.swift,\ NSSize.swift,\ NotificationCenter.swift,\ Number\ Normalization.swift /Users/admin/builder/spi-builder-workspace/.dependencies/checkouts/spfk-base/Sources/SPFKBase/Extensions/Foundation/NSRect.swift /Users/admin/builder/spi-builder-workspace/.dependencies/checkouts/spfk-base/Sources/SPFKBase/Extensions/Foundation/NSSize.swift /Users/admin/builder/spi-builder-workspace/.dependencies/checkouts/spfk-base/Sources/SPFKBase/Extensions/Foundation/NotificationCenter.swift /Users/admin/builder/spi-builder-workspace/.dependencies/checkouts/spfk-base/Sources/SPFKBase/Extensions/Foundation/Number\ Normalization.swift (in target 'SPFKBase' from project 'spfk-base')
SwiftCompile normal arm64 /Users/admin/builder/spi-builder-workspace/.dependencies/checkouts/spfk-base/Sources/SPFKBase/Extensions/Foundation/NSRect.swift (in target 'SPFKBase' from project 'spfk-base')
cd /Users/admin/builder/spi-builder-workspace/.swiftpm/xcode
builtin-SwiftPerFileCompile NSRect.swift
SwiftCompile normal arm64 /Users/admin/builder/spi-builder-workspace/.dependencies/checkouts/spfk-base/Sources/SPFKBase/Extensions/Foundation/NSSize.swift (in target 'SPFKBase' from project 'spfk-base')
cd /Users/admin/builder/spi-builder-workspace/.swiftpm/xcode
builtin-SwiftPerFileCompile NSSize.swift
SwiftCompile normal arm64 /Users/admin/builder/spi-builder-workspace/.dependencies/checkouts/spfk-base/Sources/SPFKBase/Extensions/Foundation/NotificationCenter.swift (in target 'SPFKBase' from project 'spfk-base')
cd /Users/admin/builder/spi-builder-workspace/.swiftpm/xcode
builtin-SwiftPerFileCompile NotificationCenter.swift
SwiftCompile normal arm64 /Users/admin/builder/spi-builder-workspace/.dependencies/checkouts/spfk-base/Sources/SPFKBase/Extensions/Foundation/Number\ Normalization.swift (in target 'SPFKBase' from project 'spfk-base')
cd /Users/admin/builder/spi-builder-workspace/.swiftpm/xcode
builtin-SwiftPerFileCompile Number\ Normalization.swift
SwiftCompile normal arm64 Compiling\ PhaseTrace.swift,\ BinTestCase.swift,\ TestCaseModel.swift,\ TypeDescribable.swift /Users/admin/builder/spi-builder-workspace/.dependencies/checkouts/spfk-base/Sources/SPFKBase/Logging/PhaseTrace.swift /Users/admin/builder/spi-builder-workspace/.dependencies/checkouts/spfk-base/Sources/SPFKBase/Testing/BinTestCase.swift /Users/admin/builder/spi-builder-workspace/.dependencies/checkouts/spfk-base/Sources/SPFKBase/Testing/TestCaseModel.swift /Users/admin/builder/spi-builder-workspace/.dependencies/checkouts/spfk-base/Sources/SPFKBase/TypeDescribable.swift (in target 'SPFKBase' from project 'spfk-base')
SwiftCompile normal arm64 /Users/admin/builder/spi-builder-workspace/.dependencies/checkouts/spfk-base/Sources/SPFKBase/Logging/PhaseTrace.swift (in target 'SPFKBase' from project 'spfk-base')
cd /Users/admin/builder/spi-builder-workspace/.swiftpm/xcode
builtin-SwiftPerFileCompile PhaseTrace.swift
SwiftCompile normal arm64 /Users/admin/builder/spi-builder-workspace/.dependencies/checkouts/spfk-base/Sources/SPFKBase/Testing/BinTestCase.swift (in target 'SPFKBase' from project 'spfk-base')
cd /Users/admin/builder/spi-builder-workspace/.swiftpm/xcode
builtin-SwiftPerFileCompile BinTestCase.swift
SwiftCompile normal arm64 /Users/admin/builder/spi-builder-workspace/.dependencies/checkouts/spfk-base/Sources/SPFKBase/Testing/TestCaseModel.swift (in target 'SPFKBase' from project 'spfk-base')
cd /Users/admin/builder/spi-builder-workspace/.swiftpm/xcode
builtin-SwiftPerFileCompile TestCaseModel.swift
SwiftCompile normal arm64 /Users/admin/builder/spi-builder-workspace/.dependencies/checkouts/spfk-base/Sources/SPFKBase/TypeDescribable.swift (in target 'SPFKBase' from project 'spfk-base')
cd /Users/admin/builder/spi-builder-workspace/.swiftpm/xcode
builtin-SwiftPerFileCompile TypeDescribable.swift
SwiftCompile normal arm64 Compiling\ FileManager.swift,\ FloatingPoint.swift,\ NSError.swift,\ NSException.swift /Users/admin/builder/spi-builder-workspace/.dependencies/checkouts/spfk-base/Sources/SPFKBase/Extensions/Foundation/FileManager.swift /Users/admin/builder/spi-builder-workspace/.dependencies/checkouts/spfk-base/Sources/SPFKBase/Extensions/Foundation/FloatingPoint.swift /Users/admin/builder/spi-builder-workspace/.dependencies/checkouts/spfk-base/Sources/SPFKBase/Extensions/Foundation/NSError.swift /Users/admin/builder/spi-builder-workspace/.dependencies/checkouts/spfk-base/Sources/SPFKBase/Extensions/Foundation/NSException.swift (in target 'SPFKBase' from project 'spfk-base')
/Users/admin/builder/spi-builder-workspace/.dependencies/checkouts/spfk-base/Sources/SPFKBase/Extensions/Foundation/FileManager.swift:21:18: error: 'trashDirectory' is unavailable in tvOS
19 | try? getRelationship(
20 | &relationship,
21 | of: .trashDirectory,
| `- error: 'trashDirectory' is unavailable in tvOS
22 | in: .allDomainsMask,
23 | toItemAt: url
Foundation.FileManager.SearchPathDirectory.trashDirectory:4:10: note: 'trashDirectory' has been explicitly marked unavailable here
2 | enum SearchPathDirectory {
3 | @available(tvOS, unavailable)
4 | case trashDirectory }
| `- note: 'trashDirectory' has been explicitly marked unavailable here
5 | }
6 |
Failed frontend command:
/Applications/Xcode-27.0.0-Release.Candidate.app/Contents/Developer/Toolchains/XcodeDefault.xctoolchain/usr/bin/swift-frontend -frontend -c /Users/admin/builder/spi-builder-workspace/.dependencies/checkouts/spfk-base/Sources/SPFKBase/Definitions/Benchmark.swift /Users/admin/builder/spi-builder-workspace/.dependencies/checkouts/spfk-base/Sources/SPFKBase/Definitions/CG\ Wrappers.swift /Users/admin/builder/spi-builder-workspace/.dependencies/checkouts/spfk-base/Sources/SPFKBase/Definitions/DebouncedTask.swift /Users/admin/builder/spi-builder-workspace/.dependencies/checkouts/spfk-base/Sources/SPFKBase/Definitions/FloatChannelData.swift /Users/admin/builder/spi-builder-workspace/.dependencies/checkouts/spfk-base/Sources/SPFKBase/Definitions/HexColor/HexColor+ColorName.swift /Users/admin/builder/spi-builder-workspace/.dependencies/checkouts/spfk-base/Sources/SPFKBase/Definitions/HexColor/HexColor+NSColor.swift /Users/admin/builder/spi-builder-workspace/.dependencies/checkouts/spfk-base/Sources/SPFKBase/Definitions/HexColor/HexColor.swift /Users/admin/builder/spi-builder-workspace/.dependencies/checkouts/spfk-base/Sources/SPFKBase/Definitions/Import/ParseProgressAccess.swift /Users/admin/builder/spi-builder-workspace/.dependencies/checkouts/spfk-base/Sources/SPFKBase/Definitions/Import/ParseStopSignal.swift /Users/admin/builder/spi-builder-workspace/.dependencies/checkouts/spfk-base/Sources/SPFKBase/Definitions/MovementDirection.swift /Users/admin/builder/spi-builder-workspace/.dependencies/checkouts/spfk-base/Sources/SPFKBase/Definitions/OSVersion.swift /Users/admin/builder/spi-builder-workspace/.dependencies/checkouts/spfk-base/Sources/SPFKBase/Definitions/SequentialPCMSource.swift /Users/admin/builder/spi-builder-workspace/.dependencies/checkouts/spfk-base/Sources/SPFKBase/Definitions/Serializable+Pasteboard.swift /Users/admin/builder/spi-builder-workspace/.dependencies/checkouts/spfk-base/Sources/SPFKBase/Definitions/Serializable.swift /Users/admin/builder/spi-builder-workspace/.dependencies/checkouts/spfk-base/Sources/SPFKBase/Definitions/TrimDescription.swift /Users/admin/builder/spi-builder-workspace/.dependencies/checkouts/spfk-base/Sources/SPFKBase/Definitions/UnitInterval.swift /Users/admin/builder/spi-builder-workspace/.dependencies/checkouts/spfk-base/Sources/SPFKBase/ExceptionTrap.swift /Users/admin/builder/spi-builder-workspace/.dependencies/checkouts/spfk-base/Sources/SPFKBase/Extensions/CoreFoundation/Floating\ Point.swift /Users/admin/builder/spi-builder-workspace/.dependencies/checkouts/spfk-base/Sources/SPFKBase/Extensions/CoreFoundation/FourCharCode.swift /Users/admin/builder/spi-builder-workspace/.dependencies/checkouts/spfk-base/Sources/SPFKBase/Extensions/Foundation/AsyncSequence.swift /Users/admin/builder/spi-builder-workspace/.dependencies/checkouts/spfk-base/Sources/SPFKBase/Extensions/Foundation/Bool+Extensions.swift /Users/admin/builder/spi-builder-workspace/.dependencies/checkouts/spfk-base/Sources/SPFKBase/Extensions/Foundation/Collection\ General.swift /Users/admin/builder/spi-builder-workspace/.dependencies/checkouts/spfk-base/Sources/SPFKBase/Extensions/Foundation/Collection\ String.swift -primary-file /Users/admin/builder/spi-builder-workspace/.dependencies/checkouts/spfk-base/Sources/SPFKBase/Extensions/Foundation/FileManager.swift -primary-file /Users/admin/builder/spi-builder-workspace/.dependencies/checkouts/spfk-base/Sources/SPFKBase/Extensions/Foundation/FloatingPoint.swift -primary-file /Users/admin/builder/spi-builder-workspace/.dependencies/checkouts/spfk-base/Sources/SPFKBase/Extensions/Foundation/NSError.swift -primary-file /Users/admin/builder/spi-builder-workspace/.dependencies/checkouts/spfk-base/Sources/SPFKBase/Extensions/Foundation/NSException.swift /Users/admin/builder/spi-builder-workspace/.dependencies/checkouts/spfk-base/Sources/SPFKBase/Extensions/Foundation/NSRect.swift /Users/admin/builder/spi-builder-workspace/.dependencies/checkouts/spfk-base/Sources/SPFKBase/Extensions/Foundation/NSSize.swift /Users/admin/builder/spi-builder-workspace/.dependencies/checkouts/spfk-base/Sources/SPFKBase/Extensions/Foundation/NotificationCenter.swift /Users/admin/builder/spi-builder-workspace/.dependencies/checkouts/spfk-base/Sources/SPFKBase/Extensions/Foundation/Number\ Normalization.swift /Users/admin/builder/spi-builder-workspace/.dependencies/checkouts/spfk-base/Sources/SPFKBase/Extensions/Foundation/String+C.swift /Users/admin/builder/spi-builder-workspace/.dependencies/checkouts/spfk-base/Sources/SPFKBase/Extensions/Foundation/String.swift /Users/admin/builder/spi-builder-workspace/.dependencies/checkouts/spfk-base/Sources/SPFKBase/Extensions/Foundation/Task.swift /Users/admin/builder/spi-builder-workspace/.dependencies/checkouts/spfk-base/Sources/SPFKBase/Extensions/Foundation/URL/URL+Directory.swift /Users/admin/builder/spi-builder-workspace/.dependencies/checkouts/spfk-base/Sources/SPFKBase/Extensions/Foundation/URL/URL+ResourceValues.swift /Users/admin/builder/spi-builder-workspace/.dependencies/checkouts/spfk-base/Sources/SPFKBase/Extensions/Foundation/URL/URL.swift /Users/admin/builder/spi-builder-workspace/.dependencies/checkouts/spfk-base/Sources/SPFKBase/Logging/BuildConfig.swift /Users/admin/builder/spi-builder-workspace/.dependencies/checkouts/spfk-base/Sources/SPFKBase/Logging/Log.swift /Users/admin/builder/spi-builder-workspace/.dependencies/checkouts/spfk-base/Sources/SPFKBase/Logging/PhaseTrace.swift /Users/admin/builder/spi-builder-workspace/.dependencies/checkouts/spfk-base/Sources/SPFKBase/Testing/BinTestCase.swift /Users/admin/builder/spi-builder-workspace/.dependencies/checkouts/spfk-base/Sources/SPFKBase/Testing/TestCaseModel.swift /Users/admin/builder/spi-builder-workspace/.dependencies/checkouts/spfk-base/Sources/SPFKBase/TypeDescribable.swift -supplementary-output-file-map /Users/admin/builder/spi-builder-workspace/.derivedData/Build/Intermediates.noindex/spfk-base.build/Debug-appletvos/SPFKBase-t.build/Objects-normal/arm64/supplementaryOutputs-6 -emit-localized-strings -emit-localized-strings-path /Users/admin/builder/spi-builder-workspace/.derivedData/Build/Intermediates.noindex/spfk-base.build/Debug-appletvos/SPFKBase-t.build/Objects-normal/arm64 -target arm64-apple-tvos16.0 -disable-cross-import-overlay-search -load-resolved-plugin /Applications/Xcode-27.0.0-Release.Candidate.app/Contents/Developer/Platforms/AppleTVOS.platform/Developer/usr/lib/swift/host/plugins/libFoundationMacros.dylib\#/Applications/Xcode-27.0.0-Release.Candidate.app/Contents/Developer/Platforms/AppleTVOS.platform/Developer/usr/bin/swift-plugin-server\#FoundationMacros -load-resolved-plugin /Applications/Xcode-27.0.0-Release.Candidate.app/Contents/Developer/Platforms/AppleTVOS.platform/Developer/usr/lib/swift/host/plugins/libObservationMacros.dylib\#/Applications/Xcode-27.0.0-Release.Candidate.app/Contents/Developer/Platforms/AppleTVOS.platform/Developer/usr/bin/swift-plugin-server\#ObservationMacros -load-resolved-plugin /Applications/Xcode-27.0.0-Release.Candidate.app/Contents/Developer/Platforms/AppleTVOS.platform/Developer/usr/lib/swift/host/plugins/libPreviewsMacros.dylib\#/Applications/Xcode-27.0.0-Release.Candidate.app/Contents/Developer/Platforms/AppleTVOS.platform/Developer/usr/bin/swift-plugin-server\#PreviewsMacros -load-resolved-plugin /Applications/Xcode-27.0.0-Release.Candidate.app/Contents/Developer/Platforms/AppleTVOS.platform/Developer/usr/lib/swift/host/plugins/libSwiftMacros.dylib\#/Applications/Xcode-27.0.0-Release.Candidate.app/Contents/Developer/Platforms/AppleTVOS.platform/Developer/usr/bin/swift-plugin-server\#SwiftMacros -load-resolved-plugin /Applications/Xcode-27.0.0-Release.Candidate.app/Contents/Developer/Platforms/AppleTVOS.platform/Developer/usr/lib/swift/host/plugins/libSwiftUIMacros.dylib\#/Applications/Xcode-27.0.0-Release.Candidate.app/Contents/Developer/Platforms/AppleTVOS.platform/Developer/usr/bin/swift-plugin-server\#SwiftUIMacros -disable-implicit-swift-modules -Xcc -fno-implicit-modules -Xcc -fno-implicit-module-maps -explicit-swift-module-map-file /Users/admin/builder/spi-builder-workspace/.derivedData/Build/Intermediates.noindex/spfk-base.build/Debug-appletvos/SPFKBase-t.build/Objects-normal/arm64/SPFKBase-dependencies-1.json -Xllvm -aarch64-use-tbi -enable-objc-interop -stack-check -sdk /Applications/Xcode-27.0.0-Release.Candidate.app/Contents/Developer/Platforms/AppleTVOS.platform/Developer/SDKs/AppleTVOS27.0.sdk -I /Users/admin/builder/spi-builder-workspace/.derivedData/Build/Products/Debug-appletvos -Isystem /Applications/Xcode-27.0.0-Release.Candidate.app/Contents/Developer/Platforms/AppleTVOS.platform/Developer/usr/lib -F /Users/admin/builder/spi-builder-workspace/.derivedData/Build/Products/Debug-appletvos/PackageFrameworks -F /Users/admin/builder/spi-builder-workspace/.derivedData/Build/Products/Debug-appletvos -F /Applications/Xcode-27.0.0-Release.Candidate.app/Contents/Developer/Platforms/AppleTVOS.platform/Developer/Library/Frameworks -F /Applications/Xcode-27.0.0-Release.Candidate.app/Contents/Developer/Platforms/AppleTVOS.platform/Developer/SDKs/AppleTVOS27.0.sdk/Developer/Library/Frameworks -module-cache-path /Users/admin/builder/spi-builder-workspace/.derivedData/Build/Intermediates.noindex/SwiftExplicitPrecompiledModules -no-color-diagnostics -Xcc -fno-color-diagnostics -enable-testing -g -debug-info-format\=dwarf -dwarf-version\=4 -suppress-warnings -profile-generate -profile-coverage-mapping -swift-version 6 -Onone -D SWIFT_PACKAGE -D DEBUG -D SWIFT_MODULE_RESOURCE_BUNDLE_UNAVAILABLE -D Xcode -serialize-debugging-options -enable-experimental-feature DebugDescriptionMacro -empty-abi-descriptor -user-module-version 1.11.0 -validate-clang-modules-once -clang-build-session-file /Users/admin/builder/spi-builder-workspace/.derivedData/ModuleCache.noindex/Session.modulevalidation -Xcc -working-directory -Xcc /Users/admin/builder/spi-builder-workspace/.swiftpm/xcode -enable-anonymous-context-mangled-names -file-compilation-dir /Users/admin/builder/spi-builder-workspace/.swiftpm/xcode -Xcc -fmodule-map-file\=/Users/admin/builder/spi-builder-workspace/.dependencies/checkouts/swift-numerics/Sources/_NumericsShims/include/module.modulemap -Xcc -fmodule-map-file\=/Users/admin/builder/spi-builder-workspace/.derivedData/Build/Intermediates.noindex/GeneratedModuleMaps-appletvos/SPFKBaseC.modulemap -Xcc -D_LIBCPP_HARDENING_MODE\=_LIBCPP_HARDENING_MODE_DEBUG -Xcc -ivfsstatcache -Xcc /Users/admin/builder/spi-builder-workspace/.derivedData/SDKStatCaches.noindex/appletvos27.0-24J360-e829b21a6f8c9b70876ba0858053c044b32bfd8d43560033f8d89884cdb90028.sdkstatcache -Xcc -fmodules-prune-interval\=86400 -Xcc -fmodules-prune-after\=345600 -Xcc -I/Users/admin/builder/spi-builder-workspace/.dependencies/checkouts/swift-numerics/Sources/_NumericsShims/include -Xcc -I/Users/admin/builder/spi-builder-workspace/.dependencies/checkouts/spfk-base/Sources/SPFKBaseC/include -Xcc -I/Users/admin/builder/spi-builder-workspace/.derivedData/Build/Products/Debug-appletvos/include -Xcc -I/Users/admin/builder/spi-builder-workspace/.derivedData/Build/Intermediates.noindex/spfk-base.build/Debug-appletvos/SPFKBase-t.build/DerivedSources-normal/arm64 -Xcc -I/Users/admin/builder/spi-builder-workspace/.derivedData/Build/Intermediates.noindex/spfk-base.build/Debug-appletvos/SPFKBase-t.build/DerivedSources/arm64 -Xcc -I/Users/admin/builder/spi-builder-workspace/.derivedData/Build/Intermediates.noindex/spfk-base.build/Debug-appletvos/SPFKBase-t.build/DerivedSources -Xcc -DSWIFT_PACKAGE -Xcc -DDEBUG\=1 -no-auto-bridging-header-chaining -module-name SPFKBase -package-name spfk_base -const-gather-protocols-file /Users/admin/builder/spi-builder-workspace/.derivedData/Build/Intermediates.noindex/spfk-base.build/Debug-appletvos/SPFKBase-t.build/Objects-normal/arm64/SPFKBase_const_extract_protocols.json -disable-clang-spi -clang-target arm64-apple-tvos27.0 -target-sdk-version 27.0 -target-sdk-name appletvos27.0 -in-process-plugin-server-path /Applications/Xcode-27.0.0-Release.Candidate.app/Contents/Developer/Toolchains/XcodeDefault.xctoolchain/usr/lib/swift/host/libSwiftInProcPluginServer.dylib -parse-as-library -o /Users/admin/builder/spi-builder-workspace/.derivedData/Build/Intermediates.noindex/spfk-base.build/Debug-appletvos/SPFKBase-t.build/Objects-normal/arm64/FileManager.o -o /Users/admin/builder/spi-builder-workspace/.derivedData/Build/Intermediates.noindex/spfk-base.build/Debug-appletvos/SPFKBase-t.build/Objects-normal/arm64/FloatingPoint.o -o /Users/admin/builder/spi-builder-workspace/.derivedData/Build/Intermediates.noindex/spfk-base.build/Debug-appletvos/SPFKBase-t.build/Objects-normal/arm64/NSError.o -o /Users/admin/builder/spi-builder-workspace/.derivedData/Build/Intermediates.noindex/spfk-base.build/Debug-appletvos/SPFKBase-t.build/Objects-normal/arm64/NSException.o -debug-module-path /Users/admin/builder/spi-builder-workspace/.derivedData/Build/Intermediates.noindex/spfk-base.build/Debug-appletvos/SPFKBase-t.build/Objects-normal/arm64/SPFKBase.swiftmodule -index-unit-output-path /spfk-base.build/Debug-appletvos/SPFKBase-t.build/Objects-normal/arm64/FileManager.o -index-unit-output-path /spfk-base.build/Debug-appletvos/SPFKBase-t.build/Objects-normal/arm64/FloatingPoint.o -index-unit-output-path /spfk-base.build/Debug-appletvos/SPFKBase-t.build/Objects-normal/arm64/NSError.o -index-unit-output-path /spfk-base.build/Debug-appletvos/SPFKBase-t.build/Objects-normal/arm64/NSException.o -index-store-path /Users/admin/builder/spi-builder-workspace/.derivedData/Index.noindex/DataStore -index-system-modules
SwiftCompile normal arm64 /Users/admin/builder/spi-builder-workspace/.dependencies/checkouts/spfk-base/Sources/SPFKBase/Extensions/Foundation/FileManager.swift (in target 'SPFKBase' from project 'spfk-base')
cd /Users/admin/builder/spi-builder-workspace/.swiftpm/xcode
builtin-SwiftPerFileCompile FileManager.swift
SwiftCompile normal arm64 /Users/admin/builder/spi-builder-workspace/.dependencies/checkouts/spfk-base/Sources/SPFKBase/Extensions/Foundation/FloatingPoint.swift (in target 'SPFKBase' from project 'spfk-base')
cd /Users/admin/builder/spi-builder-workspace/.swiftpm/xcode
builtin-SwiftPerFileCompile FloatingPoint.swift
SwiftCompile normal arm64 /Users/admin/builder/spi-builder-workspace/.dependencies/checkouts/spfk-base/Sources/SPFKBase/Extensions/Foundation/NSError.swift (in target 'SPFKBase' from project 'spfk-base')
cd /Users/admin/builder/spi-builder-workspace/.swiftpm/xcode
builtin-SwiftPerFileCompile NSError.swift
SwiftCompile normal arm64 /Users/admin/builder/spi-builder-workspace/.dependencies/checkouts/spfk-base/Sources/SPFKBase/Extensions/Foundation/NSException.swift (in target 'SPFKBase' from project 'spfk-base')
cd /Users/admin/builder/spi-builder-workspace/.swiftpm/xcode
builtin-SwiftPerFileCompile NSException.swift
SwiftEmitModule normal arm64 Emitting\ module\ for\ SPFKBase (in target 'SPFKBase' from project 'spfk-base')
SwiftCompile normal arm64 (in target 'SPFKBase' from project 'spfk-base')
cd /Users/admin/builder/spi-builder-workspace/.swiftpm/xcode
SwiftCompile normal arm64 Compiling\ UnitInterval.swift,\ ExceptionTrap.swift,\ Floating\ Point.swift,\ FourCharCode.swift /Users/admin/builder/spi-builder-workspace/.dependencies/checkouts/spfk-base/Sources/SPFKBase/Definitions/UnitInterval.swift /Users/admin/builder/spi-builder-workspace/.dependencies/checkouts/spfk-base/Sources/SPFKBase/ExceptionTrap.swift /Users/admin/builder/spi-builder-workspace/.dependencies/checkouts/spfk-base/Sources/SPFKBase/Extensions/CoreFoundation/Floating\ Point.swift /Users/admin/builder/spi-builder-workspace/.dependencies/checkouts/spfk-base/Sources/SPFKBase/Extensions/CoreFoundation/FourCharCode.swift (in target 'SPFKBase' from project 'spfk-base')
SwiftCompile normal arm64 /Users/admin/builder/spi-builder-workspace/.dependencies/checkouts/spfk-base/Sources/SPFKBase/Definitions/UnitInterval.swift (in target 'SPFKBase' from project 'spfk-base')
cd /Users/admin/builder/spi-builder-workspace/.swiftpm/xcode
builtin-SwiftPerFileCompile UnitInterval.swift
SwiftCompile normal arm64 /Users/admin/builder/spi-builder-workspace/.dependencies/checkouts/spfk-base/Sources/SPFKBase/ExceptionTrap.swift (in target 'SPFKBase' from project 'spfk-base')
cd /Users/admin/builder/spi-builder-workspace/.swiftpm/xcode
builtin-SwiftPerFileCompile ExceptionTrap.swift
SwiftCompile normal arm64 /Users/admin/builder/spi-builder-workspace/.dependencies/checkouts/spfk-base/Sources/SPFKBase/Extensions/CoreFoundation/Floating\ Point.swift (in target 'SPFKBase' from project 'spfk-base')
cd /Users/admin/builder/spi-builder-workspace/.swiftpm/xcode
builtin-SwiftPerFileCompile Floating\ Point.swift
SwiftCompile normal arm64 /Users/admin/builder/spi-builder-workspace/.dependencies/checkouts/spfk-base/Sources/SPFKBase/Extensions/CoreFoundation/FourCharCode.swift (in target 'SPFKBase' from project 'spfk-base')
cd /Users/admin/builder/spi-builder-workspace/.swiftpm/xcode
builtin-SwiftPerFileCompile FourCharCode.swift
SwiftCompile normal arm64 Compiling\ Benchmark.swift,\ CG\ Wrappers.swift,\ DebouncedTask.swift,\ FloatChannelData.swift,\ HexColor+ColorName.swift /Users/admin/builder/spi-builder-workspace/.dependencies/checkouts/spfk-base/Sources/SPFKBase/Definitions/Benchmark.swift /Users/admin/builder/spi-builder-workspace/.dependencies/checkouts/spfk-base/Sources/SPFKBase/Definitions/CG\ Wrappers.swift /Users/admin/builder/spi-builder-workspace/.dependencies/checkouts/spfk-base/Sources/SPFKBase/Definitions/DebouncedTask.swift /Users/admin/builder/spi-builder-workspace/.dependencies/checkouts/spfk-base/Sources/SPFKBase/Definitions/FloatChannelData.swift /Users/admin/builder/spi-builder-workspace/.dependencies/checkouts/spfk-base/Sources/SPFKBase/Definitions/HexColor/HexColor+ColorName.swift (in target 'SPFKBase' from project 'spfk-base')
SwiftCompile normal arm64 /Users/admin/builder/spi-builder-workspace/.dependencies/checkouts/spfk-base/Sources/SPFKBase/Definitions/Benchmark.swift (in target 'SPFKBase' from project 'spfk-base')
cd /Users/admin/builder/spi-builder-workspace/.swiftpm/xcode
builtin-SwiftPerFileCompile Benchmark.swift
SwiftCompile normal arm64 /Users/admin/builder/spi-builder-workspace/.dependencies/checkouts/spfk-base/Sources/SPFKBase/Definitions/CG\ Wrappers.swift (in target 'SPFKBase' from project 'spfk-base')
cd /Users/admin/builder/spi-builder-workspace/.swiftpm/xcode
builtin-SwiftPerFileCompile CG\ Wrappers.swift
SwiftCompile normal arm64 /Users/admin/builder/spi-builder-workspace/.dependencies/checkouts/spfk-base/Sources/SPFKBase/Definitions/DebouncedTask.swift (in target 'SPFKBase' from project 'spfk-base')
cd /Users/admin/builder/spi-builder-workspace/.swiftpm/xcode
builtin-SwiftPerFileCompile DebouncedTask.swift
SwiftCompile normal arm64 /Users/admin/builder/spi-builder-workspace/.dependencies/checkouts/spfk-base/Sources/SPFKBase/Definitions/FloatChannelData.swift (in target 'SPFKBase' from project 'spfk-base')
cd /Users/admin/builder/spi-builder-workspace/.swiftpm/xcode
builtin-SwiftPerFileCompile FloatChannelData.swift
SwiftCompile normal arm64 /Users/admin/builder/spi-builder-workspace/.dependencies/checkouts/spfk-base/Sources/SPFKBase/Definitions/HexColor/HexColor+ColorName.swift (in target 'SPFKBase' from project 'spfk-base')
cd /Users/admin/builder/spi-builder-workspace/.swiftpm/xcode
builtin-SwiftPerFileCompile HexColor+ColorName.swift
SwiftCompile normal arm64 Compiling\ URL+ResourceValues.swift,\ URL.swift,\ BuildConfig.swift,\ Log.swift /Users/admin/builder/spi-builder-workspace/.dependencies/checkouts/spfk-base/Sources/SPFKBase/Extensions/Foundation/URL/URL+ResourceValues.swift /Users/admin/builder/spi-builder-workspace/.dependencies/checkouts/spfk-base/Sources/SPFKBase/Extensions/Foundation/URL/URL.swift /Users/admin/builder/spi-builder-workspace/.dependencies/checkouts/spfk-base/Sources/SPFKBase/Logging/BuildConfig.swift /Users/admin/builder/spi-builder-workspace/.dependencies/checkouts/spfk-base/Sources/SPFKBase/Logging/Log.swift (in target 'SPFKBase' from project 'spfk-base')
SwiftCompile normal arm64 /Users/admin/builder/spi-builder-workspace/.dependencies/checkouts/spfk-base/Sources/SPFKBase/Extensions/Foundation/URL/URL+ResourceValues.swift (in target 'SPFKBase' from project 'spfk-base')
cd /Users/admin/builder/spi-builder-workspace/.swiftpm/xcode
builtin-SwiftPerFileCompile URL+ResourceValues.swift
SwiftCompile normal arm64 /Users/admin/builder/spi-builder-workspace/.dependencies/checkouts/spfk-base/Sources/SPFKBase/Extensions/Foundation/URL/URL.swift (in target 'SPFKBase' from project 'spfk-base')
cd /Users/admin/builder/spi-builder-workspace/.swiftpm/xcode
builtin-SwiftPerFileCompile URL.swift
SwiftCompile normal arm64 /Users/admin/builder/spi-builder-workspace/.dependencies/checkouts/spfk-base/Sources/SPFKBase/Logging/BuildConfig.swift (in target 'SPFKBase' from project 'spfk-base')
cd /Users/admin/builder/spi-builder-workspace/.swiftpm/xcode
builtin-SwiftPerFileCompile BuildConfig.swift
SwiftCompile normal arm64 /Users/admin/builder/spi-builder-workspace/.dependencies/checkouts/spfk-base/Sources/SPFKBase/Logging/Log.swift (in target 'SPFKBase' from project 'spfk-base')
cd /Users/admin/builder/spi-builder-workspace/.swiftpm/xcode
builtin-SwiftPerFileCompile Log.swift
SwiftCompile normal arm64 Compiling\ HexColor+NSColor.swift,\ HexColor.swift,\ ParseProgressAccess.swift,\ ParseStopSignal.swift,\ MovementDirection.swift /Users/admin/builder/spi-builder-workspace/.dependencies/checkouts/spfk-base/Sources/SPFKBase/Definitions/HexColor/HexColor+NSColor.swift /Users/admin/builder/spi-builder-workspace/.dependencies/checkouts/spfk-base/Sources/SPFKBase/Definitions/HexColor/HexColor.swift /Users/admin/builder/spi-builder-workspace/.dependencies/checkouts/spfk-base/Sources/SPFKBase/Definitions/Import/ParseProgressAccess.swift /Users/admin/builder/spi-builder-workspace/.dependencies/checkouts/spfk-base/Sources/SPFKBase/Definitions/Import/ParseStopSignal.swift /Users/admin/builder/spi-builder-workspace/.dependencies/checkouts/spfk-base/Sources/SPFKBase/Definitions/MovementDirection.swift (in target 'SPFKBase' from project 'spfk-base')
SwiftCompile normal arm64 /Users/admin/builder/spi-builder-workspace/.dependencies/checkouts/spfk-base/Sources/SPFKBase/Definitions/HexColor/HexColor+NSColor.swift (in target 'SPFKBase' from project 'spfk-base')
cd /Users/admin/builder/spi-builder-workspace/.swiftpm/xcode
builtin-SwiftPerFileCompile HexColor+NSColor.swift
SwiftCompile normal arm64 /Users/admin/builder/spi-builder-workspace/.dependencies/checkouts/spfk-base/Sources/SPFKBase/Definitions/HexColor/HexColor.swift (in target 'SPFKBase' from project 'spfk-base')
cd /Users/admin/builder/spi-builder-workspace/.swiftpm/xcode
builtin-SwiftPerFileCompile HexColor.swift
SwiftCompile normal arm64 /Users/admin/builder/spi-builder-workspace/.dependencies/checkouts/spfk-base/Sources/SPFKBase/Definitions/Import/ParseProgressAccess.swift (in target 'SPFKBase' from project 'spfk-base')
cd /Users/admin/builder/spi-builder-workspace/.swiftpm/xcode
builtin-SwiftPerFileCompile ParseProgressAccess.swift
SwiftCompile normal arm64 /Users/admin/builder/spi-builder-workspace/.dependencies/checkouts/spfk-base/Sources/SPFKBase/Definitions/Import/ParseStopSignal.swift (in target 'SPFKBase' from project 'spfk-base')
cd /Users/admin/builder/spi-builder-workspace/.swiftpm/xcode
builtin-SwiftPerFileCompile ParseStopSignal.swift
SwiftCompile normal arm64 /Users/admin/builder/spi-builder-workspace/.dependencies/checkouts/spfk-base/Sources/SPFKBase/Definitions/MovementDirection.swift (in target 'SPFKBase' from project 'spfk-base')
cd /Users/admin/builder/spi-builder-workspace/.swiftpm/xcode
builtin-SwiftPerFileCompile MovementDirection.swift
SwiftCompile normal arm64 Compiling\ OSVersion.swift,\ SequentialPCMSource.swift,\ Serializable+Pasteboard.swift,\ Serializable.swift,\ TrimDescription.swift /Users/admin/builder/spi-builder-workspace/.dependencies/checkouts/spfk-base/Sources/SPFKBase/Definitions/OSVersion.swift /Users/admin/builder/spi-builder-workspace/.dependencies/checkouts/spfk-base/Sources/SPFKBase/Definitions/SequentialPCMSource.swift /Users/admin/builder/spi-builder-workspace/.dependencies/checkouts/spfk-base/Sources/SPFKBase/Definitions/Serializable+Pasteboard.swift /Users/admin/builder/spi-builder-workspace/.dependencies/checkouts/spfk-base/Sources/SPFKBase/Definitions/Serializable.swift /Users/admin/builder/spi-builder-workspace/.dependencies/checkouts/spfk-base/Sources/SPFKBase/Definitions/TrimDescription.swift (in target 'SPFKBase' from project 'spfk-base')
SwiftCompile normal arm64 /Users/admin/builder/spi-builder-workspace/.dependencies/checkouts/spfk-base/Sources/SPFKBase/Definitions/OSVersion.swift (in target 'SPFKBase' from project 'spfk-base')
cd /Users/admin/builder/spi-builder-workspace/.swiftpm/xcode
builtin-SwiftPerFileCompile OSVersion.swift
SwiftCompile normal arm64 /Users/admin/builder/spi-builder-workspace/.dependencies/checkouts/spfk-base/Sources/SPFKBase/Definitions/SequentialPCMSource.swift (in target 'SPFKBase' from project 'spfk-base')
cd /Users/admin/builder/spi-builder-workspace/.swiftpm/xcode
builtin-SwiftPerFileCompile SequentialPCMSource.swift
SwiftCompile normal arm64 /Users/admin/builder/spi-builder-workspace/.dependencies/checkouts/spfk-base/Sources/SPFKBase/Definitions/Serializable+Pasteboard.swift (in target 'SPFKBase' from project 'spfk-base')
cd /Users/admin/builder/spi-builder-workspace/.swiftpm/xcode
builtin-SwiftPerFileCompile Serializable+Pasteboard.swift
SwiftCompile normal arm64 /Users/admin/builder/spi-builder-workspace/.dependencies/checkouts/spfk-base/Sources/SPFKBase/Definitions/Serializable.swift (in target 'SPFKBase' from project 'spfk-base')
cd /Users/admin/builder/spi-builder-workspace/.swiftpm/xcode
builtin-SwiftPerFileCompile Serializable.swift
SwiftCompile normal arm64 /Users/admin/builder/spi-builder-workspace/.dependencies/checkouts/spfk-base/Sources/SPFKBase/Definitions/TrimDescription.swift (in target 'SPFKBase' from project 'spfk-base')
cd /Users/admin/builder/spi-builder-workspace/.swiftpm/xcode
builtin-SwiftPerFileCompile TrimDescription.swift
SwiftCompile normal arm64 Compiling\ String+C.swift,\ String.swift,\ Task.swift,\ URL+Directory.swift /Users/admin/builder/spi-builder-workspace/.dependencies/checkouts/spfk-base/Sources/SPFKBase/Extensions/Foundation/String+C.swift /Users/admin/builder/spi-builder-workspace/.dependencies/checkouts/spfk-base/Sources/SPFKBase/Extensions/Foundation/String.swift /Users/admin/builder/spi-builder-workspace/.dependencies/checkouts/spfk-base/Sources/SPFKBase/Extensions/Foundation/Task.swift /Users/admin/builder/spi-builder-workspace/.dependencies/checkouts/spfk-base/Sources/SPFKBase/Extensions/Foundation/URL/URL+Directory.swift (in target 'SPFKBase' from project 'spfk-base')
SwiftCompile normal arm64 /Users/admin/builder/spi-builder-workspace/.dependencies/checkouts/spfk-base/Sources/SPFKBase/Extensions/Foundation/String+C.swift (in target 'SPFKBase' from project 'spfk-base')
cd /Users/admin/builder/spi-builder-workspace/.swiftpm/xcode
builtin-SwiftPerFileCompile String+C.swift
SwiftCompile normal arm64 /Users/admin/builder/spi-builder-workspace/.dependencies/checkouts/spfk-base/Sources/SPFKBase/Extensions/Foundation/String.swift (in target 'SPFKBase' from project 'spfk-base')
cd /Users/admin/builder/spi-builder-workspace/.swiftpm/xcode
builtin-SwiftPerFileCompile String.swift
SwiftCompile normal arm64 /Users/admin/builder/spi-builder-workspace/.dependencies/checkouts/spfk-base/Sources/SPFKBase/Extensions/Foundation/Task.swift (in target 'SPFKBase' from project 'spfk-base')
cd /Users/admin/builder/spi-builder-workspace/.swiftpm/xcode
builtin-SwiftPerFileCompile Task.swift
SwiftCompile normal arm64 /Users/admin/builder/spi-builder-workspace/.dependencies/checkouts/spfk-base/Sources/SPFKBase/Extensions/Foundation/URL/URL+Directory.swift (in target 'SPFKBase' from project 'spfk-base')
cd /Users/admin/builder/spi-builder-workspace/.swiftpm/xcode
builtin-SwiftPerFileCompile URL+Directory.swift
SwiftCompile normal arm64 Compiling\ AsyncSequence.swift,\ Bool+Extensions.swift,\ Collection\ General.swift,\ Collection\ String.swift /Users/admin/builder/spi-builder-workspace/.dependencies/checkouts/spfk-base/Sources/SPFKBase/Extensions/Foundation/AsyncSequence.swift /Users/admin/builder/spi-builder-workspace/.dependencies/checkouts/spfk-base/Sources/SPFKBase/Extensions/Foundation/Bool+Extensions.swift /Users/admin/builder/spi-builder-workspace/.dependencies/checkouts/spfk-base/Sources/SPFKBase/Extensions/Foundation/Collection\ General.swift /Users/admin/builder/spi-builder-workspace/.dependencies/checkouts/spfk-base/Sources/SPFKBase/Extensions/Foundation/Collection\ String.swift (in target 'SPFKBase' from project 'spfk-base')
SwiftCompile normal arm64 /Users/admin/builder/spi-builder-workspace/.dependencies/checkouts/spfk-base/Sources/SPFKBase/Extensions/Foundation/AsyncSequence.swift (in target 'SPFKBase' from project 'spfk-base')
cd /Users/admin/builder/spi-builder-workspace/.swiftpm/xcode
builtin-SwiftPerFileCompile AsyncSequence.swift
SwiftCompile normal arm64 /Users/admin/builder/spi-builder-workspace/.dependencies/checkouts/spfk-base/Sources/SPFKBase/Extensions/Foundation/Bool+Extensions.swift (in target 'SPFKBase' from project 'spfk-base')
cd /Users/admin/builder/spi-builder-workspace/.swiftpm/xcode
builtin-SwiftPerFileCompile Bool+Extensions.swift
SwiftCompile normal arm64 /Users/admin/builder/spi-builder-workspace/.dependencies/checkouts/spfk-base/Sources/SPFKBase/Extensions/Foundation/Collection\ General.swift (in target 'SPFKBase' from project 'spfk-base')
cd /Users/admin/builder/spi-builder-workspace/.swiftpm/xcode
builtin-SwiftPerFileCompile Collection\ General.swift
SwiftCompile normal arm64 /Users/admin/builder/spi-builder-workspace/.dependencies/checkouts/spfk-base/Sources/SPFKBase/Extensions/Foundation/Collection\ String.swift (in target 'SPFKBase' from project 'spfk-base')
cd /Users/admin/builder/spi-builder-workspace/.swiftpm/xcode
builtin-SwiftPerFileCompile Collection\ String.swift
PruneExplicitPrecompiledModules /Users/admin/builder/spi-builder-workspace/.derivedData/Build/Intermediates.noindex/SwiftExplicitPrecompiledModules
PruneExplicitPrecompiledModules /Users/admin/builder/spi-builder-workspace/.derivedData/Build/Intermediates.noindex/ExplicitPrecompiledModules
PruneExplicitPrecompiledModules /Users/admin/builder/spi-builder-workspace/.derivedData/SDKExplicitPrecompiledModules
2026-09-27 14:05:49.202 xcodebuild[1554:8603] [MT] IDERunDestination: Supported platforms for the buildables in the current scheme is empty.
** BUILD FAILED **
The following build commands failed:
SwiftCompile normal arm64 Compiling\ FileManager.swift,\ FloatingPoint.swift,\ NSError.swift,\ NSException.swift /Users/admin/builder/spi-builder-workspace/.dependencies/checkouts/spfk-base/Sources/SPFKBase/Extensions/Foundation/FileManager.swift /Users/admin/builder/spi-builder-workspace/.dependencies/checkouts/spfk-base/Sources/SPFKBase/Extensions/Foundation/FloatingPoint.swift /Users/admin/builder/spi-builder-workspace/.dependencies/checkouts/spfk-base/Sources/SPFKBase/Extensions/Foundation/NSError.swift /Users/admin/builder/spi-builder-workspace/.dependencies/checkouts/spfk-base/Sources/SPFKBase/Extensions/Foundation/NSException.swift (in target 'SPFKBase' from project 'spfk-base')
SwiftCompile normal arm64 /Users/admin/builder/spi-builder-workspace/.dependencies/checkouts/spfk-base/Sources/SPFKBase/Extensions/Foundation/FileManager.swift (in target 'SPFKBase' from project 'spfk-base')
Building workspace spfk-network with scheme spfk-network
(3 failures)
BUILD FAILURE 6.4 tvOS