Build Information
Failed to build supabase-client-dependency, reference 0.4.2 (a494ce), with Swift 6.4 for watchOS using Xcode 27.0 on 20 Sep 2026 17:50:55 UTC.
Build Command
env DEVELOPER_DIR=/Applications/Xcode-27.0.0-Release.Candidate.app xcrun xcodebuild -IDEClonedSourcePackagesDirPathOverride=$PWD/.dependencies -skipMacroValidation -skipPackagePluginValidation -derivedDataPath $PWD/.derivedData build -scheme supabase-client-dependency-Package -destination generic/platform=watchOSBuild Log
SwiftDriver SupabaseDependencies normal arm64_32 com.apple.xcode.tools.swift.compiler (in target 'SupabaseDependencies' from project 'supabase-client-dependency')
cd /Users/admin/builder/spi-builder-workspace
builtin-SwiftDriver -- /Applications/Xcode-27.0.0-Release.Candidate.app/Contents/Developer/Toolchains/XcodeDefault.xctoolchain/usr/bin/swiftc -parse-as-library -module-name SupabaseDependencies -Onone @/Users/admin/builder/spi-builder-workspace/.derivedData/Build/Intermediates.noindex/supabase-client-dependency.build/Debug-watchos/SupabaseDependencies-t.build/Objects-normal/arm64_32/SupabaseDependencies.SwiftFileList -DSWIFT_PACKAGE -DDEBUG -DSWIFT_MODULE_RESOURCE_BUNDLE_UNAVAILABLE -DXcode -enable-experimental-feature StrictConcurrency -plugin-path /Applications/Xcode-27.0.0-Release.Candidate.app/Contents/Developer/Toolchains/XcodeDefault.xctoolchain/usr/lib/swift/host/plugins/testing -enable-experimental-feature DebugDescriptionMacro -sdk /Applications/Xcode-27.0.0-Release.Candidate.app/Contents/Developer/Platforms/WatchOS.platform/Developer/SDKs/WatchOS27.0.sdk -target arm64_32-apple-watchos9.0 -g -module-cache-path /Users/admin/builder/spi-builder-workspace/.derivedData/ModuleCache.noindex -Xfrontend -serialize-debugging-options -profile-coverage-mapping -profile-generate -enable-testing -index-store-path /Users/admin/builder/spi-builder-workspace/.derivedData/Index.noindex/DataStore -Xcc -D_LIBCPP_HARDENING_MODE\=_LIBCPP_HARDENING_MODE_DEBUG -swift-version 5 -I /Users/admin/builder/spi-builder-workspace/.derivedData/Build/Products/Debug-watchos -Isystem /Applications/Xcode-27.0.0-Release.Candidate.app/Contents/Developer/Platforms/WatchOS.platform/Developer/usr/lib -F /Users/admin/builder/spi-builder-workspace/.derivedData/Build/Products/Debug-watchos/PackageFrameworks -F /Users/admin/builder/spi-builder-workspace/.derivedData/Build/Products/Debug-watchos -F /Applications/Xcode-27.0.0-Release.Candidate.app/Contents/Developer/Platforms/WatchOS.platform/Developer/Library/Frameworks -F /Applications/Xcode-27.0.0-Release.Candidate.app/Contents/Developer/Platforms/WatchOS.platform/Developer/SDKs/WatchOS27.0.sdk/Developer/Library/Frameworks -Xfrontend -load-plugin-executable -Xfrontend /Users/admin/builder/spi-builder-workspace/.derivedData/Build/Products/Debug/CasePathsMacros\#CasePathsMacros -c -j10 -enable-batch-mode -incremental -Xcc -ivfsstatcache -Xcc /Users/admin/builder/spi-builder-workspace/.derivedData/SDKStatCaches.noindex/watchos27.0-24R360-e829b21a6f8c9b70876ba0858053c04477534ef55a1706bf4c1112bbb242f0a2.sdkstatcache -output-file-map /Users/admin/builder/spi-builder-workspace/.derivedData/Build/Intermediates.noindex/supabase-client-dependency.build/Debug-watchos/SupabaseDependencies-t.build/Objects-normal/arm64_32/SupabaseDependencies-OutputFileMap.json -save-temps -no-color-diagnostics -explicit-module-build -module-cache-path /Users/admin/builder/spi-builder-workspace/.derivedData/Build/Intermediates.noindex/SwiftExplicitPrecompiledModules -clang-scanner-module-cache-path /Users/admin/builder/spi-builder-workspace/.derivedData/ModuleCache.noindex -sdk-module-cache-path /Users/admin/builder/spi-builder-workspace/.derivedData/SDKExplicitPrecompiledModules -emit-dependencies -emit-module -emit-module-path /Users/admin/builder/spi-builder-workspace/.derivedData/Build/Intermediates.noindex/supabase-client-dependency.build/Debug-watchos/SupabaseDependencies-t.build/Objects-normal/arm64_32/SupabaseDependencies.swiftmodule -serialize-diagnostics -dependency-scan-serialize-diagnostics-path /Users/admin/builder/spi-builder-workspace/.derivedData/Build/Intermediates.noindex/supabase-client-dependency.build/Debug-watchos/SupabaseDependencies-t.build/Objects-normal/arm64_32/SupabaseDependencies-dependency-scan.dia -validate-clang-modules-once -clang-build-session-file /Users/admin/builder/spi-builder-workspace/.derivedData/ModuleCache.noindex/Session.modulevalidation -Xcc -fmodules-prune-interval\=86400 -Xcc -fmodules-prune-after\=345600 -package-name spi_builder_workspace -emit-const-values -const-gather-protocols-list /Users/admin/builder/spi-builder-workspace/.derivedData/Build/Intermediates.noindex/supabase-client-dependency.build/Debug-watchos/SupabaseDependencies-t.build/Objects-normal/arm64_32/SupabaseDependencies_const_extract_protocols.json -Xcc -I/Users/admin/builder/spi-builder-workspace/.derivedData/Build/Products/Debug-watchos/include -Xcc -I/Users/admin/builder/spi-builder-workspace/.derivedData/Build/Intermediates.noindex/supabase-client-dependency.build/Debug-watchos/SupabaseDependencies-t.build/DerivedSources-normal/arm64_32 -Xcc -I/Users/admin/builder/spi-builder-workspace/.derivedData/Build/Intermediates.noindex/supabase-client-dependency.build/Debug-watchos/SupabaseDependencies-t.build/DerivedSources/arm64_32 -Xcc -I/Users/admin/builder/spi-builder-workspace/.derivedData/Build/Intermediates.noindex/supabase-client-dependency.build/Debug-watchos/SupabaseDependencies-t.build/DerivedSources -Xcc -DSWIFT_PACKAGE -Xcc -DDEBUG\=1 -emit-objc-header -emit-objc-header-path /Users/admin/builder/spi-builder-workspace/.derivedData/Build/Intermediates.noindex/supabase-client-dependency.build/Debug-watchos/SupabaseDependencies-t.build/Objects-normal/arm64_32/SupabaseDependencies-Swift.h -working-directory /Users/admin/builder/spi-builder-workspace -experimental-emit-module-separately -disable-cmo
CreateUniversalBinary /Users/admin/builder/spi-builder-workspace/.derivedData/Build/Products/Debug-watchos/CasePaths.o normal arm64\ arm64_32 (in target 'CasePaths' from project 'swift-case-paths')
cd /Users/admin/builder/spi-builder-workspace/.dependencies/checkouts/swift-case-paths
/Applications/Xcode-27.0.0-Release.Candidate.app/Contents/Developer/Toolchains/XcodeDefault.xctoolchain/usr/bin/lipo -create /Users/admin/builder/spi-builder-workspace/.derivedData/Build/Intermediates.noindex/swift-case-paths.build/Debug-watchos/CasePaths-t.build/Objects-normal/arm64/Binary/CasePaths.o /Users/admin/builder/spi-builder-workspace/.derivedData/Build/Intermediates.noindex/swift-case-paths.build/Debug-watchos/CasePaths-t.build/Objects-normal/arm64_32/Binary/CasePaths.o -output /Users/admin/builder/spi-builder-workspace/.derivedData/Build/Products/Debug-watchos/CasePaths.o
ExtractAppIntentsMetadata (in target 'CasePaths' from project 'swift-case-paths')
cd /Users/admin/builder/spi-builder-workspace/.dependencies/checkouts/swift-case-paths
/Applications/Xcode-27.0.0-Release.Candidate.app/Contents/Developer/Toolchains/XcodeDefault.xctoolchain/usr/bin/appintentsmetadataprocessor --toolchain-dir /var/run/com.apple.security.cryptexd/mnt/com.apple.MobileAsset.MetalToolchain-v27.1.266.1.5D0s67/Metal.xctoolchain --module-name CasePaths --sdk-root /Applications/Xcode-27.0.0-Release.Candidate.app/Contents/Developer/Platforms/WatchOS.platform/Developer/SDKs/WatchOS27.0.sdk --xcode-version 27A266a --platform-family watchOS --deployment-target 9.0 --bundle-identifier swift-case-paths.CasePaths --output /Users/admin/builder/spi-builder-workspace/.derivedData/Build/Products/Debug-watchos/CasePaths.appintents --target-triple arm64-apple-watchos9.0 --target-triple arm64_32-apple-watchos9.0 --binary-file /Users/admin/builder/spi-builder-workspace/.derivedData/Build/Products/Debug-watchos/CasePaths.o --dependency-file /Users/admin/builder/spi-builder-workspace/.derivedData/Build/Intermediates.noindex/swift-case-paths.build/Debug-watchos/CasePaths-t.build/Objects-normal/arm64/CasePaths_dependency_info.dat --dependency-file /Users/admin/builder/spi-builder-workspace/.derivedData/Build/Intermediates.noindex/swift-case-paths.build/Debug-watchos/CasePaths-t.build/Objects-normal/arm64_32/CasePaths_dependency_info.dat --stringsdata-file /Users/admin/builder/spi-builder-workspace/.derivedData/Build/Intermediates.noindex/swift-case-paths.build/Debug-watchos/CasePaths-t.build/Objects-normal/arm64/ExtractedAppShortcutsMetadata.stringsdata --stringsdata-file /Users/admin/builder/spi-builder-workspace/.derivedData/Build/Intermediates.noindex/swift-case-paths.build/Debug-watchos/CasePaths-t.build/Objects-normal/arm64_32/ExtractedAppShortcutsMetadata.stringsdata --source-file-list /Users/admin/builder/spi-builder-workspace/.derivedData/Build/Intermediates.noindex/swift-case-paths.build/Debug-watchos/CasePaths-t.build/Objects-normal/arm64/CasePaths.SwiftFileList --source-file-list /Users/admin/builder/spi-builder-workspace/.derivedData/Build/Intermediates.noindex/swift-case-paths.build/Debug-watchos/CasePaths-t.build/Objects-normal/arm64_32/CasePaths.SwiftFileList --metadata-file-list /Users/admin/builder/spi-builder-workspace/.derivedData/Build/Intermediates.noindex/swift-case-paths.build/Debug-watchos/CasePaths-t.build/CasePaths.DependencyMetadataFileList --static-metadata-file-list /Users/admin/builder/spi-builder-workspace/.derivedData/Build/Intermediates.noindex/swift-case-paths.build/Debug-watchos/CasePaths-t.build/CasePaths.DependencyStaticMetadataFileList --swift-const-vals-list /Users/admin/builder/spi-builder-workspace/.derivedData/Build/Intermediates.noindex/swift-case-paths.build/Debug-watchos/CasePaths-t.build/Objects-normal/arm64/CasePaths.SwiftConstValuesFileList --swift-const-vals-list /Users/admin/builder/spi-builder-workspace/.derivedData/Build/Intermediates.noindex/swift-case-paths.build/Debug-watchos/CasePaths-t.build/Objects-normal/arm64_32/CasePaths.SwiftConstValuesFileList --force --compile-time-extraction --deployment-aware-processing --no-app-shortcuts-localization
2026-09-20 13:50:23.504 appintentsmetadataprocessor[2891:16316] Starting appintentsmetadataprocessor export
2026-09-20 13:50:23.578 appintentsmetadataprocessor[2891:16316] Extracted no relevant App Intents symbols, skipping writing output
SwiftEmitModule normal arm64_32 Emitting\ module\ for\ SupabaseDependencies (in target 'SupabaseDependencies' from project 'supabase-client-dependency')
SwiftCompile normal arm64_32 (in target 'SupabaseDependencies' from project 'supabase-client-dependency')
cd /Users/admin/builder/spi-builder-workspace
/Users/admin/builder/spi-builder-workspace/Sources/SupabaseDependencies/Interface.swift:167:1: warning: extension declares a conformance of imported type 'SupabaseClient' to imported protocol 'TestDependencyKey'; this will not behave correctly if the owners of 'Supabase' introduce this conformance in the future
165 | }
166 |
167 | extension SupabaseClient: TestDependencyKey {
| |- warning: extension declares a conformance of imported type 'SupabaseClient' to imported protocol 'TestDependencyKey'; this will not behave correctly if the owners of 'Supabase' introduce this conformance in the future
| `- note: add '@retroactive' to silence this warning
168 |
169 | /// An unimplemented supabase client.
SwiftCompile normal arm64_32 Compiling\ AuthController+mock.swift,\ AuthController.swift /Users/admin/builder/spi-builder-workspace/Sources/SupabaseDependencies/AuthController/AuthController+mock.swift /Users/admin/builder/spi-builder-workspace/Sources/SupabaseDependencies/AuthController/AuthController.swift (in target 'SupabaseDependencies' from project 'supabase-client-dependency')
SwiftCompile normal arm64_32 /Users/admin/builder/spi-builder-workspace/Sources/SupabaseDependencies/AuthController/AuthController+mock.swift (in target 'SupabaseDependencies' from project 'supabase-client-dependency')
cd /Users/admin/builder/spi-builder-workspace
builtin-SwiftPerFileCompile AuthController+mock.swift
SwiftCompile normal arm64_32 /Users/admin/builder/spi-builder-workspace/Sources/SupabaseDependencies/AuthController/AuthController.swift (in target 'SupabaseDependencies' from project 'supabase-client-dependency')
cd /Users/admin/builder/spi-builder-workspace
builtin-SwiftPerFileCompile AuthController.swift
SwiftCompile normal arm64_32 Compiling\ Credentials.swift /Users/admin/builder/spi-builder-workspace/Sources/SupabaseDependencies/AuthController/Credentials.swift (in target 'SupabaseDependencies' from project 'supabase-client-dependency')
SwiftCompile normal arm64_32 /Users/admin/builder/spi-builder-workspace/Sources/SupabaseDependencies/AuthController/Credentials.swift (in target 'SupabaseDependencies' from project 'supabase-client-dependency')
cd /Users/admin/builder/spi-builder-workspace
builtin-SwiftPerFileCompile Credentials.swift
SwiftCompile normal arm64_32 Compiling\ AuthClient+Extensions.swift /Users/admin/builder/spi-builder-workspace/Sources/SupabaseDependencies/AuthController/Internal/AuthClient+Extensions.swift (in target 'SupabaseDependencies' from project 'supabase-client-dependency')
SwiftCompile normal arm64_32 /Users/admin/builder/spi-builder-workspace/Sources/SupabaseDependencies/AuthController/Internal/AuthClient+Extensions.swift (in target 'SupabaseDependencies' from project 'supabase-client-dependency')
cd /Users/admin/builder/spi-builder-workspace
builtin-SwiftPerFileCompile AuthClient+Extensions.swift
SwiftCompile normal arm64_32 Compiling\ DatabaseRoute+Filter.swift /Users/admin/builder/spi-builder-workspace/Sources/SupabaseDependencies/DatabaseRouter/DatabaseRoute+Filter.swift (in target 'SupabaseDependencies' from project 'supabase-client-dependency')
SwiftCompile normal arm64_32 /Users/admin/builder/spi-builder-workspace/Sources/SupabaseDependencies/DatabaseRouter/DatabaseRoute+Filter.swift (in target 'SupabaseDependencies' from project 'supabase-client-dependency')
cd /Users/admin/builder/spi-builder-workspace
builtin-SwiftPerFileCompile DatabaseRoute+Filter.swift
SwiftCompile normal arm64_32 Compiling\ DatabaseRoute.swift /Users/admin/builder/spi-builder-workspace/Sources/SupabaseDependencies/DatabaseRouter/DatabaseRoute.swift (in target 'SupabaseDependencies' from project 'supabase-client-dependency')
SwiftCompile normal arm64_32 /Users/admin/builder/spi-builder-workspace/Sources/SupabaseDependencies/DatabaseRouter/DatabaseRoute.swift (in target 'SupabaseDependencies' from project 'supabase-client-dependency')
cd /Users/admin/builder/spi-builder-workspace
builtin-SwiftPerFileCompile DatabaseRoute.swift
SwiftCompile normal arm64_32 Compiling\ RouteCollection.swift /Users/admin/builder/spi-builder-workspace/Sources/SupabaseDependencies/DatabaseRouter/Protocols/RouteCollection.swift (in target 'SupabaseDependencies' from project 'supabase-client-dependency')
SwiftCompile normal arm64_32 /Users/admin/builder/spi-builder-workspace/Sources/SupabaseDependencies/DatabaseRouter/Protocols/RouteCollection.swift (in target 'SupabaseDependencies' from project 'supabase-client-dependency')
cd /Users/admin/builder/spi-builder-workspace
builtin-SwiftPerFileCompile RouteCollection.swift
SwiftCompile normal arm64_32 Compiling\ DatabaseRoute+Order.swift /Users/admin/builder/spi-builder-workspace/Sources/SupabaseDependencies/DatabaseRouter/DatabaseRoute+Order.swift (in target 'SupabaseDependencies' from project 'supabase-client-dependency')
SwiftCompile normal arm64_32 /Users/admin/builder/spi-builder-workspace/Sources/SupabaseDependencies/DatabaseRouter/DatabaseRoute+Order.swift (in target 'SupabaseDependencies' from project 'supabase-client-dependency')
cd /Users/admin/builder/spi-builder-workspace
builtin-SwiftPerFileCompile DatabaseRoute+Order.swift
SwiftCompile normal arm64_32 Compiling\ DatabaseRouter+Override.swift /Users/admin/builder/spi-builder-workspace/Sources/SupabaseDependencies/DatabaseRouter/DatabaseRouter+Override.swift (in target 'SupabaseDependencies' from project 'supabase-client-dependency')
/Users/admin/builder/spi-builder-workspace/Sources/SupabaseDependencies/DatabaseRouter/DatabaseRouter+Override.swift:199:31: warning: capture of 'caseKeyPath' with non-Sendable type 'CaseKeyPath<Route, T>' (aka 'KeyPath<Case<Route>, Case<T>>') in a '@Sendable' closure; this is an error in the Swift 6 language mode [#SendableClosureCaptures]
197 | ) -> Self where Route: CasePathable, Route: Sendable {
198 | .init(
199 | matching: { AnyCasePath(caseKeyPath).extract(from: $0) != nil },
| `- warning: capture of 'caseKeyPath' with non-Sendable type 'CaseKeyPath<Route, T>' (aka 'KeyPath<Case<Route>, Case<T>>') in a '@Sendable' closure; this is an error in the Swift 6 language mode [#SendableClosureCaptures]
200 | with: { route in
201 | guard let input = AnyCasePath(caseKeyPath).extract(from: route) else {
Swift.KeyPath:1:14: note: generic class 'KeyPath' does not conform to the 'Sendable' protocol
1 | public class KeyPath<Root, Value> : PartialKeyPath<Root> {
| `- note: generic class 'KeyPath' does not conform to the 'Sendable' protocol
2 | @objc deinit
3 | }
/Users/admin/builder/spi-builder-workspace/Sources/SupabaseDependencies/DatabaseRouter/DatabaseRouter+Override.swift:201:39: warning: capture of 'caseKeyPath' with non-Sendable type 'CaseKeyPath<Route, T>' (aka 'KeyPath<Case<Route>, Case<T>>') in a '@Sendable' closure; this is an error in the Swift 6 language mode [#SendableClosureCaptures]
199 | matching: { AnyCasePath(caseKeyPath).extract(from: $0) != nil },
200 | with: { route in
201 | guard let input = AnyCasePath(caseKeyPath).extract(from: route) else {
| `- warning: capture of 'caseKeyPath' with non-Sendable type 'CaseKeyPath<Route, T>' (aka 'KeyPath<Case<Route>, Case<T>>') in a '@Sendable' closure; this is an error in the Swift 6 language mode [#SendableClosureCaptures]
202 | throw UnexpectedRouteError()
203 | }
Swift.KeyPath:1:14: note: generic class 'KeyPath' does not conform to the 'Sendable' protocol
1 | public class KeyPath<Root, Value> : PartialKeyPath<Root> {
| `- note: generic class 'KeyPath' does not conform to the 'Sendable' protocol
2 | @objc deinit
3 | }
[#SendableClosureCaptures]: <https://docs.swift.org/compiler/documentation/diagnostics/sendable-closure-captures>
SwiftCompile normal arm64_32 /Users/admin/builder/spi-builder-workspace/Sources/SupabaseDependencies/DatabaseRouter/DatabaseRouter+Override.swift (in target 'SupabaseDependencies' from project 'supabase-client-dependency')
cd /Users/admin/builder/spi-builder-workspace
builtin-SwiftPerFileCompile DatabaseRouter+Override.swift
SwiftCompile normal arm64_32 Compiling\ DatabaseRouter.swift /Users/admin/builder/spi-builder-workspace/Sources/SupabaseDependencies/DatabaseRouter/DatabaseRouter.swift (in target 'SupabaseDependencies' from project 'supabase-client-dependency')
SwiftCompile normal arm64_32 /Users/admin/builder/spi-builder-workspace/Sources/SupabaseDependencies/DatabaseRouter/DatabaseRouter.swift (in target 'SupabaseDependencies' from project 'supabase-client-dependency')
cd /Users/admin/builder/spi-builder-workspace
builtin-SwiftPerFileCompile DatabaseRouter.swift
SwiftEmitModule normal arm64 Emitting\ module\ for\ SupabaseDependencies (in target 'SupabaseDependencies' from project 'supabase-client-dependency')
/Users/admin/builder/spi-builder-workspace/Sources/SupabaseDependencies/Interface.swift:167:1: warning: extension declares a conformance of imported type 'SupabaseClient' to imported protocol 'TestDependencyKey'; this will not behave correctly if the owners of 'Supabase' introduce this conformance in the future
165 | }
166 |
167 | extension SupabaseClient: TestDependencyKey {
| |- warning: extension declares a conformance of imported type 'SupabaseClient' to imported protocol 'TestDependencyKey'; this will not behave correctly if the owners of 'Supabase' introduce this conformance in the future
| `- note: add '@retroactive' to silence this warning
168 |
169 | /// An unimplemented supabase client.
SwiftCompile normal arm64 (in target 'SupabaseDependencies' from project 'supabase-client-dependency')
cd /Users/admin/builder/spi-builder-workspace
SwiftDriverJobDiscovery normal arm64_32 Compiling RouteCollection.swift (in target 'SupabaseDependencies' from project 'supabase-client-dependency')
SwiftCompile normal arm64 Compiling\ Credentials.swift /Users/admin/builder/spi-builder-workspace/Sources/SupabaseDependencies/AuthController/Credentials.swift (in target 'SupabaseDependencies' from project 'supabase-client-dependency')
SwiftCompile normal arm64 /Users/admin/builder/spi-builder-workspace/Sources/SupabaseDependencies/AuthController/Credentials.swift (in target 'SupabaseDependencies' from project 'supabase-client-dependency')
cd /Users/admin/builder/spi-builder-workspace
builtin-SwiftPerFileCompile Credentials.swift
SwiftDriverJobDiscovery normal arm64_32 Compiling DatabaseRoute+Order.swift (in target 'SupabaseDependencies' from project 'supabase-client-dependency')
SwiftCompile normal arm64 Compiling\ DatabaseRouter.swift /Users/admin/builder/spi-builder-workspace/Sources/SupabaseDependencies/DatabaseRouter/DatabaseRouter.swift (in target 'SupabaseDependencies' from project 'supabase-client-dependency')
SwiftCompile normal arm64 /Users/admin/builder/spi-builder-workspace/Sources/SupabaseDependencies/DatabaseRouter/DatabaseRouter.swift (in target 'SupabaseDependencies' from project 'supabase-client-dependency')
cd /Users/admin/builder/spi-builder-workspace
builtin-SwiftPerFileCompile DatabaseRouter.swift
SwiftDriverJobDiscovery normal arm64_32 Compiling DatabaseRoute+Filter.swift (in target 'SupabaseDependencies' from project 'supabase-client-dependency')
SwiftCompile normal arm64 Compiling\ Interface.swift /Users/admin/builder/spi-builder-workspace/Sources/SupabaseDependencies/Interface.swift (in target 'SupabaseDependencies' from project 'supabase-client-dependency')
/Users/admin/builder/spi-builder-workspace/Sources/SupabaseDependencies/Interface.swift:167:1: warning: extension declares a conformance of imported type 'SupabaseClient' to imported protocol 'TestDependencyKey'; this will not behave correctly if the owners of 'Supabase' introduce this conformance in the future
165 | }
166 |
167 | extension SupabaseClient: TestDependencyKey {
| |- warning: extension declares a conformance of imported type 'SupabaseClient' to imported protocol 'TestDependencyKey'; this will not behave correctly if the owners of 'Supabase' introduce this conformance in the future
| `- note: add '@retroactive' to silence this warning
168 |
169 | /// An unimplemented supabase client.
SwiftCompile normal arm64 /Users/admin/builder/spi-builder-workspace/Sources/SupabaseDependencies/Interface.swift (in target 'SupabaseDependencies' from project 'supabase-client-dependency')
cd /Users/admin/builder/spi-builder-workspace
builtin-SwiftPerFileCompile Interface.swift
SwiftDriverJobDiscovery normal arm64_32 Compiling AuthClient+Extensions.swift (in target 'SupabaseDependencies' from project 'supabase-client-dependency')
SwiftCompile normal arm64 Compiling\ AuthClient+Extensions.swift /Users/admin/builder/spi-builder-workspace/Sources/SupabaseDependencies/AuthController/Internal/AuthClient+Extensions.swift (in target 'SupabaseDependencies' from project 'supabase-client-dependency')
SwiftCompile normal arm64 /Users/admin/builder/spi-builder-workspace/Sources/SupabaseDependencies/AuthController/Internal/AuthClient+Extensions.swift (in target 'SupabaseDependencies' from project 'supabase-client-dependency')
cd /Users/admin/builder/spi-builder-workspace
builtin-SwiftPerFileCompile AuthClient+Extensions.swift
SwiftDriverJobDiscovery normal arm64_32 Compiling Credentials.swift (in target 'SupabaseDependencies' from project 'supabase-client-dependency')
SwiftCompile normal arm64 Compiling\ DatabaseRoute.swift /Users/admin/builder/spi-builder-workspace/Sources/SupabaseDependencies/DatabaseRouter/DatabaseRoute.swift (in target 'SupabaseDependencies' from project 'supabase-client-dependency')
SwiftCompile normal arm64 /Users/admin/builder/spi-builder-workspace/Sources/SupabaseDependencies/DatabaseRouter/DatabaseRoute.swift (in target 'SupabaseDependencies' from project 'supabase-client-dependency')
cd /Users/admin/builder/spi-builder-workspace
builtin-SwiftPerFileCompile DatabaseRoute.swift
SwiftDriverJobDiscovery normal arm64_32 Emitting module for SupabaseDependencies (in target 'SupabaseDependencies' from project 'supabase-client-dependency')
SwiftDriver\ Compilation\ Requirements SupabaseDependencies normal arm64_32 com.apple.xcode.tools.swift.compiler (in target 'SupabaseDependencies' from project 'supabase-client-dependency')
cd /Users/admin/builder/spi-builder-workspace
builtin-Swift-Compilation-Requirements -- /Applications/Xcode-27.0.0-Release.Candidate.app/Contents/Developer/Toolchains/XcodeDefault.xctoolchain/usr/bin/swiftc -parse-as-library -module-name SupabaseDependencies -Onone @/Users/admin/builder/spi-builder-workspace/.derivedData/Build/Intermediates.noindex/supabase-client-dependency.build/Debug-watchos/SupabaseDependencies-t.build/Objects-normal/arm64_32/SupabaseDependencies.SwiftFileList -DSWIFT_PACKAGE -DDEBUG -DSWIFT_MODULE_RESOURCE_BUNDLE_UNAVAILABLE -DXcode -enable-experimental-feature StrictConcurrency -plugin-path /Applications/Xcode-27.0.0-Release.Candidate.app/Contents/Developer/Toolchains/XcodeDefault.xctoolchain/usr/lib/swift/host/plugins/testing -enable-experimental-feature DebugDescriptionMacro -sdk /Applications/Xcode-27.0.0-Release.Candidate.app/Contents/Developer/Platforms/WatchOS.platform/Developer/SDKs/WatchOS27.0.sdk -target arm64_32-apple-watchos9.0 -g -module-cache-path /Users/admin/builder/spi-builder-workspace/.derivedData/ModuleCache.noindex -Xfrontend -serialize-debugging-options -profile-coverage-mapping -profile-generate -enable-testing -index-store-path /Users/admin/builder/spi-builder-workspace/.derivedData/Index.noindex/DataStore -Xcc -D_LIBCPP_HARDENING_MODE\=_LIBCPP_HARDENING_MODE_DEBUG -swift-version 5 -I /Users/admin/builder/spi-builder-workspace/.derivedData/Build/Products/Debug-watchos -Isystem /Applications/Xcode-27.0.0-Release.Candidate.app/Contents/Developer/Platforms/WatchOS.platform/Developer/usr/lib -F /Users/admin/builder/spi-builder-workspace/.derivedData/Build/Products/Debug-watchos/PackageFrameworks -F /Users/admin/builder/spi-builder-workspace/.derivedData/Build/Products/Debug-watchos -F /Applications/Xcode-27.0.0-Release.Candidate.app/Contents/Developer/Platforms/WatchOS.platform/Developer/Library/Frameworks -F /Applications/Xcode-27.0.0-Release.Candidate.app/Contents/Developer/Platforms/WatchOS.platform/Developer/SDKs/WatchOS27.0.sdk/Developer/Library/Frameworks -Xfrontend -load-plugin-executable -Xfrontend /Users/admin/builder/spi-builder-workspace/.derivedData/Build/Products/Debug/CasePathsMacros\#CasePathsMacros -c -j10 -enable-batch-mode -incremental -Xcc -ivfsstatcache -Xcc /Users/admin/builder/spi-builder-workspace/.derivedData/SDKStatCaches.noindex/watchos27.0-24R360-e829b21a6f8c9b70876ba0858053c04477534ef55a1706bf4c1112bbb242f0a2.sdkstatcache -output-file-map /Users/admin/builder/spi-builder-workspace/.derivedData/Build/Intermediates.noindex/supabase-client-dependency.build/Debug-watchos/SupabaseDependencies-t.build/Objects-normal/arm64_32/SupabaseDependencies-OutputFileMap.json -save-temps -no-color-diagnostics -explicit-module-build -module-cache-path /Users/admin/builder/spi-builder-workspace/.derivedData/Build/Intermediates.noindex/SwiftExplicitPrecompiledModules -clang-scanner-module-cache-path /Users/admin/builder/spi-builder-workspace/.derivedData/ModuleCache.noindex -sdk-module-cache-path /Users/admin/builder/spi-builder-workspace/.derivedData/SDKExplicitPrecompiledModules -emit-dependencies -emit-module -emit-module-path /Users/admin/builder/spi-builder-workspace/.derivedData/Build/Intermediates.noindex/supabase-client-dependency.build/Debug-watchos/SupabaseDependencies-t.build/Objects-normal/arm64_32/SupabaseDependencies.swiftmodule -serialize-diagnostics -dependency-scan-serialize-diagnostics-path /Users/admin/builder/spi-builder-workspace/.derivedData/Build/Intermediates.noindex/supabase-client-dependency.build/Debug-watchos/SupabaseDependencies-t.build/Objects-normal/arm64_32/SupabaseDependencies-dependency-scan.dia -validate-clang-modules-once -clang-build-session-file /Users/admin/builder/spi-builder-workspace/.derivedData/ModuleCache.noindex/Session.modulevalidation -Xcc -fmodules-prune-interval\=86400 -Xcc -fmodules-prune-after\=345600 -package-name spi_builder_workspace -emit-const-values -const-gather-protocols-list /Users/admin/builder/spi-builder-workspace/.derivedData/Build/Intermediates.noindex/supabase-client-dependency.build/Debug-watchos/SupabaseDependencies-t.build/Objects-normal/arm64_32/SupabaseDependencies_const_extract_protocols.json -Xcc -I/Users/admin/builder/spi-builder-workspace/.derivedData/Build/Products/Debug-watchos/include -Xcc -I/Users/admin/builder/spi-builder-workspace/.derivedData/Build/Intermediates.noindex/supabase-client-dependency.build/Debug-watchos/SupabaseDependencies-t.build/DerivedSources-normal/arm64_32 -Xcc -I/Users/admin/builder/spi-builder-workspace/.derivedData/Build/Intermediates.noindex/supabase-client-dependency.build/Debug-watchos/SupabaseDependencies-t.build/DerivedSources/arm64_32 -Xcc -I/Users/admin/builder/spi-builder-workspace/.derivedData/Build/Intermediates.noindex/supabase-client-dependency.build/Debug-watchos/SupabaseDependencies-t.build/DerivedSources -Xcc -DSWIFT_PACKAGE -Xcc -DDEBUG\=1 -emit-objc-header -emit-objc-header-path /Users/admin/builder/spi-builder-workspace/.derivedData/Build/Intermediates.noindex/supabase-client-dependency.build/Debug-watchos/SupabaseDependencies-t.build/Objects-normal/arm64_32/SupabaseDependencies-Swift.h -working-directory /Users/admin/builder/spi-builder-workspace -experimental-emit-module-separately -disable-cmo
SwiftDriverJobDiscovery normal arm64_32 Compiling DatabaseRoute.swift (in target 'SupabaseDependencies' from project 'supabase-client-dependency')
SwiftCompile normal arm64 Compiling\ DatabaseRouter+Override.swift /Users/admin/builder/spi-builder-workspace/Sources/SupabaseDependencies/DatabaseRouter/DatabaseRouter+Override.swift (in target 'SupabaseDependencies' from project 'supabase-client-dependency')
/Users/admin/builder/spi-builder-workspace/Sources/SupabaseDependencies/DatabaseRouter/DatabaseRouter+Override.swift:199:31: warning: capture of 'caseKeyPath' with non-Sendable type 'CaseKeyPath<Route, T>' (aka 'KeyPath<Case<Route>, Case<T>>') in a '@Sendable' closure; this is an error in the Swift 6 language mode [#SendableClosureCaptures]
197 | ) -> Self where Route: CasePathable, Route: Sendable {
198 | .init(
199 | matching: { AnyCasePath(caseKeyPath).extract(from: $0) != nil },
| `- warning: capture of 'caseKeyPath' with non-Sendable type 'CaseKeyPath<Route, T>' (aka 'KeyPath<Case<Route>, Case<T>>') in a '@Sendable' closure; this is an error in the Swift 6 language mode [#SendableClosureCaptures]
200 | with: { route in
201 | guard let input = AnyCasePath(caseKeyPath).extract(from: route) else {
Swift.KeyPath:1:14: note: generic class 'KeyPath' does not conform to the 'Sendable' protocol
1 | public class KeyPath<Root, Value> : PartialKeyPath<Root> {
| `- note: generic class 'KeyPath' does not conform to the 'Sendable' protocol
2 | @objc deinit
3 | }
/Users/admin/builder/spi-builder-workspace/Sources/SupabaseDependencies/DatabaseRouter/DatabaseRouter+Override.swift:201:39: warning: capture of 'caseKeyPath' with non-Sendable type 'CaseKeyPath<Route, T>' (aka 'KeyPath<Case<Route>, Case<T>>') in a '@Sendable' closure; this is an error in the Swift 6 language mode [#SendableClosureCaptures]
199 | matching: { AnyCasePath(caseKeyPath).extract(from: $0) != nil },
200 | with: { route in
201 | guard let input = AnyCasePath(caseKeyPath).extract(from: route) else {
| `- warning: capture of 'caseKeyPath' with non-Sendable type 'CaseKeyPath<Route, T>' (aka 'KeyPath<Case<Route>, Case<T>>') in a '@Sendable' closure; this is an error in the Swift 6 language mode [#SendableClosureCaptures]
202 | throw UnexpectedRouteError()
203 | }
Swift.KeyPath:1:14: note: generic class 'KeyPath' does not conform to the 'Sendable' protocol
1 | public class KeyPath<Root, Value> : PartialKeyPath<Root> {
| `- note: generic class 'KeyPath' does not conform to the 'Sendable' protocol
2 | @objc deinit
3 | }
[#SendableClosureCaptures]: <https://docs.swift.org/compiler/documentation/diagnostics/sendable-closure-captures>
SwiftCompile normal arm64 /Users/admin/builder/spi-builder-workspace/Sources/SupabaseDependencies/DatabaseRouter/DatabaseRouter+Override.swift (in target 'SupabaseDependencies' from project 'supabase-client-dependency')
cd /Users/admin/builder/spi-builder-workspace
builtin-SwiftPerFileCompile DatabaseRouter+Override.swift
Copy /Users/admin/builder/spi-builder-workspace/.derivedData/Build/Products/Debug-watchos/SupabaseDependencies.swiftmodule/arm64_32-apple-watchos.swiftmodule /Users/admin/builder/spi-builder-workspace/.derivedData/Build/Intermediates.noindex/supabase-client-dependency.build/Debug-watchos/SupabaseDependencies-t.build/Objects-normal/arm64_32/SupabaseDependencies.swiftmodule (in target 'SupabaseDependencies' from project 'supabase-client-dependency')
cd /Users/admin/builder/spi-builder-workspace
builtin-copy -exclude .DS_Store -exclude CVS -exclude .svn -exclude .git -exclude .hg -resolve-src-symlinks -rename /Users/admin/builder/spi-builder-workspace/.derivedData/Build/Intermediates.noindex/supabase-client-dependency.build/Debug-watchos/SupabaseDependencies-t.build/Objects-normal/arm64_32/SupabaseDependencies.swiftmodule /Users/admin/builder/spi-builder-workspace/.derivedData/Build/Products/Debug-watchos/SupabaseDependencies.swiftmodule/arm64_32-apple-watchos.swiftmodule
SwiftDriverJobDiscovery normal arm64_32 Compiling DatabaseRouter+Override.swift (in target 'SupabaseDependencies' from project 'supabase-client-dependency')
Copy /Users/admin/builder/spi-builder-workspace/.derivedData/Build/Products/Debug-watchos/SupabaseDependencies.swiftmodule/arm64_32-apple-watchos.swiftdoc /Users/admin/builder/spi-builder-workspace/.derivedData/Build/Intermediates.noindex/supabase-client-dependency.build/Debug-watchos/SupabaseDependencies-t.build/Objects-normal/arm64_32/SupabaseDependencies.swiftdoc (in target 'SupabaseDependencies' from project 'supabase-client-dependency')
cd /Users/admin/builder/spi-builder-workspace
builtin-copy -exclude .DS_Store -exclude CVS -exclude .svn -exclude .git -exclude .hg -resolve-src-symlinks -rename /Users/admin/builder/spi-builder-workspace/.derivedData/Build/Intermediates.noindex/supabase-client-dependency.build/Debug-watchos/SupabaseDependencies-t.build/Objects-normal/arm64_32/SupabaseDependencies.swiftdoc /Users/admin/builder/spi-builder-workspace/.derivedData/Build/Products/Debug-watchos/SupabaseDependencies.swiftmodule/arm64_32-apple-watchos.swiftdoc
Copy /Users/admin/builder/spi-builder-workspace/.derivedData/Build/Products/Debug-watchos/SupabaseDependencies.swiftmodule/arm64_32-apple-watchos.abi.json /Users/admin/builder/spi-builder-workspace/.derivedData/Build/Intermediates.noindex/supabase-client-dependency.build/Debug-watchos/SupabaseDependencies-t.build/Objects-normal/arm64_32/SupabaseDependencies.abi.json (in target 'SupabaseDependencies' from project 'supabase-client-dependency')
cd /Users/admin/builder/spi-builder-workspace
builtin-copy -exclude .DS_Store -exclude CVS -exclude .svn -exclude .git -exclude .hg -resolve-src-symlinks -rename /Users/admin/builder/spi-builder-workspace/.derivedData/Build/Intermediates.noindex/supabase-client-dependency.build/Debug-watchos/SupabaseDependencies-t.build/Objects-normal/arm64_32/SupabaseDependencies.abi.json /Users/admin/builder/spi-builder-workspace/.derivedData/Build/Products/Debug-watchos/SupabaseDependencies.swiftmodule/arm64_32-apple-watchos.abi.json
Copy /Users/admin/builder/spi-builder-workspace/.derivedData/Build/Products/Debug-watchos/SupabaseDependencies.swiftmodule/Project/arm64_32-apple-watchos.swiftsourceinfo /Users/admin/builder/spi-builder-workspace/.derivedData/Build/Intermediates.noindex/supabase-client-dependency.build/Debug-watchos/SupabaseDependencies-t.build/Objects-normal/arm64_32/SupabaseDependencies.swiftsourceinfo (in target 'SupabaseDependencies' from project 'supabase-client-dependency')
cd /Users/admin/builder/spi-builder-workspace
builtin-copy -exclude .DS_Store -exclude CVS -exclude .svn -exclude .git -exclude .hg -resolve-src-symlinks -rename /Users/admin/builder/spi-builder-workspace/.derivedData/Build/Intermediates.noindex/supabase-client-dependency.build/Debug-watchos/SupabaseDependencies-t.build/Objects-normal/arm64_32/SupabaseDependencies.swiftsourceinfo /Users/admin/builder/spi-builder-workspace/.derivedData/Build/Products/Debug-watchos/SupabaseDependencies.swiftmodule/Project/arm64_32-apple-watchos.swiftsourceinfo
SwiftCompile normal arm64 Compiling\ DatabaseRoute+Filter.swift /Users/admin/builder/spi-builder-workspace/Sources/SupabaseDependencies/DatabaseRouter/DatabaseRoute+Filter.swift (in target 'SupabaseDependencies' from project 'supabase-client-dependency')
SwiftCompile normal arm64 /Users/admin/builder/spi-builder-workspace/Sources/SupabaseDependencies/DatabaseRouter/DatabaseRoute+Filter.swift (in target 'SupabaseDependencies' from project 'supabase-client-dependency')
cd /Users/admin/builder/spi-builder-workspace
builtin-SwiftPerFileCompile DatabaseRoute+Filter.swift
SwiftCompile normal arm64 Compiling\ DatabaseRoute+Order.swift /Users/admin/builder/spi-builder-workspace/Sources/SupabaseDependencies/DatabaseRouter/DatabaseRoute+Order.swift (in target 'SupabaseDependencies' from project 'supabase-client-dependency')
SwiftCompile normal arm64 /Users/admin/builder/spi-builder-workspace/Sources/SupabaseDependencies/DatabaseRouter/DatabaseRoute+Order.swift (in target 'SupabaseDependencies' from project 'supabase-client-dependency')
cd /Users/admin/builder/spi-builder-workspace
builtin-SwiftPerFileCompile DatabaseRoute+Order.swift
SwiftDriverJobDiscovery normal arm64 Emitting module for SupabaseDependencies (in target 'SupabaseDependencies' from project 'supabase-client-dependency')
SwiftDriver\ Compilation\ Requirements SupabaseDependencies normal arm64 com.apple.xcode.tools.swift.compiler (in target 'SupabaseDependencies' from project 'supabase-client-dependency')
cd /Users/admin/builder/spi-builder-workspace
builtin-Swift-Compilation-Requirements -- /Applications/Xcode-27.0.0-Release.Candidate.app/Contents/Developer/Toolchains/XcodeDefault.xctoolchain/usr/bin/swiftc -parse-as-library -module-name SupabaseDependencies -Onone @/Users/admin/builder/spi-builder-workspace/.derivedData/Build/Intermediates.noindex/supabase-client-dependency.build/Debug-watchos/SupabaseDependencies-t.build/Objects-normal/arm64/SupabaseDependencies.SwiftFileList -DSWIFT_PACKAGE -DDEBUG -DSWIFT_MODULE_RESOURCE_BUNDLE_UNAVAILABLE -DXcode -enable-experimental-feature StrictConcurrency -plugin-path /Applications/Xcode-27.0.0-Release.Candidate.app/Contents/Developer/Toolchains/XcodeDefault.xctoolchain/usr/lib/swift/host/plugins/testing -enable-experimental-feature DebugDescriptionMacro -sdk /Applications/Xcode-27.0.0-Release.Candidate.app/Contents/Developer/Platforms/WatchOS.platform/Developer/SDKs/WatchOS27.0.sdk -target arm64-apple-watchos9.0 -g -module-cache-path /Users/admin/builder/spi-builder-workspace/.derivedData/ModuleCache.noindex -Xfrontend -serialize-debugging-options -profile-coverage-mapping -profile-generate -enable-testing -index-store-path /Users/admin/builder/spi-builder-workspace/.derivedData/Index.noindex/DataStore -Xcc -D_LIBCPP_HARDENING_MODE\=_LIBCPP_HARDENING_MODE_DEBUG -swift-version 5 -I /Users/admin/builder/spi-builder-workspace/.derivedData/Build/Products/Debug-watchos -Isystem /Applications/Xcode-27.0.0-Release.Candidate.app/Contents/Developer/Platforms/WatchOS.platform/Developer/usr/lib -F /Users/admin/builder/spi-builder-workspace/.derivedData/Build/Products/Debug-watchos/PackageFrameworks -F /Users/admin/builder/spi-builder-workspace/.derivedData/Build/Products/Debug-watchos -F /Applications/Xcode-27.0.0-Release.Candidate.app/Contents/Developer/Platforms/WatchOS.platform/Developer/Library/Frameworks -F /Applications/Xcode-27.0.0-Release.Candidate.app/Contents/Developer/Platforms/WatchOS.platform/Developer/SDKs/WatchOS27.0.sdk/Developer/Library/Frameworks -Xfrontend -load-plugin-executable -Xfrontend /Users/admin/builder/spi-builder-workspace/.derivedData/Build/Products/Debug/CasePathsMacros\#CasePathsMacros -c -j10 -enable-batch-mode -incremental -Xcc -ivfsstatcache -Xcc /Users/admin/builder/spi-builder-workspace/.derivedData/SDKStatCaches.noindex/watchos27.0-24R360-e829b21a6f8c9b70876ba0858053c04477534ef55a1706bf4c1112bbb242f0a2.sdkstatcache -output-file-map /Users/admin/builder/spi-builder-workspace/.derivedData/Build/Intermediates.noindex/supabase-client-dependency.build/Debug-watchos/SupabaseDependencies-t.build/Objects-normal/arm64/SupabaseDependencies-OutputFileMap.json -save-temps -no-color-diagnostics -explicit-module-build -module-cache-path /Users/admin/builder/spi-builder-workspace/.derivedData/Build/Intermediates.noindex/SwiftExplicitPrecompiledModules -clang-scanner-module-cache-path /Users/admin/builder/spi-builder-workspace/.derivedData/ModuleCache.noindex -sdk-module-cache-path /Users/admin/builder/spi-builder-workspace/.derivedData/SDKExplicitPrecompiledModules -emit-dependencies -emit-module -emit-module-path /Users/admin/builder/spi-builder-workspace/.derivedData/Build/Intermediates.noindex/supabase-client-dependency.build/Debug-watchos/SupabaseDependencies-t.build/Objects-normal/arm64/SupabaseDependencies.swiftmodule -serialize-diagnostics -dependency-scan-serialize-diagnostics-path /Users/admin/builder/spi-builder-workspace/.derivedData/Build/Intermediates.noindex/supabase-client-dependency.build/Debug-watchos/SupabaseDependencies-t.build/Objects-normal/arm64/SupabaseDependencies-dependency-scan.dia -validate-clang-modules-once -clang-build-session-file /Users/admin/builder/spi-builder-workspace/.derivedData/ModuleCache.noindex/Session.modulevalidation -Xcc -fmodules-prune-interval\=86400 -Xcc -fmodules-prune-after\=345600 -package-name spi_builder_workspace -emit-const-values -const-gather-protocols-list /Users/admin/builder/spi-builder-workspace/.derivedData/Build/Intermediates.noindex/supabase-client-dependency.build/Debug-watchos/SupabaseDependencies-t.build/Objects-normal/arm64/SupabaseDependencies_const_extract_protocols.json -Xcc -I/Users/admin/builder/spi-builder-workspace/.derivedData/Build/Products/Debug-watchos/include -Xcc -I/Users/admin/builder/spi-builder-workspace/.derivedData/Build/Intermediates.noindex/supabase-client-dependency.build/Debug-watchos/SupabaseDependencies-t.build/DerivedSources-normal/arm64 -Xcc -I/Users/admin/builder/spi-builder-workspace/.derivedData/Build/Intermediates.noindex/supabase-client-dependency.build/Debug-watchos/SupabaseDependencies-t.build/DerivedSources/arm64 -Xcc -I/Users/admin/builder/spi-builder-workspace/.derivedData/Build/Intermediates.noindex/supabase-client-dependency.build/Debug-watchos/SupabaseDependencies-t.build/DerivedSources -Xcc -DSWIFT_PACKAGE -Xcc -DDEBUG\=1 -emit-objc-header -emit-objc-header-path /Users/admin/builder/spi-builder-workspace/.derivedData/Build/Intermediates.noindex/supabase-client-dependency.build/Debug-watchos/SupabaseDependencies-t.build/Objects-normal/arm64/SupabaseDependencies-Swift.h -working-directory /Users/admin/builder/spi-builder-workspace -experimental-emit-module-separately -disable-cmo
SwiftDriverJobDiscovery normal arm64 Compiling Interface.swift (in target 'SupabaseDependencies' from project 'supabase-client-dependency')
SwiftCompile normal arm64 Compiling\ AuthController+mock.swift,\ AuthController.swift /Users/admin/builder/spi-builder-workspace/Sources/SupabaseDependencies/AuthController/AuthController+mock.swift /Users/admin/builder/spi-builder-workspace/Sources/SupabaseDependencies/AuthController/AuthController.swift (in target 'SupabaseDependencies' from project 'supabase-client-dependency')
SwiftCompile normal arm64 /Users/admin/builder/spi-builder-workspace/Sources/SupabaseDependencies/AuthController/AuthController+mock.swift (in target 'SupabaseDependencies' from project 'supabase-client-dependency')
cd /Users/admin/builder/spi-builder-workspace
builtin-SwiftPerFileCompile AuthController+mock.swift
SwiftCompile normal arm64 /Users/admin/builder/spi-builder-workspace/Sources/SupabaseDependencies/AuthController/AuthController.swift (in target 'SupabaseDependencies' from project 'supabase-client-dependency')
cd /Users/admin/builder/spi-builder-workspace
builtin-SwiftPerFileCompile AuthController.swift
SwiftCompile normal arm64_32 Compiling\ Interface.swift /Users/admin/builder/spi-builder-workspace/Sources/SupabaseDependencies/Interface.swift (in target 'SupabaseDependencies' from project 'supabase-client-dependency')
/Users/admin/builder/spi-builder-workspace/Sources/SupabaseDependencies/Interface.swift:167:1: warning: extension declares a conformance of imported type 'SupabaseClient' to imported protocol 'TestDependencyKey'; this will not behave correctly if the owners of 'Supabase' introduce this conformance in the future
165 | }
166 |
167 | extension SupabaseClient: TestDependencyKey {
| |- warning: extension declares a conformance of imported type 'SupabaseClient' to imported protocol 'TestDependencyKey'; this will not behave correctly if the owners of 'Supabase' introduce this conformance in the future
| `- note: add '@retroactive' to silence this warning
168 |
169 | /// An unimplemented supabase client.
SwiftCompile normal arm64_32 /Users/admin/builder/spi-builder-workspace/Sources/SupabaseDependencies/Interface.swift (in target 'SupabaseDependencies' from project 'supabase-client-dependency')
cd /Users/admin/builder/spi-builder-workspace
builtin-SwiftPerFileCompile Interface.swift
SwiftCompile normal arm64 Compiling\ RouteCollection.swift /Users/admin/builder/spi-builder-workspace/Sources/SupabaseDependencies/DatabaseRouter/Protocols/RouteCollection.swift (in target 'SupabaseDependencies' from project 'supabase-client-dependency')
SwiftCompile normal arm64 /Users/admin/builder/spi-builder-workspace/Sources/SupabaseDependencies/DatabaseRouter/Protocols/RouteCollection.swift (in target 'SupabaseDependencies' from project 'supabase-client-dependency')
cd /Users/admin/builder/spi-builder-workspace
builtin-SwiftPerFileCompile RouteCollection.swift
SwiftDriverJobDiscovery normal arm64 Compiling Credentials.swift (in target 'SupabaseDependencies' from project 'supabase-client-dependency')
SwiftDriverJobDiscovery normal arm64 Compiling AuthClient+Extensions.swift (in target 'SupabaseDependencies' from project 'supabase-client-dependency')
SwiftMergeGeneratedHeaders /Users/admin/builder/spi-builder-workspace/.derivedData/Build/Intermediates.noindex/GeneratedModuleMaps-watchos/SupabaseDependencies-Swift.h /Users/admin/builder/spi-builder-workspace/.derivedData/Build/Intermediates.noindex/supabase-client-dependency.build/Debug-watchos/SupabaseDependencies-t.build/Objects-normal/arm64/SupabaseDependencies-Swift.h /Users/admin/builder/spi-builder-workspace/.derivedData/Build/Intermediates.noindex/supabase-client-dependency.build/Debug-watchos/SupabaseDependencies-t.build/Objects-normal/arm64_32/SupabaseDependencies-Swift.h (in target 'SupabaseDependencies' from project 'supabase-client-dependency')
cd /Users/admin/builder/spi-builder-workspace
builtin-swiftHeaderTool -arch arm64 /Users/admin/builder/spi-builder-workspace/.derivedData/Build/Intermediates.noindex/supabase-client-dependency.build/Debug-watchos/SupabaseDependencies-t.build/Objects-normal/arm64/SupabaseDependencies-Swift.h -arch arm64_32 /Users/admin/builder/spi-builder-workspace/.derivedData/Build/Intermediates.noindex/supabase-client-dependency.build/Debug-watchos/SupabaseDependencies-t.build/Objects-normal/arm64_32/SupabaseDependencies-Swift.h -o /Users/admin/builder/spi-builder-workspace/.derivedData/Build/Intermediates.noindex/GeneratedModuleMaps-watchos/SupabaseDependencies-Swift.h
SwiftDriverJobDiscovery normal arm64_32 Compiling DatabaseRouter.swift (in target 'SupabaseDependencies' from project 'supabase-client-dependency')
Copy /Users/admin/builder/spi-builder-workspace/.derivedData/Build/Products/Debug-watchos/SupabaseDependencies.swiftmodule/arm64-apple-watchos.swiftmodule /Users/admin/builder/spi-builder-workspace/.derivedData/Build/Intermediates.noindex/supabase-client-dependency.build/Debug-watchos/SupabaseDependencies-t.build/Objects-normal/arm64/SupabaseDependencies.swiftmodule (in target 'SupabaseDependencies' from project 'supabase-client-dependency')
cd /Users/admin/builder/spi-builder-workspace
builtin-copy -exclude .DS_Store -exclude CVS -exclude .svn -exclude .git -exclude .hg -resolve-src-symlinks -rename /Users/admin/builder/spi-builder-workspace/.derivedData/Build/Intermediates.noindex/supabase-client-dependency.build/Debug-watchos/SupabaseDependencies-t.build/Objects-normal/arm64/SupabaseDependencies.swiftmodule /Users/admin/builder/spi-builder-workspace/.derivedData/Build/Products/Debug-watchos/SupabaseDependencies.swiftmodule/arm64-apple-watchos.swiftmodule
Copy /Users/admin/builder/spi-builder-workspace/.derivedData/Build/Products/Debug-watchos/SupabaseDependencies.swiftmodule/arm64-apple-watchos.swiftdoc /Users/admin/builder/spi-builder-workspace/.derivedData/Build/Intermediates.noindex/supabase-client-dependency.build/Debug-watchos/SupabaseDependencies-t.build/Objects-normal/arm64/SupabaseDependencies.swiftdoc (in target 'SupabaseDependencies' from project 'supabase-client-dependency')
cd /Users/admin/builder/spi-builder-workspace
builtin-copy -exclude .DS_Store -exclude CVS -exclude .svn -exclude .git -exclude .hg -resolve-src-symlinks -rename /Users/admin/builder/spi-builder-workspace/.derivedData/Build/Intermediates.noindex/supabase-client-dependency.build/Debug-watchos/SupabaseDependencies-t.build/Objects-normal/arm64/SupabaseDependencies.swiftdoc /Users/admin/builder/spi-builder-workspace/.derivedData/Build/Products/Debug-watchos/SupabaseDependencies.swiftmodule/arm64-apple-watchos.swiftdoc
Copy /Users/admin/builder/spi-builder-workspace/.derivedData/Build/Products/Debug-watchos/SupabaseDependencies.swiftmodule/arm64-apple-watchos.abi.json /Users/admin/builder/spi-builder-workspace/.derivedData/Build/Intermediates.noindex/supabase-client-dependency.build/Debug-watchos/SupabaseDependencies-t.build/Objects-normal/arm64/SupabaseDependencies.abi.json (in target 'SupabaseDependencies' from project 'supabase-client-dependency')
cd /Users/admin/builder/spi-builder-workspace
builtin-copy -exclude .DS_Store -exclude CVS -exclude .svn -exclude .git -exclude .hg -resolve-src-symlinks -rename /Users/admin/builder/spi-builder-workspace/.derivedData/Build/Intermediates.noindex/supabase-client-dependency.build/Debug-watchos/SupabaseDependencies-t.build/Objects-normal/arm64/SupabaseDependencies.abi.json /Users/admin/builder/spi-builder-workspace/.derivedData/Build/Products/Debug-watchos/SupabaseDependencies.swiftmodule/arm64-apple-watchos.abi.json
Copy /Users/admin/builder/spi-builder-workspace/.derivedData/Build/Products/Debug-watchos/SupabaseDependencies.swiftmodule/Project/arm64-apple-watchos.swiftsourceinfo /Users/admin/builder/spi-builder-workspace/.derivedData/Build/Intermediates.noindex/supabase-client-dependency.build/Debug-watchos/SupabaseDependencies-t.build/Objects-normal/arm64/SupabaseDependencies.swiftsourceinfo (in target 'SupabaseDependencies' from project 'supabase-client-dependency')
cd /Users/admin/builder/spi-builder-workspace
builtin-copy -exclude .DS_Store -exclude CVS -exclude .svn -exclude .git -exclude .hg -resolve-src-symlinks -rename /Users/admin/builder/spi-builder-workspace/.derivedData/Build/Intermediates.noindex/supabase-client-dependency.build/Debug-watchos/SupabaseDependencies-t.build/Objects-normal/arm64/SupabaseDependencies.swiftsourceinfo /Users/admin/builder/spi-builder-workspace/.derivedData/Build/Products/Debug-watchos/SupabaseDependencies.swiftmodule/Project/arm64-apple-watchos.swiftsourceinfo
SwiftDriver SupabaseDependenciesTests normal arm64 com.apple.xcode.tools.swift.compiler (in target 'SupabaseDependenciesTests-product' from project 'supabase-client-dependency')
cd /Users/admin/builder/spi-builder-workspace
builtin-SwiftDriver -- /Applications/Xcode-27.0.0-Release.Candidate.app/Contents/Developer/Toolchains/XcodeDefault.xctoolchain/usr/bin/swiftc -parse-as-library -module-name SupabaseDependenciesTests -Onone @/Users/admin/builder/spi-builder-workspace/.derivedData/Build/Intermediates.noindex/supabase-client-dependency.build/Debug-watchos/SupabaseDependenciesTests-p.build/Objects-normal/arm64/SupabaseDependenciesTests.SwiftFileList -DSWIFT_PACKAGE -DDEBUG -DXcode -plugin-path /Applications/Xcode-27.0.0-Release.Candidate.app/Contents/Developer/Toolchains/XcodeDefault.xctoolchain/usr/lib/swift/host/plugins/testing -enable-experimental-feature DebugDescriptionMacro -sdk /Applications/Xcode-27.0.0-Release.Candidate.app/Contents/Developer/Platforms/WatchOS.platform/Developer/SDKs/WatchOS27.0.sdk -target arm64-apple-watchos10.0 -g -module-cache-path /Users/admin/builder/spi-builder-workspace/.derivedData/ModuleCache.noindex -Xfrontend -serialize-debugging-options -profile-coverage-mapping -profile-generate -enable-testing -index-store-path /Users/admin/builder/spi-builder-workspace/.derivedData/Index.noindex/DataStore -Xcc -D_LIBCPP_HARDENING_MODE\=_LIBCPP_HARDENING_MODE_DEBUG -swift-version 5 -I /Users/admin/builder/spi-builder-workspace/.derivedData/Build/Products/Debug-watchos -Isystem /Applications/Xcode-27.0.0-Release.Candidate.app/Contents/Developer/Platforms/WatchOS.platform/Developer/usr/lib -F /Users/admin/builder/spi-builder-workspace/.derivedData/Build/Products/Debug-watchos/PackageFrameworks -F /Users/admin/builder/spi-builder-workspace/.derivedData/Build/Products/Debug-watchos -F /Applications/Xcode-27.0.0-Release.Candidate.app/Contents/Developer/Platforms/WatchOS.platform/Developer/Library/Frameworks -F /Applications/Xcode-27.0.0-Release.Candidate.app/Contents/Developer/Platforms/WatchOS.platform/Developer/SDKs/WatchOS27.0.sdk/Developer/Library/Frameworks -Xfrontend -load-plugin-executable -Xfrontend /Users/admin/builder/spi-builder-workspace/.derivedData/Build/Products/Debug/CasePathsMacros\#CasePathsMacros -c -j10 -enable-batch-mode -incremental -Xcc -ivfsstatcache -Xcc /Users/admin/builder/spi-builder-workspace/.derivedData/SDKStatCaches.noindex/watchos27.0-24R360-e829b21a6f8c9b70876ba0858053c04477534ef55a1706bf4c1112bbb242f0a2.sdkstatcache -output-file-map /Users/admin/builder/spi-builder-workspace/.derivedData/Build/Intermediates.noindex/supabase-client-dependency.build/Debug-watchos/SupabaseDependenciesTests-p.build/Objects-normal/arm64/SupabaseDependenciesTests-OutputFileMap.json -save-temps -no-color-diagnostics -explicit-module-build -module-cache-path /Users/admin/builder/spi-builder-workspace/.derivedData/Build/Intermediates.noindex/SwiftExplicitPrecompiledModules -clang-scanner-module-cache-path /Users/admin/builder/spi-builder-workspace/.derivedData/ModuleCache.noindex -sdk-module-cache-path /Users/admin/builder/spi-builder-workspace/.derivedData/SDKExplicitPrecompiledModules -emit-dependencies -emit-module -emit-module-path /Users/admin/builder/spi-builder-workspace/.derivedData/Build/Intermediates.noindex/supabase-client-dependency.build/Debug-watchos/SupabaseDependenciesTests-p.build/Objects-normal/arm64/SupabaseDependenciesTests.swiftmodule -serialize-diagnostics -dependency-scan-serialize-diagnostics-path /Users/admin/builder/spi-builder-workspace/.derivedData/Build/Intermediates.noindex/supabase-client-dependency.build/Debug-watchos/SupabaseDependenciesTests-p.build/Objects-normal/arm64/SupabaseDependenciesTests-dependency-scan.dia -validate-clang-modules-once -clang-build-session-file /Users/admin/builder/spi-builder-workspace/.derivedData/ModuleCache.noindex/Session.modulevalidation -Xcc -fmodules-prune-interval\=86400 -Xcc -fmodules-prune-after\=345600 -package-name spi_builder_workspace -emit-const-values -const-gather-protocols-list /Users/admin/builder/spi-builder-workspace/.derivedData/Build/Intermediates.noindex/supabase-client-dependency.build/Debug-watchos/SupabaseDependenciesTests-p.build/Objects-normal/arm64/SupabaseDependenciesTests_const_extract_protocols.json -Xcc -I/Users/admin/builder/spi-builder-workspace/.derivedData/Build/Products/Debug-watchos/include -Xcc -I/Users/admin/builder/spi-builder-workspace/.derivedData/Build/Intermediates.noindex/supabase-client-dependency.build/Debug-watchos/SupabaseDependenciesTests-p.build/DerivedSources-normal/arm64 -Xcc -I/Users/admin/builder/spi-builder-workspace/.derivedData/Build/Intermediates.noindex/supabase-client-dependency.build/Debug-watchos/SupabaseDependenciesTests-p.build/DerivedSources/arm64 -Xcc -I/Users/admin/builder/spi-builder-workspace/.derivedData/Build/Intermediates.noindex/supabase-client-dependency.build/Debug-watchos/SupabaseDependenciesTests-p.build/DerivedSources -Xcc -DSWIFT_PACKAGE -Xcc -DDEBUG\=1 -working-directory /Users/admin/builder/spi-builder-workspace -experimental-emit-module-separately -disable-cmo
SwiftDriver SupabaseDependenciesTests normal arm64_32 com.apple.xcode.tools.swift.compiler (in target 'SupabaseDependenciesTests-product' from project 'supabase-client-dependency')
cd /Users/admin/builder/spi-builder-workspace
builtin-SwiftDriver -- /Applications/Xcode-27.0.0-Release.Candidate.app/Contents/Developer/Toolchains/XcodeDefault.xctoolchain/usr/bin/swiftc -parse-as-library -module-name SupabaseDependenciesTests -Onone @/Users/admin/builder/spi-builder-workspace/.derivedData/Build/Intermediates.noindex/supabase-client-dependency.build/Debug-watchos/SupabaseDependenciesTests-p.build/Objects-normal/arm64_32/SupabaseDependenciesTests.SwiftFileList -DSWIFT_PACKAGE -DDEBUG -DXcode -plugin-path /Applications/Xcode-27.0.0-Release.Candidate.app/Contents/Developer/Toolchains/XcodeDefault.xctoolchain/usr/lib/swift/host/plugins/testing -enable-experimental-feature DebugDescriptionMacro -sdk /Applications/Xcode-27.0.0-Release.Candidate.app/Contents/Developer/Platforms/WatchOS.platform/Developer/SDKs/WatchOS27.0.sdk -target arm64_32-apple-watchos10.0 -g -module-cache-path /Users/admin/builder/spi-builder-workspace/.derivedData/ModuleCache.noindex -Xfrontend -serialize-debugging-options -profile-coverage-mapping -profile-generate -enable-testing -index-store-path /Users/admin/builder/spi-builder-workspace/.derivedData/Index.noindex/DataStore -Xcc -D_LIBCPP_HARDENING_MODE\=_LIBCPP_HARDENING_MODE_DEBUG -swift-version 5 -I /Users/admin/builder/spi-builder-workspace/.derivedData/Build/Products/Debug-watchos -Isystem /Applications/Xcode-27.0.0-Release.Candidate.app/Contents/Developer/Platforms/WatchOS.platform/Developer/usr/lib -F /Users/admin/builder/spi-builder-workspace/.derivedData/Build/Products/Debug-watchos/PackageFrameworks -F /Users/admin/builder/spi-builder-workspace/.derivedData/Build/Products/Debug-watchos -F /Applications/Xcode-27.0.0-Release.Candidate.app/Contents/Developer/Platforms/WatchOS.platform/Developer/Library/Frameworks -F /Applications/Xcode-27.0.0-Release.Candidate.app/Contents/Developer/Platforms/WatchOS.platform/Developer/SDKs/WatchOS27.0.sdk/Developer/Library/Frameworks -Xfrontend -load-plugin-executable -Xfrontend /Users/admin/builder/spi-builder-workspace/.derivedData/Build/Products/Debug/CasePathsMacros\#CasePathsMacros -c -j10 -enable-batch-mode -incremental -Xcc -ivfsstatcache -Xcc /Users/admin/builder/spi-builder-workspace/.derivedData/SDKStatCaches.noindex/watchos27.0-24R360-e829b21a6f8c9b70876ba0858053c04477534ef55a1706bf4c1112bbb242f0a2.sdkstatcache -output-file-map /Users/admin/builder/spi-builder-workspace/.derivedData/Build/Intermediates.noindex/supabase-client-dependency.build/Debug-watchos/SupabaseDependenciesTests-p.build/Objects-normal/arm64_32/SupabaseDependenciesTests-OutputFileMap.json -save-temps -no-color-diagnostics -explicit-module-build -module-cache-path /Users/admin/builder/spi-builder-workspace/.derivedData/Build/Intermediates.noindex/SwiftExplicitPrecompiledModules -clang-scanner-module-cache-path /Users/admin/builder/spi-builder-workspace/.derivedData/ModuleCache.noindex -sdk-module-cache-path /Users/admin/builder/spi-builder-workspace/.derivedData/SDKExplicitPrecompiledModules -emit-dependencies -emit-module -emit-module-path /Users/admin/builder/spi-builder-workspace/.derivedData/Build/Intermediates.noindex/supabase-client-dependency.build/Debug-watchos/SupabaseDependenciesTests-p.build/Objects-normal/arm64_32/SupabaseDependenciesTests.swiftmodule -serialize-diagnostics -dependency-scan-serialize-diagnostics-path /Users/admin/builder/spi-builder-workspace/.derivedData/Build/Intermediates.noindex/supabase-client-dependency.build/Debug-watchos/SupabaseDependenciesTests-p.build/Objects-normal/arm64_32/SupabaseDependenciesTests-dependency-scan.dia -validate-clang-modules-once -clang-build-session-file /Users/admin/builder/spi-builder-workspace/.derivedData/ModuleCache.noindex/Session.modulevalidation -Xcc -fmodules-prune-interval\=86400 -Xcc -fmodules-prune-after\=345600 -package-name spi_builder_workspace -emit-const-values -const-gather-protocols-list /Users/admin/builder/spi-builder-workspace/.derivedData/Build/Intermediates.noindex/supabase-client-dependency.build/Debug-watchos/SupabaseDependenciesTests-p.build/Objects-normal/arm64_32/SupabaseDependenciesTests_const_extract_protocols.json -Xcc -I/Users/admin/builder/spi-builder-workspace/.derivedData/Build/Products/Debug-watchos/include -Xcc -I/Users/admin/builder/spi-builder-workspace/.derivedData/Build/Intermediates.noindex/supabase-client-dependency.build/Debug-watchos/SupabaseDependenciesTests-p.build/DerivedSources-normal/arm64_32 -Xcc -I/Users/admin/builder/spi-builder-workspace/.derivedData/Build/Intermediates.noindex/supabase-client-dependency.build/Debug-watchos/SupabaseDependenciesTests-p.build/DerivedSources/arm64_32 -Xcc -I/Users/admin/builder/spi-builder-workspace/.derivedData/Build/Intermediates.noindex/supabase-client-dependency.build/Debug-watchos/SupabaseDependenciesTests-p.build/DerivedSources -Xcc -DSWIFT_PACKAGE -Xcc -DDEBUG\=1 -working-directory /Users/admin/builder/spi-builder-workspace -experimental-emit-module-separately -disable-cmo
SwiftDriverJobDiscovery normal arm64 Compiling DatabaseRoute+Filter.swift (in target 'SupabaseDependencies' from project 'supabase-client-dependency')
SwiftDriverJobDiscovery normal arm64 Compiling RouteCollection.swift (in target 'SupabaseDependencies' from project 'supabase-client-dependency')
SwiftDriverJobDiscovery normal arm64 Compiling DatabaseRoute+Order.swift (in target 'SupabaseDependencies' from project 'supabase-client-dependency')
SwiftDriver DatabaseRouterIntegrationTests normal arm64 com.apple.xcode.tools.swift.compiler (in target 'DatabaseRouterIntegrationTests-product' from project 'supabase-client-dependency')
cd /Users/admin/builder/spi-builder-workspace
builtin-SwiftDriver -- /Applications/Xcode-27.0.0-Release.Candidate.app/Contents/Developer/Toolchains/XcodeDefault.xctoolchain/usr/bin/swiftc -parse-as-library -module-name DatabaseRouterIntegrationTests -Onone @/Users/admin/builder/spi-builder-workspace/.derivedData/Build/Intermediates.noindex/supabase-client-dependency.build/Debug-watchos/DatabaseRouterIntegrationTests-p.build/Objects-normal/arm64/DatabaseRouterIntegrationTests.SwiftFileList -DSWIFT_PACKAGE -DDEBUG -DXcode -plugin-path /Applications/Xcode-27.0.0-Release.Candidate.app/Contents/Developer/Toolchains/XcodeDefault.xctoolchain/usr/lib/swift/host/plugins/testing -enable-experimental-feature DebugDescriptionMacro -sdk /Applications/Xcode-27.0.0-Release.Candidate.app/Contents/Developer/Platforms/WatchOS.platform/Developer/SDKs/WatchOS27.0.sdk -target arm64-apple-watchos10.0 -g -module-cache-path /Users/admin/builder/spi-builder-workspace/.derivedData/ModuleCache.noindex -Xfrontend -serialize-debugging-options -profile-coverage-mapping -profile-generate -enable-testing -index-store-path /Users/admin/builder/spi-builder-workspace/.derivedData/Index.noindex/DataStore -Xcc -D_LIBCPP_HARDENING_MODE\=_LIBCPP_HARDENING_MODE_DEBUG -swift-version 5 -I /Users/admin/builder/spi-builder-workspace/.derivedData/Build/Products/Debug-watchos -Isystem /Applications/Xcode-27.0.0-Release.Candidate.app/Contents/Developer/Platforms/WatchOS.platform/Developer/usr/lib -F /Users/admin/builder/spi-builder-workspace/.derivedData/Build/Products/Debug-watchos/PackageFrameworks -F /Users/admin/builder/spi-builder-workspace/.derivedData/Build/Products/Debug-watchos -F /Applications/Xcode-27.0.0-Release.Candidate.app/Contents/Developer/Platforms/WatchOS.platform/Developer/Library/Frameworks -F /Applications/Xcode-27.0.0-Release.Candidate.app/Contents/Developer/Platforms/WatchOS.platform/Developer/SDKs/WatchOS27.0.sdk/Developer/Library/Frameworks -Xfrontend -load-plugin-executable -Xfrontend /Users/admin/builder/spi-builder-workspace/.derivedData/Build/Products/Debug/CasePathsMacros\#CasePathsMacros -c -j10 -enable-batch-mode -incremental -Xcc -ivfsstatcache -Xcc /Users/admin/builder/spi-builder-workspace/.derivedData/SDKStatCaches.noindex/watchos27.0-24R360-e829b21a6f8c9b70876ba0858053c04477534ef55a1706bf4c1112bbb242f0a2.sdkstatcache -output-file-map /Users/admin/builder/spi-builder-workspace/.derivedData/Build/Intermediates.noindex/supabase-client-dependency.build/Debug-watchos/DatabaseRouterIntegrationTests-p.build/Objects-normal/arm64/DatabaseRouterIntegrationTests-OutputFileMap.json -save-temps -no-color-diagnostics -explicit-module-build -module-cache-path /Users/admin/builder/spi-builder-workspace/.derivedData/Build/Intermediates.noindex/SwiftExplicitPrecompiledModules -clang-scanner-module-cache-path /Users/admin/builder/spi-builder-workspace/.derivedData/ModuleCache.noindex -sdk-module-cache-path /Users/admin/builder/spi-builder-workspace/.derivedData/SDKExplicitPrecompiledModules -emit-dependencies -emit-module -emit-module-path /Users/admin/builder/spi-builder-workspace/.derivedData/Build/Intermediates.noindex/supabase-client-dependency.build/Debug-watchos/DatabaseRouterIntegrationTests-p.build/Objects-normal/arm64/DatabaseRouterIntegrationTests.swiftmodule -serialize-diagnostics -dependency-scan-serialize-diagnostics-path /Users/admin/builder/spi-builder-workspace/.derivedData/Build/Intermediates.noindex/supabase-client-dependency.build/Debug-watchos/DatabaseRouterIntegrationTests-p.build/Objects-normal/arm64/DatabaseRouterIntegrationTests-dependency-scan.dia -validate-clang-modules-once -clang-build-session-file /Users/admin/builder/spi-builder-workspace/.derivedData/ModuleCache.noindex/Session.modulevalidation -Xcc -fmodules-prune-interval\=86400 -Xcc -fmodules-prune-after\=345600 -package-name spi_builder_workspace -emit-const-values -const-gather-protocols-list /Users/admin/builder/spi-builder-workspace/.derivedData/Build/Intermediates.noindex/supabase-client-dependency.build/Debug-watchos/DatabaseRouterIntegrationTests-p.build/Objects-normal/arm64/DatabaseRouterIntegrationTests_const_extract_protocols.json -Xcc -I/Users/admin/builder/spi-builder-workspace/.derivedData/Build/Products/Debug-watchos/include -Xcc -I/Users/admin/builder/spi-builder-workspace/.derivedData/Build/Intermediates.noindex/supabase-client-dependency.build/Debug-watchos/DatabaseRouterIntegrationTests-p.build/DerivedSources-normal/arm64 -Xcc -I/Users/admin/builder/spi-builder-workspace/.derivedData/Build/Intermediates.noindex/supabase-client-dependency.build/Debug-watchos/DatabaseRouterIntegrationTests-p.build/DerivedSources/arm64 -Xcc -I/Users/admin/builder/spi-builder-workspace/.derivedData/Build/Intermediates.noindex/supabase-client-dependency.build/Debug-watchos/DatabaseRouterIntegrationTests-p.build/DerivedSources -Xcc -DSWIFT_PACKAGE -Xcc -DDEBUG\=1 -working-directory /Users/admin/builder/spi-builder-workspace -experimental-emit-module-separately -disable-cmo
SwiftDriver DatabaseRouterIntegrationTests normal arm64_32 com.apple.xcode.tools.swift.compiler (in target 'DatabaseRouterIntegrationTests-product' from project 'supabase-client-dependency')
cd /Users/admin/builder/spi-builder-workspace
builtin-SwiftDriver -- /Applications/Xcode-27.0.0-Release.Candidate.app/Contents/Developer/Toolchains/XcodeDefault.xctoolchain/usr/bin/swiftc -parse-as-library -module-name DatabaseRouterIntegrationTests -Onone @/Users/admin/builder/spi-builder-workspace/.derivedData/Build/Intermediates.noindex/supabase-client-dependency.build/Debug-watchos/DatabaseRouterIntegrationTests-p.build/Objects-normal/arm64_32/DatabaseRouterIntegrationTests.SwiftFileList -DSWIFT_PACKAGE -DDEBUG -DXcode -plugin-path /Applications/Xcode-27.0.0-Release.Candidate.app/Contents/Developer/Toolchains/XcodeDefault.xctoolchain/usr/lib/swift/host/plugins/testing -enable-experimental-feature DebugDescriptionMacro -sdk /Applications/Xcode-27.0.0-Release.Candidate.app/Contents/Developer/Platforms/WatchOS.platform/Developer/SDKs/WatchOS27.0.sdk -target arm64_32-apple-watchos10.0 -g -module-cache-path /Users/admin/builder/spi-builder-workspace/.derivedData/ModuleCache.noindex -Xfrontend -serialize-debugging-options -profile-coverage-mapping -profile-generate -enable-testing -index-store-path /Users/admin/builder/spi-builder-workspace/.derivedData/Index.noindex/DataStore -Xcc -D_LIBCPP_HARDENING_MODE\=_LIBCPP_HARDENING_MODE_DEBUG -swift-version 5 -I /Users/admin/builder/spi-builder-workspace/.derivedData/Build/Products/Debug-watchos -Isystem /Applications/Xcode-27.0.0-Release.Candidate.app/Contents/Developer/Platforms/WatchOS.platform/Developer/usr/lib -F /Users/admin/builder/spi-builder-workspace/.derivedData/Build/Products/Debug-watchos/PackageFrameworks -F /Users/admin/builder/spi-builder-workspace/.derivedData/Build/Products/Debug-watchos -F /Applications/Xcode-27.0.0-Release.Candidate.app/Contents/Developer/Platforms/WatchOS.platform/Developer/Library/Frameworks -F /Applications/Xcode-27.0.0-Release.Candidate.app/Contents/Developer/Platforms/WatchOS.platform/Developer/SDKs/WatchOS27.0.sdk/Developer/Library/Frameworks -Xfrontend -load-plugin-executable -Xfrontend /Users/admin/builder/spi-builder-workspace/.derivedData/Build/Products/Debug/CasePathsMacros\#CasePathsMacros -c -j10 -enable-batch-mode -incremental -Xcc -ivfsstatcache -Xcc /Users/admin/builder/spi-builder-workspace/.derivedData/SDKStatCaches.noindex/watchos27.0-24R360-e829b21a6f8c9b70876ba0858053c04477534ef55a1706bf4c1112bbb242f0a2.sdkstatcache -output-file-map /Users/admin/builder/spi-builder-workspace/.derivedData/Build/Intermediates.noindex/supabase-client-dependency.build/Debug-watchos/DatabaseRouterIntegrationTests-p.build/Objects-normal/arm64_32/DatabaseRouterIntegrationTests-OutputFileMap.json -save-temps -no-color-diagnostics -explicit-module-build -module-cache-path /Users/admin/builder/spi-builder-workspace/.derivedData/Build/Intermediates.noindex/SwiftExplicitPrecompiledModules -clang-scanner-module-cache-path /Users/admin/builder/spi-builder-workspace/.derivedData/ModuleCache.noindex -sdk-module-cache-path /Users/admin/builder/spi-builder-workspace/.derivedData/SDKExplicitPrecompiledModules -emit-dependencies -emit-module -emit-module-path /Users/admin/builder/spi-builder-workspace/.derivedData/Build/Intermediates.noindex/supabase-client-dependency.build/Debug-watchos/DatabaseRouterIntegrationTests-p.build/Objects-normal/arm64_32/DatabaseRouterIntegrationTests.swiftmodule -serialize-diagnostics -dependency-scan-serialize-diagnostics-path /Users/admin/builder/spi-builder-workspace/.derivedData/Build/Intermediates.noindex/supabase-client-dependency.build/Debug-watchos/DatabaseRouterIntegrationTests-p.build/Objects-normal/arm64_32/DatabaseRouterIntegrationTests-dependency-scan.dia -validate-clang-modules-once -clang-build-session-file /Users/admin/builder/spi-builder-workspace/.derivedData/ModuleCache.noindex/Session.modulevalidation -Xcc -fmodules-prune-interval\=86400 -Xcc -fmodules-prune-after\=345600 -package-name spi_builder_workspace -emit-const-values -const-gather-protocols-list /Users/admin/builder/spi-builder-workspace/.derivedData/Build/Intermediates.noindex/supabase-client-dependency.build/Debug-watchos/DatabaseRouterIntegrationTests-p.build/Objects-normal/arm64_32/DatabaseRouterIntegrationTests_const_extract_protocols.json -Xcc -I/Users/admin/builder/spi-builder-workspace/.derivedData/Build/Products/Debug-watchos/include -Xcc -I/Users/admin/builder/spi-builder-workspace/.derivedData/Build/Intermediates.noindex/supabase-client-dependency.build/Debug-watchos/DatabaseRouterIntegrationTests-p.build/DerivedSources-normal/arm64_32 -Xcc -I/Users/admin/builder/spi-builder-workspace/.derivedData/Build/Intermediates.noindex/supabase-client-dependency.build/Debug-watchos/DatabaseRouterIntegrationTests-p.build/DerivedSources/arm64_32 -Xcc -I/Users/admin/builder/spi-builder-workspace/.derivedData/Build/Intermediates.noindex/supabase-client-dependency.build/Debug-watchos/DatabaseRouterIntegrationTests-p.build/DerivedSources -Xcc -DSWIFT_PACKAGE -Xcc -DDEBUG\=1 -working-directory /Users/admin/builder/spi-builder-workspace -experimental-emit-module-separately -disable-cmo
SwiftDriverJobDiscovery normal arm64 Compiling DatabaseRoute.swift (in target 'SupabaseDependencies' from project 'supabase-client-dependency')
SwiftDriverJobDiscovery normal arm64_32 Compiling AuthController+mock.swift, AuthController.swift (in target 'SupabaseDependencies' from project 'supabase-client-dependency')
SwiftDriverJobDiscovery normal arm64 Compiling DatabaseRouter+Override.swift (in target 'SupabaseDependencies' from project 'supabase-client-dependency')
SwiftDriverJobDiscovery normal arm64 Compiling DatabaseRouter.swift (in target 'SupabaseDependencies' from project 'supabase-client-dependency')
SwiftDriverJobDiscovery normal arm64_32 Compiling Interface.swift (in target 'SupabaseDependencies' from project 'supabase-client-dependency')
SwiftDriver\ Compilation SupabaseDependencies normal arm64_32 com.apple.xcode.tools.swift.compiler (in target 'SupabaseDependencies' from project 'supabase-client-dependency')
cd /Users/admin/builder/spi-builder-workspace
builtin-Swift-Compilation -- /Applications/Xcode-27.0.0-Release.Candidate.app/Contents/Developer/Toolchains/XcodeDefault.xctoolchain/usr/bin/swiftc -parse-as-library -module-name SupabaseDependencies -Onone @/Users/admin/builder/spi-builder-workspace/.derivedData/Build/Intermediates.noindex/supabase-client-dependency.build/Debug-watchos/SupabaseDependencies-t.build/Objects-normal/arm64_32/SupabaseDependencies.SwiftFileList -DSWIFT_PACKAGE -DDEBUG -DSWIFT_MODULE_RESOURCE_BUNDLE_UNAVAILABLE -DXcode -enable-experimental-feature StrictConcurrency -plugin-path /Applications/Xcode-27.0.0-Release.Candidate.app/Contents/Developer/Toolchains/XcodeDefault.xctoolchain/usr/lib/swift/host/plugins/testing -enable-experimental-feature DebugDescriptionMacro -sdk /Applications/Xcode-27.0.0-Release.Candidate.app/Contents/Developer/Platforms/WatchOS.platform/Developer/SDKs/WatchOS27.0.sdk -target arm64_32-apple-watchos9.0 -g -module-cache-path /Users/admin/builder/spi-builder-workspace/.derivedData/ModuleCache.noindex -Xfrontend -serialize-debugging-options -profile-coverage-mapping -profile-generate -enable-testing -index-store-path /Users/admin/builder/spi-builder-workspace/.derivedData/Index.noindex/DataStore -Xcc -D_LIBCPP_HARDENING_MODE\=_LIBCPP_HARDENING_MODE_DEBUG -swift-version 5 -I /Users/admin/builder/spi-builder-workspace/.derivedData/Build/Products/Debug-watchos -Isystem /Applications/Xcode-27.0.0-Release.Candidate.app/Contents/Developer/Platforms/WatchOS.platform/Developer/usr/lib -F /Users/admin/builder/spi-builder-workspace/.derivedData/Build/Products/Debug-watchos/PackageFrameworks -F /Users/admin/builder/spi-builder-workspace/.derivedData/Build/Products/Debug-watchos -F /Applications/Xcode-27.0.0-Release.Candidate.app/Contents/Developer/Platforms/WatchOS.platform/Developer/Library/Frameworks -F /Applications/Xcode-27.0.0-Release.Candidate.app/Contents/Developer/Platforms/WatchOS.platform/Developer/SDKs/WatchOS27.0.sdk/Developer/Library/Frameworks -Xfrontend -load-plugin-executable -Xfrontend /Users/admin/builder/spi-builder-workspace/.derivedData/Build/Products/Debug/CasePathsMacros\#CasePathsMacros -c -j10 -enable-batch-mode -incremental -Xcc -ivfsstatcache -Xcc /Users/admin/builder/spi-builder-workspace/.derivedData/SDKStatCaches.noindex/watchos27.0-24R360-e829b21a6f8c9b70876ba0858053c04477534ef55a1706bf4c1112bbb242f0a2.sdkstatcache -output-file-map /Users/admin/builder/spi-builder-workspace/.derivedData/Build/Intermediates.noindex/supabase-client-dependency.build/Debug-watchos/SupabaseDependencies-t.build/Objects-normal/arm64_32/SupabaseDependencies-OutputFileMap.json -save-temps -no-color-diagnostics -explicit-module-build -module-cache-path /Users/admin/builder/spi-builder-workspace/.derivedData/Build/Intermediates.noindex/SwiftExplicitPrecompiledModules -clang-scanner-module-cache-path /Users/admin/builder/spi-builder-workspace/.derivedData/ModuleCache.noindex -sdk-module-cache-path /Users/admin/builder/spi-builder-workspace/.derivedData/SDKExplicitPrecompiledModules -emit-dependencies -emit-module -emit-module-path /Users/admin/builder/spi-builder-workspace/.derivedData/Build/Intermediates.noindex/supabase-client-dependency.build/Debug-watchos/SupabaseDependencies-t.build/Objects-normal/arm64_32/SupabaseDependencies.swiftmodule -serialize-diagnostics -dependency-scan-serialize-diagnostics-path /Users/admin/builder/spi-builder-workspace/.derivedData/Build/Intermediates.noindex/supabase-client-dependency.build/Debug-watchos/SupabaseDependencies-t.build/Objects-normal/arm64_32/SupabaseDependencies-dependency-scan.dia -validate-clang-modules-once -clang-build-session-file /Users/admin/builder/spi-builder-workspace/.derivedData/ModuleCache.noindex/Session.modulevalidation -Xcc -fmodules-prune-interval\=86400 -Xcc -fmodules-prune-after\=345600 -package-name spi_builder_workspace -emit-const-values -const-gather-protocols-list /Users/admin/builder/spi-builder-workspace/.derivedData/Build/Intermediates.noindex/supabase-client-dependency.build/Debug-watchos/SupabaseDependencies-t.build/Objects-normal/arm64_32/SupabaseDependencies_const_extract_protocols.json -Xcc -I/Users/admin/builder/spi-builder-workspace/.derivedData/Build/Products/Debug-watchos/include -Xcc -I/Users/admin/builder/spi-builder-workspace/.derivedData/Build/Intermediates.noindex/supabase-client-dependency.build/Debug-watchos/SupabaseDependencies-t.build/DerivedSources-normal/arm64_32 -Xcc -I/Users/admin/builder/spi-builder-workspace/.derivedData/Build/Intermediates.noindex/supabase-client-dependency.build/Debug-watchos/SupabaseDependencies-t.build/DerivedSources/arm64_32 -Xcc -I/Users/admin/builder/spi-builder-workspace/.derivedData/Build/Intermediates.noindex/supabase-client-dependency.build/Debug-watchos/SupabaseDependencies-t.build/DerivedSources -Xcc -DSWIFT_PACKAGE -Xcc -DDEBUG\=1 -emit-objc-header -emit-objc-header-path /Users/admin/builder/spi-builder-workspace/.derivedData/Build/Intermediates.noindex/supabase-client-dependency.build/Debug-watchos/SupabaseDependencies-t.build/Objects-normal/arm64_32/SupabaseDependencies-Swift.h -working-directory /Users/admin/builder/spi-builder-workspace -experimental-emit-module-separately -disable-cmo
Ld /Users/admin/builder/spi-builder-workspace/.derivedData/Build/Intermediates.noindex/supabase-client-dependency.build/Debug-watchos/SupabaseDependencies-t.build/Objects-normal/arm64_32/Binary/SupabaseDependencies.o normal arm64_32 (in target 'SupabaseDependencies' from project 'supabase-client-dependency')
cd /Users/admin/builder/spi-builder-workspace
/Applications/Xcode-27.0.0-Release.Candidate.app/Contents/Developer/Toolchains/XcodeDefault.xctoolchain/usr/bin/clang -Xlinker -reproducible -target arm64_32-apple-watchos9.0 -r -isysroot /Applications/Xcode-27.0.0-Release.Candidate.app/Contents/Developer/Platforms/WatchOS.platform/Developer/SDKs/WatchOS27.0.sdk -O0 -Xlinker -no_warn_duplicate_libraries -F/Users/admin/builder/spi-builder-workspace/.derivedData/Build/Intermediates.noindex/EagerLinkingTBDs/Debug-watchos -F/Users/admin/builder/spi-builder-workspace/.derivedData/Build/Products/Debug-watchos/PackageFrameworks -F/Users/admin/builder/spi-builder-workspace/.derivedData/Build/Products/Debug-watchos -iframework /Applications/Xcode-27.0.0-Release.Candidate.app/Contents/Developer/Platforms/WatchOS.platform/Developer/Library/Frameworks -iframework /Applications/Xcode-27.0.0-Release.Candidate.app/Contents/Developer/Platforms/WatchOS.platform/Developer/SDKs/WatchOS27.0.sdk/Developer/Library/Frameworks -filelist /Users/admin/builder/spi-builder-workspace/.derivedData/Build/Intermediates.noindex/supabase-client-dependency.build/Debug-watchos/SupabaseDependencies-t.build/Objects-normal/arm64_32/SupabaseDependencies.LinkFileList -nostdlib -Xlinker -object_path_lto -Xlinker /Users/admin/builder/spi-builder-workspace/.derivedData/Build/Intermediates.noindex/supabase-client-dependency.build/Debug-watchos/SupabaseDependencies-t.build/Objects-normal/arm64_32/SupabaseDependencies_lto.o -Xlinker -no_deduplicate -Xlinker -debug_variant -Xlinker -dependency_info -Xlinker /Users/admin/builder/spi-builder-workspace/.derivedData/Build/Intermediates.noindex/supabase-client-dependency.build/Debug-watchos/SupabaseDependencies-t.build/Objects-normal/arm64_32/SupabaseDependencies_dependency_info.dat -fobjc-link-runtime -L/Applications/Xcode-27.0.0-Release.Candidate.app/Contents/Developer/Toolchains/XcodeDefault.xctoolchain/usr/lib/swift/watchos -L/usr/lib/swift -Xlinker -add_ast_path -Xlinker /Users/admin/builder/spi-builder-workspace/.derivedData/Build/Intermediates.noindex/supabase-client-dependency.build/Debug-watchos/SupabaseDependencies-t.build/Objects-normal/arm64_32/SupabaseDependencies.swiftmodule -o /Users/admin/builder/spi-builder-workspace/.derivedData/Build/Intermediates.noindex/supabase-client-dependency.build/Debug-watchos/SupabaseDependencies-t.build/Objects-normal/arm64_32/Binary/SupabaseDependencies.o
SwiftExplicitDependencyGeneratePcm arm64 /Users/admin/builder/spi-builder-workspace/.derivedData/Build/Intermediates.noindex/SwiftExplicitPrecompiledModules/XCUIAutomation-65SKIQZZ6OXJZ058GTE7TZUKY.pcm
SwiftExplicitDependencyGeneratePcm arm64_32 /Users/admin/builder/spi-builder-workspace/.derivedData/Build/Intermediates.noindex/SwiftExplicitPrecompiledModules/XCUIAutomation-ERPZF489YJ15F4EKGJCX4WDM7.pcm
SwiftDriverJobDiscovery normal arm64 Compiling AuthController+mock.swift, AuthController.swift (in target 'SupabaseDependencies' from project 'supabase-client-dependency')
SwiftDriver\ Compilation SupabaseDependencies normal arm64 com.apple.xcode.tools.swift.compiler (in target 'SupabaseDependencies' from project 'supabase-client-dependency')
cd /Users/admin/builder/spi-builder-workspace
builtin-Swift-Compilation -- /Applications/Xcode-27.0.0-Release.Candidate.app/Contents/Developer/Toolchains/XcodeDefault.xctoolchain/usr/bin/swiftc -parse-as-library -module-name SupabaseDependencies -Onone @/Users/admin/builder/spi-builder-workspace/.derivedData/Build/Intermediates.noindex/supabase-client-dependency.build/Debug-watchos/SupabaseDependencies-t.build/Objects-normal/arm64/SupabaseDependencies.SwiftFileList -DSWIFT_PACKAGE -DDEBUG -DSWIFT_MODULE_RESOURCE_BUNDLE_UNAVAILABLE -DXcode -enable-experimental-feature StrictConcurrency -plugin-path /Applications/Xcode-27.0.0-Release.Candidate.app/Contents/Developer/Toolchains/XcodeDefault.xctoolchain/usr/lib/swift/host/plugins/testing -enable-experimental-feature DebugDescriptionMacro -sdk /Applications/Xcode-27.0.0-Release.Candidate.app/Contents/Developer/Platforms/WatchOS.platform/Developer/SDKs/WatchOS27.0.sdk -target arm64-apple-watchos9.0 -g -module-cache-path /Users/admin/builder/spi-builder-workspace/.derivedData/ModuleCache.noindex -Xfrontend -serialize-debugging-options -profile-coverage-mapping -profile-generate -enable-testing -index-store-path /Users/admin/builder/spi-builder-workspace/.derivedData/Index.noindex/DataStore -Xcc -D_LIBCPP_HARDENING_MODE\=_LIBCPP_HARDENING_MODE_DEBUG -swift-version 5 -I /Users/admin/builder/spi-builder-workspace/.derivedData/Build/Products/Debug-watchos -Isystem /Applications/Xcode-27.0.0-Release.Candidate.app/Contents/Developer/Platforms/WatchOS.platform/Developer/usr/lib -F /Users/admin/builder/spi-builder-workspace/.derivedData/Build/Products/Debug-watchos/PackageFrameworks -F /Users/admin/builder/spi-builder-workspace/.derivedData/Build/Products/Debug-watchos -F /Applications/Xcode-27.0.0-Release.Candidate.app/Contents/Developer/Platforms/WatchOS.platform/Developer/Library/Frameworks -F /Applications/Xcode-27.0.0-Release.Candidate.app/Contents/Developer/Platforms/WatchOS.platform/Developer/SDKs/WatchOS27.0.sdk/Developer/Library/Frameworks -Xfrontend -load-plugin-executable -Xfrontend /Users/admin/builder/spi-builder-workspace/.derivedData/Build/Products/Debug/CasePathsMacros\#CasePathsMacros -c -j10 -enable-batch-mode -incremental -Xcc -ivfsstatcache -Xcc /Users/admin/builder/spi-builder-workspace/.derivedData/SDKStatCaches.noindex/watchos27.0-24R360-e829b21a6f8c9b70876ba0858053c04477534ef55a1706bf4c1112bbb242f0a2.sdkstatcache -output-file-map /Users/admin/builder/spi-builder-workspace/.derivedData/Build/Intermediates.noindex/supabase-client-dependency.build/Debug-watchos/SupabaseDependencies-t.build/Objects-normal/arm64/SupabaseDependencies-OutputFileMap.json -save-temps -no-color-diagnostics -explicit-module-build -module-cache-path /Users/admin/builder/spi-builder-workspace/.derivedData/Build/Intermediates.noindex/SwiftExplicitPrecompiledModules -clang-scanner-module-cache-path /Users/admin/builder/spi-builder-workspace/.derivedData/ModuleCache.noindex -sdk-module-cache-path /Users/admin/builder/spi-builder-workspace/.derivedData/SDKExplicitPrecompiledModules -emit-dependencies -emit-module -emit-module-path /Users/admin/builder/spi-builder-workspace/.derivedData/Build/Intermediates.noindex/supabase-client-dependency.build/Debug-watchos/SupabaseDependencies-t.build/Objects-normal/arm64/SupabaseDependencies.swiftmodule -serialize-diagnostics -dependency-scan-serialize-diagnostics-path /Users/admin/builder/spi-builder-workspace/.derivedData/Build/Intermediates.noindex/supabase-client-dependency.build/Debug-watchos/SupabaseDependencies-t.build/Objects-normal/arm64/SupabaseDependencies-dependency-scan.dia -validate-clang-modules-once -clang-build-session-file /Users/admin/builder/spi-builder-workspace/.derivedData/ModuleCache.noindex/Session.modulevalidation -Xcc -fmodules-prune-interval\=86400 -Xcc -fmodules-prune-after\=345600 -package-name spi_builder_workspace -emit-const-values -const-gather-protocols-list /Users/admin/builder/spi-builder-workspace/.derivedData/Build/Intermediates.noindex/supabase-client-dependency.build/Debug-watchos/SupabaseDependencies-t.build/Objects-normal/arm64/SupabaseDependencies_const_extract_protocols.json -Xcc -I/Users/admin/builder/spi-builder-workspace/.derivedData/Build/Products/Debug-watchos/include -Xcc -I/Users/admin/builder/spi-builder-workspace/.derivedData/Build/Intermediates.noindex/supabase-client-dependency.build/Debug-watchos/SupabaseDependencies-t.build/DerivedSources-normal/arm64 -Xcc -I/Users/admin/builder/spi-builder-workspace/.derivedData/Build/Intermediates.noindex/supabase-client-dependency.build/Debug-watchos/SupabaseDependencies-t.build/DerivedSources/arm64 -Xcc -I/Users/admin/builder/spi-builder-workspace/.derivedData/Build/Intermediates.noindex/supabase-client-dependency.build/Debug-watchos/SupabaseDependencies-t.build/DerivedSources -Xcc -DSWIFT_PACKAGE -Xcc -DDEBUG\=1 -emit-objc-header -emit-objc-header-path /Users/admin/builder/spi-builder-workspace/.derivedData/Build/Intermediates.noindex/supabase-client-dependency.build/Debug-watchos/SupabaseDependencies-t.build/Objects-normal/arm64/SupabaseDependencies-Swift.h -working-directory /Users/admin/builder/spi-builder-workspace -experimental-emit-module-separately -disable-cmo
Ld /Users/admin/builder/spi-builder-workspace/.derivedData/Build/Intermediates.noindex/supabase-client-dependency.build/Debug-watchos/SupabaseDependencies-t.build/Objects-normal/arm64/Binary/SupabaseDependencies.o normal arm64 (in target 'SupabaseDependencies' from project 'supabase-client-dependency')
cd /Users/admin/builder/spi-builder-workspace
/Applications/Xcode-27.0.0-Release.Candidate.app/Contents/Developer/Toolchains/XcodeDefault.xctoolchain/usr/bin/clang -Xlinker -reproducible -target arm64-apple-watchos9.0 -r -isysroot /Applications/Xcode-27.0.0-Release.Candidate.app/Contents/Developer/Platforms/WatchOS.platform/Developer/SDKs/WatchOS27.0.sdk -O0 -Xlinker -no_warn_duplicate_libraries -F/Users/admin/builder/spi-builder-workspace/.derivedData/Build/Intermediates.noindex/EagerLinkingTBDs/Debug-watchos -F/Users/admin/builder/spi-builder-workspace/.derivedData/Build/Products/Debug-watchos/PackageFrameworks -F/Users/admin/builder/spi-builder-workspace/.derivedData/Build/Products/Debug-watchos -iframework /Applications/Xcode-27.0.0-Release.Candidate.app/Contents/Developer/Platforms/WatchOS.platform/Developer/Library/Frameworks -iframework /Applications/Xcode-27.0.0-Release.Candidate.app/Contents/Developer/Platforms/WatchOS.platform/Developer/SDKs/WatchOS27.0.sdk/Developer/Library/Frameworks -filelist /Users/admin/builder/spi-builder-workspace/.derivedData/Build/Intermediates.noindex/supabase-client-dependency.build/Debug-watchos/SupabaseDependencies-t.build/Objects-normal/arm64/SupabaseDependencies.LinkFileList -nostdlib -Xlinker -object_path_lto -Xlinker /Users/admin/builder/spi-builder-workspace/.derivedData/Build/Intermediates.noindex/supabase-client-dependency.build/Debug-watchos/SupabaseDependencies-t.build/Objects-normal/arm64/SupabaseDependencies_lto.o -Xlinker -no_deduplicate -Xlinker -debug_variant -Xlinker -dependency_info -Xlinker /Users/admin/builder/spi-builder-workspace/.derivedData/Build/Intermediates.noindex/supabase-client-dependency.build/Debug-watchos/SupabaseDependencies-t.build/Objects-normal/arm64/SupabaseDependencies_dependency_info.dat -fobjc-link-runtime -L/Applications/Xcode-27.0.0-Release.Candidate.app/Contents/Developer/Toolchains/XcodeDefault.xctoolchain/usr/lib/swift/watchos -L/usr/lib/swift -Xlinker -add_ast_path -Xlinker /Users/admin/builder/spi-builder-workspace/.derivedData/Build/Intermediates.noindex/supabase-client-dependency.build/Debug-watchos/SupabaseDependencies-t.build/Objects-normal/arm64/SupabaseDependencies.swiftmodule -o /Users/admin/builder/spi-builder-workspace/.derivedData/Build/Intermediates.noindex/supabase-client-dependency.build/Debug-watchos/SupabaseDependencies-t.build/Objects-normal/arm64/Binary/SupabaseDependencies.o
SwiftExplicitDependencyGeneratePcm arm64 /Users/admin/builder/spi-builder-workspace/.derivedData/Build/Intermediates.noindex/SwiftExplicitPrecompiledModules/XCTest-4Q8FQHAHRUNG512Q4TRQNJS8O.pcm
SwiftExplicitDependencyCompileModuleFromInterface arm64 /Users/admin/builder/spi-builder-workspace/.derivedData/Build/Intermediates.noindex/SwiftExplicitPrecompiledModules/XCUIAutomation-2BC5897SHXM5Y.swiftmodule
CreateUniversalBinary /Users/admin/builder/spi-builder-workspace/.derivedData/Build/Products/Debug-watchos/SupabaseDependencies.o normal arm64\ arm64_32 (in target 'SupabaseDependencies' from project 'supabase-client-dependency')
cd /Users/admin/builder/spi-builder-workspace
/Applications/Xcode-27.0.0-Release.Candidate.app/Contents/Developer/Toolchains/XcodeDefault.xctoolchain/usr/bin/lipo -create /Users/admin/builder/spi-builder-workspace/.derivedData/Build/Intermediates.noindex/supabase-client-dependency.build/Debug-watchos/SupabaseDependencies-t.build/Objects-normal/arm64/Binary/SupabaseDependencies.o /Users/admin/builder/spi-builder-workspace/.derivedData/Build/Intermediates.noindex/supabase-client-dependency.build/Debug-watchos/SupabaseDependencies-t.build/Objects-normal/arm64_32/Binary/SupabaseDependencies.o -output /Users/admin/builder/spi-builder-workspace/.derivedData/Build/Products/Debug-watchos/SupabaseDependencies.o
ExtractAppIntentsMetadata (in target 'SupabaseDependencies' from project 'supabase-client-dependency')
cd /Users/admin/builder/spi-builder-workspace
/Applications/Xcode-27.0.0-Release.Candidate.app/Contents/Developer/Toolchains/XcodeDefault.xctoolchain/usr/bin/appintentsmetadataprocessor --toolchain-dir /var/run/com.apple.security.cryptexd/mnt/com.apple.MobileAsset.MetalToolchain-v27.1.266.1.5D0s67/Metal.xctoolchain --module-name SupabaseDependencies --sdk-root /Applications/Xcode-27.0.0-Release.Candidate.app/Contents/Developer/Platforms/WatchOS.platform/Developer/SDKs/WatchOS27.0.sdk --xcode-version 27A266a --platform-family watchOS --deployment-target 9.0 --bundle-identifier spi-builder-workspace.SupabaseDependencies --output /Users/admin/builder/spi-builder-workspace/.derivedData/Build/Products/Debug-watchos/SupabaseDependencies.appintents --target-triple arm64-apple-watchos9.0 --target-triple arm64_32-apple-watchos9.0 --binary-file /Users/admin/builder/spi-builder-workspace/.derivedData/Build/Products/Debug-watchos/SupabaseDependencies.o --dependency-file /Users/admin/builder/spi-builder-workspace/.derivedData/Build/Intermediates.noindex/supabase-client-dependency.build/Debug-watchos/SupabaseDependencies-t.build/Objects-normal/arm64/SupabaseDependencies_dependency_info.dat --dependency-file /Users/admin/builder/spi-builder-workspace/.derivedData/Build/Intermediates.noindex/supabase-client-dependency.build/Debug-watchos/SupabaseDependencies-t.build/Objects-normal/arm64_32/SupabaseDependencies_dependency_info.dat --stringsdata-file /Users/admin/builder/spi-builder-workspace/.derivedData/Build/Intermediates.noindex/supabase-client-dependency.build/Debug-watchos/SupabaseDependencies-t.build/Objects-normal/arm64/ExtractedAppShortcutsMetadata.stringsdata --stringsdata-file /Users/admin/builder/spi-builder-workspace/.derivedData/Build/Intermediates.noindex/supabase-client-dependency.build/Debug-watchos/SupabaseDependencies-t.build/Objects-normal/arm64_32/ExtractedAppShortcutsMetadata.stringsdata --source-file-list /Users/admin/builder/spi-builder-workspace/.derivedData/Build/Intermediates.noindex/supabase-client-dependency.build/Debug-watchos/SupabaseDependencies-t.build/Objects-normal/arm64/SupabaseDependencies.SwiftFileList --source-file-list /Users/admin/builder/spi-builder-workspace/.derivedData/Build/Intermediates.noindex/supabase-client-dependency.build/Debug-watchos/SupabaseDependencies-t.build/Objects-normal/arm64_32/SupabaseDependencies.SwiftFileList --metadata-file-list /Users/admin/builder/spi-builder-workspace/.derivedData/Build/Intermediates.noindex/supabase-client-dependency.build/Debug-watchos/SupabaseDependencies-t.build/SupabaseDependencies.DependencyMetadataFileList --static-metadata-file-list /Users/admin/builder/spi-builder-workspace/.derivedData/Build/Intermediates.noindex/supabase-client-dependency.build/Debug-watchos/SupabaseDependencies-t.build/SupabaseDependencies.DependencyStaticMetadataFileList --swift-const-vals-list /Users/admin/builder/spi-builder-workspace/.derivedData/Build/Intermediates.noindex/supabase-client-dependency.build/Debug-watchos/SupabaseDependencies-t.build/Objects-normal/arm64/SupabaseDependencies.SwiftConstValuesFileList --swift-const-vals-list /Users/admin/builder/spi-builder-workspace/.derivedData/Build/Intermediates.noindex/supabase-client-dependency.build/Debug-watchos/SupabaseDependencies-t.build/Objects-normal/arm64_32/SupabaseDependencies.SwiftConstValuesFileList --force --compile-time-extraction --deployment-aware-processing --no-app-shortcuts-localization
2026-09-20 13:50:25.379 appintentsmetadataprocessor[2923:16866] Starting appintentsmetadataprocessor export
2026-09-20 13:50:25.456 appintentsmetadataprocessor[2923:16866] Extracted no relevant App Intents symbols, skipping writing output
SwiftExplicitDependencyGeneratePcm arm64_32 /Users/admin/builder/spi-builder-workspace/.derivedData/Build/Intermediates.noindex/SwiftExplicitPrecompiledModules/XCTest-9YC7ZIH3UMB42XTXWLC83PNWV.pcm
SwiftExplicitDependencyCompileModuleFromInterface arm64_32 /Users/admin/builder/spi-builder-workspace/.derivedData/Build/Intermediates.noindex/SwiftExplicitPrecompiledModules/XCUIAutomation-2KEQCEI56WY22.swiftmodule
ProcessInfoPlistFile /Users/admin/builder/spi-builder-workspace/.derivedData/Build/Products/Debug-watchos/SupabaseDependenciesTests.xctest/Info.plist /Users/admin/builder/spi-builder-workspace/.derivedData/Build/Intermediates.noindex/supabase-client-dependency.build/Debug-watchos/SupabaseDependenciesTests-p.build/empty-SupabaseDependenciesTests.plist (in target 'SupabaseDependenciesTests-product' from project 'supabase-client-dependency')
cd /Users/admin/builder/spi-builder-workspace
builtin-infoPlistUtility /Users/admin/builder/spi-builder-workspace/.derivedData/Build/Intermediates.noindex/supabase-client-dependency.build/Debug-watchos/SupabaseDependenciesTests-p.build/empty-SupabaseDependenciesTests.plist -producttype com.apple.product-type.bundle.unit-test -expandbuildsettings -format binary -platform watchos -o /Users/admin/builder/spi-builder-workspace/.derivedData/Build/Products/Debug-watchos/SupabaseDependenciesTests.xctest/Info.plist
ProcessInfoPlistFile /Users/admin/builder/spi-builder-workspace/.derivedData/Build/Products/Debug-watchos/DatabaseRouterIntegrationTests.xctest/Info.plist /Users/admin/builder/spi-builder-workspace/.derivedData/Build/Intermediates.noindex/supabase-client-dependency.build/Debug-watchos/DatabaseRouterIntegrationTests-p.build/empty-DatabaseRouterIntegrationTests.plist (in target 'DatabaseRouterIntegrationTests-product' from project 'supabase-client-dependency')
cd /Users/admin/builder/spi-builder-workspace
builtin-infoPlistUtility /Users/admin/builder/spi-builder-workspace/.derivedData/Build/Intermediates.noindex/supabase-client-dependency.build/Debug-watchos/DatabaseRouterIntegrationTests-p.build/empty-DatabaseRouterIntegrationTests.plist -producttype com.apple.product-type.bundle.unit-test -expandbuildsettings -format binary -platform watchos -o /Users/admin/builder/spi-builder-workspace/.derivedData/Build/Products/Debug-watchos/DatabaseRouterIntegrationTests.xctest/Info.plist
SwiftExplicitDependencyCompileModuleFromInterface arm64 /Users/admin/builder/spi-builder-workspace/.derivedData/Build/Intermediates.noindex/SwiftExplicitPrecompiledModules/XCTest-296Q314KH7RKU.swiftmodule
SwiftExplicitDependencyCompileModuleFromInterface arm64_32 /Users/admin/builder/spi-builder-workspace/.derivedData/Build/Intermediates.noindex/SwiftExplicitPrecompiledModules/XCTest-3CRT07T5RQDUO.swiftmodule
SwiftEmitModule normal arm64 Emitting\ module\ for\ DatabaseRouterIntegrationTests (in target 'DatabaseRouterIntegrationTests-product' from project 'supabase-client-dependency')
SwiftCompile normal arm64 (in target 'DatabaseRouterIntegrationTests-product' from project 'supabase-client-dependency')
cd /Users/admin/builder/spi-builder-workspace
/Users/admin/builder/spi-builder-workspace/Tests/DatabaseRouterIntegrationTests/TestModels.swift:171:28: error: cannot find 'Secrets' in scope
169 |
170 | let supabaseClient = SupabaseClient(
171 | supabaseURL: URL(string: Secrets.SUPABASE_URL)!,
| `- error: cannot find 'Secrets' in scope
172 | supabaseKey: Secrets.SUPABASE_ANON_KEY
173 | )
/Users/admin/builder/spi-builder-workspace/Tests/DatabaseRouterIntegrationTests/TestModels.swift:172:16: error: cannot find 'Secrets' in scope
170 | let supabaseClient = SupabaseClient(
171 | supabaseURL: URL(string: Secrets.SUPABASE_URL)!,
172 | supabaseKey: Secrets.SUPABASE_ANON_KEY
| `- error: cannot find 'Secrets' in scope
173 | )
174 |
Failed frontend command:
/Applications/Xcode-27.0.0-Release.Candidate.app/Contents/Developer/Toolchains/XcodeDefault.xctoolchain/usr/bin/swift-frontend -frontend -emit-module -experimental-skip-non-inlinable-function-bodies-without-types /Users/admin/builder/spi-builder-workspace/Tests/DatabaseRouterIntegrationTests/AuthControllerIntegrationTests.swift /Users/admin/builder/spi-builder-workspace/Tests/DatabaseRouterIntegrationTests/DatabaseClientIntegrationTests.swift /Users/admin/builder/spi-builder-workspace/Tests/DatabaseRouterIntegrationTests/TestModels.swift -target arm64-apple-watchos10.0 -disable-cross-import-overlay-search -load-resolved-plugin \#/Users/admin/builder/spi-builder-workspace/.derivedData/Build/Products/Debug/CasePathsMacros\#CasePathsMacros -load-resolved-plugin /Applications/Xcode-27.0.0-Release.Candidate.app/Contents/Developer/Platforms/WatchOS.platform/Developer/usr/lib/swift/host/plugins/libFoundationMacros.dylib\#/Applications/Xcode-27.0.0-Release.Candidate.app/Contents/Developer/Platforms/WatchOS.platform/Developer/usr/bin/swift-plugin-server\#FoundationMacros -load-resolved-plugin /Applications/Xcode-27.0.0-Release.Candidate.app/Contents/Developer/Platforms/WatchOS.platform/Developer/usr/lib/swift/host/plugins/libObservationMacros.dylib\#/Applications/Xcode-27.0.0-Release.Candidate.app/Contents/Developer/Platforms/WatchOS.platform/Developer/usr/bin/swift-plugin-server\#ObservationMacros -load-resolved-plugin /Applications/Xcode-27.0.0-Release.Candidate.app/Contents/Developer/Platforms/WatchOS.platform/Developer/usr/lib/swift/host/plugins/libPreviewsMacros.dylib\#/Applications/Xcode-27.0.0-Release.Candidate.app/Contents/Developer/Platforms/WatchOS.platform/Developer/usr/bin/swift-plugin-server\#PreviewsMacros -load-resolved-plugin /Applications/Xcode-27.0.0-Release.Candidate.app/Contents/Developer/Platforms/WatchOS.platform/Developer/usr/lib/swift/host/plugins/libSwiftMacros.dylib\#/Applications/Xcode-27.0.0-Release.Candidate.app/Contents/Developer/Platforms/WatchOS.platform/Developer/usr/bin/swift-plugin-server\#SwiftMacros -load-resolved-plugin /Applications/Xcode-27.0.0-Release.Candidate.app/Contents/Developer/Platforms/WatchOS.platform/Developer/usr/lib/swift/host/plugins/libSwiftUIMacros.dylib\#/Applications/Xcode-27.0.0-Release.Candidate.app/Contents/Developer/Platforms/WatchOS.platform/Developer/usr/bin/swift-plugin-server\#SwiftUIMacros -disable-implicit-swift-modules -Xcc -fno-implicit-modules -Xcc -fno-implicit-module-maps -explicit-swift-module-map-file /Users/admin/builder/spi-builder-workspace/.derivedData/Build/Intermediates.noindex/supabase-client-dependency.build/Debug-watchos/DatabaseRouterIntegrationTests-p.build/Objects-normal/arm64/DatabaseRouterIntegrationTests-dependencies-2.json -Xllvm -aarch64-use-tbi -enable-objc-interop -stack-check -sdk /Applications/Xcode-27.0.0-Release.Candidate.app/Contents/Developer/Platforms/WatchOS.platform/Developer/SDKs/WatchOS27.0.sdk -I /Users/admin/builder/spi-builder-workspace/.derivedData/Build/Products/Debug-watchos -Isystem /Applications/Xcode-27.0.0-Release.Candidate.app/Contents/Developer/Platforms/WatchOS.platform/Developer/usr/lib -F /Users/admin/builder/spi-builder-workspace/.derivedData/Build/Products/Debug-watchos/PackageFrameworks -F /Users/admin/builder/spi-builder-workspace/.derivedData/Build/Products/Debug-watchos -F /Applications/Xcode-27.0.0-Release.Candidate.app/Contents/Developer/Platforms/WatchOS.platform/Developer/Library/Frameworks -F /Applications/Xcode-27.0.0-Release.Candidate.app/Contents/Developer/Platforms/WatchOS.platform/Developer/SDKs/WatchOS27.0.sdk/Developer/Library/Frameworks -module-cache-path /Users/admin/builder/spi-builder-workspace/.derivedData/Build/Intermediates.noindex/SwiftExplicitPrecompiledModules -no-color-diagnostics -Xcc -fno-color-diagnostics -enable-testing -g -debug-info-format\=dwarf -dwarf-version\=4 -profile-generate -profile-coverage-mapping -swift-version 5 -Onone -D SWIFT_PACKAGE -D DEBUG -D Xcode -serialize-debugging-options -load-plugin-executable /Users/admin/builder/spi-builder-workspace/.derivedData/Build/Products/Debug/CasePathsMacros\#CasePathsMacros -enable-experimental-feature DebugDescriptionMacro -empty-abi-descriptor -validate-clang-modules-once -clang-build-session-file /Users/admin/builder/spi-builder-workspace/.derivedData/ModuleCache.noindex/Session.modulevalidation -Xcc -working-directory -Xcc /Users/admin/builder/spi-builder-workspace -enable-anonymous-context-mangled-names -file-compilation-dir /Users/admin/builder/spi-builder-workspace -Xcc -D_LIBCPP_HARDENING_MODE\=_LIBCPP_HARDENING_MODE_DEBUG -Xcc -ivfsstatcache -Xcc /Users/admin/builder/spi-builder-workspace/.derivedData/SDKStatCaches.noindex/watchos27.0-24R360-e829b21a6f8c9b70876ba0858053c04477534ef55a1706bf4c1112bbb242f0a2.sdkstatcache -Xcc -fmodules-prune-interval\=86400 -Xcc -fmodules-prune-after\=345600 -Xcc -I/Users/admin/builder/spi-builder-workspace/.derivedData/Build/Products/Debug-watchos/include -Xcc -I/Users/admin/builder/spi-builder-workspace/.derivedData/Build/Intermediates.noindex/supabase-client-dependency.build/Debug-watchos/DatabaseRouterIntegrationTests-p.build/DerivedSources-normal/arm64 -Xcc -I/Users/admin/builder/spi-builder-workspace/.derivedData/Build/Intermediates.noindex/supabase-client-dependency.build/Debug-watchos/DatabaseRouterIntegrationTests-p.build/DerivedSources/arm64 -Xcc -I/Users/admin/builder/spi-builder-workspace/.derivedData/Build/Intermediates.noindex/supabase-client-dependency.build/Debug-watchos/DatabaseRouterIntegrationTests-p.build/DerivedSources -Xcc -DSWIFT_PACKAGE -Xcc -DDEBUG\=1 -no-auto-bridging-header-chaining -module-name DatabaseRouterIntegrationTests -package-name spi_builder_workspace -const-gather-protocols-file /Users/admin/builder/spi-builder-workspace/.derivedData/Build/Intermediates.noindex/supabase-client-dependency.build/Debug-watchos/DatabaseRouterIntegrationTests-p.build/Objects-normal/arm64/DatabaseRouterIntegrationTests_const_extract_protocols.json -disable-clang-spi -clang-target arm64-apple-watchos27.0 -target-sdk-version 27.0 -target-sdk-name watchos27.0 -in-process-plugin-server-path /Applications/Xcode-27.0.0-Release.Candidate.app/Contents/Developer/Toolchains/XcodeDefault.xctoolchain/usr/lib/swift/host/libSwiftInProcPluginServer.dylib -emit-module-doc-path /Users/admin/builder/spi-builder-workspace/.derivedData/Build/Intermediates.noindex/supabase-client-dependency.build/Debug-watchos/DatabaseRouterIntegrationTests-p.build/Objects-normal/arm64/DatabaseRouterIntegrationTests.swiftdoc -emit-module-source-info-path /Users/admin/builder/spi-builder-workspace/.derivedData/Build/Intermediates.noindex/supabase-client-dependency.build/Debug-watchos/DatabaseRouterIntegrationTests-p.build/Objects-normal/arm64/DatabaseRouterIntegrationTests.swiftsourceinfo -serialize-diagnostics-path /Users/admin/builder/spi-builder-workspace/.derivedData/Build/Intermediates.noindex/supabase-client-dependency.build/Debug-watchos/DatabaseRouterIntegrationTests-p.build/Objects-normal/arm64/DatabaseRouterIntegrationTests-primary-emit-module.dia -emit-dependencies-path /Users/admin/builder/spi-builder-workspace/.derivedData/Build/Intermediates.noindex/supabase-client-dependency.build/Debug-watchos/DatabaseRouterIntegrationTests-p.build/Objects-normal/arm64/DatabaseRouterIntegrationTests-primary-emit-module.d -parse-as-library -o /Users/admin/builder/spi-builder-workspace/.derivedData/Build/Intermediates.noindex/supabase-client-dependency.build/Debug-watchos/DatabaseRouterIntegrationTests-p.build/Objects-normal/arm64/DatabaseRouterIntegrationTests.swiftmodule -emit-abi-descriptor-path /Users/admin/builder/spi-builder-workspace/.derivedData/Build/Intermediates.noindex/supabase-client-dependency.build/Debug-watchos/DatabaseRouterIntegrationTests-p.build/Objects-normal/arm64/DatabaseRouterIntegrationTests.abi.json
SwiftCompile normal arm64 Compiling\ TestModels.swift /Users/admin/builder/spi-builder-workspace/Tests/SupabaseDependenciesTests/TestModels.swift (in target 'SupabaseDependenciesTests-product' from project 'supabase-client-dependency')
SwiftCompile normal arm64 /Users/admin/builder/spi-builder-workspace/Tests/SupabaseDependenciesTests/TestModels.swift (in target 'SupabaseDependenciesTests-product' from project 'supabase-client-dependency')
cd /Users/admin/builder/spi-builder-workspace
builtin-SwiftPerFileCompile TestModels.swift
SwiftEmitModule normal arm64 Emitting\ module\ for\ SupabaseDependenciesTests (in target 'SupabaseDependenciesTests-product' from project 'supabase-client-dependency')
SwiftCompile normal arm64 (in target 'SupabaseDependenciesTests-product' from project 'supabase-client-dependency')
cd /Users/admin/builder/spi-builder-workspace
SwiftCompile normal arm64 Compiling\ TestModels.swift /Users/admin/builder/spi-builder-workspace/Tests/DatabaseRouterIntegrationTests/TestModels.swift (in target 'DatabaseRouterIntegrationTests-product' from project 'supabase-client-dependency')
SwiftCompile normal arm64 /Users/admin/builder/spi-builder-workspace/Tests/DatabaseRouterIntegrationTests/TestModels.swift (in target 'DatabaseRouterIntegrationTests-product' from project 'supabase-client-dependency')
cd /Users/admin/builder/spi-builder-workspace
builtin-SwiftPerFileCompile TestModels.swift
/Users/admin/builder/spi-builder-workspace/Tests/DatabaseRouterIntegrationTests/TestModels.swift:171:28: error: cannot find 'Secrets' in scope
169 |
170 | let supabaseClient = SupabaseClient(
171 | supabaseURL: URL(string: Secrets.SUPABASE_URL)!,
| `- error: cannot find 'Secrets' in scope
172 | supabaseKey: Secrets.SUPABASE_ANON_KEY
173 | )
SwiftCompile normal arm64 Compiling\ AuthControllerIntegrationTests.swift /Users/admin/builder/spi-builder-workspace/Tests/DatabaseRouterIntegrationTests/AuthControllerIntegrationTests.swift (in target 'DatabaseRouterIntegrationTests-product' from project 'supabase-client-dependency')
SwiftCompile normal arm64 /Users/admin/builder/spi-builder-workspace/Tests/DatabaseRouterIntegrationTests/AuthControllerIntegrationTests.swift (in target 'DatabaseRouterIntegrationTests-product' from project 'supabase-client-dependency')
cd /Users/admin/builder/spi-builder-workspace
builtin-SwiftPerFileCompile AuthControllerIntegrationTests.swift
/Users/admin/builder/spi-builder-workspace/Tests/DatabaseRouterIntegrationTests/AuthControllerIntegrationTests.swift:19:32: error: cannot find 'Secrets' in scope
17 | func testCreateUser() async throws {
18 | let supabaseClient = SupabaseClient(
19 | supabaseURL: URL(string: Secrets.SUPABASE_URL)!,
| `- error: cannot find 'Secrets' in scope
20 | supabaseKey: Secrets.SUPABASE_SERVICE_ROLE_KEY,
21 | options: .init(auth: .init(storage: LocalAuthStorage()))
SwiftCompile normal arm64 Compiling\ DatabaseClientTests.swift /Users/admin/builder/spi-builder-workspace/Tests/SupabaseDependenciesTests/DatabaseClientTests.swift (in target 'SupabaseDependenciesTests-product' from project 'supabase-client-dependency')
SwiftCompile normal arm64 /Users/admin/builder/spi-builder-workspace/Tests/SupabaseDependenciesTests/DatabaseClientTests.swift (in target 'SupabaseDependenciesTests-product' from project 'supabase-client-dependency')
cd /Users/admin/builder/spi-builder-workspace
builtin-SwiftPerFileCompile DatabaseClientTests.swift
SwiftCompile normal arm64 Compiling\ AuthControllerTests.swift /Users/admin/builder/spi-builder-workspace/Tests/SupabaseDependenciesTests/AuthControllerTests.swift (in target 'SupabaseDependenciesTests-product' from project 'supabase-client-dependency')
SwiftCompile normal arm64 /Users/admin/builder/spi-builder-workspace/Tests/SupabaseDependenciesTests/AuthControllerTests.swift (in target 'SupabaseDependenciesTests-product' from project 'supabase-client-dependency')
cd /Users/admin/builder/spi-builder-workspace
builtin-SwiftPerFileCompile AuthControllerTests.swift
SwiftCompile normal arm64 Compiling\ DatabaseClientIntegrationTests.swift /Users/admin/builder/spi-builder-workspace/Tests/DatabaseRouterIntegrationTests/DatabaseClientIntegrationTests.swift (in target 'DatabaseRouterIntegrationTests-product' from project 'supabase-client-dependency')
/Users/admin/builder/spi-builder-workspace/Tests/DatabaseRouterIntegrationTests/TestModels.swift:171:28: error: cannot find 'Secrets' in scope
169 |
170 | let supabaseClient = SupabaseClient(
171 | supabaseURL: URL(string: Secrets.SUPABASE_URL)!,
| `- error: cannot find 'Secrets' in scope
172 | supabaseKey: Secrets.SUPABASE_ANON_KEY
173 | )
SwiftCompile normal arm64 /Users/admin/builder/spi-builder-workspace/Tests/DatabaseRouterIntegrationTests/DatabaseClientIntegrationTests.swift (in target 'DatabaseRouterIntegrationTests-product' from project 'supabase-client-dependency')
cd /Users/admin/builder/spi-builder-workspace
builtin-SwiftPerFileCompile DatabaseClientIntegrationTests.swift
SwiftEmitModule normal arm64_32 Emitting\ module\ for\ SupabaseDependenciesTests (in target 'SupabaseDependenciesTests-product' from project 'supabase-client-dependency')
SwiftCompile normal arm64_32 (in target 'SupabaseDependenciesTests-product' from project 'supabase-client-dependency')
cd /Users/admin/builder/spi-builder-workspace
SwiftEmitModule normal arm64_32 Emitting\ module\ for\ DatabaseRouterIntegrationTests (in target 'DatabaseRouterIntegrationTests-product' from project 'supabase-client-dependency')
/Users/admin/builder/spi-builder-workspace/Tests/DatabaseRouterIntegrationTests/TestModels.swift:171:28: error: cannot find 'Secrets' in scope
169 |
170 | let supabaseClient = SupabaseClient(
171 | supabaseURL: URL(string: Secrets.SUPABASE_URL)!,
| `- error: cannot find 'Secrets' in scope
172 | supabaseKey: Secrets.SUPABASE_ANON_KEY
173 | )
SwiftCompile normal arm64_32 (in target 'DatabaseRouterIntegrationTests-product' from project 'supabase-client-dependency')
cd /Users/admin/builder/spi-builder-workspace
SwiftCompile normal arm64_32 Compiling\ AuthControllerTests.swift /Users/admin/builder/spi-builder-workspace/Tests/SupabaseDependenciesTests/AuthControllerTests.swift (in target 'SupabaseDependenciesTests-product' from project 'supabase-client-dependency')
SwiftCompile normal arm64_32 /Users/admin/builder/spi-builder-workspace/Tests/SupabaseDependenciesTests/AuthControllerTests.swift (in target 'SupabaseDependenciesTests-product' from project 'supabase-client-dependency')
cd /Users/admin/builder/spi-builder-workspace
builtin-SwiftPerFileCompile AuthControllerTests.swift
PruneExplicitPrecompiledModules /Users/admin/builder/spi-builder-workspace/.derivedData/Build/Intermediates.noindex/ExplicitPrecompiledModules
PruneExplicitPrecompiledModules /Users/admin/builder/spi-builder-workspace/.derivedData/Build/Intermediates.noindex/SwiftExplicitPrecompiledModules
PruneExplicitPrecompiledModules /Users/admin/builder/spi-builder-workspace/.derivedData/SDKExplicitPrecompiledModules
warning: 'SupabaseDependenciesTests-product' is missing a dependency on 'CustomDump' because dependency scan of Swift module 'SupabaseDependenciesTests' discovered a dependency on 'CustomDump'
warning: 'SupabaseDependenciesTests-product' is missing a dependency on 'CustomDump' because dependency scan of Swift module 'SupabaseDependenciesTests' discovered a dependency on 'CustomDump'
2026-09-20 13:49:11.148 xcodebuild[1605:8575] [MT] IDERunDestination: Supported platforms for the buildables in the current scheme is empty.
2026-09-20 13:49:11.250 xcodebuild[1605:8575] [MT] IDERunDestination: Supported platforms for the buildables in the current scheme is empty.
** BUILD FAILED **
The following build commands failed:
SwiftCompile normal arm64 (in target 'DatabaseRouterIntegrationTests-product' from project 'supabase-client-dependency')
SwiftEmitModule normal arm64 Emitting\ module\ for\ DatabaseRouterIntegrationTests (in target 'DatabaseRouterIntegrationTests-product' from project 'supabase-client-dependency')
Building workspace supabase-client-dependency with scheme supabase-client-dependency-Package
(3 failures)
Command line invocation:
/Applications/Xcode-27.0.0-Release.Candidate.app/Contents/Developer/usr/bin/xcodebuild -IDEClonedSourcePackagesDirPathOverride=/Users/admin/builder/spi-builder-workspace/.dependencies -resolvePackageDependencies
Resolve Package Graph
Resolved source packages:
Supabase: https://github.com/supabase/supabase-swift.git @ 2.8.1
swiftui-navigation: https://github.com/pointfreeco/swiftui-navigation @ 1.3.0
swift-identified-storage: https://github.com/m-housh/swift-identified-storage.git @ 0.1.2
swift-clocks: https://github.com/pointfreeco/swift-clocks @ 1.0.2
xctest-dynamic-overlay: https://github.com/pointfreeco/xctest-dynamic-overlay @ 1.1.2
KeychainAccess: https://github.com/kishikawakatsumi/KeychainAccess @ 4.2.2
swift-perception: https://github.com/pointfreeco/swift-perception @ 1.1.5
swift-case-paths: https://github.com/pointfreeco/swift-case-paths @ 1.3.2
swift-identified-collections: https://github.com/pointfreeco/swift-identified-collections.git @ 1.0.0
swift-crypto: https://github.com/apple/swift-crypto.git @ 3.3.0
combine-schedulers: https://github.com/pointfreeco/combine-schedulers @ 1.0.0
SymbolKit: https://github.com/apple/swift-docc-symbolkit @ 1.0.0
SwiftDocCPlugin: https://github.com/apple/swift-docc-plugin.git @ 1.3.0
supabase-client-dependency: /Users/admin/builder/spi-builder-workspace
swift-custom-dump: https://github.com/pointfreeco/swift-custom-dump @ 1.3.0
swift-dependencies: https://github.com/pointfreeco/swift-dependencies.git @ 1.2.2
swift-syntax: https://github.com/apple/swift-syntax @ 510.0.1
swift-collections: https://github.com/apple/swift-collections @ 1.1.0
swift-concurrency-extras: https://github.com/pointfreeco/swift-concurrency-extras @ 1.1.0
swift-composable-architecture: https://github.com/pointfreeco/swift-composable-architecture.git @ 1.9.3
resolved source packages: Supabase, swiftui-navigation, swift-identified-storage, swift-clocks, xctest-dynamic-overlay, KeychainAccess, swift-perception, swift-case-paths, swift-identified-collections, swift-crypto, combine-schedulers, SymbolKit, SwiftDocCPlugin, supabase-client-dependency, swift-custom-dump, swift-dependencies, swift-syntax, swift-collections, swift-concurrency-extras, swift-composable-architecture
2026-09-20 13:50:27.569 xcodebuild[2947:16950] [MT] IDERunDestination: Supported platforms for the buildables in the current scheme is empty.
2026-09-20 13:50:27.675 xcodebuild[2947:16950] [MT] IDERunDestination: Supported platforms for the buildables in the current scheme is empty.
{
"dependencies" : [
{
"identity" : "swift-case-paths",
"requirement" : {
"range" : [
{
"lower_bound" : "1.0.0",
"upper_bound" : "2.0.0"
}
]
},
"type" : "sourceControl",
"url" : "https://github.com/pointfreeco/swift-case-paths.git"
},
{
"identity" : "swift-concurrency-extras",
"requirement" : {
"range" : [
{
"lower_bound" : "1.0.0",
"upper_bound" : "2.0.0"
}
]
},
"type" : "sourceControl",
"url" : "https://github.com/pointfreeco/swift-concurrency-extras.git"
},
{
"identity" : "swift-custom-dump",
"requirement" : {
"range" : [
{
"lower_bound" : "1.0.0",
"upper_bound" : "2.0.0"
}
]
},
"type" : "sourceControl",
"url" : "https://github.com/pointfreeco/swift-custom-dump.git"
},
{
"identity" : "swift-dependencies",
"requirement" : {
"range" : [
{
"lower_bound" : "1.0.0",
"upper_bound" : "2.0.0"
}
]
},
"type" : "sourceControl",
"url" : "https://github.com/pointfreeco/swift-dependencies.git"
},
{
"identity" : "swift-identified-collections",
"requirement" : {
"range" : [
{
"lower_bound" : "1.0.0",
"upper_bound" : "2.0.0"
}
]
},
"type" : "sourceControl",
"url" : "https://github.com/pointfreeco/swift-identified-collections.git"
},
{
"identity" : "supabase-swift",
"requirement" : {
"range" : [
{
"lower_bound" : "2.0.0",
"upper_bound" : "3.0.0"
}
]
},
"type" : "sourceControl",
"url" : "https://github.com/supabase/supabase-swift.git"
},
{
"identity" : "swift-docc-plugin",
"requirement" : {
"range" : [
{
"lower_bound" : "1.0.0",
"upper_bound" : "2.0.0"
}
]
},
"type" : "sourceControl",
"url" : "https://github.com/apple/swift-docc-plugin.git"
}
],
"manifest_display_name" : "supabase-client-dependency",
"name" : "supabase-client-dependency",
"path" : "/Users/admin/builder/spi-builder-workspace",
"platforms" : [
{
"name" : "ios",
"version" : "16.0"
},
{
"name" : "maccatalyst",
"version" : "16.0"
},
{
"name" : "macos",
"version" : "13.0"
},
{
"name" : "tvos",
"version" : "16.0"
},
{
"name" : "watchos",
"version" : "9.0"
}
],
"products" : [
{
"name" : "SupabaseDependencies",
"targets" : [
"SupabaseDependencies"
],
"type" : {
"library" : [
"automatic"
]
}
}
],
"targets" : [
{
"c99name" : "SupabaseDependenciesTests",
"module_type" : "SwiftTarget",
"name" : "SupabaseDependenciesTests",
"path" : "Tests/SupabaseDependenciesTests",
"sources" : [
"AuthControllerTests.swift",
"DatabaseClientTests.swift",
"TestModels.swift"
],
"target_dependencies" : [
"SupabaseDependencies"
],
"type" : "test"
},
{
"c99name" : "SupabaseDependencies",
"module_type" : "SwiftTarget",
"name" : "SupabaseDependencies",
"path" : "Sources/SupabaseDependencies",
"product_dependencies" : [
"CasePaths",
"ConcurrencyExtras",
"Dependencies",
"Supabase"
],
"product_memberships" : [
"SupabaseDependencies"
],
"sources" : [
"AuthController/AuthController+mock.swift",
"AuthController/AuthController.swift",
"AuthController/Credentials.swift",
"AuthController/Internal/AuthClient+Extensions.swift",
"DatabaseRouter/DatabaseRoute+Filter.swift",
"DatabaseRouter/DatabaseRoute+Order.swift",
"DatabaseRouter/DatabaseRoute.swift",
"DatabaseRouter/DatabaseRouter+Override.swift",
"DatabaseRouter/DatabaseRouter.swift",
"DatabaseRouter/Protocols/RouteCollection.swift",
"Interface.swift"
],
"type" : "library"
},
{
"c99name" : "DatabaseRouterIntegrationTests",
"module_type" : "SwiftTarget",
"name" : "DatabaseRouterIntegrationTests",
"path" : "Tests/DatabaseRouterIntegrationTests",
"product_dependencies" : [
"CasePaths",
"CustomDump",
"IdentifiedCollections"
],
"sources" : [
"AuthControllerIntegrationTests.swift",
"DatabaseClientIntegrationTests.swift",
"TestModels.swift"
],
"target_dependencies" : [
"SupabaseDependencies"
],
"type" : "test"
}
],
"tools_version" : "5.9"
}
{
"workspace" : {
"name" : "supabase-client-dependency",
"schemes" : [
"Auth",
"DatabaseRouterIntegrationTests",
"Examples",
"Functions",
"PostgREST",
"Realtime",
"Storage",
"Supabase",
"supabase-client-dependency",
"supabase-client-dependency-Package",
"SupabaseDependencies",
"SupabaseDependenciesTests",
"swift-identified-storage"
]
}
}
2026-09-20 13:50:36.379 xcodebuild[3008:17356] [MT] IDERunDestination: Supported platforms for the buildables in the current scheme is empty.
2026-09-20 13:50:36.483 xcodebuild[3008:17356] [MT] IDERunDestination: Supported platforms for the buildables in the current scheme is empty.
Running build ...
env DEVELOPER_DIR=/Applications/Xcode-27.0.0-Release.Candidate.app xcrun xcodebuild -IDEClonedSourcePackagesDirPathOverride=$PWD/.dependencies -skipMacroValidation -skipPackagePluginValidation -derivedDataPath $PWD/.derivedData build -scheme supabase-client-dependency-Package -destination generic/platform=watchOS
Command line invocation:
/Applications/Xcode-27.0.0-Release.Candidate.app/Contents/Developer/usr/bin/xcodebuild -IDEClonedSourcePackagesDirPathOverride=/Users/admin/builder/spi-builder-workspace/.dependencies -skipMacroValidation -skipPackagePluginValidation -derivedDataPath /Users/admin/builder/spi-builder-workspace/.derivedData build -scheme supabase-client-dependency-Package -destination generic/platform=watchOS
Resolve Package Graph
Resolved source packages:
swift-case-paths: https://github.com/pointfreeco/swift-case-paths @ 1.3.2
swift-identified-collections: https://github.com/pointfreeco/swift-identified-collections.git @ 1.0.0
Supabase: https://github.com/supabase/supabase-swift.git @ 2.8.1
xctest-dynamic-overlay: https://github.com/pointfreeco/xctest-dynamic-overlay @ 1.1.2
swift-clocks: https://github.com/pointfreeco/swift-clocks @ 1.0.2
swift-collections: https://github.com/apple/swift-collections @ 1.1.0
swift-custom-dump: https://github.com/pointfreeco/swift-custom-dump @ 1.3.0
swift-crypto: https://github.com/apple/swift-crypto.git @ 3.3.0
swift-perception: https://github.com/pointfreeco/swift-perception @ 1.1.5
swift-identified-storage: https://github.com/m-housh/swift-identified-storage.git @ 0.1.2
KeychainAccess: https://github.com/kishikawakatsumi/KeychainAccess @ 4.2.2
swiftui-navigation: https://github.com/pointfreeco/swiftui-navigation @ 1.3.0
SymbolKit: https://github.com/apple/swift-docc-symbolkit @ 1.0.0
SwiftDocCPlugin: https://github.com/apple/swift-docc-plugin.git @ 1.3.0
combine-schedulers: https://github.com/pointfreeco/combine-schedulers @ 1.0.0
swift-composable-architecture: https://github.com/pointfreeco/swift-composable-architecture.git @ 1.9.3
swift-syntax: https://github.com/apple/swift-syntax @ 510.0.1
swift-concurrency-extras: https://github.com/pointfreeco/swift-concurrency-extras @ 1.1.0
swift-dependencies: https://github.com/pointfreeco/swift-dependencies.git @ 1.2.2
supabase-client-dependency: /Users/admin/builder/spi-builder-workspace
ComputePackagePrebuildTargetDependencyGraph
Prepare packages
CreateBuildRequest
SendProjectDescription
CreateBuildOperation
ComputeTargetDependencyGraph
note: Building targets in dependency order
note: Target dependency graph (51 targets)
Target 'SupabaseDependenciesTests-product' in project 'supabase-client-dependency'
➜ Explicit dependency on target 'SupabaseDependencies' in project 'supabase-client-dependency'
➜ Explicit dependency on target 'CasePaths-product' in project 'swift-case-paths'
➜ Explicit dependency on target 'ConcurrencyExtras-product' in project 'swift-concurrency-extras'
➜ Explicit dependency on target 'Dependencies-product' in project 'swift-dependencies'
➜ Explicit dependency on target 'Supabase-product' in project 'Supabase'
Target 'SupabaseDependencies-product' in project 'supabase-client-dependency'
➜ Explicit dependency on target 'SupabaseDependencies' in project 'supabase-client-dependency'
➜ Explicit dependency on target 'CasePaths-product' in project 'swift-case-paths'
➜ Explicit dependency on target 'ConcurrencyExtras-product' in project 'swift-concurrency-extras'
➜ Explicit dependency on target 'Dependencies-product' in project 'swift-dependencies'
➜ Explicit dependency on target 'Supabase-product' in project 'Supabase'
Target 'DatabaseRouterIntegrationTests-product' in project 'supabase-client-dependency'
➜ Explicit dependency on target 'SupabaseDependencies' in project 'supabase-client-dependency'
➜ Explicit dependency on target 'CasePaths-product' in project 'swift-case-paths'
➜ Explicit dependency on target 'ConcurrencyExtras-product' in project 'swift-concurrency-extras'
➜ Explicit dependency on target 'Dependencies-product' in project 'swift-dependencies'
➜ Explicit dependency on target 'Supabase-product' in project 'Supabase'
➜ Explicit dependency on target 'CustomDump-product' in project 'swift-custom-dump'
➜ Explicit dependency on target 'IdentifiedCollections-product' in project 'swift-identified-collections'
Target 'IdentifiedCollections-product' in project 'swift-identified-collections'
➜ Explicit dependency on target 'IdentifiedCollections' in project 'swift-identified-collections'
➜ Explicit dependency on target 'OrderedCollections-product' in project 'swift-collections'
Target 'IdentifiedCollections' in project 'swift-identified-collections'
➜ Explicit dependency on target 'OrderedCollections-product' in project 'swift-collections'
Target 'OrderedCollections-product' in project 'swift-collections'
➜ Explicit dependency on target 'OrderedCollections' in project 'swift-collections'
➜ Explicit dependency on target '_CollectionsUtilities' in project 'swift-collections'
Target 'OrderedCollections' in project 'swift-collections'
➜ Explicit dependency on target '_CollectionsUtilities' in project 'swift-collections'
Target '_CollectionsUtilities' in project 'swift-collections' (no dependencies)
Target 'CustomDump-product' in project 'swift-custom-dump'
➜ Explicit dependency on target 'CustomDump' in project 'swift-custom-dump'
➜ Explicit dependency on target 'XCTestDynamicOverlay-product' in project 'xctest-dynamic-overlay'
Target 'CustomDump' in project 'swift-custom-dump'
➜ Explicit dependency on target 'XCTestDynamicOverlay-product' in project 'xctest-dynamic-overlay'
Target 'SupabaseDependencies' in project 'supabase-client-dependency'
➜ Explicit dependency on target 'CasePaths-product' in project 'swift-case-paths'
➜ Explicit dependency on target 'ConcurrencyExtras-product' in project 'swift-concurrency-extras'
➜ Explicit dependency on target 'Dependencies-product' in project 'swift-dependencies'
➜ Explicit dependency on target 'Supabase-product' in project 'Supabase'
Target 'Supabase-product' in project 'Supabase'
➜ Explicit dependency on target 'Supabase' in project 'Supabase'
➜ Explicit dependency on target 'Functions' in project 'Supabase'
➜ Explicit dependency on target 'PostgREST' in project 'Supabase'
➜ Explicit dependency on target 'Auth' in project 'Supabase'
➜ Explicit dependency on target 'Realtime' in project 'Supabase'
➜ Explicit dependency on target 'Storage' in project 'Supabase'
➜ Explicit dependency on target '_Helpers' in project 'Supabase'
➜ Explicit dependency on target 'ConcurrencyExtras-product' in project 'swift-concurrency-extras'
➜ Explicit dependency on target 'Crypto-product' in project 'swift-crypto'
➜ Explicit dependency on target 'KeychainAccess-product' in project 'KeychainAccess'
Target 'Supabase' in project 'Supabase'
➜ Explicit dependency on target '_Helpers' in project 'Supabase'
➜ Explicit dependency on target 'Auth' in project 'Supabase'
➜ Explicit dependency on target 'Storage' in project 'Supabase'
➜ Explicit dependency on target 'Realtime' in project 'Supabase'
➜ Explicit dependency on target 'PostgREST' in project 'Supabase'
➜ Explicit dependency on target 'Functions' in project 'Supabase'
➜ Explicit dependency on target 'ConcurrencyExtras-product' in project 'swift-concurrency-extras'
➜ Explicit dependency on target 'Crypto-product' in project 'swift-crypto'
➜ Explicit dependency on target 'KeychainAccess-product' in project 'KeychainAccess'
Target 'Functions' in project 'Supabase'
➜ Explicit dependency on target '_Helpers' in project 'Supabase'
➜ Explicit dependency on target 'ConcurrencyExtras-product' in project 'swift-concurrency-extras'
Target 'PostgREST' in project 'Supabase'
➜ Explicit dependency on target '_Helpers' in project 'Supabase'
➜ Explicit dependency on target 'ConcurrencyExtras-product' in project 'swift-concurrency-extras'
Target 'Realtime' in project 'Supabase'
➜ Explicit dependency on target '_Helpers' in project 'Supabase'
➜ Explicit dependency on target 'ConcurrencyExtras-product' in project 'swift-concurrency-extras'
Target 'Storage' in project 'Supabase'
➜ Explicit dependency on target '_Helpers' in project 'Supabase'
➜ Explicit dependency on target 'ConcurrencyExtras-product' in project 'swift-concurrency-extras'
Target 'Auth' in project 'Supabase'
➜ Explicit dependency on target '_Helpers' in project 'Supabase'
➜ Explicit dependency on target 'ConcurrencyExtras-product' in project 'swift-concurrency-extras'
➜ Explicit dependency on target 'Crypto-product' in project 'swift-crypto'
➜ Explicit dependency on target 'KeychainAccess-product' in project 'KeychainAccess'
Target 'KeychainAccess-product' in project 'KeychainAccess'
➜ Explicit dependency on target 'KeychainAccess' in project 'KeychainAccess'
Target 'KeychainAccess' in project 'KeychainAccess' (no dependencies)
Target 'Crypto-product' in project 'swift-crypto'
➜ Explicit dependency on target 'Crypto' in project 'swift-crypto'
Target 'Crypto' in project 'swift-crypto' (no dependencies)
Target '_Helpers' in project 'Supabase'
➜ Explicit dependency on target 'ConcurrencyExtras-product' in project 'swift-concurrency-extras'
Target 'Dependencies-product' in project 'swift-dependencies'
➜ Explicit dependency on target 'Dependencies' in project 'swift-dependencies'
➜ Explicit dependency on target 'Clocks-product' in project 'swift-clocks'
➜ Explicit dependency on target 'CombineSchedulers-product' in project 'combine-schedulers'
➜ Explicit dependency on target 'ConcurrencyExtras-product' in project 'swift-concurrency-extras'
➜ Explicit dependency on target 'XCTestDynamicOverlay-product' in project 'xctest-dynamic-overlay'
Target 'Dependencies' in project 'swift-dependencies'
➜ Explicit dependency on target 'Clocks-product' in project 'swift-clocks'
➜ Explicit dependency on target 'CombineSchedulers-product' in project 'combine-schedulers'
➜ Explicit dependency on target 'ConcurrencyExtras-product' in project 'swift-concurrency-extras'
➜ Explicit dependency on target 'XCTestDynamicOverlay-product' in project 'xctest-dynamic-overlay'
Target 'CombineSchedulers-product' in project 'combine-schedulers'
➜ Explicit dependency on target 'CombineSchedulers' in project 'combine-schedulers'
➜ Explicit dependency on target 'ConcurrencyExtras-product' in project 'swift-concurrency-extras'
➜ Explicit dependency on target 'XCTestDynamicOverlay-product' in project 'xctest-dynamic-overlay'
Target 'CombineSchedulers' in project 'combine-schedulers'
➜ Explicit dependency on target 'ConcurrencyExtras-product' in project 'swift-concurrency-extras'
➜ Explicit dependency on target 'XCTestDynamicOverlay-product' in project 'xctest-dynamic-overlay'
Target 'Clocks-product' in project 'swift-clocks'
➜ Explicit dependency on target 'Clocks' in project 'swift-clocks'
➜ Explicit dependency on target 'ConcurrencyExtras-product' in project 'swift-concurrency-extras'
➜ Explicit dependency on target 'XCTestDynamicOverlay-product' in project 'xctest-dynamic-overlay'
Target 'Clocks' in project 'swift-clocks'
➜ Explicit dependency on target 'ConcurrencyExtras-product' in project 'swift-concurrency-extras'
➜ Explicit dependency on target 'XCTestDynamicOverlay-product' in project 'xctest-dynamic-overlay'
Target 'ConcurrencyExtras-product' in project 'swift-concurrency-extras'
➜ Explicit dependency on target 'ConcurrencyExtras' in project 'swift-concurrency-extras'
Target 'ConcurrencyExtras' in project 'swift-concurrency-extras' (no dependencies)
Target 'CasePaths-product' in project 'swift-case-paths'
➜ Explicit dependency on target 'CasePaths' in project 'swift-case-paths'
➜ Explicit dependency on target 'CasePathsMacros' in project 'swift-case-paths'
➜ Explicit dependency on target 'XCTestDynamicOverlay-product' in project 'xctest-dynamic-overlay'
Target 'CasePaths' in project 'swift-case-paths'
➜ Explicit dependency on target 'CasePathsMacros' in project 'swift-case-paths'
➜ Explicit dependency on target 'XCTestDynamicOverlay-product' in project 'xctest-dynamic-overlay'
Target 'XCTestDynamicOverlay-product' in project 'xctest-dynamic-overlay'
➜ Explicit dependency on target 'XCTestDynamicOverlay' in project 'xctest-dynamic-overlay'
Target 'XCTestDynamicOverlay' in project 'xctest-dynamic-overlay' (no dependencies)
Target 'CasePathsMacros' in project 'swift-case-paths'
➜ Explicit dependency on target 'SwiftSyntaxMacros-product' in project 'swift-syntax'
➜ Explicit dependency on target 'SwiftCompilerPlugin-product' in project 'swift-syntax'
Target 'SwiftCompilerPlugin-product' in project 'swift-syntax'
➜ Explicit dependency on target 'SwiftCompilerPlugin' in project 'swift-syntax'
➜ Explicit dependency on target 'SwiftSyntax509' in project 'swift-syntax'
➜ Explicit dependency on target 'SwiftSyntax510' in project 'swift-syntax'
➜ Explicit dependency on target 'SwiftSyntax' in project 'swift-syntax'
➜ Explicit dependency on target 'SwiftDiagnostics' in project 'swift-syntax'
➜ Explicit dependency on target 'SwiftParser' in project 'swift-syntax'
➜ Explicit dependency on target 'SwiftOperators' in project 'swift-syntax'
➜ Explicit dependency on target 'SwiftBasicFormat' in project 'swift-syntax'
➜ Explicit dependency on target 'SwiftParserDiagnostics' in project 'swift-syntax'
➜ Explicit dependency on target 'SwiftSyntaxBuilder' in project 'swift-syntax'
➜ Explicit dependency on target 'SwiftSyntaxMacros' in project 'swift-syntax'
➜ Explicit dependency on target 'SwiftSyntaxMacroExpansion' in project 'swift-syntax'
➜ Explicit dependency on target 'SwiftCompilerPluginMessageHandling' in project 'swift-syntax'
Target 'SwiftCompilerPlugin' in project 'swift-syntax'
➜ Explicit dependency on target 'SwiftSyntax509' in project 'swift-syntax'
➜ Explicit dependency on target 'SwiftSyntax510' in project 'swift-syntax'
➜ Explicit dependency on target 'SwiftSyntax' in project 'swift-syntax'
➜ Explicit dependency on target 'SwiftDiagnostics' in project 'swift-syntax'
➜ Explicit dependency on target 'SwiftParser' in project 'swift-syntax'
➜ Explicit dependency on target 'SwiftOperators' in project 'swift-syntax'
➜ Explicit dependency on target 'SwiftBasicFormat' in project 'swift-syntax'
➜ Explicit dependency on target 'SwiftParserDiagnostics' in project 'swift-syntax'
➜ Explicit dependency on target 'SwiftSyntaxBuilder' in project 'swift-syntax'
➜ Explicit dependency on target 'SwiftSyntaxMacros' in project 'swift-syntax'
➜ Explicit dependency on target 'SwiftSyntaxMacroExpansion' in project 'swift-syntax'
➜ Explicit dependency on target 'SwiftCompilerPluginMessageHandling' in project 'swift-syntax'
Target 'SwiftCompilerPluginMessageHandling' in project 'swift-syntax'
➜ Explicit dependency on target 'SwiftSyntax509' in project 'swift-syntax'
➜ Explicit dependency on target 'SwiftSyntax510' in project 'swift-syntax'
➜ Explicit dependency on target 'SwiftSyntax' in project 'swift-syntax'
➜ Explicit dependency on target 'SwiftDiagnostics' in project 'swift-syntax'
➜ Explicit dependency on target 'SwiftParser' in project 'swift-syntax'
➜ Explicit dependency on target 'SwiftOperators' in project 'swift-syntax'
➜ Explicit dependency on target 'SwiftBasicFormat' in project 'swift-syntax'
➜ Explicit dependency on target 'SwiftParserDiagnostics' in project 'swift-syntax'
➜ Explicit dependency on target 'SwiftSyntaxBuilder' in project 'swift-syntax'
➜ Explicit dependency on target 'SwiftSyntaxMacros' in project 'swift-syntax'
➜ Explicit dependency on target 'SwiftSyntaxMacroExpansion' in project 'swift-syntax'
Target 'SwiftSyntaxMacroExpansion' in project 'swift-syntax'
➜ Explicit dependency on target 'SwiftSyntax509' in project 'swift-syntax'
➜ Explicit dependency on target 'SwiftSyntax510' in project 'swift-syntax'
➜ Explicit dependency on target 'SwiftSyntax' in project 'swift-syntax'
➜ Explicit dependency on target 'SwiftBasicFormat' in project 'swift-syntax'
➜ Explicit dependency on target 'SwiftParser' in project 'swift-syntax'
➜ Explicit dependency on target 'SwiftDiagnostics' in project 'swift-syntax'
➜ Explicit dependency on target 'SwiftParserDiagnostics' in project 'swift-syntax'
➜ Explicit dependency on target 'SwiftSyntaxBuilder' in project 'swift-syntax'
➜ Explicit dependency on target 'SwiftSyntaxMacros' in project 'swift-syntax'
➜ Explicit dependency on target 'SwiftOperators' in project 'swift-syntax'
Target 'SwiftOperators' in project 'swift-syntax'
➜ Explicit dependency on target 'SwiftSyntax509' in project 'swift-syntax'
➜ Explicit dependency on target 'SwiftSyntax510' in project 'swift-syntax'
➜ Explicit dependency on target 'SwiftSyntax' in project 'swift-syntax'
➜ Explicit dependency on target 'SwiftDiagnostics' in project 'swift-syntax'
➜ Explicit dependency on target 'SwiftParser' in project 'swift-syntax'
Target 'SwiftSyntaxMacros-product' in project 'swift-syntax'
➜ Explicit dependency on target 'SwiftSyntaxMacros' in project 'swift-syntax'
➜ Explicit dependency on target 'SwiftSyntax509' in project 'swift-syntax'
➜ Explicit dependency on target 'SwiftSyntax510' in project 'swift-syntax'
➜ Explicit dependency on target 'SwiftSyntax' in project 'swift-syntax'
➜ Explicit dependency on target 'SwiftDiagnostics' in project 'swift-syntax'
➜ Explicit dependency on target 'SwiftParser' in project 'swift-syntax'
➜ Explicit dependency on target 'SwiftBasicFormat' in project 'swift-syntax'
➜ Explicit dependency on target 'SwiftParserDiagnostics' in project 'swift-syntax'
➜ Explicit dependency on target 'SwiftSyntaxBuilder' in project 'swift-syntax'
Target 'SwiftSyntaxMacros' in project 'swift-syntax'
➜ Explicit dependency on target 'SwiftSyntax509' in project 'swift-syntax'
➜ Explicit dependency on target 'SwiftSyntax510' in project 'swift-syntax'
➜ Explicit dependency on target 'SwiftSyntax' in project 'swift-syntax'
➜ Explicit dependency on target 'SwiftDiagnostics' in project 'swift-syntax'
➜ Explicit dependency on target 'SwiftParser' in project 'swift-syntax'
➜ Explicit dependency on target 'SwiftBasicFormat' in project 'swift-syntax'
➜ Explicit dependency on target 'SwiftParserDiagnostics' in project 'swift-syntax'
➜ Explicit dependency on target 'SwiftSyntaxBuilder' in project 'swift-syntax'
Target 'SwiftSyntaxBuilder' in project 'swift-syntax'
➜ Explicit dependency on target 'SwiftSyntax509' in project 'swift-syntax'
➜ Explicit dependency on target 'SwiftSyntax510' in project 'swift-syntax'
➜ Explicit dependency on target 'SwiftSyntax' in project 'swift-syntax'
➜ Explicit dependency on target 'SwiftBasicFormat' in project 'swift-syntax'
➜ Explicit dependency on target 'SwiftParser' in project 'swift-syntax'
➜ Explicit dependency on target 'SwiftDiagnostics' in project 'swift-syntax'
➜ Explicit dependency on target 'SwiftParserDiagnostics' in project 'swift-syntax'
Target 'SwiftParserDiagnostics' in project 'swift-syntax'
➜ Explicit dependency on target 'SwiftSyntax509' in project 'swift-syntax'
➜ Explicit dependency on target 'SwiftSyntax510' in project 'swift-syntax'
➜ Explicit dependency on target 'SwiftSyntax' in project 'swift-syntax'
➜ Explicit dependency on target 'SwiftBasicFormat' in project 'swift-syntax'
➜ Explicit dependency on target 'SwiftDiagnostics' in project 'swift-syntax'
➜ Explicit dependency on target 'SwiftParser' in project 'swift-syntax'
Target 'SwiftBasicFormat' in project 'swift-syntax'
➜ Explicit dependency on target 'SwiftSyntax509' in project 'swift-syntax'
➜ Explicit dependency on target 'SwiftSyntax510' in project 'swift-syntax'
➜ Explicit dependency on target 'SwiftSyntax' in project 'swift-syntax'
Target 'SwiftParser' in project 'swift-syntax'
➜ Explicit dependency on target 'SwiftSyntax509' in project 'swift-syntax'
➜ Explicit dependency on target 'SwiftSyntax510' in project 'swift-syntax'
➜ Explicit dependency on target 'SwiftSyntax' in project 'swift-syntax'
Target 'SwiftDiagnostics' in project 'swift-syntax'
➜ Explicit dependency on target 'SwiftSyntax509' in project 'swift-syntax'
➜ Explicit dependency on target 'SwiftSyntax510' in project 'swift-syntax'
➜ Explicit dependency on target 'SwiftSyntax' in project 'swift-syntax'
Target 'SwiftSyntax' in project 'swift-syntax'
➜ Explicit dependency on target 'SwiftSyntax509' in project 'swift-syntax'
➜ Explicit dependency on target 'SwiftSyntax510' in project 'swift-syntax'
Target 'SwiftSyntax510' in project 'swift-syntax' (no dependencies)
Target 'SwiftSyntax509' in project 'swift-syntax' (no dependencies)
GatherProvisioningInputs
CreateBuildDescription
ClangStatCache /Applications/Xcode-27.0.0-Release.Candidate.app/Contents/Developer/Toolchains/XcodeDefault.xctoolchain/usr/bin/clang-stat-cache /Applications/Xcode-27.0.0-Release.Candidate.app/Contents/Developer/Platforms/WatchOS.platform/Developer/SDKs/WatchOS27.0.sdk /Users/admin/builder/spi-builder-workspace/.derivedData/SDKStatCaches.noindex/watchos27.0-24R360-e829b21a6f8c9b70876ba0858053c04477534ef55a1706bf4c1112bbb242f0a2.sdkstatcache
cd /Users/admin/builder/spi-builder-workspace
/Applications/Xcode-27.0.0-Release.Candidate.app/Contents/Developer/Toolchains/XcodeDefault.xctoolchain/usr/bin/clang-stat-cache /Applications/Xcode-27.0.0-Release.Candidate.app/Contents/Developer/Platforms/WatchOS.platform/Developer/SDKs/WatchOS27.0.sdk -o /Users/admin/builder/spi-builder-workspace/.derivedData/SDKStatCaches.noindex/watchos27.0-24R360-e829b21a6f8c9b70876ba0858053c04477534ef55a1706bf4c1112bbb242f0a2.sdkstatcache
ClangStatCache /Applications/Xcode-27.0.0-Release.Candidate.app/Contents/Developer/Toolchains/XcodeDefault.xctoolchain/usr/bin/clang-stat-cache /Applications/Xcode-27.0.0-Release.Candidate.app/Contents/Developer/Platforms/MacOSX.platform/Developer/SDKs/MacOSX27.0.sdk /Users/admin/builder/spi-builder-workspace/.derivedData/SDKStatCaches.noindex/macosx27.0-26A425-e829b21a6f8c9b70876ba0858053c0446a22442a12e9d48fe1a705f55a1adfc4.sdkstatcache
cd /Users/admin/builder/spi-builder-workspace
/Applications/Xcode-27.0.0-Release.Candidate.app/Contents/Developer/Toolchains/XcodeDefault.xctoolchain/usr/bin/clang-stat-cache /Applications/Xcode-27.0.0-Release.Candidate.app/Contents/Developer/Platforms/MacOSX.platform/Developer/SDKs/MacOSX27.0.sdk -o /Users/admin/builder/spi-builder-workspace/.derivedData/SDKStatCaches.noindex/macosx27.0-26A425-e829b21a6f8c9b70876ba0858053c0446a22442a12e9d48fe1a705f55a1adfc4.sdkstatcache
SwiftDriver SupabaseDependenciesTests normal arm64 com.apple.xcode.tools.swift.compiler (in target 'SupabaseDependenciesTests-product' from project 'supabase-client-dependency')
cd /Users/admin/builder/spi-builder-workspace
builtin-SwiftDriver -- /Applications/Xcode-27.0.0-Release.Candidate.app/Contents/Developer/Toolchains/XcodeDefault.xctoolchain/usr/bin/swiftc -parse-as-library -module-name SupabaseDependenciesTests -Onone @/Users/admin/builder/spi-builder-workspace/.derivedData/Build/Intermediates.noindex/supabase-client-dependency.build/Debug-watchos/SupabaseDependenciesTests-p.build/Objects-normal/arm64/SupabaseDependenciesTests.SwiftFileList -DSWIFT_PACKAGE -DDEBUG -DXcode -plugin-path /Applications/Xcode-27.0.0-Release.Candidate.app/Contents/Developer/Toolchains/XcodeDefault.xctoolchain/usr/lib/swift/host/plugins/testing -enable-experimental-feature DebugDescriptionMacro -sdk /Applications/Xcode-27.0.0-Release.Candidate.app/Contents/Developer/Platforms/WatchOS.platform/Developer/SDKs/WatchOS27.0.sdk -target arm64-apple-watchos10.0 -g -module-cache-path /Users/admin/builder/spi-builder-workspace/.derivedData/ModuleCache.noindex -Xfrontend -serialize-debugging-options -profile-coverage-mapping -profile-generate -enable-testing -index-store-path /Users/admin/builder/spi-builder-workspace/.derivedData/Index.noindex/DataStore -Xcc -D_LIBCPP_HARDENING_MODE\=_LIBCPP_HARDENING_MODE_DEBUG -swift-version 5 -I /Users/admin/builder/spi-builder-workspace/.derivedData/Build/Products/Debug-watchos -Isystem /Applications/Xcode-27.0.0-Release.Candidate.app/Contents/Developer/Platforms/WatchOS.platform/Developer/usr/lib -F /Users/admin/builder/spi-builder-workspace/.derivedData/Build/Products/Debug-watchos/PackageFrameworks -F /Users/admin/builder/spi-builder-workspace/.derivedData/Build/Products/Debug-watchos -F /Applications/Xcode-27.0.0-Release.Candidate.app/Contents/Developer/Platforms/WatchOS.platform/Developer/Library/Frameworks -F /Applications/Xcode-27.0.0-Release.Candidate.app/Contents/Developer/Platforms/WatchOS.platform/Developer/SDKs/WatchOS27.0.sdk/Developer/Library/Frameworks -Xfrontend -load-plugin-executable -Xfrontend /Users/admin/builder/spi-builder-workspace/.derivedData/Build/Products/Debug/CasePathsMacros\#CasePathsMacros -c -j10 -enable-batch-mode -incremental -Xcc -ivfsstatcache -Xcc /Users/admin/builder/spi-builder-workspace/.derivedData/SDKStatCaches.noindex/watchos27.0-24R360-e829b21a6f8c9b70876ba0858053c04477534ef55a1706bf4c1112bbb242f0a2.sdkstatcache -output-file-map /Users/admin/builder/spi-builder-workspace/.derivedData/Build/Intermediates.noindex/supabase-client-dependency.build/Debug-watchos/SupabaseDependenciesTests-p.build/Objects-normal/arm64/SupabaseDependenciesTests-OutputFileMap.json -save-temps -no-color-diagnostics -explicit-module-build -module-cache-path /Users/admin/builder/spi-builder-workspace/.derivedData/Build/Intermediates.noindex/SwiftExplicitPrecompiledModules -clang-scanner-module-cache-path /Users/admin/builder/spi-builder-workspace/.derivedData/ModuleCache.noindex -sdk-module-cache-path /Users/admin/builder/spi-builder-workspace/.derivedData/SDKExplicitPrecompiledModules -emit-dependencies -emit-module -emit-module-path /Users/admin/builder/spi-builder-workspace/.derivedData/Build/Intermediates.noindex/supabase-client-dependency.build/Debug-watchos/SupabaseDependenciesTests-p.build/Objects-normal/arm64/SupabaseDependenciesTests.swiftmodule -serialize-diagnostics -dependency-scan-serialize-diagnostics-path /Users/admin/builder/spi-builder-workspace/.derivedData/Build/Intermediates.noindex/supabase-client-dependency.build/Debug-watchos/SupabaseDependenciesTests-p.build/Objects-normal/arm64/SupabaseDependenciesTests-dependency-scan.dia -validate-clang-modules-once -clang-build-session-file /Users/admin/builder/spi-builder-workspace/.derivedData/ModuleCache.noindex/Session.modulevalidation -Xcc -fmodules-prune-interval\=86400 -Xcc -fmodules-prune-after\=345600 -package-name spi_builder_workspace -emit-const-values -const-gather-protocols-list /Users/admin/builder/spi-builder-workspace/.derivedData/Build/Intermediates.noindex/supabase-client-dependency.build/Debug-watchos/SupabaseDependenciesTests-p.build/Objects-normal/arm64/SupabaseDependenciesTests_const_extract_protocols.json -Xcc -I/Users/admin/builder/spi-builder-workspace/.derivedData/Build/Products/Debug-watchos/include -Xcc -I/Users/admin/builder/spi-builder-workspace/.derivedData/Build/Intermediates.noindex/supabase-client-dependency.build/Debug-watchos/SupabaseDependenciesTests-p.build/DerivedSources-normal/arm64 -Xcc -I/Users/admin/builder/spi-builder-workspace/.derivedData/Build/Intermediates.noindex/supabase-client-dependency.build/Debug-watchos/SupabaseDependenciesTests-p.build/DerivedSources/arm64 -Xcc -I/Users/admin/builder/spi-builder-workspace/.derivedData/Build/Intermediates.noindex/supabase-client-dependency.build/Debug-watchos/SupabaseDependenciesTests-p.build/DerivedSources -Xcc -DSWIFT_PACKAGE -Xcc -DDEBUG\=1 -working-directory /Users/admin/builder/spi-builder-workspace -experimental-emit-module-separately -disable-cmo
SwiftDriver SupabaseDependenciesTests normal arm64_32 com.apple.xcode.tools.swift.compiler (in target 'SupabaseDependenciesTests-product' from project 'supabase-client-dependency')
cd /Users/admin/builder/spi-builder-workspace
builtin-SwiftDriver -- /Applications/Xcode-27.0.0-Release.Candidate.app/Contents/Developer/Toolchains/XcodeDefault.xctoolchain/usr/bin/swiftc -parse-as-library -module-name SupabaseDependenciesTests -Onone @/Users/admin/builder/spi-builder-workspace/.derivedData/Build/Intermediates.noindex/supabase-client-dependency.build/Debug-watchos/SupabaseDependenciesTests-p.build/Objects-normal/arm64_32/SupabaseDependenciesTests.SwiftFileList -DSWIFT_PACKAGE -DDEBUG -DXcode -plugin-path /Applications/Xcode-27.0.0-Release.Candidate.app/Contents/Developer/Toolchains/XcodeDefault.xctoolchain/usr/lib/swift/host/plugins/testing -enable-experimental-feature DebugDescriptionMacro -sdk /Applications/Xcode-27.0.0-Release.Candidate.app/Contents/Developer/Platforms/WatchOS.platform/Developer/SDKs/WatchOS27.0.sdk -target arm64_32-apple-watchos10.0 -g -module-cache-path /Users/admin/builder/spi-builder-workspace/.derivedData/ModuleCache.noindex -Xfrontend -serialize-debugging-options -profile-coverage-mapping -profile-generate -enable-testing -index-store-path /Users/admin/builder/spi-builder-workspace/.derivedData/Index.noindex/DataStore -Xcc -D_LIBCPP_HARDENING_MODE\=_LIBCPP_HARDENING_MODE_DEBUG -swift-version 5 -I /Users/admin/builder/spi-builder-workspace/.derivedData/Build/Products/Debug-watchos -Isystem /Applications/Xcode-27.0.0-Release.Candidate.app/Contents/Developer/Platforms/WatchOS.platform/Developer/usr/lib -F /Users/admin/builder/spi-builder-workspace/.derivedData/Build/Products/Debug-watchos/PackageFrameworks -F /Users/admin/builder/spi-builder-workspace/.derivedData/Build/Products/Debug-watchos -F /Applications/Xcode-27.0.0-Release.Candidate.app/Contents/Developer/Platforms/WatchOS.platform/Developer/Library/Frameworks -F /Applications/Xcode-27.0.0-Release.Candidate.app/Contents/Developer/Platforms/WatchOS.platform/Developer/SDKs/WatchOS27.0.sdk/Developer/Library/Frameworks -Xfrontend -load-plugin-executable -Xfrontend /Users/admin/builder/spi-builder-workspace/.derivedData/Build/Products/Debug/CasePathsMacros\#CasePathsMacros -c -j10 -enable-batch-mode -incremental -Xcc -ivfsstatcache -Xcc /Users/admin/builder/spi-builder-workspace/.derivedData/SDKStatCaches.noindex/watchos27.0-24R360-e829b21a6f8c9b70876ba0858053c04477534ef55a1706bf4c1112bbb242f0a2.sdkstatcache -output-file-map /Users/admin/builder/spi-builder-workspace/.derivedData/Build/Intermediates.noindex/supabase-client-dependency.build/Debug-watchos/SupabaseDependenciesTests-p.build/Objects-normal/arm64_32/SupabaseDependenciesTests-OutputFileMap.json -save-temps -no-color-diagnostics -explicit-module-build -module-cache-path /Users/admin/builder/spi-builder-workspace/.derivedData/Build/Intermediates.noindex/SwiftExplicitPrecompiledModules -clang-scanner-module-cache-path /Users/admin/builder/spi-builder-workspace/.derivedData/ModuleCache.noindex -sdk-module-cache-path /Users/admin/builder/spi-builder-workspace/.derivedData/SDKExplicitPrecompiledModules -emit-dependencies -emit-module -emit-module-path /Users/admin/builder/spi-builder-workspace/.derivedData/Build/Intermediates.noindex/supabase-client-dependency.build/Debug-watchos/SupabaseDependenciesTests-p.build/Objects-normal/arm64_32/SupabaseDependenciesTests.swiftmodule -serialize-diagnostics -dependency-scan-serialize-diagnostics-path /Users/admin/builder/spi-builder-workspace/.derivedData/Build/Intermediates.noindex/supabase-client-dependency.build/Debug-watchos/SupabaseDependenciesTests-p.build/Objects-normal/arm64_32/SupabaseDependenciesTests-dependency-scan.dia -validate-clang-modules-once -clang-build-session-file /Users/admin/builder/spi-builder-workspace/.derivedData/ModuleCache.noindex/Session.modulevalidation -Xcc -fmodules-prune-interval\=86400 -Xcc -fmodules-prune-after\=345600 -package-name spi_builder_workspace -emit-const-values -const-gather-protocols-list /Users/admin/builder/spi-builder-workspace/.derivedData/Build/Intermediates.noindex/supabase-client-dependency.build/Debug-watchos/SupabaseDependenciesTests-p.build/Objects-normal/arm64_32/SupabaseDependenciesTests_const_extract_protocols.json -Xcc -I/Users/admin/builder/spi-builder-workspace/.derivedData/Build/Products/Debug-watchos/include -Xcc -I/Users/admin/builder/spi-builder-workspace/.derivedData/Build/Intermediates.noindex/supabase-client-dependency.build/Debug-watchos/SupabaseDependenciesTests-p.build/DerivedSources-normal/arm64_32 -Xcc -I/Users/admin/builder/spi-builder-workspace/.derivedData/Build/Intermediates.noindex/supabase-client-dependency.build/Debug-watchos/SupabaseDependenciesTests-p.build/DerivedSources/arm64_32 -Xcc -I/Users/admin/builder/spi-builder-workspace/.derivedData/Build/Intermediates.noindex/supabase-client-dependency.build/Debug-watchos/SupabaseDependenciesTests-p.build/DerivedSources -Xcc -DSWIFT_PACKAGE -Xcc -DDEBUG\=1 -working-directory /Users/admin/builder/spi-builder-workspace -experimental-emit-module-separately -disable-cmo
SwiftDriver DatabaseRouterIntegrationTests normal arm64 com.apple.xcode.tools.swift.compiler (in target 'DatabaseRouterIntegrationTests-product' from project 'supabase-client-dependency')
cd /Users/admin/builder/spi-builder-workspace
builtin-SwiftDriver -- /Applications/Xcode-27.0.0-Release.Candidate.app/Contents/Developer/Toolchains/XcodeDefault.xctoolchain/usr/bin/swiftc -parse-as-library -module-name DatabaseRouterIntegrationTests -Onone @/Users/admin/builder/spi-builder-workspace/.derivedData/Build/Intermediates.noindex/supabase-client-dependency.build/Debug-watchos/DatabaseRouterIntegrationTests-p.build/Objects-normal/arm64/DatabaseRouterIntegrationTests.SwiftFileList -DSWIFT_PACKAGE -DDEBUG -DXcode -plugin-path /Applications/Xcode-27.0.0-Release.Candidate.app/Contents/Developer/Toolchains/XcodeDefault.xctoolchain/usr/lib/swift/host/plugins/testing -enable-experimental-feature DebugDescriptionMacro -sdk /Applications/Xcode-27.0.0-Release.Candidate.app/Contents/Developer/Platforms/WatchOS.platform/Developer/SDKs/WatchOS27.0.sdk -target arm64-apple-watchos10.0 -g -module-cache-path /Users/admin/builder/spi-builder-workspace/.derivedData/ModuleCache.noindex -Xfrontend -serialize-debugging-options -profile-coverage-mapping -profile-generate -enable-testing -index-store-path /Users/admin/builder/spi-builder-workspace/.derivedData/Index.noindex/DataStore -Xcc -D_LIBCPP_HARDENING_MODE\=_LIBCPP_HARDENING_MODE_DEBUG -swift-version 5 -I /Users/admin/builder/spi-builder-workspace/.derivedData/Build/Products/Debug-watchos -Isystem /Applications/Xcode-27.0.0-Release.Candidate.app/Contents/Developer/Platforms/WatchOS.platform/Developer/usr/lib -F /Users/admin/builder/spi-builder-workspace/.derivedData/Build/Products/Debug-watchos/PackageFrameworks -F /Users/admin/builder/spi-builder-workspace/.derivedData/Build/Products/Debug-watchos -F /Applications/Xcode-27.0.0-Release.Candidate.app/Contents/Developer/Platforms/WatchOS.platform/Developer/Library/Frameworks -F /Applications/Xcode-27.0.0-Release.Candidate.app/Contents/Developer/Platforms/WatchOS.platform/Developer/SDKs/WatchOS27.0.sdk/Developer/Library/Frameworks -Xfrontend -load-plugin-executable -Xfrontend /Users/admin/builder/spi-builder-workspace/.derivedData/Build/Products/Debug/CasePathsMacros\#CasePathsMacros -c -j10 -enable-batch-mode -incremental -Xcc -ivfsstatcache -Xcc /Users/admin/builder/spi-builder-workspace/.derivedData/SDKStatCaches.noindex/watchos27.0-24R360-e829b21a6f8c9b70876ba0858053c04477534ef55a1706bf4c1112bbb242f0a2.sdkstatcache -output-file-map /Users/admin/builder/spi-builder-workspace/.derivedData/Build/Intermediates.noindex/supabase-client-dependency.build/Debug-watchos/DatabaseRouterIntegrationTests-p.build/Objects-normal/arm64/DatabaseRouterIntegrationTests-OutputFileMap.json -save-temps -no-color-diagnostics -explicit-module-build -module-cache-path /Users/admin/builder/spi-builder-workspace/.derivedData/Build/Intermediates.noindex/SwiftExplicitPrecompiledModules -clang-scanner-module-cache-path /Users/admin/builder/spi-builder-workspace/.derivedData/ModuleCache.noindex -sdk-module-cache-path /Users/admin/builder/spi-builder-workspace/.derivedData/SDKExplicitPrecompiledModules -emit-dependencies -emit-module -emit-module-path /Users/admin/builder/spi-builder-workspace/.derivedData/Build/Intermediates.noindex/supabase-client-dependency.build/Debug-watchos/DatabaseRouterIntegrationTests-p.build/Objects-normal/arm64/DatabaseRouterIntegrationTests.swiftmodule -serialize-diagnostics -dependency-scan-serialize-diagnostics-path /Users/admin/builder/spi-builder-workspace/.derivedData/Build/Intermediates.noindex/supabase-client-dependency.build/Debug-watchos/DatabaseRouterIntegrationTests-p.build/Objects-normal/arm64/DatabaseRouterIntegrationTests-dependency-scan.dia -validate-clang-modules-once -clang-build-session-file /Users/admin/builder/spi-builder-workspace/.derivedData/ModuleCache.noindex/Session.modulevalidation -Xcc -fmodules-prune-interval\=86400 -Xcc -fmodules-prune-after\=345600 -package-name spi_builder_workspace -emit-const-values -const-gather-protocols-list /Users/admin/builder/spi-builder-workspace/.derivedData/Build/Intermediates.noindex/supabase-client-dependency.build/Debug-watchos/DatabaseRouterIntegrationTests-p.build/Objects-normal/arm64/DatabaseRouterIntegrationTests_const_extract_protocols.json -Xcc -I/Users/admin/builder/spi-builder-workspace/.derivedData/Build/Products/Debug-watchos/include -Xcc -I/Users/admin/builder/spi-builder-workspace/.derivedData/Build/Intermediates.noindex/supabase-client-dependency.build/Debug-watchos/DatabaseRouterIntegrationTests-p.build/DerivedSources-normal/arm64 -Xcc -I/Users/admin/builder/spi-builder-workspace/.derivedData/Build/Intermediates.noindex/supabase-client-dependency.build/Debug-watchos/DatabaseRouterIntegrationTests-p.build/DerivedSources/arm64 -Xcc -I/Users/admin/builder/spi-builder-workspace/.derivedData/Build/Intermediates.noindex/supabase-client-dependency.build/Debug-watchos/DatabaseRouterIntegrationTests-p.build/DerivedSources -Xcc -DSWIFT_PACKAGE -Xcc -DDEBUG\=1 -working-directory /Users/admin/builder/spi-builder-workspace -experimental-emit-module-separately -disable-cmo
SwiftDriver DatabaseRouterIntegrationTests normal arm64_32 com.apple.xcode.tools.swift.compiler (in target 'DatabaseRouterIntegrationTests-product' from project 'supabase-client-dependency')
cd /Users/admin/builder/spi-builder-workspace
builtin-SwiftDriver -- /Applications/Xcode-27.0.0-Release.Candidate.app/Contents/Developer/Toolchains/XcodeDefault.xctoolchain/usr/bin/swiftc -parse-as-library -module-name DatabaseRouterIntegrationTests -Onone @/Users/admin/builder/spi-builder-workspace/.derivedData/Build/Intermediates.noindex/supabase-client-dependency.build/Debug-watchos/DatabaseRouterIntegrationTests-p.build/Objects-normal/arm64_32/DatabaseRouterIntegrationTests.SwiftFileList -DSWIFT_PACKAGE -DDEBUG -DXcode -plugin-path /Applications/Xcode-27.0.0-Release.Candidate.app/Contents/Developer/Toolchains/XcodeDefault.xctoolchain/usr/lib/swift/host/plugins/testing -enable-experimental-feature DebugDescriptionMacro -sdk /Applications/Xcode-27.0.0-Release.Candidate.app/Contents/Developer/Platforms/WatchOS.platform/Developer/SDKs/WatchOS27.0.sdk -target arm64_32-apple-watchos10.0 -g -module-cache-path /Users/admin/builder/spi-builder-workspace/.derivedData/ModuleCache.noindex -Xfrontend -serialize-debugging-options -profile-coverage-mapping -profile-generate -enable-testing -index-store-path /Users/admin/builder/spi-builder-workspace/.derivedData/Index.noindex/DataStore -Xcc -D_LIBCPP_HARDENING_MODE\=_LIBCPP_HARDENING_MODE_DEBUG -swift-version 5 -I /Users/admin/builder/spi-builder-workspace/.derivedData/Build/Products/Debug-watchos -Isystem /Applications/Xcode-27.0.0-Release.Candidate.app/Contents/Developer/Platforms/WatchOS.platform/Developer/usr/lib -F /Users/admin/builder/spi-builder-workspace/.derivedData/Build/Products/Debug-watchos/PackageFrameworks -F /Users/admin/builder/spi-builder-workspace/.derivedData/Build/Products/Debug-watchos -F /Applications/Xcode-27.0.0-Release.Candidate.app/Contents/Developer/Platforms/WatchOS.platform/Developer/Library/Frameworks -F /Applications/Xcode-27.0.0-Release.Candidate.app/Contents/Developer/Platforms/WatchOS.platform/Developer/SDKs/WatchOS27.0.sdk/Developer/Library/Frameworks -Xfrontend -load-plugin-executable -Xfrontend /Users/admin/builder/spi-builder-workspace/.derivedData/Build/Products/Debug/CasePathsMacros\#CasePathsMacros -c -j10 -enable-batch-mode -incremental -Xcc -ivfsstatcache -Xcc /Users/admin/builder/spi-builder-workspace/.derivedData/SDKStatCaches.noindex/watchos27.0-24R360-e829b21a6f8c9b70876ba0858053c04477534ef55a1706bf4c1112bbb242f0a2.sdkstatcache -output-file-map /Users/admin/builder/spi-builder-workspace/.derivedData/Build/Intermediates.noindex/supabase-client-dependency.build/Debug-watchos/DatabaseRouterIntegrationTests-p.build/Objects-normal/arm64_32/DatabaseRouterIntegrationTests-OutputFileMap.json -save-temps -no-color-diagnostics -explicit-module-build -module-cache-path /Users/admin/builder/spi-builder-workspace/.derivedData/Build/Intermediates.noindex/SwiftExplicitPrecompiledModules -clang-scanner-module-cache-path /Users/admin/builder/spi-builder-workspace/.derivedData/ModuleCache.noindex -sdk-module-cache-path /Users/admin/builder/spi-builder-workspace/.derivedData/SDKExplicitPrecompiledModules -emit-dependencies -emit-module -emit-module-path /Users/admin/builder/spi-builder-workspace/.derivedData/Build/Intermediates.noindex/supabase-client-dependency.build/Debug-watchos/DatabaseRouterIntegrationTests-p.build/Objects-normal/arm64_32/DatabaseRouterIntegrationTests.swiftmodule -serialize-diagnostics -dependency-scan-serialize-diagnostics-path /Users/admin/builder/spi-builder-workspace/.derivedData/Build/Intermediates.noindex/supabase-client-dependency.build/Debug-watchos/DatabaseRouterIntegrationTests-p.build/Objects-normal/arm64_32/DatabaseRouterIntegrationTests-dependency-scan.dia -validate-clang-modules-once -clang-build-session-file /Users/admin/builder/spi-builder-workspace/.derivedData/ModuleCache.noindex/Session.modulevalidation -Xcc -fmodules-prune-interval\=86400 -Xcc -fmodules-prune-after\=345600 -package-name spi_builder_workspace -emit-const-values -const-gather-protocols-list /Users/admin/builder/spi-builder-workspace/.derivedData/Build/Intermediates.noindex/supabase-client-dependency.build/Debug-watchos/DatabaseRouterIntegrationTests-p.build/Objects-normal/arm64_32/DatabaseRouterIntegrationTests_const_extract_protocols.json -Xcc -I/Users/admin/builder/spi-builder-workspace/.derivedData/Build/Products/Debug-watchos/include -Xcc -I/Users/admin/builder/spi-builder-workspace/.derivedData/Build/Intermediates.noindex/supabase-client-dependency.build/Debug-watchos/DatabaseRouterIntegrationTests-p.build/DerivedSources-normal/arm64_32 -Xcc -I/Users/admin/builder/spi-builder-workspace/.derivedData/Build/Intermediates.noindex/supabase-client-dependency.build/Debug-watchos/DatabaseRouterIntegrationTests-p.build/DerivedSources/arm64_32 -Xcc -I/Users/admin/builder/spi-builder-workspace/.derivedData/Build/Intermediates.noindex/supabase-client-dependency.build/Debug-watchos/DatabaseRouterIntegrationTests-p.build/DerivedSources -Xcc -DSWIFT_PACKAGE -Xcc -DDEBUG\=1 -working-directory /Users/admin/builder/spi-builder-workspace -experimental-emit-module-separately -disable-cmo
SwiftEmitModule normal arm64_32 Emitting\ module\ for\ DatabaseRouterIntegrationTests (in target 'DatabaseRouterIntegrationTests-product' from project 'supabase-client-dependency')
SwiftCompile normal arm64_32 (in target 'DatabaseRouterIntegrationTests-product' from project 'supabase-client-dependency')
cd /Users/admin/builder/spi-builder-workspace
/Users/admin/builder/spi-builder-workspace/Tests/DatabaseRouterIntegrationTests/TestModels.swift:171:28: error: cannot find 'Secrets' in scope
169 |
170 | let supabaseClient = SupabaseClient(
171 | supabaseURL: URL(string: Secrets.SUPABASE_URL)!,
| `- error: cannot find 'Secrets' in scope
172 | supabaseKey: Secrets.SUPABASE_ANON_KEY
173 | )
/Users/admin/builder/spi-builder-workspace/Tests/DatabaseRouterIntegrationTests/TestModels.swift:172:16: error: cannot find 'Secrets' in scope
170 | let supabaseClient = SupabaseClient(
171 | supabaseURL: URL(string: Secrets.SUPABASE_URL)!,
172 | supabaseKey: Secrets.SUPABASE_ANON_KEY
| `- error: cannot find 'Secrets' in scope
173 | )
174 |
Failed frontend command:
/Applications/Xcode-27.0.0-Release.Candidate.app/Contents/Developer/Toolchains/XcodeDefault.xctoolchain/usr/bin/swift-frontend -frontend -emit-module -experimental-skip-non-inlinable-function-bodies-without-types /Users/admin/builder/spi-builder-workspace/Tests/DatabaseRouterIntegrationTests/AuthControllerIntegrationTests.swift /Users/admin/builder/spi-builder-workspace/Tests/DatabaseRouterIntegrationTests/DatabaseClientIntegrationTests.swift /Users/admin/builder/spi-builder-workspace/Tests/DatabaseRouterIntegrationTests/TestModels.swift -target arm64_32-apple-watchos10.0 -disable-cross-import-overlay-search -load-resolved-plugin \#/Users/admin/builder/spi-builder-workspace/.derivedData/Build/Products/Debug/CasePathsMacros\#CasePathsMacros -load-resolved-plugin /Applications/Xcode-27.0.0-Release.Candidate.app/Contents/Developer/Platforms/WatchOS.platform/Developer/usr/lib/swift/host/plugins/libFoundationMacros.dylib\#/Applications/Xcode-27.0.0-Release.Candidate.app/Contents/Developer/Platforms/WatchOS.platform/Developer/usr/bin/swift-plugin-server\#FoundationMacros -load-resolved-plugin /Applications/Xcode-27.0.0-Release.Candidate.app/Contents/Developer/Platforms/WatchOS.platform/Developer/usr/lib/swift/host/plugins/libObservationMacros.dylib\#/Applications/Xcode-27.0.0-Release.Candidate.app/Contents/Developer/Platforms/WatchOS.platform/Developer/usr/bin/swift-plugin-server\#ObservationMacros -load-resolved-plugin /Applications/Xcode-27.0.0-Release.Candidate.app/Contents/Developer/Platforms/WatchOS.platform/Developer/usr/lib/swift/host/plugins/libPreviewsMacros.dylib\#/Applications/Xcode-27.0.0-Release.Candidate.app/Contents/Developer/Platforms/WatchOS.platform/Developer/usr/bin/swift-plugin-server\#PreviewsMacros -load-resolved-plugin /Applications/Xcode-27.0.0-Release.Candidate.app/Contents/Developer/Platforms/WatchOS.platform/Developer/usr/lib/swift/host/plugins/libSwiftMacros.dylib\#/Applications/Xcode-27.0.0-Release.Candidate.app/Contents/Developer/Platforms/WatchOS.platform/Developer/usr/bin/swift-plugin-server\#SwiftMacros -load-resolved-plugin /Applications/Xcode-27.0.0-Release.Candidate.app/Contents/Developer/Platforms/WatchOS.platform/Developer/usr/lib/swift/host/plugins/libSwiftUIMacros.dylib\#/Applications/Xcode-27.0.0-Release.Candidate.app/Contents/Developer/Platforms/WatchOS.platform/Developer/usr/bin/swift-plugin-server\#SwiftUIMacros -disable-implicit-swift-modules -Xcc -fno-implicit-modules -Xcc -fno-implicit-module-maps -explicit-swift-module-map-file /Users/admin/builder/spi-builder-workspace/.derivedData/Build/Intermediates.noindex/supabase-client-dependency.build/Debug-watchos/DatabaseRouterIntegrationTests-p.build/Objects-normal/arm64_32/DatabaseRouterIntegrationTests-dependencies-1.json -enable-objc-interop -sdk /Applications/Xcode-27.0.0-Release.Candidate.app/Contents/Developer/Platforms/WatchOS.platform/Developer/SDKs/WatchOS27.0.sdk -I /Users/admin/builder/spi-builder-workspace/.derivedData/Build/Products/Debug-watchos -Isystem /Applications/Xcode-27.0.0-Release.Candidate.app/Contents/Developer/Platforms/WatchOS.platform/Developer/usr/lib -F /Users/admin/builder/spi-builder-workspace/.derivedData/Build/Products/Debug-watchos/PackageFrameworks -F /Users/admin/builder/spi-builder-workspace/.derivedData/Build/Products/Debug-watchos -F /Applications/Xcode-27.0.0-Release.Candidate.app/Contents/Developer/Platforms/WatchOS.platform/Developer/Library/Frameworks -F /Applications/Xcode-27.0.0-Release.Candidate.app/Contents/Developer/Platforms/WatchOS.platform/Developer/SDKs/WatchOS27.0.sdk/Developer/Library/Frameworks -module-cache-path /Users/admin/builder/spi-builder-workspace/.derivedData/Build/Intermediates.noindex/SwiftExplicitPrecompiledModules -no-color-diagnostics -Xcc -fno-color-diagnostics -enable-testing -g -debug-info-format\=dwarf -dwarf-version\=4 -profile-generate -profile-coverage-mapping -swift-version 5 -Onone -D SWIFT_PACKAGE -D DEBUG -D Xcode -serialize-debugging-options -load-plugin-executable /Users/admin/builder/spi-builder-workspace/.derivedData/Build/Products/Debug/CasePathsMacros\#CasePathsMacros -enable-experimental-feature DebugDescriptionMacro -empty-abi-descriptor -validate-clang-modules-once -clang-build-session-file /Users/admin/builder/spi-builder-workspace/.derivedData/ModuleCache.noindex/Session.modulevalidation -Xcc -working-directory -Xcc /Users/admin/builder/spi-builder-workspace -enable-anonymous-context-mangled-names -file-compilation-dir /Users/admin/builder/spi-builder-workspace -Xcc -D_LIBCPP_HARDENING_MODE\=_LIBCPP_HARDENING_MODE_DEBUG -Xcc -ivfsstatcache -Xcc /Users/admin/builder/spi-builder-workspace/.derivedData/SDKStatCaches.noindex/watchos27.0-24R360-e829b21a6f8c9b70876ba0858053c04477534ef55a1706bf4c1112bbb242f0a2.sdkstatcache -Xcc -fmodules-prune-interval\=86400 -Xcc -fmodules-prune-after\=345600 -Xcc -I/Users/admin/builder/spi-builder-workspace/.derivedData/Build/Products/Debug-watchos/include -Xcc -I/Users/admin/builder/spi-builder-workspace/.derivedData/Build/Intermediates.noindex/supabase-client-dependency.build/Debug-watchos/DatabaseRouterIntegrationTests-p.build/DerivedSources-normal/arm64_32 -Xcc -I/Users/admin/builder/spi-builder-workspace/.derivedData/Build/Intermediates.noindex/supabase-client-dependency.build/Debug-watchos/DatabaseRouterIntegrationTests-p.build/DerivedSources/arm64_32 -Xcc -I/Users/admin/builder/spi-builder-workspace/.derivedData/Build/Intermediates.noindex/supabase-client-dependency.build/Debug-watchos/DatabaseRouterIntegrationTests-p.build/DerivedSources -Xcc -DSWIFT_PACKAGE -Xcc -DDEBUG\=1 -no-auto-bridging-header-chaining -module-name DatabaseRouterIntegrationTests -package-name spi_builder_workspace -const-gather-protocols-file /Users/admin/builder/spi-builder-workspace/.derivedData/Build/Intermediates.noindex/supabase-client-dependency.build/Debug-watchos/DatabaseRouterIntegrationTests-p.build/Objects-normal/arm64_32/DatabaseRouterIntegrationTests_const_extract_protocols.json -disable-clang-spi -clang-target arm64_32-apple-watchos27.0 -target-sdk-version 27.0 -target-sdk-name watchos27.0 -in-process-plugin-server-path /Applications/Xcode-27.0.0-Release.Candidate.app/Contents/Developer/Toolchains/XcodeDefault.xctoolchain/usr/lib/swift/host/libSwiftInProcPluginServer.dylib -emit-module-doc-path /Users/admin/builder/spi-builder-workspace/.derivedData/Build/Intermediates.noindex/supabase-client-dependency.build/Debug-watchos/DatabaseRouterIntegrationTests-p.build/Objects-normal/arm64_32/DatabaseRouterIntegrationTests.swiftdoc -emit-module-source-info-path /Users/admin/builder/spi-builder-workspace/.derivedData/Build/Intermediates.noindex/supabase-client-dependency.build/Debug-watchos/DatabaseRouterIntegrationTests-p.build/Objects-normal/arm64_32/DatabaseRouterIntegrationTests.swiftsourceinfo -serialize-diagnostics-path /Users/admin/builder/spi-builder-workspace/.derivedData/Build/Intermediates.noindex/supabase-client-dependency.build/Debug-watchos/DatabaseRouterIntegrationTests-p.build/Objects-normal/arm64_32/DatabaseRouterIntegrationTests-primary-emit-module.dia -emit-dependencies-path /Users/admin/builder/spi-builder-workspace/.derivedData/Build/Intermediates.noindex/supabase-client-dependency.build/Debug-watchos/DatabaseRouterIntegrationTests-p.build/Objects-normal/arm64_32/DatabaseRouterIntegrationTests-primary-emit-module.d -parse-as-library -o /Users/admin/builder/spi-builder-workspace/.derivedData/Build/Intermediates.noindex/supabase-client-dependency.build/Debug-watchos/DatabaseRouterIntegrationTests-p.build/Objects-normal/arm64_32/DatabaseRouterIntegrationTests.swiftmodule -emit-abi-descriptor-path /Users/admin/builder/spi-builder-workspace/.derivedData/Build/Intermediates.noindex/supabase-client-dependency.build/Debug-watchos/DatabaseRouterIntegrationTests-p.build/Objects-normal/arm64_32/DatabaseRouterIntegrationTests.abi.json
SwiftCompile normal arm64_32 Compiling\ TestModels.swift /Users/admin/builder/spi-builder-workspace/Tests/DatabaseRouterIntegrationTests/TestModels.swift (in target 'DatabaseRouterIntegrationTests-product' from project 'supabase-client-dependency')
SwiftCompile normal arm64_32 /Users/admin/builder/spi-builder-workspace/Tests/DatabaseRouterIntegrationTests/TestModels.swift (in target 'DatabaseRouterIntegrationTests-product' from project 'supabase-client-dependency')
cd /Users/admin/builder/spi-builder-workspace
builtin-SwiftPerFileCompile TestModels.swift
/Users/admin/builder/spi-builder-workspace/Tests/DatabaseRouterIntegrationTests/TestModels.swift:171:28: error: cannot find 'Secrets' in scope
169 |
170 | let supabaseClient = SupabaseClient(
171 | supabaseURL: URL(string: Secrets.SUPABASE_URL)!,
| `- error: cannot find 'Secrets' in scope
172 | supabaseKey: Secrets.SUPABASE_ANON_KEY
173 | )
/Users/admin/builder/spi-builder-workspace/Tests/DatabaseRouterIntegrationTests/TestModels.swift:172:16: error: cannot find 'Secrets' in scope
170 | let supabaseClient = SupabaseClient(
171 | supabaseURL: URL(string: Secrets.SUPABASE_URL)!,
172 | supabaseKey: Secrets.SUPABASE_ANON_KEY
| `- error: cannot find 'Secrets' in scope
173 | )
174 |
SwiftCompile normal arm64_32 Compiling\ DatabaseClientIntegrationTests.swift /Users/admin/builder/spi-builder-workspace/Tests/DatabaseRouterIntegrationTests/DatabaseClientIntegrationTests.swift (in target 'DatabaseRouterIntegrationTests-product' from project 'supabase-client-dependency')
SwiftCompile normal arm64_32 /Users/admin/builder/spi-builder-workspace/Tests/DatabaseRouterIntegrationTests/DatabaseClientIntegrationTests.swift (in target 'DatabaseRouterIntegrationTests-product' from project 'supabase-client-dependency')
cd /Users/admin/builder/spi-builder-workspace
builtin-SwiftPerFileCompile DatabaseClientIntegrationTests.swift
/Users/admin/builder/spi-builder-workspace/Tests/DatabaseRouterIntegrationTests/TestModels.swift:171:28: error: cannot find 'Secrets' in scope
169 |
170 | let supabaseClient = SupabaseClient(
171 | supabaseURL: URL(string: Secrets.SUPABASE_URL)!,
| `- error: cannot find 'Secrets' in scope
172 | supabaseKey: Secrets.SUPABASE_ANON_KEY
173 | )
SwiftCompile normal arm64_32 Compiling\ AuthControllerIntegrationTests.swift /Users/admin/builder/spi-builder-workspace/Tests/DatabaseRouterIntegrationTests/AuthControllerIntegrationTests.swift (in target 'DatabaseRouterIntegrationTests-product' from project 'supabase-client-dependency')
/Users/admin/builder/spi-builder-workspace/Tests/DatabaseRouterIntegrationTests/AuthControllerIntegrationTests.swift:19:32: error: cannot find 'Secrets' in scope
17 | func testCreateUser() async throws {
18 | let supabaseClient = SupabaseClient(
19 | supabaseURL: URL(string: Secrets.SUPABASE_URL)!,
| `- error: cannot find 'Secrets' in scope
20 | supabaseKey: Secrets.SUPABASE_SERVICE_ROLE_KEY,
21 | options: .init(auth: .init(storage: LocalAuthStorage()))
SwiftCompile normal arm64_32 /Users/admin/builder/spi-builder-workspace/Tests/DatabaseRouterIntegrationTests/AuthControllerIntegrationTests.swift (in target 'DatabaseRouterIntegrationTests-product' from project 'supabase-client-dependency')
cd /Users/admin/builder/spi-builder-workspace
builtin-SwiftPerFileCompile AuthControllerIntegrationTests.swift
SwiftEmitModule normal arm64 Emitting\ module\ for\ SupabaseDependenciesTests (in target 'SupabaseDependenciesTests-product' from project 'supabase-client-dependency')
SwiftCompile normal arm64 (in target 'SupabaseDependenciesTests-product' from project 'supabase-client-dependency')
cd /Users/admin/builder/spi-builder-workspace
SwiftCompile normal arm64 Compiling\ AuthControllerTests.swift /Users/admin/builder/spi-builder-workspace/Tests/SupabaseDependenciesTests/AuthControllerTests.swift (in target 'SupabaseDependenciesTests-product' from project 'supabase-client-dependency')
SwiftCompile normal arm64 /Users/admin/builder/spi-builder-workspace/Tests/SupabaseDependenciesTests/AuthControllerTests.swift (in target 'SupabaseDependenciesTests-product' from project 'supabase-client-dependency')
cd /Users/admin/builder/spi-builder-workspace
builtin-SwiftPerFileCompile AuthControllerTests.swift
SwiftEmitModule normal arm64_32 Emitting\ module\ for\ SupabaseDependenciesTests (in target 'SupabaseDependenciesTests-product' from project 'supabase-client-dependency')
SwiftCompile normal arm64_32 (in target 'SupabaseDependenciesTests-product' from project 'supabase-client-dependency')
cd /Users/admin/builder/spi-builder-workspace
SwiftCompile normal arm64_32 Compiling\ AuthControllerTests.swift /Users/admin/builder/spi-builder-workspace/Tests/SupabaseDependenciesTests/AuthControllerTests.swift (in target 'SupabaseDependenciesTests-product' from project 'supabase-client-dependency')
SwiftCompile normal arm64_32 /Users/admin/builder/spi-builder-workspace/Tests/SupabaseDependenciesTests/AuthControllerTests.swift (in target 'SupabaseDependenciesTests-product' from project 'supabase-client-dependency')
cd /Users/admin/builder/spi-builder-workspace
builtin-SwiftPerFileCompile AuthControllerTests.swift
SwiftCompile normal arm64 Compiling\ TestModels.swift /Users/admin/builder/spi-builder-workspace/Tests/SupabaseDependenciesTests/TestModels.swift (in target 'SupabaseDependenciesTests-product' from project 'supabase-client-dependency')
SwiftCompile normal arm64 /Users/admin/builder/spi-builder-workspace/Tests/SupabaseDependenciesTests/TestModels.swift (in target 'SupabaseDependenciesTests-product' from project 'supabase-client-dependency')
cd /Users/admin/builder/spi-builder-workspace
builtin-SwiftPerFileCompile TestModels.swift
SwiftEmitModule normal arm64 Emitting\ module\ for\ DatabaseRouterIntegrationTests (in target 'DatabaseRouterIntegrationTests-product' from project 'supabase-client-dependency')
/Users/admin/builder/spi-builder-workspace/Tests/DatabaseRouterIntegrationTests/TestModels.swift:171:28: error: cannot find 'Secrets' in scope
169 |
170 | let supabaseClient = SupabaseClient(
171 | supabaseURL: URL(string: Secrets.SUPABASE_URL)!,
| `- error: cannot find 'Secrets' in scope
172 | supabaseKey: Secrets.SUPABASE_ANON_KEY
173 | )
/Users/admin/builder/spi-builder-workspace/Tests/DatabaseRouterIntegrationTests/TestModels.swift:172:16: error: cannot find 'Secrets' in scope
170 | let supabaseClient = SupabaseClient(
171 | supabaseURL: URL(string: Secrets.SUPABASE_URL)!,
172 | supabaseKey: Secrets.SUPABASE_ANON_KEY
| `- error: cannot find 'Secrets' in scope
173 | )
174 |
Failed frontend command:
/Applications/Xcode-27.0.0-Release.Candidate.app/Contents/Developer/Toolchains/XcodeDefault.xctoolchain/usr/bin/swift-frontend -frontend -emit-module -experimental-skip-non-inlinable-function-bodies-without-types /Users/admin/builder/spi-builder-workspace/Tests/DatabaseRouterIntegrationTests/AuthControllerIntegrationTests.swift /Users/admin/builder/spi-builder-workspace/Tests/DatabaseRouterIntegrationTests/DatabaseClientIntegrationTests.swift /Users/admin/builder/spi-builder-workspace/Tests/DatabaseRouterIntegrationTests/TestModels.swift -target arm64-apple-watchos10.0 -disable-cross-import-overlay-search -load-resolved-plugin \#/Users/admin/builder/spi-builder-workspace/.derivedData/Build/Products/Debug/CasePathsMacros\#CasePathsMacros -load-resolved-plugin /Applications/Xcode-27.0.0-Release.Candidate.app/Contents/Developer/Platforms/WatchOS.platform/Developer/usr/lib/swift/host/plugins/libFoundationMacros.dylib\#/Applications/Xcode-27.0.0-Release.Candidate.app/Contents/Developer/Platforms/WatchOS.platform/Developer/usr/bin/swift-plugin-server\#FoundationMacros -load-resolved-plugin /Applications/Xcode-27.0.0-Release.Candidate.app/Contents/Developer/Platforms/WatchOS.platform/Developer/usr/lib/swift/host/plugins/libObservationMacros.dylib\#/Applications/Xcode-27.0.0-Release.Candidate.app/Contents/Developer/Platforms/WatchOS.platform/Developer/usr/bin/swift-plugin-server\#ObservationMacros -load-resolved-plugin /Applications/Xcode-27.0.0-Release.Candidate.app/Contents/Developer/Platforms/WatchOS.platform/Developer/usr/lib/swift/host/plugins/libPreviewsMacros.dylib\#/Applications/Xcode-27.0.0-Release.Candidate.app/Contents/Developer/Platforms/WatchOS.platform/Developer/usr/bin/swift-plugin-server\#PreviewsMacros -load-resolved-plugin /Applications/Xcode-27.0.0-Release.Candidate.app/Contents/Developer/Platforms/WatchOS.platform/Developer/usr/lib/swift/host/plugins/libSwiftMacros.dylib\#/Applications/Xcode-27.0.0-Release.Candidate.app/Contents/Developer/Platforms/WatchOS.platform/Developer/usr/bin/swift-plugin-server\#SwiftMacros -load-resolved-plugin /Applications/Xcode-27.0.0-Release.Candidate.app/Contents/Developer/Platforms/WatchOS.platform/Developer/usr/lib/swift/host/plugins/libSwiftUIMacros.dylib\#/Applications/Xcode-27.0.0-Release.Candidate.app/Contents/Developer/Platforms/WatchOS.platform/Developer/usr/bin/swift-plugin-server\#SwiftUIMacros -disable-implicit-swift-modules -Xcc -fno-implicit-modules -Xcc -fno-implicit-module-maps -explicit-swift-module-map-file /Users/admin/builder/spi-builder-workspace/.derivedData/Build/Intermediates.noindex/supabase-client-dependency.build/Debug-watchos/DatabaseRouterIntegrationTests-p.build/Objects-normal/arm64/DatabaseRouterIntegrationTests-dependencies-2.json -Xllvm -aarch64-use-tbi -enable-objc-interop -stack-check -sdk /Applications/Xcode-27.0.0-Release.Candidate.app/Contents/Developer/Platforms/WatchOS.platform/Developer/SDKs/WatchOS27.0.sdk -I /Users/admin/builder/spi-builder-workspace/.derivedData/Build/Products/Debug-watchos -Isystem /Applications/Xcode-27.0.0-Release.Candidate.app/Contents/Developer/Platforms/WatchOS.platform/Developer/usr/lib -F /Users/admin/builder/spi-builder-workspace/.derivedData/Build/Products/Debug-watchos/PackageFrameworks -F /Users/admin/builder/spi-builder-workspace/.derivedData/Build/Products/Debug-watchos -F /Applications/Xcode-27.0.0-Release.Candidate.app/Contents/Developer/Platforms/WatchOS.platform/Developer/Library/Frameworks -F /Applications/Xcode-27.0.0-Release.Candidate.app/Contents/Developer/Platforms/WatchOS.platform/Developer/SDKs/WatchOS27.0.sdk/Developer/Library/Frameworks -module-cache-path /Users/admin/builder/spi-builder-workspace/.derivedData/Build/Intermediates.noindex/SwiftExplicitPrecompiledModules -no-color-diagnostics -Xcc -fno-color-diagnostics -enable-testing -g -debug-info-format\=dwarf -dwarf-version\=4 -profile-generate -profile-coverage-mapping -swift-version 5 -Onone -D SWIFT_PACKAGE -D DEBUG -D Xcode -serialize-debugging-options -load-plugin-executable /Users/admin/builder/spi-builder-workspace/.derivedData/Build/Products/Debug/CasePathsMacros\#CasePathsMacros -enable-experimental-feature DebugDescriptionMacro -empty-abi-descriptor -validate-clang-modules-once -clang-build-session-file /Users/admin/builder/spi-builder-workspace/.derivedData/ModuleCache.noindex/Session.modulevalidation -Xcc -working-directory -Xcc /Users/admin/builder/spi-builder-workspace -enable-anonymous-context-mangled-names -file-compilation-dir /Users/admin/builder/spi-builder-workspace -Xcc -D_LIBCPP_HARDENING_MODE\=_LIBCPP_HARDENING_MODE_DEBUG -Xcc -ivfsstatcache -Xcc /Users/admin/builder/spi-builder-workspace/.derivedData/SDKStatCaches.noindex/watchos27.0-24R360-e829b21a6f8c9b70876ba0858053c04477534ef55a1706bf4c1112bbb242f0a2.sdkstatcache -Xcc -fmodules-prune-interval\=86400 -Xcc -fmodules-prune-after\=345600 -Xcc -I/Users/admin/builder/spi-builder-workspace/.derivedData/Build/Products/Debug-watchos/include -Xcc -I/Users/admin/builder/spi-builder-workspace/.derivedData/Build/Intermediates.noindex/supabase-client-dependency.build/Debug-watchos/DatabaseRouterIntegrationTests-p.build/DerivedSources-normal/arm64 -Xcc -I/Users/admin/builder/spi-builder-workspace/.derivedData/Build/Intermediates.noindex/supabase-client-dependency.build/Debug-watchos/DatabaseRouterIntegrationTests-p.build/DerivedSources/arm64 -Xcc -I/Users/admin/builder/spi-builder-workspace/.derivedData/Build/Intermediates.noindex/supabase-client-dependency.build/Debug-watchos/DatabaseRouterIntegrationTests-p.build/DerivedSources -Xcc -DSWIFT_PACKAGE -Xcc -DDEBUG\=1 -no-auto-bridging-header-chaining -module-name DatabaseRouterIntegrationTests -package-name spi_builder_workspace -const-gather-protocols-file /Users/admin/builder/spi-builder-workspace/.derivedData/Build/Intermediates.noindex/supabase-client-dependency.build/Debug-watchos/DatabaseRouterIntegrationTests-p.build/Objects-normal/arm64/DatabaseRouterIntegrationTests_const_extract_protocols.json -disable-clang-spi -clang-target arm64-apple-watchos27.0 -target-sdk-version 27.0 -target-sdk-name watchos27.0 -in-process-plugin-server-path /Applications/Xcode-27.0.0-Release.Candidate.app/Contents/Developer/Toolchains/XcodeDefault.xctoolchain/usr/lib/swift/host/libSwiftInProcPluginServer.dylib -emit-module-doc-path /Users/admin/builder/spi-builder-workspace/.derivedData/Build/Intermediates.noindex/supabase-client-dependency.build/Debug-watchos/DatabaseRouterIntegrationTests-p.build/Objects-normal/arm64/DatabaseRouterIntegrationTests.swiftdoc -emit-module-source-info-path /Users/admin/builder/spi-builder-workspace/.derivedData/Build/Intermediates.noindex/supabase-client-dependency.build/Debug-watchos/DatabaseRouterIntegrationTests-p.build/Objects-normal/arm64/DatabaseRouterIntegrationTests.swiftsourceinfo -serialize-diagnostics-path /Users/admin/builder/spi-builder-workspace/.derivedData/Build/Intermediates.noindex/supabase-client-dependency.build/Debug-watchos/DatabaseRouterIntegrationTests-p.build/Objects-normal/arm64/DatabaseRouterIntegrationTests-primary-emit-module.dia -emit-dependencies-path /Users/admin/builder/spi-builder-workspace/.derivedData/Build/Intermediates.noindex/supabase-client-dependency.build/Debug-watchos/DatabaseRouterIntegrationTests-p.build/Objects-normal/arm64/DatabaseRouterIntegrationTests-primary-emit-module.d -parse-as-library -o /Users/admin/builder/spi-builder-workspace/.derivedData/Build/Intermediates.noindex/supabase-client-dependency.build/Debug-watchos/DatabaseRouterIntegrationTests-p.build/Objects-normal/arm64/DatabaseRouterIntegrationTests.swiftmodule -emit-abi-descriptor-path /Users/admin/builder/spi-builder-workspace/.derivedData/Build/Intermediates.noindex/supabase-client-dependency.build/Debug-watchos/DatabaseRouterIntegrationTests-p.build/Objects-normal/arm64/DatabaseRouterIntegrationTests.abi.json
SwiftCompile normal arm64 (in target 'DatabaseRouterIntegrationTests-product' from project 'supabase-client-dependency')
cd /Users/admin/builder/spi-builder-workspace
SwiftCompile normal arm64_32 Compiling\ TestModels.swift /Users/admin/builder/spi-builder-workspace/Tests/SupabaseDependenciesTests/TestModels.swift (in target 'SupabaseDependenciesTests-product' from project 'supabase-client-dependency')
SwiftCompile normal arm64_32 /Users/admin/builder/spi-builder-workspace/Tests/SupabaseDependenciesTests/TestModels.swift (in target 'SupabaseDependenciesTests-product' from project 'supabase-client-dependency')
cd /Users/admin/builder/spi-builder-workspace
builtin-SwiftPerFileCompile TestModels.swift
PruneExplicitPrecompiledModules /Users/admin/builder/spi-builder-workspace/.derivedData/SDKExplicitPrecompiledModules
PruneExplicitPrecompiledModules /Users/admin/builder/spi-builder-workspace/.derivedData/Build/Intermediates.noindex/SwiftExplicitPrecompiledModules
PruneExplicitPrecompiledModules /Users/admin/builder/spi-builder-workspace/.derivedData/Build/Intermediates.noindex/ExplicitPrecompiledModules
warning: 'SupabaseDependenciesTests-product' is missing a dependency on 'CustomDump' because dependency scan of Swift module 'SupabaseDependenciesTests' discovered a dependency on 'CustomDump'
warning: 'SupabaseDependenciesTests-product' is missing a dependency on 'CustomDump' because dependency scan of Swift module 'SupabaseDependenciesTests' discovered a dependency on 'CustomDump'
2026-09-20 13:50:44.894 xcodebuild[3062:17730] [MT] IDERunDestination: Supported platforms for the buildables in the current scheme is empty.
2026-09-20 13:50:45.000 xcodebuild[3062:17730] [MT] IDERunDestination: Supported platforms for the buildables in the current scheme is empty.
** BUILD FAILED **
The following build commands failed:
SwiftCompile normal arm64_32 (in target 'DatabaseRouterIntegrationTests-product' from project 'supabase-client-dependency')
SwiftEmitModule normal arm64_32 Emitting\ module\ for\ DatabaseRouterIntegrationTests (in target 'DatabaseRouterIntegrationTests-product' from project 'supabase-client-dependency')
SwiftEmitModule normal arm64 Emitting\ module\ for\ DatabaseRouterIntegrationTests (in target 'DatabaseRouterIntegrationTests-product' from project 'supabase-client-dependency')
SwiftCompile normal arm64 (in target 'DatabaseRouterIntegrationTests-product' from project 'supabase-client-dependency')
Building workspace supabase-client-dependency with scheme supabase-client-dependency-Package
(5 failures)
BUILD FAILURE 6.4 watchOS