The Swift Package Index logo.Swift Package Index

Build Information

Failed to build PresenterKit, reference 6.1.3 (77d4e2), with Swift 6.4 for macOS (Xcode) using Xcode 27.0 on 17 Sep 2026 23:40:12 UTC.

Build Command

env DEVELOPER_DIR=/Applications/Xcode-27.0.0-Release.Candidate.app xcrun xcodebuild -IDEClonedSourcePackagesDirPathOverride=$PWD/.dependencies -skipMacroValidation -skipPackagePluginValidation -derivedDataPath $PWD/.derivedData build -scheme PresenterKit -destination platform=macOS,arch=arm64

Build Log

========================================
RunAll
========================================
Builder version: 5.1.0
Interrupt handler set up.
========================================
Checkout
========================================
Clone URL: https://github.com/jessesquires/PresenterKit.git
Reference: 6.1.3
Initialized empty Git repository in /Users/admin/builder/spi-builder-workspace/.git/
From https://github.com/jessesquires/PresenterKit
 * tag               6.1.3      -> FETCH_HEAD
HEAD is now at 77d4e2c [6.1.3] deprecated
Cloned https://github.com/jessesquires/PresenterKit.git
Revision (git rev-parse @):
77d4e2cb6b123f7baf4e27f6e0c8ff2cb6b2b884
SUCCESS checkout https://github.com/jessesquires/PresenterKit.git at 6.1.3
========================================
Build
========================================
Selected platform:         macosXcodebuild
Swift version:             6.4
Building package at path:  $PWD
https://github.com/jessesquires/PresenterKit.git
Command line invocation:
    /Applications/Xcode-27.0.0-Release.Candidate.app/Contents/Developer/usr/bin/xcodebuild -IDEClonedSourcePackagesDirPathOverride=/Users/admin/builder/spi-builder-workspace/.dependencies -resolvePackageDependencies
resolved source packages:
{
  "dependencies" : [
  ],
  "manifest_display_name" : "PresenterKit",
  "name" : "PresenterKit",
  "path" : "/Users/admin/builder/spi-builder-workspace",
  "platforms" : [
    {
      "name" : "ios",
      "version" : "11.0"
    }
  ],
  "products" : [
    {
      "name" : "PresenterKit",
      "targets" : [
        "PresenterKit"
      ],
      "type" : {
        "library" : [
          "automatic"
        ]
      }
    }
  ],
  "swift_languages_versions" : [
    "5"
  ],
  "targets" : [
    {
      "c99name" : "PresenterKitTests",
      "module_type" : "SwiftTarget",
      "name" : "PresenterKitTests",
      "path" : "Tests",
      "sources" : [
        "PresenterKitTests.swift"
      ],
      "target_dependencies" : [
        "PresenterKit"
      ],
      "type" : "test"
    },
    {
      "c99name" : "PresenterKit",
      "module_type" : "SwiftTarget",
      "name" : "PresenterKit",
      "path" : "Sources",
      "product_memberships" : [
        "PresenterKit"
      ],
      "sources" : [
        "DismissButtonConfig.swift",
        "HalfModalPresentationController.swift",
        "PresentationType.swift",
        "UINavigationController+Extensions.swift",
        "UIViewController+Extensions.swift"
      ],
      "type" : "library"
    }
  ],
  "tools_version" : "5.3"
}
{
  "project" : {
    "configurations" : [
      "Debug",
      "Release"
    ],
    "name" : "PresenterKit",
    "schemes" : [
      "PresenterKit"
    ],
    "targets" : [
      "PresenterKit",
      "PresenterKitTests"
    ]
  }
}
Running build ...
env DEVELOPER_DIR=/Applications/Xcode-27.0.0-Release.Candidate.app xcrun xcodebuild -IDEClonedSourcePackagesDirPathOverride=$PWD/.dependencies -skipMacroValidation -skipPackagePluginValidation -derivedDataPath $PWD/.derivedData build -scheme PresenterKit -destination platform=macOS,arch=arm64
Command line invocation:
    /Applications/Xcode-27.0.0-Release.Candidate.app/Contents/Developer/usr/bin/xcodebuild -IDEClonedSourcePackagesDirPathOverride=/Users/admin/builder/spi-builder-workspace/.dependencies -skipMacroValidation -skipPackagePluginValidation -derivedDataPath /Users/admin/builder/spi-builder-workspace/.derivedData build -scheme PresenterKit -destination platform=macOS,arch=arm64
ComputePackagePrebuildTargetDependencyGraph
Prepare packages
CreateBuildRequest
SendProjectDescription
CreateBuildOperation
ComputeTargetDependencyGraph
note: Building targets in dependency order
note: Target dependency graph (1 target)
    Target 'PresenterKit' in project 'PresenterKit' (no dependencies)
GatherProvisioningInputs
CreateBuildDescription
ExecuteExternalTool /Applications/Xcode-27.0.0-Release.Candidate.app/Contents/Developer/Toolchains/XcodeDefault.xctoolchain/usr/bin/clang -v -E -dM -isysroot /Applications/Xcode-27.0.0-Release.Candidate.app/Contents/Developer/Platforms/iPhoneOS.platform/Developer/SDKs/iPhoneOS27.0.sdk -x c -c /dev/null
ExecuteExternalTool /Applications/Xcode-27.0.0-Release.Candidate.app/Contents/Developer/Toolchains/XcodeDefault.xctoolchain/usr/bin/clang -v -E -dM -arch arm64 -isysroot /Applications/Xcode-27.0.0-Release.Candidate.app/Contents/Developer/Platforms/iPhoneOS.platform/Developer/SDKs/iPhoneOS27.0.sdk -x c -c /dev/null
ExecuteExternalTool /Applications/Xcode-27.0.0-Release.Candidate.app/Contents/Developer/Toolchains/XcodeDefault.xctoolchain/usr/bin/swiftc --version
ExecuteExternalTool /Applications/Xcode-27.0.0-Release.Candidate.app/Contents/Developer/Toolchains/XcodeDefault.xctoolchain/usr/bin/ld -version_details
Build description signature: f0ce111c0fa212fce5ce5a4351b5a800
Build description path: /Users/admin/builder/spi-builder-workspace/.derivedData/Build/Intermediates.noindex/XCBuildData/f0ce111c0fa212fce5ce5a4351b5a800.xcbuilddata
/Users/admin/builder/spi-builder-workspace/PresenterKit.xcodeproj: error: The iOS deployment target 'IPHONEOS_DEPLOYMENT_TARGET' is set to 12.0, but the range of supported deployment target versions is 15.0 to 27.0.x. (in target 'PresenterKit' from project 'PresenterKit')
warning: Run script build phase 'SwiftLint' will be run during every build because it does not specify any outputs. To address this issue, either add output dependencies to the script phase, or configure it to run in every build by unchecking "Based on dependency analysis" in the script phase. (in target 'PresenterKit' from project 'PresenterKit')
** BUILD FAILED **
The following build commands failed:
	Building project PresenterKit with scheme PresenterKit
(1 failure)
Command line invocation:
    /Applications/Xcode-27.0.0-Release.Candidate.app/Contents/Developer/usr/bin/xcodebuild -IDEClonedSourcePackagesDirPathOverride=/Users/admin/builder/spi-builder-workspace/.dependencies -resolvePackageDependencies
resolved source packages:
{
  "dependencies" : [
  ],
  "manifest_display_name" : "PresenterKit",
  "name" : "PresenterKit",
  "path" : "/Users/admin/builder/spi-builder-workspace",
  "platforms" : [
    {
      "name" : "ios",
      "version" : "11.0"
    }
  ],
  "products" : [
    {
      "name" : "PresenterKit",
      "targets" : [
        "PresenterKit"
      ],
      "type" : {
        "library" : [
          "automatic"
        ]
      }
    }
  ],
  "swift_languages_versions" : [
    "5"
  ],
  "targets" : [
    {
      "c99name" : "PresenterKitTests",
      "module_type" : "SwiftTarget",
      "name" : "PresenterKitTests",
      "path" : "Tests",
      "sources" : [
        "PresenterKitTests.swift"
      ],
      "target_dependencies" : [
        "PresenterKit"
      ],
      "type" : "test"
    },
    {
      "c99name" : "PresenterKit",
      "module_type" : "SwiftTarget",
      "name" : "PresenterKit",
      "path" : "Sources",
      "product_memberships" : [
        "PresenterKit"
      ],
      "sources" : [
        "DismissButtonConfig.swift",
        "HalfModalPresentationController.swift",
        "PresentationType.swift",
        "UINavigationController+Extensions.swift",
        "UIViewController+Extensions.swift"
      ],
      "type" : "library"
    }
  ],
  "tools_version" : "5.3"
}
{
  "project" : {
    "configurations" : [
      "Debug",
      "Release"
    ],
    "name" : "PresenterKit",
    "schemes" : [
      "PresenterKit"
    ],
    "targets" : [
      "PresenterKit",
      "PresenterKitTests"
    ]
  }
}
Running build ...
env DEVELOPER_DIR=/Applications/Xcode-27.0.0-Release.Candidate.app xcrun xcodebuild -IDEClonedSourcePackagesDirPathOverride=$PWD/.dependencies -skipMacroValidation -skipPackagePluginValidation -derivedDataPath $PWD/.derivedData build -scheme PresenterKit -destination platform=macOS,arch=arm64
Command line invocation:
    /Applications/Xcode-27.0.0-Release.Candidate.app/Contents/Developer/usr/bin/xcodebuild -IDEClonedSourcePackagesDirPathOverride=/Users/admin/builder/spi-builder-workspace/.dependencies -skipMacroValidation -skipPackagePluginValidation -derivedDataPath /Users/admin/builder/spi-builder-workspace/.derivedData build -scheme PresenterKit -destination platform=macOS,arch=arm64
ComputePackagePrebuildTargetDependencyGraph
Prepare packages
CreateBuildRequest
SendProjectDescription
CreateBuildOperation
ComputeTargetDependencyGraph
note: Building targets in dependency order
note: Target dependency graph (1 target)
    Target 'PresenterKit' in project 'PresenterKit' (no dependencies)
GatherProvisioningInputs
CreateBuildDescription
/Users/admin/builder/spi-builder-workspace/PresenterKit.xcodeproj: error: The iOS deployment target 'IPHONEOS_DEPLOYMENT_TARGET' is set to 12.0, but the range of supported deployment target versions is 15.0 to 27.0.x. (in target 'PresenterKit' from project 'PresenterKit')
warning: Run script build phase 'SwiftLint' will be run during every build because it does not specify any outputs. To address this issue, either add output dependencies to the script phase, or configure it to run in every build by unchecking "Based on dependency analysis" in the script phase. (in target 'PresenterKit' from project 'PresenterKit')
** BUILD FAILED **
The following build commands failed:
	Building project PresenterKit with scheme PresenterKit
(1 failure)
BUILD FAILURE 6.4 macosXcodebuild