Build Information
Failed to build SwiftyInAppMessaging, reference 4.0.0 (745bcc), with Swift 6.1 for visionOS using Xcode 16.3 on 24 Oct 2026 23:43:39 UTC.
Build Command
No build command. This typically means the build failed at an early stage where we determine the build command.Build Log
========================================
RunAll
========================================
Builder version: 5.1.3
Interrupt handler set up.
========================================
Checkout
========================================
Clone URL: https://github.com/fumito-ito/SwiftyInAppMessaging.git
Reference: 4.0.0
Initialized empty Git repository in /Users/admin/builder/spi-builder-workspace/.git/
From https://github.com/fumito-ito/SwiftyInAppMessaging
* tag 4.0.0 -> FETCH_HEAD
HEAD is now at 745bccf Merge pull request #74 from shimastripe/firebase/v13
Cloned https://github.com/fumito-ito/SwiftyInAppMessaging.git
Revision (git rev-parse @):
745bccf884aca44aa63a95b8954e88c5610e6850
SUCCESS checkout https://github.com/fumito-ito/SwiftyInAppMessaging.git at 4.0.0
========================================
Build
========================================
Selected platform: visionOS
Swift version: 6.1
Building package at path: $PWD
https://github.com/fumito-ito/SwiftyInAppMessaging.git
https://github.com/fumito-ito/SwiftyInAppMessaging.git
{
"dependencies" : [
{
"identity" : "firebase-ios-sdk",
"requirement" : {
"range" : [
{
"lower_bound" : "13.0.0",
"upper_bound" : "14.0.0"
}
]
},
"type" : "sourceControl",
"url" : "https://github.com/firebase/firebase-ios-sdk"
}
],
"manifest_display_name" : "SwiftyInAppMessaging",
"name" : "SwiftyInAppMessaging",
"path" : "/Users/admin/builder/spi-builder-workspace",
"platforms" : [
{
"name" : "ios",
"version" : "15.0"
},
{
"name" : "tvos",
"version" : "15.0"
},
{
"name" : "macos",
"version" : "11.0"
}
],
"products" : [
{
"name" : "SwiftyInAppMessaging",
"targets" : [
"SwiftyInAppMessagingTarget"
],
"type" : {
"library" : [
"automatic"
]
}
}
],
"swift_languages_versions" : [
"5"
],
"targets" : [
{
"c99name" : "SwiftyInAppMessagingTests",
"module_type" : "SwiftTarget",
"name" : "SwiftyInAppMessagingTests",
"path" : "Tests/SwiftyInAppMessagingTests",
"sources" : [
"Router/InAppMessaging+Router.swift",
"SwiftyInAppMessagingTests.swift",
"Utilities/DisplayMessage.swift",
"Utilities/Handler.swift",
"Utilities/Router.swift",
"XCTestManifests.swift"
],
"target_dependencies" : [
"SwiftyInAppMessaging"
],
"type" : "test"
},
{
"c99name" : "SwiftyInAppMessagingTarget",
"module_type" : "SwiftTarget",
"name" : "SwiftyInAppMessagingTarget",
"path" : "SwiftPM-PlatformExclude",
"product_memberships" : [
"SwiftyInAppMessaging"
],
"sources" : [
"Dummy.swift"
],
"target_dependencies" : [
"SwiftyInAppMessaging"
],
"type" : "library"
},
{
"c99name" : "SwiftyInAppMessaging",
"module_type" : "SwiftTarget",
"name" : "SwiftyInAppMessaging",
"path" : "Sources/SwiftyInAppMessaging",
"product_dependencies" : [
"FirebaseInAppMessaging-Beta"
],
"product_memberships" : [
"SwiftyInAppMessaging"
],
"sources" : [
"Default/Banner/InAppDefaultBannerMessageHandler.swift",
"Default/Banner/InAppDefaultBannerMessageView.swift",
"Default/Banner/InAppDefaultBannerMessageViewControlller.swift",
"Default/Card/InAppDefaultCardMessageHandler.swift",
"Default/Card/InAppDefaultCardMessageView.swift",
"Default/Card/InAppDefaultCardMessageViewController.swift",
"Default/DefaultInAppMessagingRouter.swift",
"Default/ImageOnly/InAppDefaultImageOnlyMessageHandler.swift",
"Default/ImageOnly/InAppDefaultImageOnlyMessageView.swift",
"Default/ImageOnly/InAppDefaultImageOnlyMessageViewController.swift",
"Default/Modal/InAppDefaultModalMessageHandler.swift",
"Default/Modal/InAppDefaultModalMessageView.swift",
"Default/Modal/InAppDefaultModalMessageViewController.swift",
"Extensions/InAppMessagingDisplayMessage+Extensions.swift",
"InAppMessageComponent.swift",
"InAppMessageHandler.swift",
"InAppMessageRouter.swift",
"SwiftyInAppMessaging.swift",
"SwiftyInAppMessagingError.swift",
"Uitilities/FontSize.swift",
"Uitilities/InAppMessagingActionButton+Extensions.swift",
"Uitilities/Log.swift",
"Uitilities/UIApplication+Extensions.swift",
"Uitilities/UIColor+Extensions.swift",
"Uitilities/UIImage+Extensions.swift",
"Uitilities/UIViewController+Extensions.swift"
],
"type" : "library"
}
],
"tools_version" : "6.0"
}
warning: 'spi-builder-workspace': /Users/admin/builder/spi-builder-workspace/Package.swift:6:15: warning: 'init(name:defaultLocalization:platforms:pkgConfig:providers:products:dependencies:targets:swiftLanguageVersions:cLanguageStandard:cxxLanguageStandard:)' is deprecated: replaced by 'init(name:defaultLocalization:platforms:pkgConfig:providers:products:dependencies:targets:swiftLanguageModes:cLanguageStandard:cxxLanguageStandard:)'
4 | import PackageDescription
5 |
6 | let package = Package(
| |- warning: 'init(name:defaultLocalization:platforms:pkgConfig:providers:products:dependencies:targets:swiftLanguageVersions:cLanguageStandard:cxxLanguageStandard:)' is deprecated: replaced by 'init(name:defaultLocalization:platforms:pkgConfig:providers:products:dependencies:targets:swiftLanguageModes:cLanguageStandard:cxxLanguageStandard:)'
| `- note: use 'init(name:defaultLocalization:platforms:pkgConfig:providers:products:dependencies:targets:swiftLanguageModes:cLanguageStandard:cxxLanguageStandard:)' instead
7 | name: "SwiftyInAppMessaging",
8 | platforms: [
Command line invocation:
/Applications/Xcode-16.3.0.app/Contents/Developer/usr/bin/xcodebuild -IDEClonedSourcePackagesDirPathOverride=/Users/admin/builder/spi-builder-workspace/.dependencies -resolvePackageDependencies
resolved source packages:
{
"dependencies" : [
{
"identity" : "firebase-ios-sdk",
"requirement" : {
"range" : [
{
"lower_bound" : "13.0.0",
"upper_bound" : "14.0.0"
}
]
},
"type" : "sourceControl",
"url" : "https://github.com/firebase/firebase-ios-sdk"
}
],
"manifest_display_name" : "SwiftyInAppMessaging",
"name" : "SwiftyInAppMessaging",
"path" : "/Users/admin/builder/spi-builder-workspace",
"platforms" : [
{
"name" : "ios",
"version" : "15.0"
},
{
"name" : "tvos",
"version" : "15.0"
},
{
"name" : "macos",
"version" : "11.0"
}
],
"products" : [
{
"name" : "SwiftyInAppMessaging",
"targets" : [
"SwiftyInAppMessagingTarget"
],
"type" : {
"library" : [
"automatic"
]
}
}
],
"swift_languages_versions" : [
"5"
],
"targets" : [
{
"c99name" : "SwiftyInAppMessagingTests",
"module_type" : "SwiftTarget",
"name" : "SwiftyInAppMessagingTests",
"path" : "Tests/SwiftyInAppMessagingTests",
"sources" : [
"Router/InAppMessaging+Router.swift",
"SwiftyInAppMessagingTests.swift",
"Utilities/DisplayMessage.swift",
"Utilities/Handler.swift",
"Utilities/Router.swift",
"XCTestManifests.swift"
],
"target_dependencies" : [
"SwiftyInAppMessaging"
],
"type" : "test"
},
{
"c99name" : "SwiftyInAppMessagingTarget",
"module_type" : "SwiftTarget",
"name" : "SwiftyInAppMessagingTarget",
"path" : "SwiftPM-PlatformExclude",
"product_memberships" : [
"SwiftyInAppMessaging"
],
"sources" : [
"Dummy.swift"
],
"target_dependencies" : [
"SwiftyInAppMessaging"
],
"type" : "library"
},
{
"c99name" : "SwiftyInAppMessaging",
"module_type" : "SwiftTarget",
"name" : "SwiftyInAppMessaging",
"path" : "Sources/SwiftyInAppMessaging",
"product_dependencies" : [
"FirebaseInAppMessaging-Beta"
],
"product_memberships" : [
"SwiftyInAppMessaging"
],
"sources" : [
"Default/Banner/InAppDefaultBannerMessageHandler.swift",
"Default/Banner/InAppDefaultBannerMessageView.swift",
"Default/Banner/InAppDefaultBannerMessageViewControlller.swift",
"Default/Card/InAppDefaultCardMessageHandler.swift",
"Default/Card/InAppDefaultCardMessageView.swift",
"Default/Card/InAppDefaultCardMessageViewController.swift",
"Default/DefaultInAppMessagingRouter.swift",
"Default/ImageOnly/InAppDefaultImageOnlyMessageHandler.swift",
"Default/ImageOnly/InAppDefaultImageOnlyMessageView.swift",
"Default/ImageOnly/InAppDefaultImageOnlyMessageViewController.swift",
"Default/Modal/InAppDefaultModalMessageHandler.swift",
"Default/Modal/InAppDefaultModalMessageView.swift",
"Default/Modal/InAppDefaultModalMessageViewController.swift",
"Extensions/InAppMessagingDisplayMessage+Extensions.swift",
"InAppMessageComponent.swift",
"InAppMessageHandler.swift",
"InAppMessageRouter.swift",
"SwiftyInAppMessaging.swift",
"SwiftyInAppMessagingError.swift",
"Uitilities/FontSize.swift",
"Uitilities/InAppMessagingActionButton+Extensions.swift",
"Uitilities/Log.swift",
"Uitilities/UIApplication+Extensions.swift",
"Uitilities/UIColor+Extensions.swift",
"Uitilities/UIImage+Extensions.swift",
"Uitilities/UIViewController+Extensions.swift"
],
"type" : "library"
}
],
"tools_version" : "6.0"
}
{
"project" : {
"configurations" : [
"Debug",
"Release"
],
"name" : "SwiftyInAppMessaging",
"schemes" : [
"FBLPromises",
"Firebase",
"FirebaseABTesting",
"FirebaseCore",
"FirebaseCoreDiagnostics",
"FirebaseInAppMessaging",
"FirebaseInAppMessaging_iOS",
"FirebaseInAppMessaging-Beta",
"FirebaseInAppMessagingTarget",
"FirebaseInstallations",
"FirebasePackageDescription",
"GoogleDataTransport",
"GoogleDataTransportPackageDescription",
"GoogleUtilities_Environment",
"GoogleUtilities_Logger",
"GoogleUtilities_UserDefaults",
"GoogleUtilitiesPackageDescription",
"GULEnvironment",
"GULLogger",
"GULUserDefaults",
"nanopb",
"nanopbPackageDescription",
"PromisesPackageDescription",
"SwiftyInAppMessaging-Package",
"SwiftyInAppMessagingPackageDescription",
"SwiftyInAppMessagingPackageTests"
],
"targets" : [
"FBLPromises",
"Firebase",
"FirebaseABTesting",
"FirebaseCore",
"FirebaseCoreDiagnostics",
"FirebaseInAppMessaging",
"FirebaseInAppMessaging-Beta",
"FirebaseInAppMessagingTarget",
"FirebaseInAppMessaging_iOS",
"FirebaseInstallations",
"FirebasePackageDescription",
"GULEnvironment",
"GULLogger",
"GULUserDefaults",
"GoogleDataTransport",
"GoogleDataTransportPackageDescription",
"GoogleUtilitiesPackageDescription",
"GoogleUtilities_Environment",
"GoogleUtilities_Logger",
"GoogleUtilities_UserDefaults",
"PromisesPackageDescription",
"SwiftyInAppMessaging",
"SwiftyInAppMessagingPackageDescription",
"SwiftyInAppMessagingPackageTests",
"SwiftyInAppMessagingTests",
"nanopb",
"nanopbPackageDescription"
]
}
}
2026-10-24 16:43:37.495 xcodebuild[619:3392] Writing error result bundle to /var/folders/5k/5yc19ymj0jqd5v0zvgfqz0xw0000gn/T/ResultBundle_2026-24-10_16-43-0037.xcresult
xcodebuild: error: Could not resolve package dependencies:
Failed to resolve dependencies Dependencies could not be resolved because 'firebase-ios-sdk' >= 13.0.0 contains incompatible tools version (6.2.0) and root depends on 'firebase-ios-sdk' 13.0.0..<14.0.0.
Command line invocation:
/Applications/Xcode-16.3.0.app/Contents/Developer/usr/bin/xcodebuild -IDEClonedSourcePackagesDirPathOverride=/Users/admin/builder/spi-builder-workspace/.dependencies -resolvePackageDependencies
Resolve Package Graph
Updating from https://github.com/firebase/firebase-ios-sdk
Resolved source packages:
spi-builder-workspace: (null)
2026-10-24 16:43:39.567 xcodebuild[764:4155] Writing error result bundle to /var/folders/5k/5yc19ymj0jqd5v0zvgfqz0xw0000gn/T/ResultBundle_2026-24-10_16-43-0039.xcresult
xcodebuild: error: Could not resolve package dependencies:
Failed to resolve dependencies Dependencies could not be resolved because 'firebase-ios-sdk' >= 13.0.0 contains incompatible tools version (6.2.0) and root depends on 'firebase-ios-sdk' 13.0.0..<14.0.0.
BUILD FAILURE 6.1 visionOS