Build Information
Failed to build CodexKit, reference main (f7fa39), with Swift 6.3 for watchOS using Xcode 26.4 on 13 Aug 2026 21:13:42 UTC.
Build Command
env DEVELOPER_DIR=/Applications/Xcode-26.4.0.app xcrun xcodebuild -IDEClonedSourcePackagesDirPathOverride=$PWD/.dependencies -skipMacroValidation -skipPackagePluginValidation -derivedDataPath $PWD/.derivedData build -scheme CodexKit-Package -destination generic/platform=watchOSBuild Log
SwiftDriver CodexAppServerKit normal arm64 com.apple.xcode.tools.swift.compiler (in target 'CodexAppServerKit' from project 'CodexKit')
cd /Users/admin/builder/spi-builder-workspace/.swiftpm/xcode
builtin-SwiftDriver -- /Applications/Xcode-26.4.0.app/Contents/Developer/Toolchains/XcodeDefault.xctoolchain/usr/bin/swiftc -module-name CodexAppServerKit -Onone @/Users/admin/builder/spi-builder-workspace/.derivedData/Build/Intermediates.noindex/CodexKit.build/Debug-watchos/CodexAppServerKit.build/Objects-normal/arm64/CodexAppServerKit.SwiftFileList -DSWIFT_PACKAGE -DDEBUG -DSWIFT_MODULE_RESOURCE_BUNDLE_UNAVAILABLE -DXcode -plugin-path /Applications/Xcode-26.4.0.app/Contents/Developer/Toolchains/XcodeDefault.xctoolchain/usr/lib/swift/host/plugins/testing -enable-experimental-feature DebugDescriptionMacro -sdk /Applications/Xcode-26.4.0.app/Contents/Developer/Platforms/WatchOS.platform/Developer/SDKs/WatchOS26.4.sdk -target arm64-apple-watchos5.0 -g -module-cache-path /Users/admin/builder/spi-builder-workspace/.derivedData/ModuleCache.noindex -Xfrontend -serialize-debugging-options -profile-coverage-mapping -profile-generate -enable-testing -index-store-path /Users/admin/builder/spi-builder-workspace/.derivedData/Index.noindex/DataStore -Xcc -D_LIBCPP_HARDENING_MODE\=_LIBCPP_HARDENING_MODE_DEBUG -swift-version 6 -I /Users/admin/builder/spi-builder-workspace/.derivedData/Build/Products/Debug-watchos -Isystem /Applications/Xcode-26.4.0.app/Contents/Developer/Platforms/WatchOS.platform/Developer/usr/lib -F /Users/admin/builder/spi-builder-workspace/.derivedData/Build/Products/Debug-watchos -F /Applications/Xcode-26.4.0.app/Contents/Developer/Platforms/WatchOS.platform/Developer/Library/Frameworks -F /Applications/Xcode-26.4.0.app/Contents/Developer/Platforms/WatchOS.platform/Developer/SDKs/WatchOS26.4.sdk/Developer/Library/Frameworks -c -j10 -enable-batch-mode -incremental -Xcc -ivfsstatcache -Xcc /Users/admin/builder/spi-builder-workspace/.derivedData/SDKStatCaches.noindex/watchos26.4-23T238-688ef53f1462e2c8f657fdc38a81448f9e51884a582f42380855760c9d4cc599.sdkstatcache -output-file-map /Users/admin/builder/spi-builder-workspace/.derivedData/Build/Intermediates.noindex/CodexKit.build/Debug-watchos/CodexAppServerKit.build/Objects-normal/arm64/CodexAppServerKit-OutputFileMap.json -use-frontend-parseable-output -save-temps -no-color-diagnostics -explicit-module-build -module-cache-path /Users/admin/builder/spi-builder-workspace/.derivedData/Build/Intermediates.noindex/SwiftExplicitPrecompiledModules -clang-scanner-module-cache-path /Users/admin/builder/spi-builder-workspace/.derivedData/ModuleCache.noindex -sdk-module-cache-path /Users/admin/builder/spi-builder-workspace/.derivedData/ModuleCache.noindex -serialize-diagnostics -emit-dependencies -emit-module -emit-module-path /Users/admin/builder/spi-builder-workspace/.derivedData/Build/Intermediates.noindex/CodexKit.build/Debug-watchos/CodexAppServerKit.build/Objects-normal/arm64/CodexAppServerKit.swiftmodule -validate-clang-modules-once -clang-build-session-file /Users/admin/builder/spi-builder-workspace/.derivedData/ModuleCache.noindex/Session.modulevalidation -package-name spi_builder_workspace -Xcc -I/Users/admin/builder/spi-builder-workspace/.derivedData/Build/Intermediates.noindex/CodexKit.build/Debug-watchos/CodexAppServerKit.build/swift-overrides.hmap -emit-const-values -Xfrontend -const-gather-protocols-file -Xfrontend /Users/admin/builder/spi-builder-workspace/.derivedData/Build/Intermediates.noindex/CodexKit.build/Debug-watchos/CodexAppServerKit.build/Objects-normal/arm64/CodexAppServerKit_const_extract_protocols.json -Xcc -I/Users/admin/builder/spi-builder-workspace/.derivedData/Build/Products/Debug-watchos/include -Xcc -I/Users/admin/builder/spi-builder-workspace/.derivedData/Build/Intermediates.noindex/CodexKit.build/Debug-watchos/CodexAppServerKit.build/DerivedSources-normal/arm64 -Xcc -I/Users/admin/builder/spi-builder-workspace/.derivedData/Build/Intermediates.noindex/CodexKit.build/Debug-watchos/CodexAppServerKit.build/DerivedSources/arm64 -Xcc -I/Users/admin/builder/spi-builder-workspace/.derivedData/Build/Intermediates.noindex/CodexKit.build/Debug-watchos/CodexAppServerKit.build/DerivedSources -Xcc -DSWIFT_PACKAGE -Xcc -DDEBUG\=1 -emit-objc-header -emit-objc-header-path /Users/admin/builder/spi-builder-workspace/.derivedData/Build/Intermediates.noindex/CodexKit.build/Debug-watchos/CodexAppServerKit.build/Objects-normal/arm64/CodexAppServerKit-Swift.h -working-directory /Users/admin/builder/spi-builder-workspace/.swiftpm/xcode -experimental-emit-module-separately -disable-cmo
SwiftDriver CodexAppServerKit normal arm64_32 com.apple.xcode.tools.swift.compiler (in target 'CodexAppServerKit' from project 'CodexKit')
cd /Users/admin/builder/spi-builder-workspace/.swiftpm/xcode
builtin-SwiftDriver -- /Applications/Xcode-26.4.0.app/Contents/Developer/Toolchains/XcodeDefault.xctoolchain/usr/bin/swiftc -module-name CodexAppServerKit -Onone @/Users/admin/builder/spi-builder-workspace/.derivedData/Build/Intermediates.noindex/CodexKit.build/Debug-watchos/CodexAppServerKit.build/Objects-normal/arm64_32/CodexAppServerKit.SwiftFileList -DSWIFT_PACKAGE -DDEBUG -DSWIFT_MODULE_RESOURCE_BUNDLE_UNAVAILABLE -DXcode -plugin-path /Applications/Xcode-26.4.0.app/Contents/Developer/Toolchains/XcodeDefault.xctoolchain/usr/lib/swift/host/plugins/testing -enable-experimental-feature DebugDescriptionMacro -sdk /Applications/Xcode-26.4.0.app/Contents/Developer/Platforms/WatchOS.platform/Developer/SDKs/WatchOS26.4.sdk -target arm64_32-apple-watchos5.0 -g -module-cache-path /Users/admin/builder/spi-builder-workspace/.derivedData/ModuleCache.noindex -Xfrontend -serialize-debugging-options -profile-coverage-mapping -profile-generate -enable-testing -index-store-path /Users/admin/builder/spi-builder-workspace/.derivedData/Index.noindex/DataStore -Xcc -D_LIBCPP_HARDENING_MODE\=_LIBCPP_HARDENING_MODE_DEBUG -swift-version 6 -I /Users/admin/builder/spi-builder-workspace/.derivedData/Build/Products/Debug-watchos -Isystem /Applications/Xcode-26.4.0.app/Contents/Developer/Platforms/WatchOS.platform/Developer/usr/lib -F /Users/admin/builder/spi-builder-workspace/.derivedData/Build/Products/Debug-watchos -F /Applications/Xcode-26.4.0.app/Contents/Developer/Platforms/WatchOS.platform/Developer/Library/Frameworks -F /Applications/Xcode-26.4.0.app/Contents/Developer/Platforms/WatchOS.platform/Developer/SDKs/WatchOS26.4.sdk/Developer/Library/Frameworks -c -j10 -enable-batch-mode -incremental -Xcc -ivfsstatcache -Xcc /Users/admin/builder/spi-builder-workspace/.derivedData/SDKStatCaches.noindex/watchos26.4-23T238-688ef53f1462e2c8f657fdc38a81448f9e51884a582f42380855760c9d4cc599.sdkstatcache -output-file-map /Users/admin/builder/spi-builder-workspace/.derivedData/Build/Intermediates.noindex/CodexKit.build/Debug-watchos/CodexAppServerKit.build/Objects-normal/arm64_32/CodexAppServerKit-OutputFileMap.json -use-frontend-parseable-output -save-temps -no-color-diagnostics -explicit-module-build -module-cache-path /Users/admin/builder/spi-builder-workspace/.derivedData/Build/Intermediates.noindex/SwiftExplicitPrecompiledModules -clang-scanner-module-cache-path /Users/admin/builder/spi-builder-workspace/.derivedData/ModuleCache.noindex -sdk-module-cache-path /Users/admin/builder/spi-builder-workspace/.derivedData/ModuleCache.noindex -serialize-diagnostics -emit-dependencies -emit-module -emit-module-path /Users/admin/builder/spi-builder-workspace/.derivedData/Build/Intermediates.noindex/CodexKit.build/Debug-watchos/CodexAppServerKit.build/Objects-normal/arm64_32/CodexAppServerKit.swiftmodule -validate-clang-modules-once -clang-build-session-file /Users/admin/builder/spi-builder-workspace/.derivedData/ModuleCache.noindex/Session.modulevalidation -package-name spi_builder_workspace -Xcc -I/Users/admin/builder/spi-builder-workspace/.derivedData/Build/Intermediates.noindex/CodexKit.build/Debug-watchos/CodexAppServerKit.build/swift-overrides.hmap -emit-const-values -Xfrontend -const-gather-protocols-file -Xfrontend /Users/admin/builder/spi-builder-workspace/.derivedData/Build/Intermediates.noindex/CodexKit.build/Debug-watchos/CodexAppServerKit.build/Objects-normal/arm64_32/CodexAppServerKit_const_extract_protocols.json -Xcc -I/Users/admin/builder/spi-builder-workspace/.derivedData/Build/Products/Debug-watchos/include -Xcc -I/Users/admin/builder/spi-builder-workspace/.derivedData/Build/Intermediates.noindex/CodexKit.build/Debug-watchos/CodexAppServerKit.build/DerivedSources-normal/arm64_32 -Xcc -I/Users/admin/builder/spi-builder-workspace/.derivedData/Build/Intermediates.noindex/CodexKit.build/Debug-watchos/CodexAppServerKit.build/DerivedSources/arm64_32 -Xcc -I/Users/admin/builder/spi-builder-workspace/.derivedData/Build/Intermediates.noindex/CodexKit.build/Debug-watchos/CodexAppServerKit.build/DerivedSources -Xcc -DSWIFT_PACKAGE -Xcc -DDEBUG\=1 -emit-objc-header -emit-objc-header-path /Users/admin/builder/spi-builder-workspace/.derivedData/Build/Intermediates.noindex/CodexKit.build/Debug-watchos/CodexAppServerKit.build/Objects-normal/arm64_32/CodexAppServerKit-Swift.h -working-directory /Users/admin/builder/spi-builder-workspace/.swiftpm/xcode -experimental-emit-module-separately -disable-cmo
SwiftDriver CodexAppServerKit normal armv7k com.apple.xcode.tools.swift.compiler (in target 'CodexAppServerKit' from project 'CodexKit')
cd /Users/admin/builder/spi-builder-workspace/.swiftpm/xcode
builtin-SwiftDriver -- /Applications/Xcode-26.4.0.app/Contents/Developer/Toolchains/XcodeDefault.xctoolchain/usr/bin/swiftc -module-name CodexAppServerKit -Onone @/Users/admin/builder/spi-builder-workspace/.derivedData/Build/Intermediates.noindex/CodexKit.build/Debug-watchos/CodexAppServerKit.build/Objects-normal/armv7k/CodexAppServerKit.SwiftFileList -DSWIFT_PACKAGE -DDEBUG -DSWIFT_MODULE_RESOURCE_BUNDLE_UNAVAILABLE -DXcode -plugin-path /Applications/Xcode-26.4.0.app/Contents/Developer/Toolchains/XcodeDefault.xctoolchain/usr/lib/swift/host/plugins/testing -enable-experimental-feature DebugDescriptionMacro -sdk /Applications/Xcode-26.4.0.app/Contents/Developer/Platforms/WatchOS.platform/Developer/SDKs/WatchOS26.4.sdk -target armv7k-apple-watchos5.0 -g -module-cache-path /Users/admin/builder/spi-builder-workspace/.derivedData/ModuleCache.noindex -Xfrontend -serialize-debugging-options -profile-coverage-mapping -profile-generate -enable-testing -index-store-path /Users/admin/builder/spi-builder-workspace/.derivedData/Index.noindex/DataStore -Xcc -D_LIBCPP_HARDENING_MODE\=_LIBCPP_HARDENING_MODE_DEBUG -swift-version 6 -I /Users/admin/builder/spi-builder-workspace/.derivedData/Build/Products/Debug-watchos -Isystem /Applications/Xcode-26.4.0.app/Contents/Developer/Platforms/WatchOS.platform/Developer/usr/lib -F /Users/admin/builder/spi-builder-workspace/.derivedData/Build/Products/Debug-watchos -F /Applications/Xcode-26.4.0.app/Contents/Developer/Platforms/WatchOS.platform/Developer/Library/Frameworks -F /Applications/Xcode-26.4.0.app/Contents/Developer/Platforms/WatchOS.platform/Developer/SDKs/WatchOS26.4.sdk/Developer/Library/Frameworks -c -j10 -enable-batch-mode -incremental -Xcc -ivfsstatcache -Xcc /Users/admin/builder/spi-builder-workspace/.derivedData/SDKStatCaches.noindex/watchos26.4-23T238-688ef53f1462e2c8f657fdc38a81448f9e51884a582f42380855760c9d4cc599.sdkstatcache -output-file-map /Users/admin/builder/spi-builder-workspace/.derivedData/Build/Intermediates.noindex/CodexKit.build/Debug-watchos/CodexAppServerKit.build/Objects-normal/armv7k/CodexAppServerKit-OutputFileMap.json -use-frontend-parseable-output -save-temps -no-color-diagnostics -explicit-module-build -module-cache-path /Users/admin/builder/spi-builder-workspace/.derivedData/Build/Intermediates.noindex/SwiftExplicitPrecompiledModules -clang-scanner-module-cache-path /Users/admin/builder/spi-builder-workspace/.derivedData/ModuleCache.noindex -sdk-module-cache-path /Users/admin/builder/spi-builder-workspace/.derivedData/ModuleCache.noindex -serialize-diagnostics -emit-dependencies -emit-module -emit-module-path /Users/admin/builder/spi-builder-workspace/.derivedData/Build/Intermediates.noindex/CodexKit.build/Debug-watchos/CodexAppServerKit.build/Objects-normal/armv7k/CodexAppServerKit.swiftmodule -validate-clang-modules-once -clang-build-session-file /Users/admin/builder/spi-builder-workspace/.derivedData/ModuleCache.noindex/Session.modulevalidation -package-name spi_builder_workspace -Xcc -I/Users/admin/builder/spi-builder-workspace/.derivedData/Build/Intermediates.noindex/CodexKit.build/Debug-watchos/CodexAppServerKit.build/swift-overrides.hmap -emit-const-values -Xfrontend -const-gather-protocols-file -Xfrontend /Users/admin/builder/spi-builder-workspace/.derivedData/Build/Intermediates.noindex/CodexKit.build/Debug-watchos/CodexAppServerKit.build/Objects-normal/armv7k/CodexAppServerKit_const_extract_protocols.json -Xcc -I/Users/admin/builder/spi-builder-workspace/.derivedData/Build/Products/Debug-watchos/include -Xcc -I/Users/admin/builder/spi-builder-workspace/.derivedData/Build/Intermediates.noindex/CodexKit.build/Debug-watchos/CodexAppServerKit.build/DerivedSources-normal/armv7k -Xcc -I/Users/admin/builder/spi-builder-workspace/.derivedData/Build/Intermediates.noindex/CodexKit.build/Debug-watchos/CodexAppServerKit.build/DerivedSources/armv7k -Xcc -I/Users/admin/builder/spi-builder-workspace/.derivedData/Build/Intermediates.noindex/CodexKit.build/Debug-watchos/CodexAppServerKit.build/DerivedSources -Xcc -DSWIFT_PACKAGE -Xcc -DDEBUG\=1 -emit-objc-header -emit-objc-header-path /Users/admin/builder/spi-builder-workspace/.derivedData/Build/Intermediates.noindex/CodexKit.build/Debug-watchos/CodexAppServerKit.build/Objects-normal/armv7k/CodexAppServerKit-Swift.h -working-directory /Users/admin/builder/spi-builder-workspace/.swiftpm/xcode -experimental-emit-module-separately -disable-cmo
ExtractAppIntentsMetadata (in target 'InternalCollectionsUtilities' from project 'swift-collections')
cd /Users/admin/builder/spi-builder-workspace/.dependencies/checkouts/swift-collections
/Applications/Xcode-26.4.0.app/Contents/Developer/Toolchains/XcodeDefault.xctoolchain/usr/bin/appintentsmetadataprocessor --toolchain-dir /var/run/com.apple.security.cryptexd/mnt/com.apple.MobileAsset.MetalToolchain-v17.5.188.0.IJstFb/Metal.xctoolchain --module-name InternalCollectionsUtilities --sdk-root /Applications/Xcode-26.4.0.app/Contents/Developer/Platforms/WatchOS.platform/Developer/SDKs/WatchOS26.4.sdk --xcode-version 17E192 --platform-family watchOS --deployment-target 5.0 --bundle-identifier swift-collections.InternalCollectionsUtilities --output /Users/admin/builder/spi-builder-workspace/.derivedData/Build/Products/Debug-watchos/InternalCollectionsUtilities.appintents --target-triple arm64-apple-watchos5.0 --target-triple armv7k-apple-watchos5.0 --target-triple arm64_32-apple-watchos5.0 --binary-file /Users/admin/builder/spi-builder-workspace/.derivedData/Build/Products/Debug-watchos/InternalCollectionsUtilities.o --dependency-file /Users/admin/builder/spi-builder-workspace/.derivedData/Build/Intermediates.noindex/swift-collections.build/Debug-watchos/InternalCollectionsUtilities.build/Objects-normal/arm64/InternalCollectionsUtilities_dependency_info.dat --dependency-file /Users/admin/builder/spi-builder-workspace/.derivedData/Build/Intermediates.noindex/swift-collections.build/Debug-watchos/InternalCollectionsUtilities.build/Objects-normal/armv7k/InternalCollectionsUtilities_dependency_info.dat --dependency-file /Users/admin/builder/spi-builder-workspace/.derivedData/Build/Intermediates.noindex/swift-collections.build/Debug-watchos/InternalCollectionsUtilities.build/Objects-normal/arm64_32/InternalCollectionsUtilities_dependency_info.dat --stringsdata-file /Users/admin/builder/spi-builder-workspace/.derivedData/Build/Intermediates.noindex/swift-collections.build/Debug-watchos/InternalCollectionsUtilities.build/Objects-normal/arm64/ExtractedAppShortcutsMetadata.stringsdata --stringsdata-file /Users/admin/builder/spi-builder-workspace/.derivedData/Build/Intermediates.noindex/swift-collections.build/Debug-watchos/InternalCollectionsUtilities.build/Objects-normal/armv7k/ExtractedAppShortcutsMetadata.stringsdata --stringsdata-file /Users/admin/builder/spi-builder-workspace/.derivedData/Build/Intermediates.noindex/swift-collections.build/Debug-watchos/InternalCollectionsUtilities.build/Objects-normal/arm64_32/ExtractedAppShortcutsMetadata.stringsdata --source-file-list /Users/admin/builder/spi-builder-workspace/.derivedData/Build/Intermediates.noindex/swift-collections.build/Debug-watchos/InternalCollectionsUtilities.build/Objects-normal/arm64/InternalCollectionsUtilities.SwiftFileList --source-file-list /Users/admin/builder/spi-builder-workspace/.derivedData/Build/Intermediates.noindex/swift-collections.build/Debug-watchos/InternalCollectionsUtilities.build/Objects-normal/armv7k/InternalCollectionsUtilities.SwiftFileList --source-file-list /Users/admin/builder/spi-builder-workspace/.derivedData/Build/Intermediates.noindex/swift-collections.build/Debug-watchos/InternalCollectionsUtilities.build/Objects-normal/arm64_32/InternalCollectionsUtilities.SwiftFileList --metadata-file-list /Users/admin/builder/spi-builder-workspace/.derivedData/Build/Intermediates.noindex/swift-collections.build/Debug-watchos/InternalCollectionsUtilities.build/InternalCollectionsUtilities.DependencyMetadataFileList --static-metadata-file-list /Users/admin/builder/spi-builder-workspace/.derivedData/Build/Intermediates.noindex/swift-collections.build/Debug-watchos/InternalCollectionsUtilities.build/InternalCollectionsUtilities.DependencyStaticMetadataFileList --swift-const-vals-list /Users/admin/builder/spi-builder-workspace/.derivedData/Build/Intermediates.noindex/swift-collections.build/Debug-watchos/InternalCollectionsUtilities.build/Objects-normal/arm64/InternalCollectionsUtilities.SwiftConstValuesFileList --swift-const-vals-list /Users/admin/builder/spi-builder-workspace/.derivedData/Build/Intermediates.noindex/swift-collections.build/Debug-watchos/InternalCollectionsUtilities.build/Objects-normal/armv7k/InternalCollectionsUtilities.SwiftConstValuesFileList --swift-const-vals-list /Users/admin/builder/spi-builder-workspace/.derivedData/Build/Intermediates.noindex/swift-collections.build/Debug-watchos/InternalCollectionsUtilities.build/Objects-normal/arm64_32/InternalCollectionsUtilities.SwiftConstValuesFileList --force --compile-time-extraction --deployment-aware-processing --validate-assistant-intents --no-app-shortcuts-localization
2026-08-13 17:13:42.105 appintentsmetadataprocessor[1069:6195] Starting appintentsmetadataprocessor export
2026-08-13 17:13:42.131 appintentsmetadataprocessor[1069:6195] Extracted no relevant App Intents symbols, skipping writing output
SwiftDriver DequeModule normal arm64_32 com.apple.xcode.tools.swift.compiler (in target 'DequeModule' from project 'swift-collections')
cd /Users/admin/builder/spi-builder-workspace/.swiftpm/xcode
builtin-SwiftDriver -- /Applications/Xcode-26.4.0.app/Contents/Developer/Toolchains/XcodeDefault.xctoolchain/usr/bin/swiftc -module-name DequeModule -Onone @/Users/admin/builder/spi-builder-workspace/.derivedData/Build/Intermediates.noindex/swift-collections.build/Debug-watchos/DequeModule.build/Objects-normal/arm64_32/DequeModule.SwiftFileList -DSWIFT_PACKAGE -DDEBUG -DSWIFT_MODULE_RESOURCE_BUNDLE_UNAVAILABLE -DCOLLECTIONS_RANDOMIZED_TESTING -DXcode -enable-experimental-feature AvailabilityMacro\=SwiftStdlib\ 5.0:\ macOS\ 10.14.4,\ iOS\ 12.2,\ watchOS\ 5.2,\ tvOS\ 12.2 -enable-experimental-feature AvailabilityMacro\=SwiftStdlib\ 5.1:\ macOS\ 10.15,\ iOS\ 13.0,\ watchOS\ 6.0,\ tvOS\ 13.0 -enable-experimental-feature AvailabilityMacro\=SwiftStdlib\ 5.6:\ macOS\ 12.3,\ iOS\ 15.4,\ watchOS\ 8.5,\ tvOS\ 15.4 -enable-experimental-feature AvailabilityMacro\=SwiftStdlib\ 5.7:\ macOS\ 13.0,\ iOS\ 16.0,\ watchOS\ 9.0,\ tvOS\ 16.0 -enable-experimental-feature AvailabilityMacro\=SwiftStdlib\ 5.8:\ macOS\ 13.3,\ iOS\ 16.4,\ watchOS\ 9.4,\ tvOS\ 16.4 -enable-experimental-feature AvailabilityMacro\=SwiftStdlib\ 5.9:\ macOS\ 14.0,\ iOS\ 17.0,\ watchOS\ 10.0,\ tvOS\ 17.0 -enable-experimental-feature AvailabilityMacro\=SwiftStdlib\ 5.10:\ macOS\ 14.4,\ iOS\ 17.4,\ watchOS\ 10.4,\ tvOS\ 17.4,\ visionOS\ 1.1 -enable-experimental-feature AvailabilityMacro\=SwiftStdlib\ 6.0:\ macOS\ 15.0,\ iOS\ 18.0,\ watchOS\ 11.0,\ tvOS\ 18.0,\ visionOS\ 2.0 -enable-experimental-feature AvailabilityMacro\=SwiftStdlib\ 6.1:\ macOS\ 15.4,\ iOS\ 18.4,\ watchOS\ 11.4,\ tvOS\ 18.4,\ visionOS\ 2.4 -enable-experimental-feature AvailabilityMacro\=SwiftStdlib\ 6.2:\ macOS\ 26.0,\ iOS\ 26.0,\ watchOS\ 26.0,\ tvOS\ 26.0,\ visionOS\ 26.0 -enable-experimental-feature AvailabilityMacro\=SwiftStdlib\ 6.3:\ macOS\ 26.4,\ iOS\ 26.4,\ watchOS\ 26.4,\ tvOS\ 26.4,\ visionOS\ 26.4 -enable-experimental-feature AvailabilityMacro\=SwiftStdlib\ 6.4:\ macOS\ 9999,\ iOS\ 9999,\ watchOS\ 9999,\ tvOS\ 9999,\ visionOS\ 9999 -enable-experimental-feature AvailabilityMacro\=SwiftStdlib\ 6.5:\ macOS\ 9999,\ iOS\ 9999,\ watchOS\ 9999,\ tvOS\ 9999,\ visionOS\ 9999 -enable-upcoming-feature MemberImportVisibility -enable-experimental-feature BuiltinModule -enable-experimental-feature Lifetimes -enable-experimental-feature InoutLifetimeDependence -enable-experimental-feature AddressableParameters -enable-experimental-feature AddressableTypes -enable-experimental-feature SuppressedAssociatedTypesWithDefaults -plugin-path /Applications/Xcode-26.4.0.app/Contents/Developer/Toolchains/XcodeDefault.xctoolchain/usr/lib/swift/host/plugins/testing -enable-experimental-feature DebugDescriptionMacro -sdk /Applications/Xcode-26.4.0.app/Contents/Developer/Platforms/WatchOS.platform/Developer/SDKs/WatchOS26.4.sdk -target arm64_32-apple-watchos5.0 -g -module-cache-path /Users/admin/builder/spi-builder-workspace/.derivedData/ModuleCache.noindex -Xfrontend -serialize-debugging-options -profile-coverage-mapping -profile-generate -enable-testing -suppress-warnings -index-store-path /Users/admin/builder/spi-builder-workspace/.derivedData/Index.noindex/DataStore -Xcc -D_LIBCPP_HARDENING_MODE\=_LIBCPP_HARDENING_MODE_DEBUG -swift-version 6 -I /Users/admin/builder/spi-builder-workspace/.derivedData/Build/Products/Debug-watchos -Isystem /Applications/Xcode-26.4.0.app/Contents/Developer/Platforms/WatchOS.platform/Developer/usr/lib -F /Users/admin/builder/spi-builder-workspace/.derivedData/Build/Products/Debug-watchos/PackageFrameworks -F /Users/admin/builder/spi-builder-workspace/.derivedData/Build/Products/Debug-watchos/PackageFrameworks -F /Users/admin/builder/spi-builder-workspace/.derivedData/Build/Products/Debug-watchos -F /Applications/Xcode-26.4.0.app/Contents/Developer/Platforms/WatchOS.platform/Developer/Library/Frameworks -F /Applications/Xcode-26.4.0.app/Contents/Developer/Platforms/WatchOS.platform/Developer/SDKs/WatchOS26.4.sdk/Developer/Library/Frameworks -c -j10 -enable-batch-mode -incremental -Xcc -ivfsstatcache -Xcc /Users/admin/builder/spi-builder-workspace/.derivedData/SDKStatCaches.noindex/watchos26.4-23T238-688ef53f1462e2c8f657fdc38a81448f9e51884a582f42380855760c9d4cc599.sdkstatcache -output-file-map /Users/admin/builder/spi-builder-workspace/.derivedData/Build/Intermediates.noindex/swift-collections.build/Debug-watchos/DequeModule.build/Objects-normal/arm64_32/DequeModule-OutputFileMap.json -use-frontend-parseable-output -save-temps -no-color-diagnostics -explicit-module-build -module-cache-path /Users/admin/builder/spi-builder-workspace/.derivedData/Build/Intermediates.noindex/SwiftExplicitPrecompiledModules -clang-scanner-module-cache-path /Users/admin/builder/spi-builder-workspace/.derivedData/ModuleCache.noindex -sdk-module-cache-path /Users/admin/builder/spi-builder-workspace/.derivedData/ModuleCache.noindex -serialize-diagnostics -emit-dependencies -emit-module -emit-module-path /Users/admin/builder/spi-builder-workspace/.derivedData/Build/Intermediates.noindex/swift-collections.build/Debug-watchos/DequeModule.build/Objects-normal/arm64_32/DequeModule.swiftmodule -user-module-version 1.6.0 -validate-clang-modules-once -clang-build-session-file /Users/admin/builder/spi-builder-workspace/.derivedData/ModuleCache.noindex/Session.modulevalidation -package-name swift_collections -Xcc -I/Users/admin/builder/spi-builder-workspace/.derivedData/Build/Intermediates.noindex/swift-collections.build/Debug-watchos/DequeModule.build/swift-overrides.hmap -emit-const-values -Xfrontend -const-gather-protocols-file -Xfrontend /Users/admin/builder/spi-builder-workspace/.derivedData/Build/Intermediates.noindex/swift-collections.build/Debug-watchos/DequeModule.build/Objects-normal/arm64_32/DequeModule_const_extract_protocols.json -Xcc -I/Users/admin/builder/spi-builder-workspace/.derivedData/Build/Products/Debug-watchos/include -Xcc -I/Users/admin/builder/spi-builder-workspace/.derivedData/Build/Intermediates.noindex/swift-collections.build/Debug-watchos/DequeModule.build/DerivedSources-normal/arm64_32 -Xcc -I/Users/admin/builder/spi-builder-workspace/.derivedData/Build/Intermediates.noindex/swift-collections.build/Debug-watchos/DequeModule.build/DerivedSources/arm64_32 -Xcc -I/Users/admin/builder/spi-builder-workspace/.derivedData/Build/Intermediates.noindex/swift-collections.build/Debug-watchos/DequeModule.build/DerivedSources -Xcc -DSWIFT_PACKAGE -Xcc -DDEBUG\=1 -emit-objc-header -emit-objc-header-path /Users/admin/builder/spi-builder-workspace/.derivedData/Build/Intermediates.noindex/swift-collections.build/Debug-watchos/DequeModule.build/Objects-normal/arm64_32/DequeModule-Swift.h -working-directory /Users/admin/builder/spi-builder-workspace/.swiftpm/xcode -experimental-emit-module-separately -disable-cmo
SwiftDriver DequeModule normal arm64 com.apple.xcode.tools.swift.compiler (in target 'DequeModule' from project 'swift-collections')
cd /Users/admin/builder/spi-builder-workspace/.swiftpm/xcode
builtin-SwiftDriver -- /Applications/Xcode-26.4.0.app/Contents/Developer/Toolchains/XcodeDefault.xctoolchain/usr/bin/swiftc -module-name DequeModule -Onone @/Users/admin/builder/spi-builder-workspace/.derivedData/Build/Intermediates.noindex/swift-collections.build/Debug-watchos/DequeModule.build/Objects-normal/arm64/DequeModule.SwiftFileList -DSWIFT_PACKAGE -DDEBUG -DSWIFT_MODULE_RESOURCE_BUNDLE_UNAVAILABLE -DCOLLECTIONS_RANDOMIZED_TESTING -DXcode -enable-experimental-feature AvailabilityMacro\=SwiftStdlib\ 5.0:\ macOS\ 10.14.4,\ iOS\ 12.2,\ watchOS\ 5.2,\ tvOS\ 12.2 -enable-experimental-feature AvailabilityMacro\=SwiftStdlib\ 5.1:\ macOS\ 10.15,\ iOS\ 13.0,\ watchOS\ 6.0,\ tvOS\ 13.0 -enable-experimental-feature AvailabilityMacro\=SwiftStdlib\ 5.6:\ macOS\ 12.3,\ iOS\ 15.4,\ watchOS\ 8.5,\ tvOS\ 15.4 -enable-experimental-feature AvailabilityMacro\=SwiftStdlib\ 5.7:\ macOS\ 13.0,\ iOS\ 16.0,\ watchOS\ 9.0,\ tvOS\ 16.0 -enable-experimental-feature AvailabilityMacro\=SwiftStdlib\ 5.8:\ macOS\ 13.3,\ iOS\ 16.4,\ watchOS\ 9.4,\ tvOS\ 16.4 -enable-experimental-feature AvailabilityMacro\=SwiftStdlib\ 5.9:\ macOS\ 14.0,\ iOS\ 17.0,\ watchOS\ 10.0,\ tvOS\ 17.0 -enable-experimental-feature AvailabilityMacro\=SwiftStdlib\ 5.10:\ macOS\ 14.4,\ iOS\ 17.4,\ watchOS\ 10.4,\ tvOS\ 17.4,\ visionOS\ 1.1 -enable-experimental-feature AvailabilityMacro\=SwiftStdlib\ 6.0:\ macOS\ 15.0,\ iOS\ 18.0,\ watchOS\ 11.0,\ tvOS\ 18.0,\ visionOS\ 2.0 -enable-experimental-feature AvailabilityMacro\=SwiftStdlib\ 6.1:\ macOS\ 15.4,\ iOS\ 18.4,\ watchOS\ 11.4,\ tvOS\ 18.4,\ visionOS\ 2.4 -enable-experimental-feature AvailabilityMacro\=SwiftStdlib\ 6.2:\ macOS\ 26.0,\ iOS\ 26.0,\ watchOS\ 26.0,\ tvOS\ 26.0,\ visionOS\ 26.0 -enable-experimental-feature AvailabilityMacro\=SwiftStdlib\ 6.3:\ macOS\ 26.4,\ iOS\ 26.4,\ watchOS\ 26.4,\ tvOS\ 26.4,\ visionOS\ 26.4 -enable-experimental-feature AvailabilityMacro\=SwiftStdlib\ 6.4:\ macOS\ 9999,\ iOS\ 9999,\ watchOS\ 9999,\ tvOS\ 9999,\ visionOS\ 9999 -enable-experimental-feature AvailabilityMacro\=SwiftStdlib\ 6.5:\ macOS\ 9999,\ iOS\ 9999,\ watchOS\ 9999,\ tvOS\ 9999,\ visionOS\ 9999 -enable-upcoming-feature MemberImportVisibility -enable-experimental-feature BuiltinModule -enable-experimental-feature Lifetimes -enable-experimental-feature InoutLifetimeDependence -enable-experimental-feature AddressableParameters -enable-experimental-feature AddressableTypes -enable-experimental-feature SuppressedAssociatedTypesWithDefaults -plugin-path /Applications/Xcode-26.4.0.app/Contents/Developer/Toolchains/XcodeDefault.xctoolchain/usr/lib/swift/host/plugins/testing -enable-experimental-feature DebugDescriptionMacro -sdk /Applications/Xcode-26.4.0.app/Contents/Developer/Platforms/WatchOS.platform/Developer/SDKs/WatchOS26.4.sdk -target arm64-apple-watchos5.0 -g -module-cache-path /Users/admin/builder/spi-builder-workspace/.derivedData/ModuleCache.noindex -Xfrontend -serialize-debugging-options -profile-coverage-mapping -profile-generate -enable-testing -suppress-warnings -index-store-path /Users/admin/builder/spi-builder-workspace/.derivedData/Index.noindex/DataStore -Xcc -D_LIBCPP_HARDENING_MODE\=_LIBCPP_HARDENING_MODE_DEBUG -swift-version 6 -I /Users/admin/builder/spi-builder-workspace/.derivedData/Build/Products/Debug-watchos -Isystem /Applications/Xcode-26.4.0.app/Contents/Developer/Platforms/WatchOS.platform/Developer/usr/lib -F /Users/admin/builder/spi-builder-workspace/.derivedData/Build/Products/Debug-watchos/PackageFrameworks -F /Users/admin/builder/spi-builder-workspace/.derivedData/Build/Products/Debug-watchos/PackageFrameworks -F /Users/admin/builder/spi-builder-workspace/.derivedData/Build/Products/Debug-watchos -F /Applications/Xcode-26.4.0.app/Contents/Developer/Platforms/WatchOS.platform/Developer/Library/Frameworks -F /Applications/Xcode-26.4.0.app/Contents/Developer/Platforms/WatchOS.platform/Developer/SDKs/WatchOS26.4.sdk/Developer/Library/Frameworks -c -j10 -enable-batch-mode -incremental -Xcc -ivfsstatcache -Xcc /Users/admin/builder/spi-builder-workspace/.derivedData/SDKStatCaches.noindex/watchos26.4-23T238-688ef53f1462e2c8f657fdc38a81448f9e51884a582f42380855760c9d4cc599.sdkstatcache -output-file-map /Users/admin/builder/spi-builder-workspace/.derivedData/Build/Intermediates.noindex/swift-collections.build/Debug-watchos/DequeModule.build/Objects-normal/arm64/DequeModule-OutputFileMap.json -use-frontend-parseable-output -save-temps -no-color-diagnostics -explicit-module-build -module-cache-path /Users/admin/builder/spi-builder-workspace/.derivedData/Build/Intermediates.noindex/SwiftExplicitPrecompiledModules -clang-scanner-module-cache-path /Users/admin/builder/spi-builder-workspace/.derivedData/ModuleCache.noindex -sdk-module-cache-path /Users/admin/builder/spi-builder-workspace/.derivedData/ModuleCache.noindex -serialize-diagnostics -emit-dependencies -emit-module -emit-module-path /Users/admin/builder/spi-builder-workspace/.derivedData/Build/Intermediates.noindex/swift-collections.build/Debug-watchos/DequeModule.build/Objects-normal/arm64/DequeModule.swiftmodule -user-module-version 1.6.0 -validate-clang-modules-once -clang-build-session-file /Users/admin/builder/spi-builder-workspace/.derivedData/ModuleCache.noindex/Session.modulevalidation -package-name swift_collections -Xcc -I/Users/admin/builder/spi-builder-workspace/.derivedData/Build/Intermediates.noindex/swift-collections.build/Debug-watchos/DequeModule.build/swift-overrides.hmap -emit-const-values -Xfrontend -const-gather-protocols-file -Xfrontend /Users/admin/builder/spi-builder-workspace/.derivedData/Build/Intermediates.noindex/swift-collections.build/Debug-watchos/DequeModule.build/Objects-normal/arm64/DequeModule_const_extract_protocols.json -Xcc -I/Users/admin/builder/spi-builder-workspace/.derivedData/Build/Products/Debug-watchos/include -Xcc -I/Users/admin/builder/spi-builder-workspace/.derivedData/Build/Intermediates.noindex/swift-collections.build/Debug-watchos/DequeModule.build/DerivedSources-normal/arm64 -Xcc -I/Users/admin/builder/spi-builder-workspace/.derivedData/Build/Intermediates.noindex/swift-collections.build/Debug-watchos/DequeModule.build/DerivedSources/arm64 -Xcc -I/Users/admin/builder/spi-builder-workspace/.derivedData/Build/Intermediates.noindex/swift-collections.build/Debug-watchos/DequeModule.build/DerivedSources -Xcc -DSWIFT_PACKAGE -Xcc -DDEBUG\=1 -emit-objc-header -emit-objc-header-path /Users/admin/builder/spi-builder-workspace/.derivedData/Build/Intermediates.noindex/swift-collections.build/Debug-watchos/DequeModule.build/Objects-normal/arm64/DequeModule-Swift.h -working-directory /Users/admin/builder/spi-builder-workspace/.swiftpm/xcode -experimental-emit-module-separately -disable-cmo
SwiftDriver DequeModule normal armv7k com.apple.xcode.tools.swift.compiler (in target 'DequeModule' from project 'swift-collections')
cd /Users/admin/builder/spi-builder-workspace/.swiftpm/xcode
builtin-SwiftDriver -- /Applications/Xcode-26.4.0.app/Contents/Developer/Toolchains/XcodeDefault.xctoolchain/usr/bin/swiftc -module-name DequeModule -Onone @/Users/admin/builder/spi-builder-workspace/.derivedData/Build/Intermediates.noindex/swift-collections.build/Debug-watchos/DequeModule.build/Objects-normal/armv7k/DequeModule.SwiftFileList -DSWIFT_PACKAGE -DDEBUG -DSWIFT_MODULE_RESOURCE_BUNDLE_UNAVAILABLE -DCOLLECTIONS_RANDOMIZED_TESTING -DXcode -enable-experimental-feature AvailabilityMacro\=SwiftStdlib\ 5.0:\ macOS\ 10.14.4,\ iOS\ 12.2,\ watchOS\ 5.2,\ tvOS\ 12.2 -enable-experimental-feature AvailabilityMacro\=SwiftStdlib\ 5.1:\ macOS\ 10.15,\ iOS\ 13.0,\ watchOS\ 6.0,\ tvOS\ 13.0 -enable-experimental-feature AvailabilityMacro\=SwiftStdlib\ 5.6:\ macOS\ 12.3,\ iOS\ 15.4,\ watchOS\ 8.5,\ tvOS\ 15.4 -enable-experimental-feature AvailabilityMacro\=SwiftStdlib\ 5.7:\ macOS\ 13.0,\ iOS\ 16.0,\ watchOS\ 9.0,\ tvOS\ 16.0 -enable-experimental-feature AvailabilityMacro\=SwiftStdlib\ 5.8:\ macOS\ 13.3,\ iOS\ 16.4,\ watchOS\ 9.4,\ tvOS\ 16.4 -enable-experimental-feature AvailabilityMacro\=SwiftStdlib\ 5.9:\ macOS\ 14.0,\ iOS\ 17.0,\ watchOS\ 10.0,\ tvOS\ 17.0 -enable-experimental-feature AvailabilityMacro\=SwiftStdlib\ 5.10:\ macOS\ 14.4,\ iOS\ 17.4,\ watchOS\ 10.4,\ tvOS\ 17.4,\ visionOS\ 1.1 -enable-experimental-feature AvailabilityMacro\=SwiftStdlib\ 6.0:\ macOS\ 15.0,\ iOS\ 18.0,\ watchOS\ 11.0,\ tvOS\ 18.0,\ visionOS\ 2.0 -enable-experimental-feature AvailabilityMacro\=SwiftStdlib\ 6.1:\ macOS\ 15.4,\ iOS\ 18.4,\ watchOS\ 11.4,\ tvOS\ 18.4,\ visionOS\ 2.4 -enable-experimental-feature AvailabilityMacro\=SwiftStdlib\ 6.2:\ macOS\ 26.0,\ iOS\ 26.0,\ watchOS\ 26.0,\ tvOS\ 26.0,\ visionOS\ 26.0 -enable-experimental-feature AvailabilityMacro\=SwiftStdlib\ 6.3:\ macOS\ 26.4,\ iOS\ 26.4,\ watchOS\ 26.4,\ tvOS\ 26.4,\ visionOS\ 26.4 -enable-experimental-feature AvailabilityMacro\=SwiftStdlib\ 6.4:\ macOS\ 9999,\ iOS\ 9999,\ watchOS\ 9999,\ tvOS\ 9999,\ visionOS\ 9999 -enable-experimental-feature AvailabilityMacro\=SwiftStdlib\ 6.5:\ macOS\ 9999,\ iOS\ 9999,\ watchOS\ 9999,\ tvOS\ 9999,\ visionOS\ 9999 -enable-upcoming-feature MemberImportVisibility -enable-experimental-feature BuiltinModule -enable-experimental-feature Lifetimes -enable-experimental-feature InoutLifetimeDependence -enable-experimental-feature AddressableParameters -enable-experimental-feature AddressableTypes -enable-experimental-feature SuppressedAssociatedTypesWithDefaults -plugin-path /Applications/Xcode-26.4.0.app/Contents/Developer/Toolchains/XcodeDefault.xctoolchain/usr/lib/swift/host/plugins/testing -enable-experimental-feature DebugDescriptionMacro -sdk /Applications/Xcode-26.4.0.app/Contents/Developer/Platforms/WatchOS.platform/Developer/SDKs/WatchOS26.4.sdk -target armv7k-apple-watchos5.0 -g -module-cache-path /Users/admin/builder/spi-builder-workspace/.derivedData/ModuleCache.noindex -Xfrontend -serialize-debugging-options -profile-coverage-mapping -profile-generate -enable-testing -suppress-warnings -index-store-path /Users/admin/builder/spi-builder-workspace/.derivedData/Index.noindex/DataStore -Xcc -D_LIBCPP_HARDENING_MODE\=_LIBCPP_HARDENING_MODE_DEBUG -swift-version 6 -I /Users/admin/builder/spi-builder-workspace/.derivedData/Build/Products/Debug-watchos -Isystem /Applications/Xcode-26.4.0.app/Contents/Developer/Platforms/WatchOS.platform/Developer/usr/lib -F /Users/admin/builder/spi-builder-workspace/.derivedData/Build/Products/Debug-watchos/PackageFrameworks -F /Users/admin/builder/spi-builder-workspace/.derivedData/Build/Products/Debug-watchos/PackageFrameworks -F /Users/admin/builder/spi-builder-workspace/.derivedData/Build/Products/Debug-watchos -F /Applications/Xcode-26.4.0.app/Contents/Developer/Platforms/WatchOS.platform/Developer/Library/Frameworks -F /Applications/Xcode-26.4.0.app/Contents/Developer/Platforms/WatchOS.platform/Developer/SDKs/WatchOS26.4.sdk/Developer/Library/Frameworks -c -j10 -enable-batch-mode -incremental -Xcc -ivfsstatcache -Xcc /Users/admin/builder/spi-builder-workspace/.derivedData/SDKStatCaches.noindex/watchos26.4-23T238-688ef53f1462e2c8f657fdc38a81448f9e51884a582f42380855760c9d4cc599.sdkstatcache -output-file-map /Users/admin/builder/spi-builder-workspace/.derivedData/Build/Intermediates.noindex/swift-collections.build/Debug-watchos/DequeModule.build/Objects-normal/armv7k/DequeModule-OutputFileMap.json -use-frontend-parseable-output -save-temps -no-color-diagnostics -explicit-module-build -module-cache-path /Users/admin/builder/spi-builder-workspace/.derivedData/Build/Intermediates.noindex/SwiftExplicitPrecompiledModules -clang-scanner-module-cache-path /Users/admin/builder/spi-builder-workspace/.derivedData/ModuleCache.noindex -sdk-module-cache-path /Users/admin/builder/spi-builder-workspace/.derivedData/ModuleCache.noindex -serialize-diagnostics -emit-dependencies -emit-module -emit-module-path /Users/admin/builder/spi-builder-workspace/.derivedData/Build/Intermediates.noindex/swift-collections.build/Debug-watchos/DequeModule.build/Objects-normal/armv7k/DequeModule.swiftmodule -user-module-version 1.6.0 -validate-clang-modules-once -clang-build-session-file /Users/admin/builder/spi-builder-workspace/.derivedData/ModuleCache.noindex/Session.modulevalidation -package-name swift_collections -Xcc -I/Users/admin/builder/spi-builder-workspace/.derivedData/Build/Intermediates.noindex/swift-collections.build/Debug-watchos/DequeModule.build/swift-overrides.hmap -emit-const-values -Xfrontend -const-gather-protocols-file -Xfrontend /Users/admin/builder/spi-builder-workspace/.derivedData/Build/Intermediates.noindex/swift-collections.build/Debug-watchos/DequeModule.build/Objects-normal/armv7k/DequeModule_const_extract_protocols.json -Xcc -I/Users/admin/builder/spi-builder-workspace/.derivedData/Build/Products/Debug-watchos/include -Xcc -I/Users/admin/builder/spi-builder-workspace/.derivedData/Build/Intermediates.noindex/swift-collections.build/Debug-watchos/DequeModule.build/DerivedSources-normal/armv7k -Xcc -I/Users/admin/builder/spi-builder-workspace/.derivedData/Build/Intermediates.noindex/swift-collections.build/Debug-watchos/DequeModule.build/DerivedSources/armv7k -Xcc -I/Users/admin/builder/spi-builder-workspace/.derivedData/Build/Intermediates.noindex/swift-collections.build/Debug-watchos/DequeModule.build/DerivedSources -Xcc -DSWIFT_PACKAGE -Xcc -DDEBUG\=1 -emit-objc-header -emit-objc-header-path /Users/admin/builder/spi-builder-workspace/.derivedData/Build/Intermediates.noindex/swift-collections.build/Debug-watchos/DequeModule.build/Objects-normal/armv7k/DequeModule-Swift.h -working-directory /Users/admin/builder/spi-builder-workspace/.swiftpm/xcode -experimental-emit-module-separately -disable-cmo
SwiftEmitModule normal arm64_32 Emitting\ module\ for\ DequeModule (in target 'DequeModule' from project 'swift-collections')
EmitSwiftModule normal arm64_32 (in target 'DequeModule' from project 'swift-collections')
cd /Users/admin/builder/spi-builder-workspace/.swiftpm/xcode
SwiftCompile normal arm64_32 Compiling\ Deque+ExpressibleByArrayLiteral.swift,\ Deque+Extras.swift,\ Deque+Hashable.swift,\ Deque+Testing.swift,\ Deque._Storage.swift /Users/admin/builder/spi-builder-workspace/.dependencies/checkouts/swift-collections/Sources/DequeModule/Deque/Deque+ExpressibleByArrayLiteral.swift /Users/admin/builder/spi-builder-workspace/.dependencies/checkouts/swift-collections/Sources/DequeModule/Deque/Deque+Extras.swift /Users/admin/builder/spi-builder-workspace/.dependencies/checkouts/swift-collections/Sources/DequeModule/Deque/Deque+Hashable.swift /Users/admin/builder/spi-builder-workspace/.dependencies/checkouts/swift-collections/Sources/DequeModule/Deque/Deque+Testing.swift /Users/admin/builder/spi-builder-workspace/.dependencies/checkouts/swift-collections/Sources/DequeModule/Deque/Deque._Storage.swift (in target 'DequeModule' from project 'swift-collections')
SwiftCompile normal arm64_32 /Users/admin/builder/spi-builder-workspace/.dependencies/checkouts/swift-collections/Sources/DequeModule/Deque/Deque+ExpressibleByArrayLiteral.swift (in target 'DequeModule' from project 'swift-collections')
cd /Users/admin/builder/spi-builder-workspace/.swiftpm/xcode
SwiftCompile normal arm64_32 /Users/admin/builder/spi-builder-workspace/.dependencies/checkouts/swift-collections/Sources/DequeModule/Deque/Deque+Extras.swift (in target 'DequeModule' from project 'swift-collections')
cd /Users/admin/builder/spi-builder-workspace/.swiftpm/xcode
SwiftCompile normal arm64_32 /Users/admin/builder/spi-builder-workspace/.dependencies/checkouts/swift-collections/Sources/DequeModule/Deque/Deque+Hashable.swift (in target 'DequeModule' from project 'swift-collections')
cd /Users/admin/builder/spi-builder-workspace/.swiftpm/xcode
SwiftCompile normal arm64_32 /Users/admin/builder/spi-builder-workspace/.dependencies/checkouts/swift-collections/Sources/DequeModule/Deque/Deque+Testing.swift (in target 'DequeModule' from project 'swift-collections')
cd /Users/admin/builder/spi-builder-workspace/.swiftpm/xcode
SwiftCompile normal arm64_32 /Users/admin/builder/spi-builder-workspace/.dependencies/checkouts/swift-collections/Sources/DequeModule/Deque/Deque._Storage.swift (in target 'DequeModule' from project 'swift-collections')
cd /Users/admin/builder/spi-builder-workspace/.swiftpm/xcode
SwiftCompile normal arm64_32 Compiling\ UniqueDeque.swift,\ _DequeSlot.swift,\ _UnsafeDequeHandle.swift,\ _UnsafeDequeSegments.swift /Users/admin/builder/spi-builder-workspace/.dependencies/checkouts/swift-collections/Sources/DequeModule/UniqueDeque/UniqueDeque.swift /Users/admin/builder/spi-builder-workspace/.dependencies/checkouts/swift-collections/Sources/DequeModule/_DequeSlot.swift /Users/admin/builder/spi-builder-workspace/.dependencies/checkouts/swift-collections/Sources/DequeModule/_UnsafeDequeHandle.swift /Users/admin/builder/spi-builder-workspace/.dependencies/checkouts/swift-collections/Sources/DequeModule/_UnsafeDequeSegments.swift (in target 'DequeModule' from project 'swift-collections')
SwiftCompile normal arm64_32 /Users/admin/builder/spi-builder-workspace/.dependencies/checkouts/swift-collections/Sources/DequeModule/UniqueDeque/UniqueDeque.swift (in target 'DequeModule' from project 'swift-collections')
cd /Users/admin/builder/spi-builder-workspace/.swiftpm/xcode
SwiftCompile normal arm64_32 /Users/admin/builder/spi-builder-workspace/.dependencies/checkouts/swift-collections/Sources/DequeModule/_DequeSlot.swift (in target 'DequeModule' from project 'swift-collections')
cd /Users/admin/builder/spi-builder-workspace/.swiftpm/xcode
SwiftCompile normal arm64_32 /Users/admin/builder/spi-builder-workspace/.dependencies/checkouts/swift-collections/Sources/DequeModule/_UnsafeDequeHandle.swift (in target 'DequeModule' from project 'swift-collections')
cd /Users/admin/builder/spi-builder-workspace/.swiftpm/xcode
SwiftCompile normal arm64_32 /Users/admin/builder/spi-builder-workspace/.dependencies/checkouts/swift-collections/Sources/DequeModule/_UnsafeDequeSegments.swift (in target 'DequeModule' from project 'swift-collections')
cd /Users/admin/builder/spi-builder-workspace/.swiftpm/xcode
SwiftCompile normal arm64_32 Compiling\ Deque+Codable.swift,\ Deque+Collection.swift,\ Deque+CustomReflectable.swift,\ Deque+Descriptions.swift,\ Deque+Equatable.swift /Users/admin/builder/spi-builder-workspace/.dependencies/checkouts/swift-collections/Sources/DequeModule/Deque/Deque+Codable.swift /Users/admin/builder/spi-builder-workspace/.dependencies/checkouts/swift-collections/Sources/DequeModule/Deque/Deque+Collection.swift /Users/admin/builder/spi-builder-workspace/.dependencies/checkouts/swift-collections/Sources/DequeModule/Deque/Deque+CustomReflectable.swift /Users/admin/builder/spi-builder-workspace/.dependencies/checkouts/swift-collections/Sources/DequeModule/Deque/Deque+Descriptions.swift /Users/admin/builder/spi-builder-workspace/.dependencies/checkouts/swift-collections/Sources/DequeModule/Deque/Deque+Equatable.swift (in target 'DequeModule' from project 'swift-collections')
SwiftCompile normal arm64_32 /Users/admin/builder/spi-builder-workspace/.dependencies/checkouts/swift-collections/Sources/DequeModule/Deque/Deque+Codable.swift (in target 'DequeModule' from project 'swift-collections')
cd /Users/admin/builder/spi-builder-workspace/.swiftpm/xcode
SwiftCompile normal arm64_32 /Users/admin/builder/spi-builder-workspace/.dependencies/checkouts/swift-collections/Sources/DequeModule/Deque/Deque+Collection.swift (in target 'DequeModule' from project 'swift-collections')
cd /Users/admin/builder/spi-builder-workspace/.swiftpm/xcode
SwiftCompile normal arm64_32 /Users/admin/builder/spi-builder-workspace/.dependencies/checkouts/swift-collections/Sources/DequeModule/Deque/Deque+CustomReflectable.swift (in target 'DequeModule' from project 'swift-collections')
cd /Users/admin/builder/spi-builder-workspace/.swiftpm/xcode
SwiftCompile normal arm64_32 /Users/admin/builder/spi-builder-workspace/.dependencies/checkouts/swift-collections/Sources/DequeModule/Deque/Deque+Descriptions.swift (in target 'DequeModule' from project 'swift-collections')
cd /Users/admin/builder/spi-builder-workspace/.swiftpm/xcode
SwiftCompile normal arm64_32 /Users/admin/builder/spi-builder-workspace/.dependencies/checkouts/swift-collections/Sources/DequeModule/Deque/Deque+Equatable.swift (in target 'DequeModule' from project 'swift-collections')
cd /Users/admin/builder/spi-builder-workspace/.swiftpm/xcode
SwiftEmitModule normal arm64 Emitting\ module\ for\ DequeModule (in target 'DequeModule' from project 'swift-collections')
EmitSwiftModule normal arm64 (in target 'DequeModule' from project 'swift-collections')
cd /Users/admin/builder/spi-builder-workspace/.swiftpm/xcode
SwiftCompile normal arm64 Compiling\ UniqueDeque+Equatable.swift,\ UniqueDeque+Experimental.swift,\ UniqueDeque+Hashable.swift,\ UniqueDeque+Initializers.swift /Users/admin/builder/spi-builder-workspace/.dependencies/checkouts/swift-collections/Sources/DequeModule/UniqueDeque/UniqueDeque+Equatable.swift /Users/admin/builder/spi-builder-workspace/.dependencies/checkouts/swift-collections/Sources/DequeModule/UniqueDeque/UniqueDeque+Experimental.swift /Users/admin/builder/spi-builder-workspace/.dependencies/checkouts/swift-collections/Sources/DequeModule/UniqueDeque/UniqueDeque+Hashable.swift /Users/admin/builder/spi-builder-workspace/.dependencies/checkouts/swift-collections/Sources/DequeModule/UniqueDeque/UniqueDeque+Initializers.swift (in target 'DequeModule' from project 'swift-collections')
SwiftCompile normal arm64 /Users/admin/builder/spi-builder-workspace/.dependencies/checkouts/swift-collections/Sources/DequeModule/UniqueDeque/UniqueDeque+Equatable.swift (in target 'DequeModule' from project 'swift-collections')
cd /Users/admin/builder/spi-builder-workspace/.swiftpm/xcode
SwiftCompile normal arm64 /Users/admin/builder/spi-builder-workspace/.dependencies/checkouts/swift-collections/Sources/DequeModule/UniqueDeque/UniqueDeque+Experimental.swift (in target 'DequeModule' from project 'swift-collections')
cd /Users/admin/builder/spi-builder-workspace/.swiftpm/xcode
SwiftCompile normal arm64 /Users/admin/builder/spi-builder-workspace/.dependencies/checkouts/swift-collections/Sources/DequeModule/UniqueDeque/UniqueDeque+Hashable.swift (in target 'DequeModule' from project 'swift-collections')
cd /Users/admin/builder/spi-builder-workspace/.swiftpm/xcode
SwiftCompile normal arm64 /Users/admin/builder/spi-builder-workspace/.dependencies/checkouts/swift-collections/Sources/DequeModule/UniqueDeque/UniqueDeque+Initializers.swift (in target 'DequeModule' from project 'swift-collections')
cd /Users/admin/builder/spi-builder-workspace/.swiftpm/xcode
SwiftEmitModule normal armv7k Emitting\ module\ for\ DequeModule (in target 'DequeModule' from project 'swift-collections')
EmitSwiftModule normal armv7k (in target 'DequeModule' from project 'swift-collections')
cd /Users/admin/builder/spi-builder-workspace/.swiftpm/xcode
SwiftCompile normal armv7k Compiling\ UniqueDeque.swift,\ _DequeSlot.swift,\ _UnsafeDequeHandle.swift,\ _UnsafeDequeSegments.swift /Users/admin/builder/spi-builder-workspace/.dependencies/checkouts/swift-collections/Sources/DequeModule/UniqueDeque/UniqueDeque.swift /Users/admin/builder/spi-builder-workspace/.dependencies/checkouts/swift-collections/Sources/DequeModule/_DequeSlot.swift /Users/admin/builder/spi-builder-workspace/.dependencies/checkouts/swift-collections/Sources/DequeModule/_UnsafeDequeHandle.swift /Users/admin/builder/spi-builder-workspace/.dependencies/checkouts/swift-collections/Sources/DequeModule/_UnsafeDequeSegments.swift (in target 'DequeModule' from project 'swift-collections')
SwiftCompile normal armv7k /Users/admin/builder/spi-builder-workspace/.dependencies/checkouts/swift-collections/Sources/DequeModule/UniqueDeque/UniqueDeque.swift (in target 'DequeModule' from project 'swift-collections')
cd /Users/admin/builder/spi-builder-workspace/.swiftpm/xcode
SwiftCompile normal armv7k /Users/admin/builder/spi-builder-workspace/.dependencies/checkouts/swift-collections/Sources/DequeModule/_DequeSlot.swift (in target 'DequeModule' from project 'swift-collections')
cd /Users/admin/builder/spi-builder-workspace/.swiftpm/xcode
SwiftCompile normal armv7k /Users/admin/builder/spi-builder-workspace/.dependencies/checkouts/swift-collections/Sources/DequeModule/_UnsafeDequeHandle.swift (in target 'DequeModule' from project 'swift-collections')
cd /Users/admin/builder/spi-builder-workspace/.swiftpm/xcode
SwiftCompile normal armv7k /Users/admin/builder/spi-builder-workspace/.dependencies/checkouts/swift-collections/Sources/DequeModule/_UnsafeDequeSegments.swift (in target 'DequeModule' from project 'swift-collections')
cd /Users/admin/builder/spi-builder-workspace/.swiftpm/xcode
SwiftCompile normal armv7k Compiling\ Deque+ExpressibleByArrayLiteral.swift,\ Deque+Extras.swift,\ Deque+Hashable.swift,\ Deque+Testing.swift,\ Deque._Storage.swift /Users/admin/builder/spi-builder-workspace/.dependencies/checkouts/swift-collections/Sources/DequeModule/Deque/Deque+ExpressibleByArrayLiteral.swift /Users/admin/builder/spi-builder-workspace/.dependencies/checkouts/swift-collections/Sources/DequeModule/Deque/Deque+Extras.swift /Users/admin/builder/spi-builder-workspace/.dependencies/checkouts/swift-collections/Sources/DequeModule/Deque/Deque+Hashable.swift /Users/admin/builder/spi-builder-workspace/.dependencies/checkouts/swift-collections/Sources/DequeModule/Deque/Deque+Testing.swift /Users/admin/builder/spi-builder-workspace/.dependencies/checkouts/swift-collections/Sources/DequeModule/Deque/Deque._Storage.swift (in target 'DequeModule' from project 'swift-collections')
SwiftCompile normal armv7k /Users/admin/builder/spi-builder-workspace/.dependencies/checkouts/swift-collections/Sources/DequeModule/Deque/Deque+ExpressibleByArrayLiteral.swift (in target 'DequeModule' from project 'swift-collections')
cd /Users/admin/builder/spi-builder-workspace/.swiftpm/xcode
SwiftCompile normal armv7k /Users/admin/builder/spi-builder-workspace/.dependencies/checkouts/swift-collections/Sources/DequeModule/Deque/Deque+Extras.swift (in target 'DequeModule' from project 'swift-collections')
cd /Users/admin/builder/spi-builder-workspace/.swiftpm/xcode
SwiftCompile normal armv7k /Users/admin/builder/spi-builder-workspace/.dependencies/checkouts/swift-collections/Sources/DequeModule/Deque/Deque+Hashable.swift (in target 'DequeModule' from project 'swift-collections')
cd /Users/admin/builder/spi-builder-workspace/.swiftpm/xcode
SwiftCompile normal armv7k /Users/admin/builder/spi-builder-workspace/.dependencies/checkouts/swift-collections/Sources/DequeModule/Deque/Deque+Testing.swift (in target 'DequeModule' from project 'swift-collections')
cd /Users/admin/builder/spi-builder-workspace/.swiftpm/xcode
SwiftCompile normal armv7k /Users/admin/builder/spi-builder-workspace/.dependencies/checkouts/swift-collections/Sources/DequeModule/Deque/Deque._Storage.swift (in target 'DequeModule' from project 'swift-collections')
cd /Users/admin/builder/spi-builder-workspace/.swiftpm/xcode
SwiftEmitModule normal arm64 Emitting\ module\ for\ CodexAppServerKit (in target 'CodexAppServerKit' from project 'CodexKit')
Failed frontend command:
/Applications/Xcode-26.4.0.app/Contents/Developer/Toolchains/XcodeDefault.xctoolchain/usr/bin/swift-frontend -frontend -emit-module -experimental-skip-non-inlinable-function-bodies-without-types /Users/admin/builder/spi-builder-workspace/Sources/CodexAppServerKit/AccountEventHub.swift /Users/admin/builder/spi-builder-workspace/Sources/CodexAppServerKit/AppServerClient.swift /Users/admin/builder/spi-builder-workspace/Sources/CodexAppServerKit/AppServerConnection.swift /Users/admin/builder/spi-builder-workspace/Sources/CodexAppServerKit/AppServerNotificationDecoder.swift /Users/admin/builder/spi-builder-workspace/Sources/CodexAppServerKit/AppServerProcessTransport.swift /Users/admin/builder/spi-builder-workspace/Sources/CodexAppServerKit/AppServerRequests.swift /Users/admin/builder/spi-builder-workspace/Sources/CodexAppServerKit/CodexAppServer.swift /Users/admin/builder/spi-builder-workspace/Sources/CodexAppServerKit/CodexAppServerNotificationRouter.swift /Users/admin/builder/spi-builder-workspace/Sources/CodexAppServerKit/CodexAppServerRequest.swift /Users/admin/builder/spi-builder-workspace/Sources/CodexAppServerKit/CodexAppServerRequestCodec.swift /Users/admin/builder/spi-builder-workspace/Sources/CodexAppServerKit/CodexDomainTypes.swift /Users/admin/builder/spi-builder-workspace/Sources/CodexAppServerKit/CodexItemReducer.swift /Users/admin/builder/spi-builder-workspace/Sources/CodexAppServerKit/CodexThreadOperations.swift /Users/admin/builder/spi-builder-workspace/Sources/CodexAppServerKit/CodexTurnSequences.swift /Users/admin/builder/spi-builder-workspace/Sources/CodexAppServerKit/CodexTurnSnapshotReducer.swift /Users/admin/builder/spi-builder-workspace/Sources/CodexAppServerKit/ConnectionEventHub.swift /Users/admin/builder/spi-builder-workspace/Sources/CodexAppServerKit/ConnectionSupervisor.swift /Users/admin/builder/spi-builder-workspace/Sources/CodexAppServerKit/ConnectionTerminationArbiter.swift /Users/admin/builder/spi-builder-workspace/Sources/CodexAppServerKit/InterruptRaceResolver.swift /Users/admin/builder/spi-builder-workspace/Sources/CodexAppServerKit/JSONRPC.swift /Users/admin/builder/spi-builder-workspace/Sources/CodexAppServerKit/JSONRPCEnvelopeCodec.swift /Users/admin/builder/spi-builder-workspace/Sources/CodexAppServerKit/JSONRPCInboundFrameMailbox.swift /Users/admin/builder/spi-builder-workspace/Sources/CodexAppServerKit/LoginRegistry.swift /Users/admin/builder/spi-builder-workspace/Sources/CodexAppServerKit/RequestSerializer.swift /Users/admin/builder/spi-builder-workspace/Sources/CodexAppServerKit/ReviewRestartCoordinator.swift /Users/admin/builder/spi-builder-workspace/Sources/CodexAppServerKit/ServerRequestRegistry.swift /Users/admin/builder/spi-builder-workspace/Sources/CodexAppServerKit/ThreadEventHub.swift /Users/admin/builder/spi-builder-workspace/Sources/CodexAppServerKit/TurnReplayCore.swift /Users/admin/builder/spi-builder-workspace/Sources/CodexAppServerKit/TurnReplayStore.swift -target arm64-apple-watchos5.0 -load-resolved-plugin /Applications/Xcode-26.4.0.app/Contents/Developer/Platforms/WatchOS.platform/Developer/usr/lib/swift/host/plugins/libFoundationMacros.dylib\#/Applications/Xcode-26.4.0.app/Contents/Developer/Platforms/WatchOS.platform/Developer/usr/bin/swift-plugin-server\#FoundationMacros -load-resolved-plugin /Applications/Xcode-26.4.0.app/Contents/Developer/Platforms/WatchOS.platform/Developer/usr/lib/swift/host/plugins/libObservationMacros.dylib\#/Applications/Xcode-26.4.0.app/Contents/Developer/Platforms/WatchOS.platform/Developer/usr/bin/swift-plugin-server\#ObservationMacros -load-resolved-plugin /Applications/Xcode-26.4.0.app/Contents/Developer/Platforms/WatchOS.platform/Developer/usr/lib/swift/host/plugins/libSwiftMacros.dylib\#/Applications/Xcode-26.4.0.app/Contents/Developer/Platforms/WatchOS.platform/Developer/usr/bin/swift-plugin-server\#SwiftMacros -disable-implicit-swift-modules -Xcc -fno-implicit-modules -Xcc -fno-implicit-module-maps -explicit-swift-module-map-file /Users/admin/builder/spi-builder-workspace/.derivedData/Build/Intermediates.noindex/CodexKit.build/Debug-watchos/CodexAppServerKit.build/Objects-normal/arm64/CodexAppServerKit-dependencies-3.json -Xllvm -aarch64-use-tbi -enable-objc-interop -sdk /Applications/Xcode-26.4.0.app/Contents/Developer/Platforms/WatchOS.platform/Developer/SDKs/WatchOS26.4.sdk -I /Users/admin/builder/spi-builder-workspace/.derivedData/Build/Products/Debug-watchos -Isystem /Applications/Xcode-26.4.0.app/Contents/Developer/Platforms/WatchOS.platform/Developer/usr/lib -F /Users/admin/builder/spi-builder-workspace/.derivedData/Build/Products/Debug-watchos -F /Applications/Xcode-26.4.0.app/Contents/Developer/Platforms/WatchOS.platform/Developer/Library/Frameworks -F /Applications/Xcode-26.4.0.app/Contents/Developer/Platforms/WatchOS.platform/Developer/SDKs/WatchOS26.4.sdk/Developer/Library/Frameworks -no-color-diagnostics -Xcc -fno-color-diagnostics -enable-testing -g -debug-info-format\=dwarf -dwarf-version\=4 -module-cache-path /Users/admin/builder/spi-builder-workspace/.derivedData/Build/Intermediates.noindex/SwiftExplicitPrecompiledModules -profile-generate -profile-coverage-mapping -swift-version 6 -Onone -D SWIFT_PACKAGE -D DEBUG -D SWIFT_MODULE_RESOURCE_BUNDLE_UNAVAILABLE -D Xcode -serialize-debugging-options -const-gather-protocols-file /Users/admin/builder/spi-builder-workspace/.derivedData/Build/Intermediates.noindex/CodexKit.build/Debug-watchos/CodexAppServerKit.build/Objects-normal/arm64/CodexAppServerKit_const_extract_protocols.json -enable-experimental-feature DebugDescriptionMacro -empty-abi-descriptor -validate-clang-modules-once -clang-build-session-file /Users/admin/builder/spi-builder-workspace/.derivedData/ModuleCache.noindex/Session.modulevalidation -Xcc -working-directory -Xcc /Users/admin/builder/spi-builder-workspace/.swiftpm/xcode -enable-anonymous-context-mangled-names -file-compilation-dir /Users/admin/builder/spi-builder-workspace/.swiftpm/xcode -Xcc -D_LIBCPP_HARDENING_MODE\=_LIBCPP_HARDENING_MODE_DEBUG -Xcc -ivfsstatcache -Xcc /Users/admin/builder/spi-builder-workspace/.derivedData/SDKStatCaches.noindex/watchos26.4-23T238-688ef53f1462e2c8f657fdc38a81448f9e51884a582f42380855760c9d4cc599.sdkstatcache -Xcc -I/Users/admin/builder/spi-builder-workspace/.derivedData/Build/Intermediates.noindex/CodexKit.build/Debug-watchos/CodexAppServerKit.build/swift-overrides.hmap -Xcc -I/Users/admin/builder/spi-builder-workspace/.derivedData/Build/Products/Debug-watchos/include -Xcc -I/Users/admin/builder/spi-builder-workspace/.derivedData/Build/Intermediates.noindex/CodexKit.build/Debug-watchos/CodexAppServerKit.build/DerivedSources-normal/arm64 -Xcc -I/Users/admin/builder/spi-builder-workspace/.derivedData/Build/Intermediates.noindex/CodexKit.build/Debug-watchos/CodexAppServerKit.build/DerivedSources/arm64 -Xcc -I/Users/admin/builder/spi-builder-workspace/.derivedData/Build/Intermediates.noindex/CodexKit.build/Debug-watchos/CodexAppServerKit.build/DerivedSources -Xcc -DSWIFT_PACKAGE -Xcc -DDEBUG\=1 -no-auto-bridging-header-chaining -module-name CodexAppServerKit -package-name spi_builder_workspace -frontend-parseable-output -disable-clang-spi -clang-target arm64-apple-watchos26.4 -target-sdk-version 26.4 -target-sdk-name watchos26.4 -in-process-plugin-server-path /Applications/Xcode-26.4.0.app/Contents/Developer/Toolchains/XcodeDefault.xctoolchain/usr/lib/swift/host/libSwiftInProcPluginServer.dylib -emit-module-doc-path /Users/admin/builder/spi-builder-workspace/.derivedData/Build/Intermediates.noindex/CodexKit.build/Debug-watchos/CodexAppServerKit.build/Objects-normal/arm64/CodexAppServerKit.swiftdoc -emit-module-source-info-path /Users/admin/builder/spi-builder-workspace/.derivedData/Build/Intermediates.noindex/CodexKit.build/Debug-watchos/CodexAppServerKit.build/Objects-normal/arm64/CodexAppServerKit.swiftsourceinfo -emit-objc-header-path /Users/admin/builder/spi-builder-workspace/.derivedData/Build/Intermediates.noindex/CodexKit.build/Debug-watchos/CodexAppServerKit.build/Objects-normal/arm64/CodexAppServerKit-Swift.h -serialize-diagnostics-path /Users/admin/builder/spi-builder-workspace/.derivedData/Build/Intermediates.noindex/CodexKit.build/Debug-watchos/CodexAppServerKit.build/Objects-normal/arm64/CodexAppServerKit-primary-emit-module.dia -emit-dependencies-path /Users/admin/builder/spi-builder-workspace/.derivedData/Build/Intermediates.noindex/CodexKit.build/Debug-watchos/CodexAppServerKit.build/Objects-normal/arm64/CodexAppServerKit-primary-emit-module.d -o /Users/admin/builder/spi-builder-workspace/.derivedData/Build/Intermediates.noindex/CodexKit.build/Debug-watchos/CodexAppServerKit.build/Objects-normal/arm64/CodexAppServerKit.swiftmodule -emit-abi-descriptor-path /Users/admin/builder/spi-builder-workspace/.derivedData/Build/Intermediates.noindex/CodexKit.build/Debug-watchos/CodexAppServerKit.build/Objects-normal/arm64/CodexAppServerKit.abi.json
EmitSwiftModule normal arm64 (in target 'CodexAppServerKit' from project 'CodexKit')
cd /Users/admin/builder/spi-builder-workspace/.swiftpm/xcode
/Users/admin/builder/spi-builder-workspace/Sources/CodexAppServerKit/AccountEventHub.swift:295:25: error: 'Mutex' is only available in watchOS 11.0 or newer
private let state = Mutex(State())
^
/Users/admin/builder/spi-builder-workspace/Sources/CodexAppServerKit/AccountEventHub.swift:289:21: note: add '@available' attribute to enclosing class
private final class AccountEventSubscriptionRegistry: Sendable {
^
/Users/admin/builder/spi-builder-workspace/Sources/CodexAppServerKit/AccountEventHub.swift:295:25: error: 'init(_:)' is only available in watchOS 11.0 or newer
private let state = Mutex(State())
^
/Users/admin/builder/spi-builder-workspace/Sources/CodexAppServerKit/AccountEventHub.swift:289:21: note: add '@available' attribute to enclosing class
private final class AccountEventSubscriptionRegistry: Sendable {
^
/Users/admin/builder/spi-builder-workspace/Sources/CodexAppServerKit/AccountEventHub.swift:122:25: error: 'Mutex' is only available in watchOS 11.0 or newer
private let state = Mutex(State())
^
/Users/admin/builder/spi-builder-workspace/Sources/CodexAppServerKit/AccountEventHub.swift:100:21: note: add '@available' attribute to enclosing class
private final class AccountEventSubscriberChannel: Sendable {
^
/Users/admin/builder/spi-builder-workspace/Sources/CodexAppServerKit/AccountEventHub.swift:122:25: error: 'init(_:)' is only available in watchOS 11.0 or newer
private let state = Mutex(State())
^
/Users/admin/builder/spi-builder-workspace/Sources/CodexAppServerKit/AccountEventHub.swift:100:21: note: add '@available' attribute to enclosing class
private final class AccountEventSubscriberChannel: Sendable {
^
/Users/admin/builder/spi-builder-workspace/Sources/CodexAppServerKit/AccountEventHub.swift:115:21: error: 'CheckedContinuation' is only available in watchOS 6.0 or newer
var waiter: CheckedContinuation<
^
/Users/admin/builder/spi-builder-workspace/Sources/CodexAppServerKit/AccountEventHub.swift:111:20: note: add '@available' attribute to enclosing struct
private struct State {
^
/Users/admin/builder/spi-builder-workspace/Sources/CodexAppServerKit/AccountEventHub.swift:118:35: error: 'CheckedContinuation' is only available in watchOS 6.0 or newer
var suspensionObservers: [CheckedContinuation<Void, Never>] = []
^
/Users/admin/builder/spi-builder-workspace/Sources/CodexAppServerKit/AccountEventHub.swift:111:20: note: add '@available' attribute to enclosing struct
private struct State {
^
/Users/admin/builder/spi-builder-workspace/Sources/CodexAppServerKit/AccountEventHub.swift:262:25: error: 'Mutex' is only available in watchOS 11.0 or newer
private let state = Mutex(State())
^
/Users/admin/builder/spi-builder-workspace/Sources/CodexAppServerKit/AccountEventHub.swift:257:21: note: add '@available' attribute to enclosing class
private final class AccountEventSubscriptionCancellation: Sendable {
^
/Users/admin/builder/spi-builder-workspace/Sources/CodexAppServerKit/AccountEventHub.swift:262:25: error: 'init(_:)' is only available in watchOS 11.0 or newer
private let state = Mutex(State())
^
/Users/admin/builder/spi-builder-workspace/Sources/CodexAppServerKit/AccountEventHub.swift:257:21: note: add '@available' attribute to enclosing class
private final class AccountEventSubscriptionCancellation: Sendable {
^
/Users/admin/builder/spi-builder-workspace/Sources/CodexAppServerKit/AppServerClient.swift:4:22: error: 'Logger' is only available in watchOS 7.0 or newer
private let logger = Logger(subsystem: "CodexAppServerKit", category: "app-server-client")
^
/Users/admin/builder/spi-builder-workspace/Sources/CodexAppServerKit/AppServerClient.swift:4:13: note: add '@available' attribute to enclosing let
private let logger = Logger(subsystem: "CodexAppServerKit", category: "app-server-client")
^
/Users/admin/builder/spi-builder-workspace/Sources/CodexAppServerKit/AppServerClient.swift:16:23: error: 'CheckedContinuation' is only available in watchOS 6.0 or newer
waiters: [CheckedContinuation<AppServerAPI.Initialize.Response, any Error>]
^
/Users/admin/builder/spi-builder-workspace/Sources/CodexAppServerKit/AppServerClient.swift:12:18: note: add '@available' attribute to enclosing enum
private enum InitializationState {
^
/Users/admin/builder/spi-builder-workspace/Sources/CodexAppServerKit/AppServerClient.swift:22:46: error: 'Duration' is only available in watchOS 9.0 or newer
private static let overloadRetryDelays: [Duration] = [
^
/Users/admin/builder/spi-builder-workspace/Sources/CodexAppServerKit/AppServerClient.swift:22:24: note: add '@available' attribute to enclosing static property
private static let overloadRetryDelays: [Duration] = [
^
/Users/admin/builder/spi-builder-workspace/Sources/CodexAppServerKit/AppServerClient.swift:6:15: note: add '@available' attribute to enclosing actor
package actor AppServerClient {
^
/Users/admin/builder/spi-builder-workspace/Sources/CodexAppServerKit/AppServerClient.swift:23:10: error: 'milliseconds' is only available in watchOS 9.0 or newer
.milliseconds(100),
^
/Users/admin/builder/spi-builder-workspace/Sources/CodexAppServerKit/AppServerClient.swift:22:24: note: add '@available' attribute to enclosing static property
private static let overloadRetryDelays: [Duration] = [
^
/Users/admin/builder/spi-builder-workspace/Sources/CodexAppServerKit/AppServerClient.swift:6:15: note: add '@available' attribute to enclosing actor
package actor AppServerClient {
^
/Users/admin/builder/spi-builder-workspace/Sources/CodexAppServerKit/AppServerClient.swift:24:10: error: 'milliseconds' is only available in watchOS 9.0 or newer
.milliseconds(250),
^
/Users/admin/builder/spi-builder-workspace/Sources/CodexAppServerKit/AppServerClient.swift:22:24: note: add '@available' attribute to enclosing static property
private static let overloadRetryDelays: [Duration] = [
^
/Users/admin/builder/spi-builder-workspace/Sources/CodexAppServerKit/AppServerClient.swift:6:15: note: add '@available' attribute to enclosing actor
package actor AppServerClient {
^
/Users/admin/builder/spi-builder-workspace/Sources/CodexAppServerKit/AppServerClient.swift:25:10: error: 'milliseconds' is only available in watchOS 9.0 or newer
.milliseconds(500),
^
/Users/admin/builder/spi-builder-workspace/Sources/CodexAppServerKit/AppServerClient.swift:22:24: note: add '@available' attribute to enclosing static property
private static let overloadRetryDelays: [Duration] = [
^
/Users/admin/builder/spi-builder-workspace/Sources/CodexAppServerKit/AppServerClient.swift:6:15: note: add '@available' attribute to enclosing actor
package actor AppServerClient {
^
/Users/admin/builder/spi-builder-workspace/Sources/CodexAppServerKit/AppServerClient.swift:30:56: error: 'Duration' is only available in watchOS 9.0 or newer
private let overloadRetryDelay: @Sendable (Int) -> Duration?
^
/Users/admin/builder/spi-builder-workspace/Sources/CodexAppServerKit/AppServerClient.swift:6:15: note: add '@available' attribute to enclosing actor
package actor AppServerClient {
^
/Users/admin/builder/spi-builder-workspace/Sources/CodexAppServerKit/AppServerClient.swift:31:40: error: 'Duration' is only available in watchOS 9.0 or newer
private let retrySleep: @Sendable (Duration) async throws -> Void
^
/Users/admin/builder/spi-builder-workspace/Sources/CodexAppServerKit/AppServerClient.swift:6:15: note: add '@available' attribute to enclosing actor
package actor AppServerClient {
^
/Users/admin/builder/spi-builder-workspace/Sources/CodexAppServerKit/AppServerClient.swift:46:58: error: 'Duration' is only available in watchOS 9.0 or newer
overloadRetryDelay: @escaping @Sendable (Int) -> Duration? = AppServerClient
^
/Users/admin/builder/spi-builder-workspace/Sources/CodexAppServerKit/AppServerClient.swift:41:13: note: add '@available' attribute to enclosing initializer
package init(
^
/Users/admin/builder/spi-builder-workspace/Sources/CodexAppServerKit/AppServerClient.swift:6:15: note: add '@available' attribute to enclosing actor
package actor AppServerClient {
^
/Users/admin/builder/spi-builder-workspace/Sources/CodexAppServerKit/AppServerClient.swift:48:42: error: 'Duration' is only available in watchOS 9.0 or newer
retrySleep: @escaping @Sendable (Duration) async throws -> Void = {
^
/Users/admin/builder/spi-builder-workspace/Sources/CodexAppServerKit/AppServerClient.swift:41:13: note: add '@available' attribute to enclosing initializer
package init(
^
/Users/admin/builder/spi-builder-workspace/Sources/CodexAppServerKit/AppServerClient.swift:6:15: note: add '@available' attribute to enclosing actor
package actor AppServerClient {
^
/Users/admin/builder/spi-builder-workspace/Sources/CodexAppServerKit/AppServerClient.swift:49:23: error: 'Task' is only available in watchOS 6.0 or newer
try await Task.sleep(for: $0)
^
/Users/admin/builder/spi-builder-workspace/Sources/CodexAppServerKit/AppServerClient.swift:49:23: note: add 'if #available' version check
try await Task.sleep(for: $0)
^
/Users/admin/builder/spi-builder-workspace/Sources/CodexAppServerKit/AppServerClient.swift:41:13: note: add '@available' attribute to enclosing initializer
package init(
^
/Users/admin/builder/spi-builder-workspace/Sources/CodexAppServerKit/AppServerClient.swift:6:15: note: add '@available' attribute to enclosing actor
package actor AppServerClient {
^
/Users/admin/builder/spi-builder-workspace/Sources/CodexAppServerKit/AppServerClient.swift:49:28: error: 'sleep(for:tolerance:clock:)' is only available in watchOS 9.0 or newer
try await Task.sleep(for: $0)
^
/Users/admin/builder/spi-builder-workspace/Sources/CodexAppServerKit/AppServerClient.swift:49:28: note: add 'if #available' version check
try await Task.sleep(for: $0)
^
/Users/admin/builder/spi-builder-workspace/Sources/CodexAppServerKit/AppServerClient.swift:41:13: note: add '@available' attribute to enclosing initializer
package init(
^
/Users/admin/builder/spi-builder-workspace/Sources/CodexAppServerKit/AppServerClient.swift:6:15: note: add '@available' attribute to enclosing actor
package actor AppServerClient {
^
/Users/admin/builder/spi-builder-workspace/Sources/CodexAppServerKit/AppServerClient.swift:101:52: error: 'Duration' is only available in watchOS 9.0 or newer
package func sleepForInterruptRace(_ duration: Duration) async throws {
^
/Users/admin/builder/spi-builder-workspace/Sources/CodexAppServerKit/AppServerClient.swift:101:18: note: add '@available' attribute to enclosing instance method
package func sleepForInterruptRace(_ duration: Duration) async throws {
^
/Users/admin/builder/spi-builder-workspace/Sources/CodexAppServerKit/AppServerClient.swift:6:15: note: add '@available' attribute to enclosing actor
package actor AppServerClient {
^
/Users/admin/builder/spi-builder-workspace/Sources/CodexAppServerKit/AppServerClient.swift:182:19: error: 'Duration' is only available in watchOS 9.0 or newer
deadline: Duration?,
^
/Users/admin/builder/spi-builder-workspace/Sources/CodexAppServerKit/AppServerClient.swift:179:18: note: add '@available' attribute to enclosing instance method
private func send<Request: AppServerAPI.Request>(
^
/Users/admin/builder/spi-builder-workspace/Sources/CodexAppServerKit/AppServerClient.swift:6:15: note: add '@available' attribute to enclosing actor
package actor AppServerClient {
^
/Users/admin/builder/spi-builder-workspace/Sources/CodexAppServerKit/AppServerClient.swift:202:19: error: 'Duration' is only available in watchOS 9.0 or newer
deadline: Duration? = nil,
^
/Users/admin/builder/spi-builder-workspace/Sources/CodexAppServerKit/AppServerClient.swift:196:18: note: add '@available' attribute to enclosing instance method
package func send<Params: Encodable & Sendable, Response: Decodable & Sendable>(
^
/Users/admin/builder/spi-builder-workspace/Sources/CodexAppServerKit/AppServerClient.swift:6:15: note: add '@available' attribute to enclosing actor
package actor AppServerClient {
^
/Users/admin/builder/spi-builder-workspace/Sources/CodexAppServerKit/AppServerClient.swift:526:19: error: 'Duration' is only available in watchOS 9.0 or newer
duration: Duration,
^
/Users/admin/builder/spi-builder-workspace/Sources/CodexAppServerKit/AppServerClient.swift:524:18: note: add '@available' attribute to enclosing instance method
package func runTurnWithDeadline<Output: Sendable>(
^
/Users/admin/builder/spi-builder-workspace/Sources/CodexAppServerKit/AppServerClient.swift:6:15: note: add '@available' attribute to enclosing actor
package actor AppServerClient {
^
/Users/admin/builder/spi-builder-workspace/Sources/CodexAppServerKit/AppServerClient.swift:545:21: error: 'Duration' is only available in watchOS 9.0 or newer
_ deadline: Duration,
^
/Users/admin/builder/spi-builder-workspace/Sources/CodexAppServerKit/AppServerClient.swift:544:18: note: add '@available' attribute to enclosing instance method
private func runWithDeadline<Output: Sendable>(
^
/Users/admin/builder/spi-builder-workspace/Sources/CodexAppServerKit/AppServerClient.swift:6:15: note: add '@available' attribute to enclosing actor
package actor AppServerClient {
^
/Users/admin/builder/spi-builder-workspace/Sources/CodexAppServerKit/AppServerClient.swift:568:21: error: 'Duration' is only available in watchOS 9.0 or newer
_ deadline: Duration,
^
/Users/admin/builder/spi-builder-workspace/Sources/CodexAppServerKit/AppServerClient.swift:567:18: note: add '@available' attribute to enclosing instance method
private func runRequestWithDeadline<Output: Sendable>(
^
/Users/admin/builder/spi-builder-workspace/Sources/CodexAppServerKit/AppServerClient.swift:6:15: note: add '@available' attribute to enclosing actor
package actor AppServerClient {
^
/Users/admin/builder/spi-builder-workspace/Sources/CodexAppServerKit/AppServerClient.swift:612:18: error: 'Duration' is only available in watchOS 9.0 or newer
_ delay: Duration,
^
/Users/admin/builder/spi-builder-workspace/Sources/CodexAppServerKit/AppServerClient.swift:611:18: note: add '@available' attribute to enclosing instance method
private func waitForRetryDelay(
^
/Users/admin/builder/spi-builder-workspace/Sources/CodexAppServerKit/AppServerClient.swift:6:15: note: add '@available' attribute to enclosing actor
package actor AppServerClient {
^
/Users/admin/builder/spi-builder-workspace/Sources/CodexAppServerKit/AppServerClient.swift:655:89: error: 'Duration' is only available in watchOS 9.0 or newer
private nonisolated static func defaultOverloadRetryDelay(for retryAttempt: Int) -> Duration? {
^
/Users/admin/builder/spi-builder-workspace/Sources/CodexAppServerKit/AppServerClient.swift:655:37: note: add '@available' attribute to enclosing static method
private nonisolated static func defaultOverloadRetryDelay(for retryAttempt: Int) -> Duration? {
^
/Users/admin/builder/spi-builder-workspace/Sources/CodexAppServerKit/AppServerClient.swift:6:15: note: add '@available' attribute to enclosing actor
package actor AppServerClient {
^
/Users/admin/builder/spi-builder-workspace/Sources/CodexAppServerKit/AppServerConnection.swift:4:32: error: 'Logger' is only available in watchOS 7.0 or newer
private let connectionLogger = Logger(
^
/Users/admin/builder/spi-builder-workspace/Sources/CodexAppServerKit/AppServerConnection.swift:4:13: note: add '@available' attribute to enclosing let
private let connectionLogger = Logger(
^
/Users/admin/builder/spi-builder-workspace/Sources/CodexAppServerKit/AppServerConnection.swift:45:17: error: 'OSLogMessage' is only available in watchOS 7.0 or newer
"App-server request registry: \(String(describing: diagnostic), privacy: .public)"
^
/Users/admin/builder/spi-builder-workspace/Sources/CodexAppServerKit/AppServerConnection.swift:45:17: note: add 'if #available' version check
"App-server request registry: \(String(describing: diagnostic), privacy: .public)"
^
/Users/admin/builder/spi-builder-workspace/Sources/CodexAppServerKit/AppServerConnection.swift:36:13: note: add '@available' attribute to enclosing initializer
package init(
^
/Users/admin/builder/spi-builder-workspace/Sources/CodexAppServerKit/AppServerConnection.swift:26:15: note: add '@available' attribute to enclosing actor
package actor AppServerConnection {
^
/Users/admin/builder/spi-builder-workspace/Sources/CodexAppServerKit/AppServerConnection.swift:45:48: error: 'appendInterpolation(_:align:privacy:)' is only available in watchOS 7.0 or newer
"App-server request registry: \(String(describing: diagnostic), privacy: .public)"
^
/Users/admin/builder/spi-builder-workspace/Sources/CodexAppServerKit/AppServerConnection.swift:45:48: note: add 'if #available' version check
"App-server request registry: \(String(describing: diagnostic), privacy: .public)"
^
/Users/admin/builder/spi-builder-workspace/Sources/CodexAppServerKit/AppServerConnection.swift:36:13: note: add '@available' attribute to enclosing initializer
package init(
^
/Users/admin/builder/spi-builder-workspace/Sources/CodexAppServerKit/AppServerConnection.swift:26:15: note: add '@available' attribute to enclosing actor
package actor AppServerConnection {
^
/Users/admin/builder/spi-builder-workspace/Sources/CodexAppServerKit/AppServerProcessTransport.swift:6:22: error: 'Logger' is only available in watchOS 7.0 or newer
private let logger = Logger(subsystem: "CodexAppServerKit", category: "app-server-transport")
^
/Users/admin/builder/spi-builder-workspace/Sources/CodexAppServerKit/AppServerProcessTransport.swift:6:13: note: add '@available' attribute to enclosing let
private let logger = Logger(subsystem: "CodexAppServerKit", category: "app-server-transport")
^
/Users/admin/builder/spi-builder-workspace/Sources/CodexAppServerKit/AppServerProcessTransport.swift:46:35: error: 'Task' is only available in watchOS 6.0 or newer
private let stdoutReaderTask: Task<Void, Never>
^
/Users/admin/builder/spi-builder-workspace/Sources/CodexAppServerKit/AppServerProcessTransport.swift:8:15: note: add '@available' attribute to enclosing actor
package actor AppServerProcessTransport: JSONRPC.Transport {
^
/Users/admin/builder/spi-builder-workspace/Sources/CodexAppServerKit/AppServerProcessTransport.swift:47:34: error: 'Task' is only available in watchOS 6.0 or newer
private let stderrDrainTask: Task<Void, Never>
^
/Users/admin/builder/spi-builder-workspace/Sources/CodexAppServerKit/AppServerProcessTransport.swift:8:15: note: add '@available' attribute to enclosing actor
package actor AppServerProcessTransport: JSONRPC.Transport {
^
/Users/admin/builder/spi-builder-workspace/Sources/CodexAppServerKit/AppServerProcessTransport.swift:48:36: error: 'Task' is only available in watchOS 6.0 or newer
private let processWaiterTask: Task<JSONRPC.ProcessExitObservation, Never>
^
/Users/admin/builder/spi-builder-workspace/Sources/CodexAppServerKit/AppServerProcessTransport.swift:8:15: note: add '@available' attribute to enclosing actor
package actor AppServerProcessTransport: JSONRPC.Transport {
^
/Users/admin/builder/spi-builder-workspace/Sources/CodexAppServerKit/AppServerProcessTransport.swift:573:25: error: 'Mutex' is only available in watchOS 11.0 or newer
private let state = Mutex(State())
^
/Users/admin/builder/spi-builder-workspace/Sources/CodexAppServerKit/AppServerProcessTransport.swift:566:21: note: add '@available' attribute to enclosing class
private final class AppServerOneBitReadSignal: Sendable {
^
/Users/admin/builder/spi-builder-workspace/Sources/CodexAppServerKit/AppServerProcessTransport.swift:573:25: error: 'init(_:)' is only available in watchOS 11.0 or newer
private let state = Mutex(State())
^
/Users/admin/builder/spi-builder-workspace/Sources/CodexAppServerKit/AppServerProcessTransport.swift:566:21: note: add '@available' attribute to enclosing class
private final class AppServerOneBitReadSignal: Sendable {
^
/Users/admin/builder/spi-builder-workspace/Sources/CodexAppServerKit/AppServerProcessTransport.swift:646:25: error: 'Mutex' is only available in watchOS 11.0 or newer
private let state = Mutex<State>(.pending(nil))
^
/Users/admin/builder/spi-builder-workspace/Sources/CodexAppServerKit/AppServerProcessTransport.swift:639:21: note: add '@available' attribute to enclosing class
private final class AppServerReadEventWaiter: Sendable {
^
/Users/admin/builder/spi-builder-workspace/Sources/CodexAppServerKit/AppServerProcessTransport.swift:646:36: error: 'init(_:)' is only available in watchOS 11.0 or newer
private let state = Mutex<State>(.pending(nil))
^
/Users/admin/builder/spi-builder-workspace/Sources/CodexAppServerKit/AppServerProcessTransport.swift:639:21: note: add '@available' attribute to enclosing class
private final class AppServerReadEventWaiter: Sendable {
^
/Users/admin/builder/spi-builder-workspace/Sources/CodexAppServerKit/AppServerProcessTransport.swift:641:22: error: 'CheckedContinuation' is only available in watchOS 6.0 or newer
case pending(CheckedContinuation<AppServerReadEvent, Never>?)
^
/Users/admin/builder/spi-builder-workspace/Sources/CodexAppServerKit/AppServerProcessTransport.swift:640:18: note: add '@available' attribute to enclosing enum
private enum State {
^
/Users/admin/builder/spi-builder-workspace/Sources/CodexAppServerKit/AppServerProcessTransport.swift:864:25: error: 'Mutex' is only available in watchOS 11.0 or newer
private let state = Mutex<State>(.pending([]))
^
/Users/admin/builder/spi-builder-workspace/Sources/CodexAppServerKit/AppServerProcessTransport.swift:858:21: note: add '@available' attribute to enclosing class
private final class AppServerCancellationCompletion: Sendable {
^
/Users/admin/builder/spi-builder-workspace/Sources/CodexAppServerKit/AppServerProcessTransport.swift:864:36: error: 'init(_:)' is only available in watchOS 11.0 or newer
private let state = Mutex<State>(.pending([]))
^
/Users/admin/builder/spi-builder-workspace/Sources/CodexAppServerKit/AppServerProcessTransport.swift:858:21: note: add '@available' attribute to enclosing class
private final class AppServerCancellationCompletion: Sendable {
^
/Users/admin/builder/spi-builder-workspace/Sources/CodexAppServerKit/AppServerProcessTransport.swift:695:24: error: 'Mutex' is only available in watchOS 11.0 or newer
private let state: Mutex<State>
^
/Users/admin/builder/spi-builder-workspace/Sources/CodexAppServerKit/AppServerProcessTransport.swift:688:21: note: add '@available' attribute to enclosing class
private final class AppServerPipeReadEventSource: Sendable {
^
/Users/admin/builder/spi-builder-workspace/Sources/CodexAppServerKit/AppServerProcessTransport.swift:761:25: error: 'Mutex' is only available in watchOS 11.0 or newer
private let state = Mutex(State())
^
/Users/admin/builder/spi-builder-workspace/Sources/CodexAppServerKit/AppServerProcessTransport.swift:752:21: note: add '@available' attribute to enclosing class
private final class AppServerStdoutReadMetrics: Sendable {
^
/Users/admin/builder/spi-builder-workspace/Sources/CodexAppServerKit/AppServerProcessTransport.swift:761:25: error: 'init(_:)' is only available in watchOS 11.0 or newer
private let state = Mutex(State())
^
/Users/admin/builder/spi-builder-workspace/Sources/CodexAppServerKit/AppServerProcessTransport.swift:752:21: note: add '@available' attribute to enclosing class
private final class AppServerStdoutReadMetrics: Sendable {
^
/Users/admin/builder/spi-builder-workspace/Sources/CodexAppServerKit/AppServerProcessTransport.swift:814:24: error: 'Mutex' is only available in watchOS 11.0 or newer
private let state: Mutex<State>
^
/Users/admin/builder/spi-builder-workspace/Sources/CodexAppServerKit/AppServerProcessTransport.swift:807:21: note: add '@available' attribute to enclosing class
private final class AppServerProcessExitEventSource: Sendable {
^
/Users/admin/builder/spi-builder-workspace/Sources/CodexAppServerKit/AppServerProcessTransport.swift:860:23: error: 'CheckedContinuation' is only available in watchOS 6.0 or newer
case pending([CheckedContinuation<Void, Never>])
^
/Users/admin/builder/spi-builder-workspace/Sources/CodexAppServerKit/AppServerProcessTransport.swift:859:18: note: add '@available' attribute to enclosing enum
private enum State {
^
/Users/admin/builder/spi-builder-workspace/Sources/CodexAppServerKit/AppServerProcessTransport.swift:906:24: error: 'Mutex' is only available in watchOS 11.0 or newer
private let state: Mutex<State>
^
/Users/admin/builder/spi-builder-workspace/Sources/CodexAppServerKit/AppServerProcessTransport.swift:900:21: note: add '@available' attribute to enclosing class
package final class AppServerJSONRPCWriter: Sendable {
^
/Users/admin/builder/spi-builder-workspace/Sources/CodexAppServerKit/AppServerProcessTransport.swift:1121:29: error: 'Mutex' is only available in watchOS 11.0 or newer
private let exitState = Mutex(ExitState())
^
/Users/admin/builder/spi-builder-workspace/Sources/CodexAppServerKit/AppServerProcessTransport.swift:1112:21: note: add '@available' attribute to enclosing class
private final class AppServerSpawnedProcess: @unchecked Sendable {
^
/Users/admin/builder/spi-builder-workspace/Sources/CodexAppServerKit/AppServerProcessTransport.swift:1121:29: error: 'init(_:)' is only available in watchOS 11.0 or newer
private let exitState = Mutex(ExitState())
^
/Users/admin/builder/spi-builder-workspace/Sources/CodexAppServerKit/AppServerProcessTransport.swift:1112:21: note: add '@available' attribute to enclosing class
private final class AppServerSpawnedProcess: @unchecked Sendable {
^
/Users/admin/builder/spi-builder-workspace/Sources/CodexAppServerKit/AppServerProcessTransport.swift:1213:24: error: 'Duration' is only available in watchOS 9.0 or newer
graceDuration: Duration = .seconds(2)
^
/Users/admin/builder/spi-builder-workspace/Sources/CodexAppServerKit/AppServerProcessTransport.swift:1211:10: note: add '@available' attribute to enclosing instance method
func waitForExit(
^
/Users/admin/builder/spi-builder-workspace/Sources/CodexAppServerKit/AppServerProcessTransport.swift:1112:21: note: add '@available' attribute to enclosing class
private final class AppServerSpawnedProcess: @unchecked Sendable {
^
/Users/admin/builder/spi-builder-workspace/Sources/CodexAppServerKit/AppServerProcessTransport.swift:1213:36: error: 'seconds' is only available in watchOS 9.0 or newer
graceDuration: Duration = .seconds(2)
^
/Users/admin/builder/spi-builder-workspace/Sources/CodexAppServerKit/AppServerProcessTransport.swift:1211:10: note: add '@available' attribute to enclosing instance method
func waitForExit(
^
/Users/admin/builder/spi-builder-workspace/Sources/CodexAppServerKit/AppServerProcessTransport.swift:1112:21: note: add '@available' attribute to enclosing class
private final class AppServerSpawnedProcess: @unchecked Sendable {
^
/Users/admin/builder/spi-builder-workspace/Sources/CodexAppServerKit/AppServerProcessTransport.swift:1393:24: error: 'Duration' is only available in watchOS 9.0 or newer
graceDuration: Duration
^
/Users/admin/builder/spi-builder-workspace/Sources/CodexAppServerKit/AppServerProcessTransport.swift:1391:25: note: add '@available' attribute to enclosing static method
private static func waitForExitDuringGrace(
^
/Users/admin/builder/spi-builder-workspace/Sources/CodexAppServerKit/AppServerProcessTransport.swift:1112:21: note: add '@available' attribute to enclosing class
private final class AppServerSpawnedProcess: @unchecked Sendable {
^
/Users/admin/builder/spi-builder-workspace/Sources/CodexAppServerKit/AppServerProcessTransport.swift:1422:24: error: 'Duration' is only available in watchOS 9.0 or newer
graceDuration: Duration
^
/Users/admin/builder/spi-builder-workspace/Sources/CodexAppServerKit/AppServerProcessTransport.swift:1419:25: note: add '@available' attribute to enclosing static method
private static func ensureExitAfterWaitFailure(
^
/Users/admin/builder/spi-builder-workspace/Sources/CodexAppServerKit/AppServerProcessTransport.swift:1112:21: note: add '@available' attribute to enclosing class
private final class AppServerSpawnedProcess: @unchecked Sendable {
^
/Users/admin/builder/spi-builder-workspace/Sources/CodexAppServerKit/AppServerProcessTransport.swift:1590:25: error: 'Mutex' is only available in watchOS 11.0 or newer
private let state = Mutex(State())
^
/Users/admin/builder/spi-builder-workspace/Sources/CodexAppServerKit/AppServerProcessTransport.swift:1583:21: note: add '@available' attribute to enclosing class
package final class ProcessTerminationToken: Sendable {
^
/Users/admin/builder/spi-builder-workspace/Sources/CodexAppServerKit/AppServerProcessTransport.swift:1590:25: error: 'init(_:)' is only available in watchOS 11.0 or newer
private let state = Mutex(State())
^
/Users/admin/builder/spi-builder-workspace/Sources/CodexAppServerKit/AppServerProcessTransport.swift:1583:21: note: add '@available' attribute to enclosing class
package final class ProcessTerminationToken: Sendable {
^
/Users/admin/builder/spi-builder-workspace/Sources/CodexAppServerKit/AppServerProcessTransport.swift:107:33: error: 'Task' is only available in watchOS 6.0 or newer
self.stdoutReaderTask = Task {
^
/Users/admin/builder/spi-builder-workspace/Sources/CodexAppServerKit/AppServerProcessTransport.swift:107:33: note: add 'if #available' version check
self.stdoutReaderTask = Task {
^
/Users/admin/builder/spi-builder-workspace/Sources/CodexAppServerKit/AppServerProcessTransport.swift:58:13: note: add '@available' attribute to enclosing initializer
package init(
^
/Users/admin/builder/spi-builder-workspace/Sources/CodexAppServerKit/AppServerProcessTransport.swift:8:15: note: add '@available' attribute to enclosing actor
package actor AppServerProcessTransport: JSONRPC.Transport {
^
/Users/admin/builder/spi-builder-workspace/Sources/CodexAppServerKit/AppServerProcessTransport.swift:107:33: error: 'init(name:priority:operation:)' is only available in watchOS 6.0 or newer
self.stdoutReaderTask = Task {
^
/Users/admin/builder/spi-builder-workspace/Sources/CodexAppServerKit/AppServerProcessTransport.swift:107:33: note: add 'if #available' version check
self.stdoutReaderTask = Task {
^
/Users/admin/builder/spi-builder-workspace/Sources/CodexAppServerKit/AppServerProcessTransport.swift:58:13: note: add '@available' attribute to enclosing initializer
package init(
^
/Users/admin/builder/spi-builder-workspace/Sources/CodexAppServerKit/AppServerProcessTransport.swift:8:15: note: add '@available' attribute to enclosing actor
package actor AppServerProcessTransport: JSONRPC.Transport {
^
/Users/admin/builder/spi-builder-workspace/Sources/CodexAppServerKit/AppServerProcessTransport.swift:114:32: error: 'Task' is only available in watchOS 6.0 or newer
self.stderrDrainTask = Task {
^
/Users/admin/builder/spi-builder-workspace/Sources/CodexAppServerKit/AppServerProcessTransport.swift:114:32: note: add 'if #available' version check
self.stderrDrainTask = Task {
^
/Users/admin/builder/spi-builder-workspace/Sources/CodexAppServerKit/AppServerProcessTransport.swift:58:13: note: add '@available' attribute to enclosing initializer
package init(
^
/Users/admin/builder/spi-builder-workspace/Sources/CodexAppServerKit/AppServerProcessTransport.swift:8:15: note: add '@available' attribute to enclosing actor
package actor AppServerProcessTransport: JSONRPC.Transport {
^
/Users/admin/builder/spi-builder-workspace/Sources/CodexAppServerKit/AppServerProcessTransport.swift:114:32: error: 'init(name:priority:operation:)' is only available in watchOS 6.0 or newer
self.stderrDrainTask = Task {
^
/Users/admin/builder/spi-builder-workspace/Sources/CodexAppServerKit/AppServerProcessTransport.swift:114:32: note: add 'if #available' version check
self.stderrDrainTask = Task {
^
/Users/admin/builder/spi-builder-workspace/Sources/CodexAppServerKit/AppServerProcessTransport.swift:58:13: note: add '@available' attribute to enclosing initializer
package init(
^
/Users/admin/builder/spi-builder-workspace/Sources/CodexAppServerKit/AppServerProcessTransport.swift:8:15: note: add '@available' attribute to enclosing actor
package actor AppServerProcessTransport: JSONRPC.Transport {
^
/Users/admin/builder/spi-builder-workspace/Sources/CodexAppServerKit/AppServerProcessTransport.swift:120:34: error: 'Task' is only available in watchOS 6.0 or newer
self.processWaiterTask = Task {
^
/Users/admin/builder/spi-builder-workspace/Sources/CodexAppServerKit/AppServerProcessTransport.swift:120:34: note: add 'if #available' version check
self.processWaiterTask = Task {
^
/Users/admin/builder/spi-builder-workspace/Sources/CodexAppServerKit/AppServerProcessTransport.swift:58:13: note: add '@available' attribute to enclosing initializer
package init(
^
/Users/admin/builder/spi-builder-workspace/Sources/CodexAppServerKit/AppServerProcessTransport.swift:8:15: note: add '@available' attribute to enclosing actor
package actor AppServerProcessTransport: JSONRPC.Transport {
^
/Users/admin/builder/spi-builder-workspace/Sources/CodexAppServerKit/AppServerProcessTransport.swift:120:34: error: 'init(name:priority:operation:)' is only available in watchOS 6.0 or newer
self.processWaiterTask = Task {
^
/Users/admin/builder/spi-builder-workspace/Sources/CodexAppServerKit/AppServerProcessTransport.swift:120:34: note: add 'if #available' version check
self.processWaiterTask = Task {
^
/Users/admin/builder/spi-builder-workspace/Sources/CodexAppServerKit/AppServerProcessTransport.swift:58:13: note: add '@available' attribute to enclosing initializer
package init(
^
/Users/admin/builder/spi-builder-workspace/Sources/CodexAppServerKit/AppServerProcessTransport.swift:8:15: note: add '@available' attribute to enclosing actor
package actor AppServerProcessTransport: JSONRPC.Transport {
^
/Users/admin/builder/spi-builder-workspace/Sources/CodexAppServerKit/AppServerProcessTransport.swift:124:13: error: 'OSLogMessage' is only available in watchOS 7.0 or newer
"Launching codex app-server: \(configuration.executable, privacy: .public) \(configuration.arguments.joined(separator: " "), privacy: .public)"
^
/Users/admin/builder/spi-builder-workspace/Sources/CodexAppServerKit/AppServerProcessTransport.swift:124:13: note: add 'if #available' version check
"Launching codex app-server: \(configuration.executable, privacy: .public) \(configuration.arguments.joined(separator: " "), privacy: .public)"
^
/Users/admin/builder/spi-builder-workspace/Sources/CodexAppServerKit/AppServerProcessTransport.swift:58:13: note: add '@available' attribute to enclosing initializer
package init(
^
/Users/admin/builder/spi-builder-workspace/Sources/CodexAppServerKit/AppServerProcessTransport.swift:8:15: note: add '@available' attribute to enclosing actor
package actor AppServerProcessTransport: JSONRPC.Transport {
^
/Users/admin/builder/spi-builder-workspace/Sources/CodexAppServerKit/AppServerProcessTransport.swift:124:43: error: 'appendInterpolation(_:align:privacy:)' is only available in watchOS 7.0 or newer
"Launching codex app-server: \(configuration.executable, privacy: .public) \(configuration.arguments.joined(separator: " "), privacy: .public)"
^
/Users/admin/builder/spi-builder-workspace/Sources/CodexAppServerKit/AppServerProcessTransport.swift:124:43: note: add 'if #available' version check
"Launching codex app-server: \(configuration.executable, privacy: .public) \(configuration.arguments.joined(separator: " "), privacy: .public)"
^
/Users/admin/builder/spi-builder-workspace/Sources/CodexAppServerKit/AppServerProcessTransport.swift:58:13: note: add '@available' attribute to enclosing initializer
package init(
^
/Users/admin/builder/spi-builder-workspace/Sources/CodexAppServerKit/AppServerProcessTransport.swift:8:15: note: add '@available' attribute to enclosing actor
package actor AppServerProcessTransport: JSONRPC.Transport {
^
/Users/admin/builder/spi-builder-workspace/Sources/CodexAppServerKit/AppServerProcessTransport.swift:124:89: error: 'appendInterpolation(_:align:privacy:)' is only available in watchOS 7.0 or newer
"Launching codex app-server: \(configuration.executable, privacy: .public) \(configuration.arguments.joined(separator: " "), privacy: .public)"
^
/Users/admin/builder/spi-builder-workspace/Sources/CodexAppServerKit/AppServerProcessTransport.swift:124:89: note: add 'if #available' version check
"Launching codex app-server: \(configuration.executable, privacy: .public) \(configuration.arguments.joined(separator: " "), privacy: .public)"
^
/Users/admin/builder/spi-builder-workspace/Sources/CodexAppServerKit/AppServerProcessTransport.swift:58:13: note: add '@available' attribute to enclosing initializer
package init(
^
/Users/admin/builder/spi-builder-workspace/Sources/CodexAppServerKit/AppServerProcessTransport.swift:8:15: note: add '@available' attribute to enclosing actor
package actor AppServerProcessTransport: JSONRPC.Transport {
^
/Users/admin/builder/spi-builder-workspace/Sources/CodexAppServerKit/AppServerProcessTransport.swift:127:13: error: 'OSLogMessage' is only available in watchOS 7.0 or newer
"Using codex app-server home: \(configuration.codexHomeURL.path, privacy: .public)")
^
/Users/admin/builder/spi-builder-workspace/Sources/CodexAppServerKit/AppServerProcessTransport.swift:127:13: note: add 'if #available' version check
"Using codex app-server home: \(configuration.codexHomeURL.path, privacy: .public)")
^
/Users/admin/builder/spi-builder-workspace/Sources/CodexAppServerKit/AppServerProcessTransport.swift:58:13: note: add '@available' attribute to enclosing initializer
package init(
^
/Users/admin/builder/spi-builder-workspace/Sources/CodexAppServerKit/AppServerProcessTransport.swift:8:15: note: add '@available' attribute to enclosing actor
package actor AppServerProcessTransport: JSONRPC.Transport {
^
/Users/admin/builder/spi-builder-workspace/Sources/CodexAppServerKit/AppServerProcessTransport.swift:127:44: error: 'appendInterpolation(_:align:privacy:)' is only available in watchOS 7.0 or newer
"Using codex app-server home: \(configuration.codexHomeURL.path, privacy: .public)")
^
/Users/admin/builder/spi-builder-workspace/Sources/CodexAppServerKit/AppServerProcessTransport.swift:127:44: note: add 'if #available' version check
"Using codex app-server home: \(configuration.codexHomeURL.path, privacy: .public)")
^
/Users/admin/builder/spi-builder-workspace/Sources/CodexAppServerKit/AppServerProcessTransport.swift:58:13: note: add '@available' attribute to enclosing initializer
package init(
^
/Users/admin/builder/spi-builder-workspace/Sources/CodexAppServerKit/AppServerProcessTransport.swift:8:15: note: add '@available' attribute to enclosing actor
package actor AppServerProcessTransport: JSONRPC.Transport {
^
/Users/admin/builder/spi-builder-workspace/Sources/CodexAppServerKit/AppServerProcessTransport.swift:129:13: error: 'OSLogMessage' is only available in watchOS 7.0 or newer
"codex app-server launched with pid \(process.processIdentifier, privacy: .public)")
^
/Users/admin/builder/spi-builder-workspace/Sources/CodexAppServerKit/AppServerProcessTransport.swift:129:13: note: add 'if #available' version check
"codex app-server launched with pid \(process.processIdentifier, privacy: .public)")
^
/Users/admin/builder/spi-builder-workspace/Sources/CodexAppServerKit/AppServerProcessTransport.swift:58:13: note: add '@available' attribute to enclosing initializer
package init(
^
/Users/admin/builder/spi-builder-workspace/Sources/CodexAppServerKit/AppServerProcessTransport.swift:8:15: note: add '@available' attribute to enclosing actor
package actor AppServerProcessTransport: JSONRPC.Transport {
^
/Users/admin/builder/spi-builder-workspace/Sources/CodexAppServerKit/AppServerProcessTransport.swift:129:50: error: 'appendInterpolation(_:format:align:privacy:)' is only available in watchOS 7.0 or newer
"codex app-server launched with pid \(process.processIdentifier, privacy: .public)")
^
/Users/admin/builder/spi-builder-workspace/Sources/CodexAppServerKit/AppServerProcessTransport.swift:129:50: note: add 'if #available' version check
"codex app-server launched with pid \(process.processIdentifier, privacy: .public)")
^
/Users/admin/builder/spi-builder-workspace/Sources/CodexAppServerKit/AppServerProcessTransport.swift:58:13: note: add '@available' attribute to enclosing initializer
package init(
^
/Users/admin/builder/spi-builder-workspace/Sources/CodexAppServerKit/AppServerProcessTransport.swift:8:15: note: add '@available' attribute to enclosing actor
package actor AppServerProcessTransport: JSONRPC.Transport {
^
/Users/admin/builder/spi-builder-workspace/Sources/CodexAppServerKit/CodexAppServer.swift:13:35: error: 'Duration' is only available in watchOS 9.0 or newer
public var handshake: Duration?
^
/Users/admin/builder/spi-builder-workspace/Sources/CodexAppServerKit/CodexAppServer.swift:12:23: note: add '@available' attribute to enclosing struct
public struct Deadlines: Equatable, Sendable {
^
/Users/admin/builder/spi-builder-workspace/Sources/CodexAppServerKit/CodexAppServer.swift:14:33: error: 'Duration' is only available in watchOS 9.0 or newer
public var request: Duration?
^
/Users/admin/builder/spi-builder-workspace/Sources/CodexAppServerKit/CodexAppServer.swift:12:23: note: add '@available' attribute to enclosing struct
public struct Deadlines: Equatable, Sendable {
^
/Users/admin/builder/spi-builder-workspace/Sources/CodexAppServerKit/CodexAppServer.swift:17:28: error: 'Duration' is only available in watchOS 9.0 or newer
handshake: Duration? = nil,
^
/Users/admin/builder/spi-builder-workspace/Sources/CodexAppServerKit/CodexAppServer.swift:16:20: note: add '@available' attribute to enclosing initializer
public init(
^
/Users/admin/builder/spi-builder-workspace/Sources/CodexAppServerKit/CodexAppServer.swift:12:23: note: add '@available' attribute to enclosing struct
public struct Deadlines: Equatable, Sendable {
^
/Users/admin/builder/spi-builder-workspace/Sources/CodexAppServerKit/CodexAppServer.swift:18:26: error: 'Duration' is only available in watchOS 9.0 or newer
request: Duration? = nil
^
/Users/admin/builder/spi-builder-workspace/Sources/CodexAppServerKit/CodexAppServer.swift:16:20: note: add '@available' attribute to enclosing initializer
public init(
^
/Users/admin/builder/spi-builder-workspace/Sources/CodexAppServerKit/CodexAppServer.swift:12:23: note: add '@available' attribute to enclosing struct
public struct Deadlines: Equatable, Sendable {
^
/Users/admin/builder/spi-builder-workspace/Sources/CodexAppServerKit/CodexAppServer.swift:73:72: error: 'homeDirectoryForCurrentUser' is unavailable in watchOS
homeDirectoryForCurrentUser: URL = FileManager.default.homeDirectoryForCurrentUser,
^~~~~~~~~~~~~~~~~~~~~~~~~~~
/Applications/Xcode-26.4.0.app/Contents/Developer/Platforms/WatchOS.platform/Developer/SDKs/WatchOS26.4.sdk/System/Library/Frameworks/Foundation.framework/Headers/NSFileManager.h:461:35: note: 'homeDirectoryForCurrentUser' has been explicitly marked unavailable here
@property (readonly, copy) NSURL *homeDirectoryForCurrentUser API_AVAILABLE(macosx(10.12)) API_UNAVAILABLE(ios, watchos, tvos);
^
/Users/admin/builder/spi-builder-workspace/Sources/CodexAppServerKit/CodexAppServer.swift:1016:34: error: 'Duration' is only available in watchOS 9.0 or newer
accountReadinessTimeout: Duration? = nil
^
/Users/admin/builder/spi-builder-workspace/Sources/CodexAppServerKit/CodexAppServer.swift:1015:17: note: add '@available' attribute to enclosing instance method
public func loginChatGPT(
^
/Users/admin/builder/spi-builder-workspace/Sources/CodexAppServerKit/CodexAppServer.swift:9:14: note: add '@available' attribute to enclosing actor
public actor CodexAppServer {
^
/Users/admin/builder/spi-builder-workspace/Sources/CodexAppServerKit/CodexAppServer.swift:223:19: error: 'CancellationError' is only available in watchOS 6.0 or newer
throw CancellationError()
^
/Users/admin/builder/spi-builder-workspace/Sources/CodexAppServerKit/CodexAppServer.swift:223:19: note: add 'if #available' version check
throw CancellationError()
^
/Users/admin/builder/spi-builder-workspace/Sources/CodexAppServerKit/CodexAppServer.swift:206:12: note: add '@available' attribute to enclosing initializer
public init(configuration: Configuration = .init()) async throws {
^
/Users/admin/builder/spi-builder-workspace/Sources/CodexAppServerKit/CodexAppServer.swift:9:14: note: add '@available' attribute to enclosing actor
public actor CodexAppServer {
^
/Users/admin/builder/spi-builder-workspace/Sources/CodexAppServerKit/CodexAppServer.swift:222:20: error: 'CancellationError' is only available in watchOS 6.0 or newer
} catch is CancellationError {
^
/Users/admin/builder/spi-builder-workspace/Sources/CodexAppServerKit/CodexAppServer.swift:222:20: note: add 'if #available' version check
} catch is CancellationError {
^
/Users/admin/builder/spi-builder-workspace/Sources/CodexAppServerKit/CodexAppServer.swift:206:12: note: add '@available' attribute to enclosing initializer
public init(configuration: Configuration = .init()) async throws {
^
/Users/admin/builder/spi-builder-workspace/Sources/CodexAppServerKit/CodexAppServer.swift:9:14: note: add '@available' attribute to enclosing actor
public actor CodexAppServer {
^
/Users/admin/builder/spi-builder-workspace/Sources/CodexAppServerKit/CodexAppServer.swift:222:20: error: 'CancellationError' is only available in watchOS 6.0 or newer
} catch is CancellationError {
^
/Users/admin/builder/spi-builder-workspace/Sources/CodexAppServerKit/CodexAppServer.swift:222:20: note: add 'if #available' version check
} catch is CancellationError {
^
/Users/admin/builder/spi-builder-workspace/Sources/CodexAppServerKit/CodexAppServer.swift:206:12: note: add '@available' attribute to enclosing initializer
public init(configuration: Configuration = .init()) async throws {
^
/Users/admin/builder/spi-builder-workspace/Sources/CodexAppServerKit/CodexAppServer.swift:9:14: note: add '@available' attribute to enclosing actor
public actor CodexAppServer {
^
/Users/admin/builder/spi-builder-workspace/Sources/CodexAppServerKit/CodexAppServerNotificationRouter.swift:4:40: error: 'Logger' is only available in watchOS 7.0 or newer
private let notificationRouterLogger = Logger(
^
/Users/admin/builder/spi-builder-workspace/Sources/CodexAppServerKit/CodexAppServerNotificationRouter.swift:4:13: note: add '@available' attribute to enclosing let
private let notificationRouterLogger = Logger(
^
/Users/admin/builder/spi-builder-workspace/Sources/CodexAppServerKit/LoginRegistry.swift:10:23: error: 'Task' is only available in watchOS 6.0 or newer
try await Task.sleep(for: $0)
^
/Users/admin/builder/spi-builder-workspace/Sources/CodexAppServerKit/LoginRegistry.swift:10:23: note: add 'if #available' version check
try await Task.sleep(for: $0)
^
/Users/admin/builder/spi-builder-workspace/Sources/CodexAppServerKit/LoginRegistry.swift:8:13: note: add '@available' attribute to enclosing initializer
package init(
^
/Users/admin/builder/spi-builder-workspace/Sources/CodexAppServerKit/LoginRegistry.swift:3:15: note: add '@available' attribute to enclosing actor
package actor LoginRegistry {
^
/Users/admin/builder/spi-builder-workspace/Sources/CodexAppServerKit/LoginRegistry.swift:10:28: error: 'sleep(for:tolerance:clock:)' is only available in watchOS 9.0 or newer
try await Task.sleep(for: $0)
^
/Users/admin/builder/spi-builder-workspace/Sources/CodexAppServerKit/LoginRegistry.swift:10:28: note: add 'if #available' version check
try await Task.sleep(for: $0)
^
/Users/admin/builder/spi-builder-workspace/Sources/CodexAppServerKit/LoginRegistry.swift:8:13: note: add '@available' attribute to enclosing initializer
package init(
^
/Users/admin/builder/spi-builder-workspace/Sources/CodexAppServerKit/LoginRegistry.swift:3:15: note: add '@available' attribute to enclosing actor
package actor LoginRegistry {
^
/Users/admin/builder/spi-builder-workspace/Sources/CodexAppServerKit/CodexDomainTypes.swift:917:34: error: 'Duration' is only available in watchOS 9.0 or newer
public func collect(timeout: Duration? = nil) async throws -> CodexTurnOutcome {
^
/Users/admin/builder/spi-builder-workspace/Sources/CodexAppServerKit/CodexDomainTypes.swift:917:17: note: add '@available' attribute to enclosing instance method
public func collect(timeout: Duration? = nil) async throws -> CodexTurnOutcome {
^
/Users/admin/builder/spi-builder-workspace/Sources/CodexAppServerKit/CodexDomainTypes.swift:803:15: note: add '@available' attribute to enclosing struct
public struct CodexReviewSession: Identifiable, Sendable {
^
/Users/admin/builder/spi-builder-workspace/Sources/CodexAppServerKit/CodexDomainTypes.swift:1403:26: error: 'Duration' is only available in watchOS 9.0 or newer
public var duration: Duration?
^
/Users/admin/builder/spi-builder-workspace/Sources/CodexAppServerKit/CodexDomainTypes.swift:1388:15: note: add '@available' attribute to enclosing struct
public struct CodexTurnSnapshot: Identifiable, Equatable, Sendable {
^
/Users/admin/builder/spi-builder-workspace/Sources/CodexAppServerKit/CodexDomainTypes.swift:1438:19: error: 'Duration' is only available in watchOS 9.0 or newer
duration: Duration? = nil
^
/Users/admin/builder/spi-builder-workspace/Sources/CodexAppServerKit/CodexDomainTypes.swift:1431:12: note: add '@available' attribute to enclosing initializer
public init(
^
/Users/admin/builder/spi-builder-workspace/Sources/CodexAppServerKit/CodexDomainTypes.swift:1388:15: note: add '@available' attribute to enclosing struct
public struct CodexTurnSnapshot: Identifiable, Equatable, Sendable {
^
/Users/admin/builder/spi-builder-workspace/Sources/CodexAppServerKit/CodexDomainTypes.swift:2059:26: error: 'Duration' is only available in watchOS 9.0 or newer
public var duration: Duration?
^
/Users/admin/builder/spi-builder-workspace/Sources/CodexAppServerKit/CodexDomainTypes.swift:2007:15: note: add '@available' attribute to enclosing struct
public struct CodexCommand: Equatable, Sendable {
^
/Users/admin/builder/spi-builder-workspace/Sources/CodexAppServerKit/CodexDomainTypes.swift:2084:19: error: 'Duration' is only available in watchOS 9.0 or newer
duration: Duration? = nil,
^
/Users/admin/builder/spi-builder-workspace/Sources/CodexAppServerKit/CodexDomainTypes.swift:2076:12: note: add '@available' attribute to enclosing initializer
public init(
^
/Users/admin/builder/spi-builder-workspace/Sources/CodexAppServerKit/CodexDomainTypes.swift:2007:15: note: add '@available' attribute to enclosing struct
public struct CodexCommand: Equatable, Sendable {
^
/Users/admin/builder/spi-builder-workspace/Sources/CodexAppServerKit/CodexDomainTypes.swift:2219:26: error: 'Duration' is only available in watchOS 9.0 or newer
public var duration: Duration?
^
/Users/admin/builder/spi-builder-workspace/Sources/CodexAppServerKit/CodexDomainTypes.swift:2211:15: note: add '@available' attribute to enclosing struct
public struct CodexResponse: Identifiable, Equatable, Sendable {
^
/Users/admin/builder/spi-builder-workspace/Sources/CodexAppServerKit/CodexDomainTypes.swift:2230:19: error: 'Duration' is only available in watchOS 9.0 or newer
duration: Duration? = nil
^
/Users/admin/builder/spi-builder-workspace/Sources/CodexAppServerKit/CodexDomainTypes.swift:2225:12: note: add '@available' attribute to enclosing initializer
public init(
^
/Users/admin/builder/spi-builder-workspace/Sources/CodexAppServerKit/CodexDomainTypes.swift:2211:15: note: add '@available' attribute to enclosing struct
public struct CodexResponse: Identifiable, Equatable, Sendable {
^
/Users/admin/builder/spi-builder-workspace/Sources/CodexAppServerKit/CodexDomainTypes.swift:2250:19: error: 'Duration' is only available in watchOS 9.0 or newer
duration: Duration? = nil
^
/Users/admin/builder/spi-builder-workspace/Sources/CodexAppServerKit/CodexDomainTypes.swift:2243:12: note: add '@available' attribute to enclosing initializer
public init(
^
/Users/admin/builder/spi-builder-workspace/Sources/CodexAppServerKit/CodexDomainTypes.swift:2211:15: note: add '@available' attribute to enclosing struct
public struct CodexResponse: Identifiable, Equatable, Sendable {
^
/Users/admin/builder/spi-builder-workspace/Sources/CodexAppServerKit/CodexDomainTypes.swift:2402:35: error: 'Duration' is only available in watchOS 9.0 or newer
package func collect(timeout: Duration? = nil) async throws -> CodexTurnOutcome {
^
/Users/admin/builder/spi-builder-workspace/Sources/CodexAppServerKit/CodexDomainTypes.swift:2402:18: note: add '@available' attribute to enclosing instance method
package func collect(timeout: Duration? = nil) async throws -> CodexTurnOutcome {
^
/Users/admin/builder/spi-builder-workspace/Sources/CodexAppServerKit/CodexDomainTypes.swift:2366:16: note: add '@available' attribute to enclosing struct
package struct CodexResponseStream: AsyncSequence, Sendable {
^
/Users/admin/builder/spi-builder-workspace/Sources/CodexAppServerKit/CodexDomainTypes.swift:3180:43: error: 'Duration' is only available in watchOS 9.0 or newer
case accountReadinessDeadlineExceeded(Duration)
^
/Users/admin/builder/spi-builder-workspace/Sources/CodexAppServerKit/CodexDomainTypes.swift:3178:13: note: add '@available' attribute to enclosing enum
public enum CodexLoginReconciliationReason: Equatable, Sendable {
^
/Users/admin/builder/spi-builder-workspace/Sources/CodexAppServerKit/CodexDomainTypes.swift:3218:48: error: 'Duration' is only available in watchOS 9.0 or newer
public func cancel(acknowledgementTimeout: Duration? = nil) async throws -> CodexLoginOutcome {
^
/Users/admin/builder/spi-builder-workspace/Sources/CodexAppServerKit/CodexDomainTypes.swift:3218:17: note: add '@available' attribute to enclosing instance method
public func cancel(acknowledgementTimeout: Duration? = nil) async throws -> CodexLoginOutcome {
^
/Users/admin/builder/spi-builder-workspace/Sources/CodexAppServerKit/CodexDomainTypes.swift:3186:15: note: add '@available' attribute to enclosing struct
public struct CodexLoginHandle: Identifiable, Equatable, Sendable {
^
/Users/admin/builder/spi-builder-workspace/Sources/CodexAppServerKit/CodexDomainTypes.swift:3242:27: error: 'Duration' is only available in watchOS 9.0 or newer
case deadlineExceeded(Duration)
^
/Users/admin/builder/spi-builder-workspace/Sources/CodexAppServerKit/CodexDomainTypes.swift:3237:13: note: add '@available' attribute to enclosing enum
public enum CodexAuthenticationOutcomeUnknownReason: Equatable, Sendable {
^
/Users/admin/builder/spi-builder-workspace/Sources/CodexAppServerKit/CodexDomainTypes.swift:3258:62: error: 'Duration' is only available in watchOS 9.0 or newer
case turnDeadlineExceeded(turnID: CodexTurnID, duration: Duration)
^
/Users/admin/builder/spi-builder-workspace/Sources/CodexAppServerKit/CodexDomainTypes.swift:3254:13: note: add '@available' attribute to enclosing enum
public enum CodexAppServerError: Error, Equatable, LocalizedError, Sendable {
^
/Users/admin/builder/spi-builder-workspace/Sources/CodexAppServerKit/CodexDomainTypes.swift:3306:31: error: 'Duration' is only available in watchOS 9.0 or newer
case deadlineExceeded(Duration)
^
/Users/admin/builder/spi-builder-workspace/Sources/CodexAppServerKit/CodexDomainTypes.swift:3300:17: note: add '@available' attribute to enclosing enum
public enum Kind: Equatable, Sendable {
^
/Users/admin/builder/spi-builder-workspace/Sources/CodexAppServerKit/CodexDomainTypes.swift:3459:35: error: 'Duration' is only available in watchOS 9.0 or newer
package var sleep: @Sendable (Duration) async throws -> Void
^
/Users/admin/builder/spi-builder-workspace/Sources/CodexAppServerKit/CodexDomainTypes.swift:3458:16: note: add '@available' attribute to enclosing struct
package struct CodexDeadlineClock: Sendable {
^
/Users/admin/builder/spi-builder-workspace/Sources/CodexAppServerKit/CodexDomainTypes.swift:3461:46: error: 'Duration' is only available in watchOS 9.0 or newer
package init(sleep: @escaping @Sendable (Duration) async throws -> Void) {
^
/Users/admin/builder/spi-builder-workspace/Sources/CodexAppServerKit/CodexDomainTypes.swift:3461:13: note: add '@available' attribute to enclosing initializer
package init(sleep: @escaping @Sendable (Duration) async throws -> Void) {
^
/Users/admin/builder/spi-builder-workspace/Sources/CodexAppServerKit/CodexDomainTypes.swift:3458:16: note: add '@available' attribute to enclosing struct
package struct CodexDeadlineClock: Sendable {
^
/Users/admin/builder/spi-builder-workspace/Sources/CodexAppServerKit/CodexThreadOperations.swift:55:18: error: 'Duration' is only available in watchOS 9.0 or newer
timeout: Duration? = nil
^
/Users/admin/builder/spi-builder-workspace/Sources/CodexAppServerKit/CodexThreadOperations.swift:52:17: note: add '@available' attribute to enclosing instance method
public func respond(
^
/Users/admin/builder/spi-builder-workspace/Sources/CodexAppServerKit/CodexThreadOperations.swift:4:1: note: add '@available' attribute to enclosing extension
extension CodexThread {
^
/Users/admin/builder/spi-builder-workspace/Sources/CodexAppServerKit/CodexThreadOperations.swift:68:18: error: 'Duration' is only available in watchOS 9.0 or newer
timeout: Duration? = nil
^
/Users/admin/builder/spi-builder-workspace/Sources/CodexAppServerKit/CodexThreadOperations.swift:65:18: note: add '@available' attribute to enclosing instance method
package func collectResponse(
^
/Users/admin/builder/spi-builder-workspace/Sources/CodexAppServerKit/CodexThreadOperations.swift:4:1: note: add '@available' attribute to enclosing extension
extension CodexThread {
^
/Users/admin/builder/spi-builder-workspace/Sources/CodexAppServerKit/CodexThreadOperations.swift:102:18: error: 'Duration' is only available in watchOS 9.0 or newer
timeout: Duration? = nil
^
/Users/admin/builder/spi-builder-workspace/Sources/CodexAppServerKit/CodexThreadOperations.swift:99:17: note: add '@available' attribute to enclosing instance method
public func respond(
^
/Users/admin/builder/spi-builder-workspace/Sources/CodexAppServerKit/CodexThreadOperations.swift:4:1: note: add '@available' attribute to enclosing extension
extension CodexThread {
^
/Users/admin/builder/spi-builder-workspace/Sources/CodexAppServerKit/CodexThreadOperations.swift:110:18: error: 'Duration' is only available in watchOS 9.0 or newer
timeout: Duration? = nil,
^
/Users/admin/builder/spi-builder-workspace/Sources/CodexAppServerKit/CodexThreadOperations.swift:108:17: note: add '@available' attribute to enclosing instance method
public func respond(
^
/Users/admin/builder/spi-builder-workspace/Sources/CodexAppServerKit/CodexThreadOperations.swift:4:1: note: add '@available' attribute to enclosing extension
extension CodexThread {
^
/Users/admin/builder/spi-builder-workspace/Sources/CodexAppServerKit/CodexThreadOperations.swift:537:33: error: 'Mutex' is only available in watchOS 11.0 or newer
private let storedOutcome = Mutex<CodexTurnOutcome?>(nil)
^
/Users/admin/builder/spi-builder-workspace/Sources/CodexAppServerKit/CodexThreadOperations.swift:536:21: note: add '@available' attribute to enclosing class
package final class CodexResponseCancellationRecorder: Sendable {
^
/Users/admin/builder/spi-builder-workspace/Sources/CodexAppServerKit/CodexThreadOperations.swift:537:56: error: 'init(_:)' is only available in watchOS 11.0 or newer
private let storedOutcome = Mutex<CodexTurnOutcome?>(nil)
^
/Users/admin/builder/spi-builder-workspace/Sources/CodexAppServerKit/CodexThreadOperations.swift:536:21: note: add '@available' attribute to enclosing class
package final class CodexResponseCancellationRecorder: Sendable {
^
/Users/admin/builder/spi-builder-workspace/Sources/CodexAppServerKit/ConnectionEventHub.swift:31:23: error: 'Duration' is only available in watchOS 9.0 or newer
public let delay: Duration
^
/Users/admin/builder/spi-builder-workspace/Sources/CodexAppServerKit/ConnectionEventHub.swift:27:15: note: add '@available' attribute to enclosing struct
public struct CodexRetryDiagnostic: Equatable, Sendable {
^
/Users/admin/builder/spi-builder-workspace/Sources/CodexAppServerKit/ConnectionEventHub.swift:38:16: error: 'Duration' is only available in watchOS 9.0 or newer
delay: Duration,
^
/Users/admin/builder/spi-builder-workspace/Sources/CodexAppServerKit/ConnectionEventHub.swift:34:13: note: add '@available' attribute to enclosing initializer
package init(
^
/Users/admin/builder/spi-builder-workspace/Sources/CodexAppServerKit/ConnectionEventHub.swift:27:15: note: add '@available' attribute to enclosing struct
public struct CodexRetryDiagnostic: Equatable, Sendable {
^
/Users/admin/builder/spi-builder-workspace/Sources/CodexAppServerKit/ConnectionEventHub.swift:489:25: error: 'Mutex' is only available in watchOS 11.0 or newer
private let state = Mutex(State())
^
/Users/admin/builder/spi-builder-workspace/Sources/CodexAppServerKit/ConnectionEventHub.swift:483:21: note: add '@available' attribute to enclosing class
private final class ConnectionEventSubscriptionRegistry: Sendable {
^
/Users/admin/builder/spi-builder-workspace/Sources/CodexAppServerKit/ConnectionEventHub.swift:489:25: error: 'init(_:)' is only available in watchOS 11.0 or newer
private let state = Mutex(State())
^
/Users/admin/builder/spi-builder-workspace/Sources/CodexAppServerKit/ConnectionEventHub.swift:483:21: note: add '@available' attribute to enclosing class
private final class ConnectionEventSubscriptionRegistry: Sendable {
^
/Users/admin/builder/spi-builder-workspace/Sources/CodexAppServerKit/ConnectionEventHub.swift:492:28: error: 'Mutex' is only available in watchOS 11.0 or newer
private let delivery = Mutex(())
^
/Users/admin/builder/spi-builder-workspace/Sources/CodexAppServerKit/ConnectionEventHub.swift:483:21: note: add '@available' attribute to enclosing class
private final class ConnectionEventSubscriptionRegistry: Sendable {
^
/Users/admin/builder/spi-builder-workspace/Sources/CodexAppServerKit/ConnectionEventHub.swift:492:28: error: 'init(_:)' is only available in watchOS 11.0 or newer
private let delivery = Mutex(())
^
/Users/admin/builder/spi-builder-workspace/Sources/CodexAppServerKit/ConnectionEventHub.swift:483:21: note: add '@available' attribute to enclosing class
private final class ConnectionEventSubscriptionRegistry: Sendable {
^
/Users/admin/builder/spi-builder-workspace/Sources/CodexAppServerKit/ConnectionEventHub.swift:295:25: error: 'Mutex' is only available in watchOS 11.0 or newer
private let state = Mutex(State())
^
/Users/admin/builder/spi-builder-workspace/Sources/CodexAppServerKit/ConnectionEventHub.swift:278:21: note: add '@available' attribute to enclosing class
private final class ConnectionEventSubscriberChannel: Sendable {
^
/Users/admin/builder/spi-builder-workspace/Sources/CodexAppServerKit/ConnectionEventHub.swift:295:25: error: 'init(_:)' is only available in watchOS 11.0 or newer
private let state = Mutex(State())
^
/Users/admin/builder/spi-builder-workspace/Sources/CodexAppServerKit/ConnectionEventHub.swift:278:21: note: add '@available' attribute to enclosing class
private final class ConnectionEventSubscriberChannel: Sendable {
^
/Users/admin/builder/spi-builder-workspace/Sources/CodexAppServerKit/ConnectionEventHub.swift:288:21: error: 'CheckedContinuation' is only available in watchOS 6.0 or newer
var waiter: CheckedContinuation<CodexConnectionEvent?, Never>?
^
/Users/admin/builder/spi-builder-workspace/Sources/CodexAppServerKit/ConnectionEventHub.swift:286:20: note: add '@available' attribute to enclosing struct
private struct State {
^
/Users/admin/builder/spi-builder-workspace/Sources/CodexAppServerKit/ConnectionEventHub.swift:289:35: error: 'CheckedContinuation' is only available in watchOS 6.0 or newer
var suspensionObservers: [CheckedContinuation<Void, Never>] = []
^
/Users/admin/builder/spi-builder-workspace/Sources/CodexAppServerKit/ConnectionEventHub.swift:286:20: note: add '@available' attribute to enclosing struct
private struct State {
^
/Users/admin/builder/spi-builder-workspace/Sources/CodexAppServerKit/ConnectionEventHub.swift:456:25: error: 'Mutex' is only available in watchOS 11.0 or newer
private let state = Mutex(State())
^
/Users/admin/builder/spi-builder-workspace/Sources/CodexAppServerKit/ConnectionEventHub.swift:451:21: note: add '@available' attribute to enclosing class
private final class ConnectionEventSubscriptionCancellation: Sendable {
^
/Users/admin/builder/spi-builder-workspace/Sources/CodexAppServerKit/ConnectionEventHub.swift:456:25: error: 'init(_:)' is only available in watchOS 11.0 or newer
private let state = Mutex(State())
^
/Users/admin/builder/spi-builder-workspace/Sources/CodexAppServerKit/ConnectionEventHub.swift:451:21: note: add '@available' attribute to enclosing class
private final class ConnectionEventSubscriptionCancellation: Sendable {
^
/Users/admin/builder/spi-builder-workspace/Sources/CodexAppServerKit/ConnectionSupervisor.swift:5:32: error: 'Logger' is only available in watchOS 7.0 or newer
private let supervisorLogger = Logger(
^
/Users/admin/builder/spi-builder-workspace/Sources/CodexAppServerKit/ConnectionSupervisor.swift:5:13: note: add '@available' attribute to enclosing let
private let supervisorLogger = Logger(
^
/Users/admin/builder/spi-builder-workspace/Sources/CodexAppServerKit/ConnectionSupervisor.swift:16:25: error: 'Mutex' is only available in watchOS 11.0 or newer
private let action: Mutex<(@Sendable (Request) async -> Void)?>
^
/Users/admin/builder/spi-builder-workspace/Sources/CodexAppServerKit/ConnectionSupervisor.swift:10:21: note: add '@available' attribute to enclosing class
package final class ConnectionCloseAction: Sendable {
^
/Users/admin/builder/spi-builder-workspace/Sources/CodexAppServerKit/ConnectionSupervisor.swift:74:29: error: 'Task' is only available in watchOS 6.0 or newer
private var routerTask: Task<Void, Never>?
^
/Users/admin/builder/spi-builder-workspace/Sources/CodexAppServerKit/ConnectionSupervisor.swift:62:15: note: add '@available' attribute to enclosing actor
package actor ConnectionSupervisor {
^
/Users/admin/builder/spi-builder-workspace/Sources/CodexAppServerKit/ConnectionSupervisor.swift:75:34: error: 'Task' is only available in watchOS 6.0 or newer
private var processExitTask: Task<Void, Never>?
^
/Users/admin/builder/spi-builder-workspace/Sources/CodexAppServerKit/ConnectionSupervisor.swift:62:15: note: add '@available' attribute to enclosing actor
package actor ConnectionSupervisor {
^
/Users/admin/builder/spi-builder-workspace/Sources/CodexAppServerKit/ConnectionSupervisor.swift:76:28: error: 'Task' is only available in watchOS 6.0 or newer
private var closeTask: Task<Void, Never>?
^
/Users/admin/builder/spi-builder-workspace/Sources/CodexAppServerKit/ConnectionSupervisor.swift:62:15: note: add '@available' attribute to enclosing actor
package actor ConnectionSupervisor {
^
/Users/admin/builder/spi-builder-workspace/Sources/CodexAppServerKit/ConnectionSupervisor.swift:79:10: error: 'CheckedContinuation' is only available in watchOS 6.0 or newer
[CheckedContinuation<CodexConnectionTermination, Never>] = []
^
/Users/admin/builder/spi-builder-workspace/Sources/CodexAppServerKit/ConnectionSupervisor.swift:62:15: note: add '@available' attribute to enclosing actor
package actor ConnectionSupervisor {
^
/Users/admin/builder/spi-builder-workspace/Sources/CodexAppServerKit/ConnectionSupervisor.swift:171:10: error: 'Task' is only available in watchOS 6.0 or newer
) -> Task<Void, Never> {
^
/Users/admin/builder/spi-builder-workspace/Sources/CodexAppServerKit/ConnectionSupervisor.swift:169:18: note: add '@available' attribute to enclosing instance method
private func recordTermination(
^
/Users/admin/builder/spi-builder-workspace/Sources/CodexAppServerKit/ConnectionSupervisor.swift:62:15: note: add '@available' attribute to enclosing actor
package actor ConnectionSupervisor {
^
/Users/admin/builder/spi-builder-workspace/Sources/CodexAppServerKit/ConnectionSupervisor.swift:209:38: error: 'Task' is only available in watchOS 6.0 or newer
private func startCloseTask() -> Task<Void, Never> {
^
/Users/admin/builder/spi-builder-workspace/Sources/CodexAppServerKit/ConnectionSupervisor.swift:209:18: note: add '@available' attribute to enclosing instance method
private func startCloseTask() -> Task<Void, Never> {
^
/Users/admin/builder/spi-builder-workspace/Sources/CodexAppServerKit/ConnectionSupervisor.swift:62:15: note: add '@available' attribute to enclosing actor
package actor ConnectionSupervisor {
^
/Users/admin/builder/spi-builder-workspace/Sources/CodexAppServerKit/ConnectionSupervisor.swift:300:24: error: 'Mutex' is only available in watchOS 11.0 or newer
private let state: Mutex<State>
^
/Users/admin/builder/spi-builder-workspace/Sources/CodexAppServerKit/ConnectionSupervisor.swift:294:21: note: add '@available' attribute to enclosing class
package final class AppServerConnectionLease: Sendable {
^
/Users/admin/builder/spi-builder-workspace/Sources/CodexAppServerKit/InterruptRaceResolver.swift:5:27: error: 'Duration' is only available in watchOS 9.0 or newer
case retry(after: Duration)
^
/Users/admin/builder/spi-builder-workspace/Sources/CodexAppServerKit/InterruptRaceResolver.swift:4:18: note: add '@available' attribute to enclosing enum
package enum Decision: Sendable {
^
/Users/admin/builder/spi-builder-workspace/Sources/CodexAppServerKit/InterruptRaceResolver.swift:12:47: error: 'Duration' is only available in watchOS 9.0 or newer
private static let activationRetryDelay = Duration.milliseconds(50)
^
/Users/admin/builder/spi-builder-workspace/Sources/CodexAppServerKit/InterruptRaceResolver.swift:12:24: note: add '@available' attribute to enclosing static property
private static let activationRetryDelay = Duration.milliseconds(50)
^
/Users/admin/builder/spi-builder-workspace/Sources/CodexAppServerKit/InterruptRaceResolver.swift:3:16: note: add '@available' attribute to enclosing struct
package struct InterruptRaceResolver: Sendable {
^
/Users/admin/builder/spi-builder-workspace/Sources/CodexAppServerKit/InterruptRaceResolver.swift:12:56: error: 'milliseconds' is only available in watchOS 9.0 or newer
private static let activationRetryDelay = Duration.milliseconds(50)
^
/Users/admin/builder/spi-builder-workspace/Sources/CodexAppServerKit/InterruptRaceResolver.swift:12:24: note: add '@available' attribute to enclosing static property
private static let activationRetryDelay = Duration.milliseconds(50)
^
/Users/admin/builder/spi-builder-workspace/Sources/CodexAppServerKit/InterruptRaceResolver.swift:3:16: note: add '@available' attribute to enclosing struct
package struct InterruptRaceResolver: Sendable {
^
/Users/admin/builder/spi-builder-workspace/Sources/CodexAppServerKit/JSONRPCEnvelopeCodec.swift:176:22: error: 'CheckedContinuation' is only available in watchOS 6.0 or newer
case pending(CheckedContinuation<Result<Data, JSONRPC.Error>, Never>?)
^
/Users/admin/builder/spi-builder-workspace/Sources/CodexAppServerKit/JSONRPCEnvelopeCodec.swift:175:18: note: add '@available' attribute to enclosing enum
private enum State {
^
/Users/admin/builder/spi-builder-workspace/Sources/CodexAppServerKit/JSONRPCEnvelopeCodec.swift:180:25: error: 'Mutex' is only available in watchOS 11.0 or newer
private let state = Mutex<State>(.pending(nil))
^
/Users/admin/builder/spi-builder-workspace/Sources/CodexAppServerKit/JSONRPCEnvelopeCodec.swift:174:21: note: add '@available' attribute to enclosing class
package final class JSONRPCResponseWaiter: Sendable {
^
/Users/admin/builder/spi-builder-workspace/Sources/CodexAppServerKit/JSONRPCEnvelopeCodec.swift:180:36: error: 'init(_:)' is only available in watchOS 11.0 or newer
private let state = Mutex<State>(.pending(nil))
^
/Users/admin/builder/spi-builder-workspace/Sources/CodexAppServerKit/JSONRPCEnvelopeCodec.swift:174:21: note: add '@available' attribute to enclosing class
package final class JSONRPCResponseWaiter: Sendable {
^
/Users/admin/builder/spi-builder-workspace/Sources/CodexAppServerKit/JSONRPCInboundFrameMailbox.swift:39:53: error: 'CheckedContinuation' is only available in watchOS 6.0 or newer
private var admissionWaiterCountWaiters: [(Int, CheckedContinuation<Void, Never>)] = []
^
/Users/admin/builder/spi-builder-workspace/Sources/CodexAppServerKit/JSONRPCInboundFrameMailbox.swift:4:15: note: add '@available' attribute to enclosing actor
package actor JSONRPCInboundFrameMailbox {
^
/Users/admin/builder/spi-builder-workspace/Sources/CodexAppServerKit/JSONRPCInboundFrameMailbox.swift:42:47: error: 'CheckedContinuation' is only available in watchOS 6.0 or newer
private var receiverRegistrationWaiters: [CheckedContinuation<Void, Never>] = []
^
/Users/admin/builder/spi-builder-workspace/Sources/CodexAppServerKit/JSONRPCInboundFrameMailbox.swift:4:15: note: add '@available' attribute to enclosing actor
package actor JSONRPCInboundFrameMailbox {
^
/Users/admin/builder/spi-builder-workspace/Sources/CodexAppServerKit/JSONRPCInboundFrameMailbox.swift:287:22: error: 'CheckedContinuation' is only available in watchOS 6.0 or newer
case pending(CheckedContinuation<Value, Never>?)
^
/Users/admin/builder/spi-builder-workspace/Sources/CodexAppServerKit/JSONRPCInboundFrameMailbox.swift:286:18: note: add '@available' attribute to enclosing enum
private enum State {
^
/Users/admin/builder/spi-builder-workspace/Sources/CodexAppServerKit/JSONRPCInboundFrameMailbox.swift:293:25: error: 'Mutex' is only available in watchOS 11.0 or newer
private let state = Mutex<State>(.pending(nil))
^
/Users/admin/builder/spi-builder-workspace/Sources/CodexAppServerKit/JSONRPCInboundFrameMailbox.swift:285:21: note: add '@available' attribute to enclosing generic class
private final class MailboxWaiter<Value: Sendable>: Sendable {
^
/Users/admin/builder/spi-builder-workspace/Sources/CodexAppServerKit/JSONRPCInboundFrameMailbox.swift:293:36: error: 'init(_:)' is only available in watchOS 11.0 or newer
private let state = Mutex<State>(.pending(nil))
^
/Users/admin/builder/spi-builder-workspace/Sources/CodexAppServerKit/JSONRPCInboundFrameMailbox.swift:285:21: note: add '@available' attribute to enclosing generic class
private final class MailboxWaiter<Value: Sendable>: Sendable {
^
/Users/admin/builder/spi-builder-workspace/Sources/CodexAppServerKit/LoginRegistry.swift:6:35: error: 'Duration' is only available in watchOS 9.0 or newer
private let sleep: @Sendable (Duration) async throws -> Void
^
/Users/admin/builder/spi-builder-workspace/Sources/CodexAppServerKit/LoginRegistry.swift:3:15: note: add '@available' attribute to enclosing actor
package actor LoginRegistry {
^
/Users/admin/builder/spi-builder-workspace/Sources/CodexAppServerKit/LoginRegistry.swift:9:37: error: 'Duration' is only available in watchOS 9.0 or newer
sleep: @escaping @Sendable (Duration) async throws -> Void = {
^
/Users/admin/builder/spi-builder-workspace/Sources/CodexAppServerKit/LoginRegistry.swift:8:13: note: add '@available' attribute to enclosing initializer
package init(
^
/Users/admin/builder/spi-builder-workspace/Sources/CodexAppServerKit/LoginRegistry.swift:3:15: note: add '@available' attribute to enclosing actor
package actor LoginRegistry {
^
/Users/admin/builder/spi-builder-workspace/Sources/CodexAppServerKit/LoginRegistry.swift:17:27: error: 'Duration' is only available in watchOS 9.0 or newer
readinessTimeout: Duration?,
^
/Users/admin/builder/spi-builder-workspace/Sources/CodexAppServerKit/LoginRegistry.swift:16:18: note: add '@available' attribute to enclosing instance method
package func reserve(
^
/Users/admin/builder/spi-builder-workspace/Sources/CodexAppServerKit/LoginRegistry.swift:3:15: note: add '@available' attribute to enclosing actor
package actor LoginRegistry {
^
/Users/admin/builder/spi-builder-workspace/Sources/CodexAppServerKit/LoginRegistry.swift:19:55: error: 'Duration' is only available in watchOS 9.0 or newer
@escaping @Sendable (CodexLoginHandle.ID, Duration?) async throws
^
/Users/admin/builder/spi-builder-workspace/Sources/CodexAppServerKit/LoginRegistry.swift:16:18: note: add '@available' attribute to enclosing instance method
package func reserve(
^
/Users/admin/builder/spi-builder-workspace/Sources/CodexAppServerKit/LoginRegistry.swift:3:15: note: add '@available' attribute to enclosing actor
package actor LoginRegistry {
^
/Users/admin/builder/spi-builder-workspace/Sources/CodexAppServerKit/LoginRegistry.swift:126:33: error: 'CheckedContinuation' is only available in watchOS 6.0 or newer
private var waiters: [UUID: CheckedContinuation<Result<CodexLoginOutcome, Error>, Never>] = [:]
^
/Users/admin/builder/spi-builder-workspace/Sources/CodexAppServerKit/LoginRegistry.swift:108:15: note: add '@available' attribute to enclosing actor
package actor LoginState {
^
/Users/admin/builder/spi-builder-workspace/Sources/CodexAppServerKit/LoginRegistry.swift:127:32: error: 'Task' is only available in watchOS 6.0 or newer
private var readinessTask: Task<Void, Never>?
^
/Users/admin/builder/spi-builder-workspace/Sources/CodexAppServerKit/LoginRegistry.swift:108:15: note: add '@available' attribute to enclosing actor
package actor LoginState {
^
/Users/admin/builder/spi-builder-workspace/Sources/CodexAppServerKit/LoginRegistry.swift:128:29: error: 'Task' is only available in watchOS 6.0 or newer
private var cancelTask: Task<Result<CodexLoginOutcome, Error>, Never>?
^
/Users/admin/builder/spi-builder-workspace/Sources/CodexAppServerKit/LoginRegistry.swift:108:15: note: add '@available' attribute to enclosing actor
package actor LoginState {
^
/Users/admin/builder/spi-builder-workspace/Sources/CodexAppServerKit/LoginRegistry.swift:130:35: error: 'Duration' is only available in watchOS 9.0 or newer
private let readinessTimeout: Duration?
^
/Users/admin/builder/spi-builder-workspace/Sources/CodexAppServerKit/LoginRegistry.swift:108:15: note: add '@available' attribute to enclosing actor
package actor LoginState {
^
/Users/admin/builder/spi-builder-workspace/Sources/CodexAppServerKit/LoginRegistry.swift:132:41: error: 'Duration' is only available in watchOS 9.0 or newer
@Sendable (CodexLoginHandle.ID, Duration?) async throws
^
/Users/admin/builder/spi-builder-workspace/Sources/CodexAppServerKit/LoginRegistry.swift:108:15: note: add '@available' attribute to enclosing actor
package actor LoginState {
^
/Users/admin/builder/spi-builder-workspace/Sources/CodexAppServerKit/LoginRegistry.swift:135:35: error: 'Duration' is only available in watchOS 9.0 or newer
private let sleep: @Sendable (Duration) async throws -> Void
^
/Users/admin/builder/spi-builder-workspace/Sources/CodexAppServerKit/LoginRegistry.swift:108:15: note: add '@available' attribute to enclosing actor
package actor LoginState {
^
/Users/admin/builder/spi-builder-workspace/Sources/CodexAppServerKit/LoginRegistry.swift:140:27: error: 'Duration' is only available in watchOS 9.0 or newer
readinessTimeout: Duration?,
^
/Users/admin/builder/spi-builder-workspace/Sources/CodexAppServerKit/LoginRegistry.swift:138:13: note: add '@available' attribute to enclosing initializer
package init(
^
/Users/admin/builder/spi-builder-workspace/Sources/CodexAppServerKit/LoginRegistry.swift:108:15: note: add '@available' attribute to enclosing actor
package actor LoginState {
^
/Users/admin/builder/spi-builder-workspace/Sources/CodexAppServerKit/LoginRegistry.swift:142:55: error: 'Duration' is only available in watchOS 9.0 or newer
@escaping @Sendable (CodexLoginHandle.ID, Duration?) async throws
^
/Users/admin/builder/spi-builder-workspace/Sources/CodexAppServerKit/LoginRegistry.swift:138:13: note: add '@available' attribute to enclosing initializer
package init(
^
/Users/admin/builder/spi-builder-workspace/Sources/CodexAppServerKit/LoginRegistry.swift:108:15: note: add '@available' attribute to enclosing actor
package actor LoginState {
^
/Users/admin/builder/spi-builder-workspace/Sources/CodexAppServerKit/LoginRegistry.swift:145:37: error: 'Duration' is only available in watchOS 9.0 or newer
sleep: @escaping @Sendable (Duration) async throws -> Void,
^
/Users/admin/builder/spi-builder-workspace/Sources/CodexAppServerKit/LoginRegistry.swift:138:13: note: add '@available' attribute to enclosing initializer
package init(
^
/Users/admin/builder/spi-builder-workspace/Sources/CodexAppServerKit/LoginRegistry.swift:108:15: note: add '@available' attribute to enclosing actor
package actor LoginState {
^
/Users/admin/builder/spi-builder-workspace/Sources/CodexAppServerKit/LoginRegistry.swift:307:49: error: 'Duration' is only available in watchOS 9.0 or newer
package func cancel(acknowledgementTimeout: Duration?) async throws -> CodexLoginOutcome {
^
/Users/admin/builder/spi-builder-workspace/Sources/CodexAppServerKit/LoginRegistry.swift:307:18: note: add '@available' attribute to enclosing instance method
package func cancel(acknowledgementTimeout: Duration?) async throws -> CodexLoginOutcome {
^
/Users/admin/builder/spi-builder-workspace/Sources/CodexAppServerKit/LoginRegistry.swift:108:15: note: add '@available' attribute to enclosing actor
package actor LoginState {
^
/Users/admin/builder/spi-builder-workspace/Sources/CodexAppServerKit/LoginRegistry.swift:412:55: error: 'Duration' is only available in watchOS 9.0 or newer
private func readinessDeadlineExceeded(_ timeout: Duration) {
^
/Users/admin/builder/spi-builder-workspace/Sources/CodexAppServerKit/LoginRegistry.swift:412:18: note: add '@available' attribute to enclosing instance method
private func readinessDeadlineExceeded(_ timeout: Duration) {
^
/Users/admin/builder/spi-builder-workspace/Sources/CodexAppServerKit/LoginRegistry.swift:108:15: note: add '@available' attribute to enclosing actor
package actor LoginState {
^
/Users/admin/builder/spi-builder-workspace/Sources/CodexAppServerKit/RequestSerializer.swift:35:19: error: 'CheckedContinuation' is only available in watchOS 6.0 or newer
UUID: CheckedContinuation<RequestOperationAbandonment?, Never>
^
/Users/admin/builder/spi-builder-workspace/Sources/CodexAppServerKit/RequestSerializer.swift:31:20: note: add '@available' attribute to enclosing struct
private struct State: Sendable {
^
/Users/admin/builder/spi-builder-workspace/Sources/CodexAppServerKit/RequestSerializer.swift:39:25: error: 'Mutex' is only available in watchOS 11.0 or newer
private let state = Mutex(State())
^
/Users/admin/builder/spi-builder-workspace/Sources/CodexAppServerKit/RequestSerializer.swift:4:21: note: add '@available' attribute to enclosing class
package final class RequestOperationState: Sendable {
^
/Users/admin/builder/spi-builder-workspace/Sources/CodexAppServerKit/RequestSerializer.swift:39:25: error: 'init(_:)' is only available in watchOS 11.0 or newer
private let state = Mutex(State())
^
/Users/admin/builder/spi-builder-workspace/Sources/CodexAppServerKit/RequestSerializer.swift:4:21: note: add '@available' attribute to enclosing class
package final class RequestOperationState: Sendable {
^
/Users/admin/builder/spi-builder-workspace/Sources/CodexAppServerKit/RequestSerializer.swift:218:6: error: 'TaskLocal()' is only available in watchOS 6.0 or newer
@TaskLocal private static var currentCleanupLaneToken: LaneToken?
^
/Users/admin/builder/spi-builder-workspace/Sources/CodexAppServerKit/RequestSerializer.swift:207:15: note: add '@available' attribute to enclosing actor
package actor RequestSerializer {
^
@__swiftmacro_17CodexAppServerKit17RequestSerializerC23currentCleanupLaneToken33_28D8D40111F62E6FFCABBB9429B2FE90LL9TaskLocalfMp_.swift:1:46: error: 'TaskLocal' is only available in watchOS 6.0 or newer
private static let $currentCleanupLaneToken: TaskLocal<LaneToken?> = TaskLocal(wrappedValue: nil)
^
/Users/admin/builder/spi-builder-workspace/Sources/CodexAppServerKit/RequestSerializer.swift:218:5: note: in expansion of macro 'TaskLocal' on static property 'currentCleanupLaneToken' here
@TaskLocal private static var currentCleanupLaneToken: LaneToken?
^ ~~~~~~~~~~~~~~~~~~~~~~~
/Users/admin/builder/spi-builder-workspace/Sources/CodexAppServerKit/RequestSerializer.swift:218:5: note: in expansion of macro 'TaskLocal' on static property 'currentCleanupLaneToken' here
@TaskLocal private static var currentCleanupLaneToken: LaneToken?
^ ~~~~~~~~~~~~~~~~~~~~~~~
/Users/admin/builder/spi-builder-workspace/Sources/CodexAppServerKit/RequestSerializer.swift:207:15: note: add '@available' attribute to enclosing actor
package actor RequestSerializer {
^
@__swiftmacro_17CodexAppServerKit17RequestSerializerC23currentCleanupLaneToken33_28D8D40111F62E6FFCABBB9429B2FE90LL9TaskLocalfMp_.swift:1:70: error: 'TaskLocal' is only available in watchOS 6.0 or newer
private static let $currentCleanupLaneToken: TaskLocal<LaneToken?> = TaskLocal(wrappedValue: nil)
^
/Users/admin/builder/spi-builder-workspace/Sources/CodexAppServerKit/RequestSerializer.swift:218:5: note: in expansion of macro 'TaskLocal' on static property 'currentCleanupLaneToken' here
@TaskLocal private static var currentCleanupLaneToken: LaneToken?
^ ~~~~~~~~~~~~~~~~~~~~~~~
/Users/admin/builder/spi-builder-workspace/Sources/CodexAppServerKit/RequestSerializer.swift:218:5: note: in expansion of macro 'TaskLocal' on static property 'currentCleanupLaneToken' here
@TaskLocal private static var currentCleanupLaneToken: LaneToken?
^ ~~~~~~~~~~~~~~~~~~~~~~~
/Users/admin/builder/spi-builder-workspace/Sources/CodexAppServerKit/RequestSerializer.swift:207:15: note: add '@available' attribute to enclosing actor
package actor RequestSerializer {
^
/Users/admin/builder/spi-builder-workspace/Sources/CodexAppServerKit/RequestSerializer.swift:390:22: error: 'CheckedContinuation' is only available in watchOS 6.0 or newer
case waiting(CheckedContinuation<Bool, Never>)
^
/Users/admin/builder/spi-builder-workspace/Sources/CodexAppServerKit/RequestSerializer.swift:388:18: note: add '@available' attribute to enclosing enum
private enum State: Sendable {
^
/Users/admin/builder/spi-builder-workspace/Sources/CodexAppServerKit/RequestSerializer.swift:397:25: error: 'Mutex' is only available in watchOS 11.0 or newer
private let state = Mutex(State.idle)
^
/Users/admin/builder/spi-builder-workspace/Sources/CodexAppServerKit/RequestSerializer.swift:387:21: note: add '@available' attribute to enclosing class
private final class RequestQueueCountWaiter: Sendable {
^
/Users/admin/builder/spi-builder-workspace/Sources/CodexAppServerKit/RequestSerializer.swift:397:25: error: 'init(_:)' is only available in watchOS 11.0 or newer
private let state = Mutex(State.idle)
^
/Users/admin/builder/spi-builder-workspace/Sources/CodexAppServerKit/RequestSerializer.swift:387:21: note: add '@available' attribute to enclosing class
private final class RequestQueueCountWaiter: Sendable {
^
/Users/admin/builder/spi-builder-workspace/Sources/CodexAppServerKit/RequestSerializer.swift:485:25: error: 'Mutex' is only available in watchOS 11.0 or newer
private let state = Mutex(State.idle)
^
/Users/admin/builder/spi-builder-workspace/Sources/CodexAppServerKit/RequestSerializer.swift:476:21: note: add '@available' attribute to enclosing class
private final class RequestLaneWaiter: Sendable {
^
/Users/admin/builder/spi-builder-workspace/Sources/CodexAppServerKit/RequestSerializer.swift:485:25: error: 'init(_:)' is only available in watchOS 11.0 or newer
private let state = Mutex(State.idle)
^
/Users/admin/builder/spi-builder-workspace/Sources/CodexAppServerKit/RequestSerializer.swift:476:21: note: add '@available' attribute to enclosing class
private final class RequestLaneWaiter: Sendable {
^
/Users/admin/builder/spi-builder-workspace/Sources/CodexAppServerKit/RequestSerializer.swift:479:22: error: 'CheckedContinuation' is only available in watchOS 6.0 or newer
case waiting(CheckedContinuation<Bool, Never>)
^
/Users/admin/builder/spi-builder-workspace/Sources/CodexAppServerKit/RequestSerializer.swift:477:18: note: add '@available' attribute to enclosing enum
private enum State: Sendable {
^
/Users/admin/builder/spi-builder-workspace/Sources/CodexAppServerKit/ReviewRestartCoordinator.swift:5:35: error: 'Logger' is only available in watchOS 7.0 or newer
private let reviewRestartLogger = Logger(
^
/Users/admin/builder/spi-builder-workspace/Sources/CodexAppServerKit/ReviewRestartCoordinator.swift:5:13: note: add '@available' attribute to enclosing let
private let reviewRestartLogger = Logger(
^
/Users/admin/builder/spi-builder-workspace/Sources/CodexAppServerKit/ReviewRestartCoordinator.swift:20:30: error: 'Mutex' is only available in watchOS 11.0 or newer
private let identities = Mutex<[CodexReviewIdentity]>([])
^
/Users/admin/builder/spi-builder-workspace/Sources/CodexAppServerKit/ReviewRestartCoordinator.swift:19:21: note: add '@available' attribute to enclosing class
package final class ReviewRestartIdentityAccumulator: Sendable {
^
/Users/admin/builder/spi-builder-workspace/Sources/CodexAppServerKit/ReviewRestartCoordinator.swift:20:57: error: 'init(_:)' is only available in watchOS 11.0 or newer
private let identities = Mutex<[CodexReviewIdentity]>([])
^
/Users/admin/builder/spi-builder-workspace/Sources/CodexAppServerKit/ReviewRestartCoordinator.swift:19:21: note: add '@available' attribute to enclosing class
package final class ReviewRestartIdentityAccumulator: Sendable {
^
/Users/admin/builder/spi-builder-workspace/Sources/CodexAppServerKit/ReviewRestartCoordinator.swift:922:27: error: 'Task' is only available in watchOS 6.0 or newer
fileprivate let task: Task<PreparationExecutionOutcome, Never>
^
/Users/admin/builder/spi-builder-workspace/Sources/CodexAppServerKit/ReviewRestartCoordinator.swift:919:21: note: add '@available' attribute to enclosing class
package final class PreparationCompletion: Sendable {
^
/Users/admin/builder/spi-builder-workspace/Sources/CodexAppServerKit/ReviewRestartCoordinator.swift:927:15: error: 'Task' is only available in watchOS 6.0 or newer
task: Task<PreparationExecutionOutcome, Never>
^
/Users/admin/builder/spi-builder-workspace/Sources/CodexAppServerKit/ReviewRestartCoordinator.swift:924:17: note: add '@available' attribute to enclosing initializer
fileprivate init(
^
/Users/admin/builder/spi-builder-workspace/Sources/CodexAppServerKit/ReviewRestartCoordinator.swift:919:21: note: add '@available' attribute to enclosing class
package final class PreparationCompletion: Sendable {
^
/Users/admin/builder/spi-builder-workspace/Sources/CodexAppServerKit/ReviewRestartCoordinator.swift:938:27: error: 'Task' is only available in watchOS 6.0 or newer
fileprivate let task: Task<RestartExecutionOutcome, Never>
^
/Users/admin/builder/spi-builder-workspace/Sources/CodexAppServerKit/ReviewRestartCoordinator.swift:935:21: note: add '@available' attribute to enclosing class
package final class RestartCompletion: Sendable {
^
/Users/admin/builder/spi-builder-workspace/Sources/CodexAppServerKit/ReviewRestartCoordinator.swift:941:36: error: 'Mutex' is only available in watchOS 11.0 or newer
private let storedSettlement = Mutex<RestartSettlement?>(nil)
^
/Users/admin/builder/spi-builder-workspace/Sources/CodexAppServerKit/ReviewRestartCoordinator.swift:935:21: note: add '@available' attribute to enclosing class
package final class RestartCompletion: Sendable {
^
/Users/admin/builder/spi-builder-workspace/Sources/CodexAppServerKit/ReviewRestartCoordinator.swift:941:60: error: 'init(_:)' is only available in watchOS 11.0 or newer
private let storedSettlement = Mutex<RestartSettlement?>(nil)
^
/Users/admin/builder/spi-builder-workspace/Sources/CodexAppServerKit/ReviewRestartCoordinator.swift:935:21: note: add '@available' attribute to enclosing class
package final class RestartCompletion: Sendable {
^
/Users/admin/builder/spi-builder-workspace/Sources/CodexAppServerKit/ReviewRestartCoordinator.swift:946:15: error: 'Task' is only available in watchOS 6.0 or newer
task: Task<RestartExecutionOutcome, Never>,
^
/Users/admin/builder/spi-builder-workspace/Sources/CodexAppServerKit/ReviewRestartCoordinator.swift:943:17: note: add '@available' attribute to enclosing initializer
fileprivate init(
^
/Users/admin/builder/spi-builder-workspace/Sources/CodexAppServerKit/ReviewRestartCoordinator.swift:935:21: note: add '@available' attribute to enclosing class
package final class RestartCompletion: Sendable {
^
/Users/admin/builder/spi-builder-workspace/Sources/CodexAppServerKit/ReviewRestartCoordinator.swift:987:27: error: 'Task' is only available in watchOS 6.0 or newer
fileprivate let task: Task<[CodexReviewIdentity], Never>
^
/Users/admin/builder/spi-builder-workspace/Sources/CodexAppServerKit/ReviewRestartCoordinator.swift:985:21: note: add '@available' attribute to enclosing class
package final class InvalidationCompletion: Sendable {
^
/Users/admin/builder/spi-builder-workspace/Sources/CodexAppServerKit/ReviewRestartCoordinator.swift:989:32: error: 'Mutex' is only available in watchOS 11.0 or newer
private let storedResult = Mutex<[CodexReviewIdentity]?>(nil)
^
/Users/admin/builder/spi-builder-workspace/Sources/CodexAppServerKit/ReviewRestartCoordinator.swift:985:21: note: add '@available' attribute to enclosing class
package final class InvalidationCompletion: Sendable {
^
/Users/admin/builder/spi-builder-workspace/Sources/CodexAppServerKit/ReviewRestartCoordinator.swift:989:60: error: 'init(_:)' is only available in watchOS 11.0 or newer
private let storedResult = Mutex<[CodexReviewIdentity]?>(nil)
^
/Users/admin/builder/spi-builder-workspace/Sources/CodexAppServerKit/ReviewRestartCoordinator.swift:985:21: note: add '@available' attribute to enclosing class
package final class InvalidationCompletion: Sendable {
^
/Users/admin/builder/spi-builder-workspace/Sources/CodexAppServerKit/ReviewRestartCoordinator.swift:993:15: error: 'Task' is only available in watchOS 6.0 or newer
task: Task<[CodexReviewIdentity], Never>,
^
/Users/admin/builder/spi-builder-workspace/Sources/CodexAppServerKit/ReviewRestartCoordinator.swift:991:17: note: add '@available' attribute to enclosing initializer
fileprivate init(
^
/Users/admin/builder/spi-builder-workspace/Sources/CodexAppServerKit/ReviewRestartCoordinator.swift:985:21: note: add '@available' attribute to enclosing class
package final class InvalidationCompletion: Sendable {
^
/Users/admin/builder/spi-builder-workspace/Sources/CodexAppServerKit/ReviewRestartCoordinator.swift:1020:25: error: 'Mutex' is only available in watchOS 11.0 or newer
private let state = Mutex(State())
^
/Users/admin/builder/spi-builder-workspace/Sources/CodexAppServerKit/ReviewRestartCoordinator.swift:1014:21: note: add '@available' attribute to enclosing class
private final class InvalidationSignal: Sendable {
^
/Users/admin/builder/spi-builder-workspace/Sources/CodexAppServerKit/ReviewRestartCoordinator.swift:1020:25: error: 'init(_:)' is only available in watchOS 11.0 or newer
private let state = Mutex(State())
^
/Users/admin/builder/spi-builder-workspace/Sources/CodexAppServerKit/ReviewRestartCoordinator.swift:1014:21: note: add '@available' attribute to enclosing class
private final class InvalidationSignal: Sendable {
^
/Users/admin/builder/spi-builder-workspace/Sources/CodexAppServerKit/ReviewRestartCoordinator.swift:1017:25: error: 'CheckedContinuation' is only available in watchOS 6.0 or newer
var observers: [CheckedContinuation<Void, Never>] = []
^
/Users/admin/builder/spi-builder-workspace/Sources/CodexAppServerKit/ReviewRestartCoordinator.swift:1015:20: note: add '@available' attribute to enclosing struct
private struct State: Sendable {
^
/Users/admin/builder/spi-builder-workspace/Sources/CodexAppServerKit/ReviewRestartCoordinator.swift:1072:25: error: 'Mutex' is only available in watchOS 11.0 or newer
private let state = Mutex(State())
^
/Users/admin/builder/spi-builder-workspace/Sources/CodexAppServerKit/ReviewRestartCoordinator.swift:1058:21: note: add '@available' attribute to enclosing generic class
private final class SharedResultCell<Value: Sendable>: Sendable {
^
/Users/admin/builder/spi-builder-workspace/Sources/CodexAppServerKit/ReviewRestartCoordinator.swift:1072:25: error: 'init(_:)' is only available in watchOS 11.0 or newer
private let state = Mutex(State())
^
/Users/admin/builder/spi-builder-workspace/Sources/CodexAppServerKit/ReviewRestartCoordinator.swift:1058:21: note: add '@available' attribute to enclosing generic class
private final class SharedResultCell<Value: Sendable>: Sendable {
^
/Users/admin/builder/spi-builder-workspace/Sources/CodexAppServerKit/ReviewRestartCoordinator.swift:1061:27: error: 'CheckedContinuation' is only available in watchOS 6.0 or newer
var continuation: CheckedContinuation<Void, Never>
^
/Users/admin/builder/spi-builder-workspace/Sources/CodexAppServerKit/ReviewRestartCoordinator.swift:1059:20: note: add '@available' attribute to enclosing struct
private struct WaiterCountObserver: Sendable {
^
/Users/admin/builder/spi-builder-workspace/Sources/CodexAppServerKit/ReviewRestartCoordinator.swift:1067:19: error: 'CheckedContinuation' is only available in watchOS 6.0 or newer
UUID: CheckedContinuation<Result<Value, CancellationError>, Never>
^
/Users/admin/builder/spi-builder-workspace/Sources/CodexAppServerKit/ReviewRestartCoordinator.swift:1064:20: note: add '@available' attribute to enclosing struct
private struct State: Sendable {
^
/Users/admin/builder/spi-builder-workspace/Sources/CodexAppServerKit/ServerRequestRegistry.swift:9:6: error: 'TaskLocal()' is only available in watchOS 6.0 or newer
@TaskLocal package static var value: Value?
^
/Users/admin/builder/spi-builder-workspace/Sources/CodexAppServerKit/ServerRequestRegistry.swift:3:14: note: add '@available' attribute to enclosing enum
package enum ServerRequestTaskContext {
^
@__swiftmacro_17CodexAppServerKit0C18RequestTaskContextO5value0F5LocalfMp_.swift:1:28: error: 'TaskLocal' is only available in watchOS 6.0 or newer
package static let $value: TaskLocal<Value?> = TaskLocal(wrappedValue: nil)
^
/Users/admin/builder/spi-builder-workspace/Sources/CodexAppServerKit/ServerRequestRegistry.swift:9:5: note: in expansion of macro 'TaskLocal' on static property 'value' here
@TaskLocal package static var value: Value?
^ ~~~~~
/Users/admin/builder/spi-builder-workspace/Sources/CodexAppServerKit/ServerRequestRegistry.swift:9:5: note: in expansion of macro 'TaskLocal' on static property 'value' here
@TaskLocal package static var value: Value?
^ ~~~~~
/Users/admin/builder/spi-builder-workspace/Sources/CodexAppServerKit/ServerRequestRegistry.swift:3:14: note: add '@available' attribute to enclosing enum
package enum ServerRequestTaskContext {
^
@__swiftmacro_17CodexAppServerKit0C18RequestTaskContextO5value0F5LocalfMp_.swift:1:48: error: 'TaskLocal' is only available in watchOS 6.0 or newer
package static let $value: TaskLocal<Value?> = TaskLocal(wrappedValue: nil)
^
/Users/admin/builder/spi-builder-workspace/Sources/CodexAppServerKit/ServerRequestRegistry.swift:9:5: note: in expansion of macro 'TaskLocal' on static property 'value' here
@TaskLocal package static var value: Value?
^ ~~~~~
/Users/admin/builder/spi-builder-workspace/Sources/CodexAppServerKit/ServerRequestRegistry.swift:9:5: note: in expansion of macro 'TaskLocal' on static property 'value' here
@TaskLocal package static var value: Value?
^ ~~~~~
/Users/admin/builder/spi-builder-workspace/Sources/CodexAppServerKit/ServerRequestRegistry.swift:3:14: note: add '@available' attribute to enclosing enum
package enum ServerRequestTaskContext {
^
/Users/admin/builder/spi-builder-workspace/Sources/CodexAppServerKit/ServerRequestRegistry.swift:34:19: error: 'Task' is only available in watchOS 6.0 or newer
var task: Task<Void, Never>
^
/Users/admin/builder/spi-builder-workspace/Sources/CodexAppServerKit/ServerRequestRegistry.swift:32:20: note: add '@available' attribute to enclosing struct
private struct Entry {
^
/Users/admin/builder/spi-builder-workspace/Sources/CodexAppServerKit/ServerRequestRegistry.swift:46:31: error: 'CheckedContinuation' is only available in watchOS 6.0 or newer
private var idleWaiters: [CheckedContinuation<Void, Never>] = []
^
/Users/admin/builder/spi-builder-workspace/Sources/CodexAppServerKit/ServerRequestRegistry.swift:12:15: note: add '@available' attribute to enclosing actor
package actor ServerRequestRegistry {
^
/Users/admin/builder/spi-builder-workspace/Sources/CodexAppServerKit/ServerRequestRegistry.swift:48:45: error: 'CheckedContinuation' is only available in watchOS 6.0 or newer
private var receiveCountWaiters: [(Int, CheckedContinuation<Void, Never>)] = []
^
/Users/admin/builder/spi-builder-workspace/Sources/CodexAppServerKit/ServerRequestRegistry.swift:12:15: note: add '@available' attribute to enclosing actor
package actor ServerRequestRegistry {
^
/Users/admin/builder/spi-builder-workspace/Sources/CodexAppServerKit/ThreadEventHub.swift:99:25: error: 'Mutex' is only available in watchOS 11.0 or newer
private let state = Mutex(State())
^
/Users/admin/builder/spi-builder-workspace/Sources/CodexAppServerKit/ThreadEventHub.swift:59:21: note: add '@available' attribute to enclosing class
package final class ThreadEventHub: Sendable {
^
/Users/admin/builder/spi-builder-workspace/Sources/CodexAppServerKit/ThreadEventHub.swift:99:25: error: 'init(_:)' is only available in watchOS 11.0 or newer
private let state = Mutex(State())
^
/Users/admin/builder/spi-builder-workspace/Sources/CodexAppServerKit/ThreadEventHub.swift:59:21: note: add '@available' attribute to enclosing class
package final class ThreadEventHub: Sendable {
^
/Users/admin/builder/spi-builder-workspace/Sources/CodexAppServerKit/ThreadEventHub.swift:102:28: error: 'Mutex' is only available in watchOS 11.0 or newer
private let delivery = Mutex(())
^
/Users/admin/builder/spi-builder-workspace/Sources/CodexAppServerKit/ThreadEventHub.swift:59:21: note: add '@available' attribute to enclosing class
package final class ThreadEventHub: Sendable {
^
/Users/admin/builder/spi-builder-workspace/Sources/CodexAppServerKit/ThreadEventHub.swift:102:28: error: 'init(_:)' is only available in watchOS 11.0 or newer
private let delivery = Mutex(())
^
/Users/admin/builder/spi-builder-workspace/Sources/CodexAppServerKit/ThreadEventHub.swift:59:21: note: add '@available' attribute to enclosing class
package final class ThreadEventHub: Sendable {
^
/Users/admin/builder/spi-builder-workspace/Sources/CodexAppServerKit/ThreadEventHub.swift:831:25: error: 'Mutex' is only available in watchOS 11.0 or newer
private let state = Mutex(Phase.inactive)
^
/Users/admin/builder/spi-builder-workspace/Sources/CodexAppServerKit/ThreadEventHub.swift:821:21: note: add '@available' attribute to enclosing class
private final class ThreadEventGenerationCheckpointIdentity: Sendable {
^
/Users/admin/builder/spi-builder-workspace/Sources/CodexAppServerKit/ThreadEventHub.swift:831:25: error: 'init(_:)' is only available in watchOS 11.0 or newer
private let state = Mutex(Phase.inactive)
^
/Users/admin/builder/spi-builder-workspace/Sources/CodexAppServerKit/ThreadEventHub.swift:821:21: note: add '@available' attribute to enclosing class
private final class ThreadEventGenerationCheckpointIdentity: Sendable {
^
/Users/admin/builder/spi-builder-workspace/Sources/CodexAppServerKit/ThreadEventHub.swift:1311:25: error: 'Mutex' is only available in watchOS 11.0 or newer
private let state = Mutex(State())
^
/Users/admin/builder/spi-builder-workspace/Sources/CodexAppServerKit/ThreadEventHub.swift:1290:21: note: add '@available' attribute to enclosing class
private final class ThreadEventSubscriberChannel: Sendable {
^
/Users/admin/builder/spi-builder-workspace/Sources/CodexAppServerKit/ThreadEventHub.swift:1311:25: error: 'init(_:)' is only available in watchOS 11.0 or newer
private let state = Mutex(State())
^
/Users/admin/builder/spi-builder-workspace/Sources/CodexAppServerKit/ThreadEventHub.swift:1290:21: note: add '@available' attribute to enclosing class
private final class ThreadEventSubscriberChannel: Sendable {
^
/Users/admin/builder/spi-builder-workspace/Sources/CodexAppServerKit/ThreadEventHub.swift:1301:21: error: 'CheckedContinuation' is only available in watchOS 6.0 or newer
var waiter: CheckedContinuation<CodexThreadEvent?, Error>?
^
/Users/admin/builder/spi-builder-workspace/Sources/CodexAppServerKit/ThreadEventHub.swift:1299:20: note: add '@available' attribute to enclosing struct
private struct State: Sendable {
^
/Users/admin/builder/spi-builder-workspace/Sources/CodexAppServerKit/ThreadEventHub.swift:1602:16: error: 'CheckedContinuation' is only available in watchOS 6.0 or newer
case value(CheckedContinuation<CodexThreadEvent?, Error>, CodexThreadEvent)
^
/Users/admin/builder/spi-builder-workspace/Sources/CodexAppServerKit/ThreadEventHub.swift:1601:14: note: add '@available' attribute to enclosing enum
private enum ThreadEventWaiterDelivery {
^
/Users/admin/builder/spi-builder-workspace/Sources/CodexAppServerKit/ThreadEventHub.swift:1603:19: error: 'CheckedContinuation' is only available in watchOS 6.0 or newer
case finished(CheckedContinuation<CodexThreadEvent?, Error>)
^
/Users/admin/builder/spi-builder-workspace/Sources/CodexAppServerKit/ThreadEventHub.swift:1601:14: note: add '@available' attribute to enclosing enum
private enum ThreadEventWaiterDelivery {
^
/Users/admin/builder/spi-builder-workspace/Sources/CodexAppServerKit/ThreadEventHub.swift:1616:25: error: 'Mutex' is only available in watchOS 11.0 or newer
private let state = Mutex(false)
^
/Users/admin/builder/spi-builder-workspace/Sources/CodexAppServerKit/ThreadEventHub.swift:1615:21: note: add '@available' attribute to enclosing class
private final class ThreadEventSubscriptionCancellation: Sendable {
^
/Users/admin/builder/spi-builder-workspace/Sources/CodexAppServerKit/ThreadEventHub.swift:1616:25: error: 'init(_:)' is only available in watchOS 11.0 or newer
private let state = Mutex(false)
^
/Users/admin/builder/spi-builder-workspace/Sources/CodexAppServerKit/ThreadEventHub.swift:1615:21: note: add '@available' attribute to enclosing class
private final class ThreadEventSubscriptionCancellation: Sendable {
^
/Users/admin/builder/spi-builder-workspace/Sources/CodexAppServerKit/TurnReplayCore.swift:40:28: error: 'Mutex' is only available in watchOS 11.0 or newer
private let accepted = Mutex(false)
^
/Users/admin/builder/spi-builder-workspace/Sources/CodexAppServerKit/TurnReplayCore.swift:39:21: note: add '@available' attribute to enclosing class
private final class TurnReplayPendingWritePhase: Sendable {
^
/Users/admin/builder/spi-builder-workspace/Sources/CodexAppServerKit/TurnReplayCore.swift:40:28: error: 'init(_:)' is only available in watchOS 11.0 or newer
private let accepted = Mutex(false)
^
/Users/admin/builder/spi-builder-workspace/Sources/CodexAppServerKit/TurnReplayCore.swift:39:21: note: add '@available' attribute to enclosing class
private final class TurnReplayPendingWritePhase: Sendable {
^
/Users/admin/builder/spi-builder-workspace/Sources/CodexAppServerKit/TurnReplayCore.swift:751:25: error: 'Mutex' is only available in watchOS 11.0 or newer
private let state = Mutex(State())
^
/Users/admin/builder/spi-builder-workspace/Sources/CodexAppServerKit/TurnReplayCore.swift:734:21: note: add '@available' attribute to enclosing generic class
private final class TurnReplaySubscriptionRegistry<Channel: TurnReplaySubscriberChannel>: Sendable {
^
/Users/admin/builder/spi-builder-workspace/Sources/CodexAppServerKit/TurnReplayCore.swift:751:25: error: 'init(_:)' is only available in watchOS 11.0 or newer
private let state = Mutex(State())
^
/Users/admin/builder/spi-builder-workspace/Sources/CodexAppServerKit/TurnReplayCore.swift:734:21: note: add '@available' attribute to enclosing generic class
private final class TurnReplaySubscriptionRegistry<Channel: TurnReplaySubscriberChannel>: Sendable {
^
/Users/admin/builder/spi-builder-workspace/Sources/CodexAppServerKit/TurnReplayCore.swift:754:28: error: 'Mutex' is only available in watchOS 11.0 or newer
private let delivery = Mutex(())
^
/Users/admin/builder/spi-builder-workspace/Sources/CodexAppServerKit/TurnReplayCore.swift:734:21: note: add '@available' attribute to enclosing generic class
private final class TurnReplaySubscriptionRegistry<Channel: TurnReplaySubscriberChannel>: Sendable {
^
/Users/admin/builder/spi-builder-workspace/Sources/CodexAppServerKit/TurnReplayCore.swift:754:28: error: 'init(_:)' is only available in watchOS 11.0 or newer
private let delivery = Mutex(())
^
/Users/admin/builder/spi-builder-workspace/Sources/CodexAppServerKit/TurnReplayCore.swift:734:21: note: add '@available' attribute to enclosing generic class
private final class TurnReplaySubscriptionRegistry<Channel: TurnReplaySubscriberChannel>: Sendable {
^
/Users/admin/builder/spi-builder-workspace/Sources/CodexAppServerKit/TurnReplayCore.swift:390:25: error: 'Mutex' is only available in watchOS 11.0 or newer
private let state = Mutex(State())
^
/Users/admin/builder/spi-builder-workspace/Sources/CodexAppServerKit/TurnReplayCore.swift:370:21: note: add '@available' attribute to enclosing class
private final class TurnReplayEventSubscriberChannel: TurnReplaySubscriberChannel {
^
/Users/admin/builder/spi-builder-workspace/Sources/CodexAppServerKit/TurnReplayCore.swift:390:25: error: 'init(_:)' is only available in watchOS 11.0 or newer
private let state = Mutex(State())
^
/Users/admin/builder/spi-builder-workspace/Sources/CodexAppServerKit/TurnReplayCore.swift:370:21: note: add '@available' attribute to enclosing class
private final class TurnReplayEventSubscriberChannel: TurnReplaySubscriberChannel {
^
/Users/admin/builder/spi-builder-workspace/Sources/CodexAppServerKit/TurnReplayCore.swift:383:21: error: 'CheckedContinuation' is only available in watchOS 6.0 or newer
var waiter: CheckedContinuation<CodexTurnEvent?, Error>?
^
/Users/admin/builder/spi-builder-workspace/Sources/CodexAppServerKit/TurnReplayCore.swift:381:20: note: add '@available' attribute to enclosing struct
private struct State {
^
/Users/admin/builder/spi-builder-workspace/Sources/CodexAppServerKit/TurnReplayCore.swift:560:25: error: 'Mutex' is only available in watchOS 11.0 or newer
private let state = Mutex(State())
^
/Users/admin/builder/spi-builder-workspace/Sources/CodexAppServerKit/TurnReplayCore.swift:542:21: note: add '@available' attribute to enclosing class
private final class TurnReplayProgressSubscriberChannel: TurnReplaySubscriberChannel {
^
/Users/admin/builder/spi-builder-workspace/Sources/CodexAppServerKit/TurnReplayCore.swift:560:25: error: 'init(_:)' is only available in watchOS 11.0 or newer
private let state = Mutex(State())
^
/Users/admin/builder/spi-builder-workspace/Sources/CodexAppServerKit/TurnReplayCore.swift:542:21: note: add '@available' attribute to enclosing class
private final class TurnReplayProgressSubscriberChannel: TurnReplaySubscriberChannel {
^
/Users/admin/builder/spi-builder-workspace/Sources/CodexAppServerKit/TurnReplayCore.swift:555:21: error: 'CheckedContinuation' is only available in watchOS 6.0 or newer
var waiter: CheckedContinuation<CodexReviewProgress?, Error>?
^
/Users/admin/builder/spi-builder-workspace/Sources/CodexAppServerKit/TurnReplayCore.swift:553:20: note: add '@available' attribute to enclosing struct
private struct State {
^
/Users/admin/builder/spi-builder-workspace/Sources/CodexAppServerKit/TurnReplayCore.swift:707:25: error: 'Mutex' is only available in watchOS 11.0 or newer
private let state = Mutex(State())
^
/Users/admin/builder/spi-builder-workspace/Sources/CodexAppServerKit/TurnReplayCore.swift:702:21: note: add '@available' attribute to enclosing generic class
private final class TurnReplaySubscriptionCancellation<Channel: TurnReplaySubscriberChannel>: Sendable {
^
/Users/admin/builder/spi-builder-workspace/Sources/CodexAppServerKit/TurnReplayCore.swift:707:25: error: 'init(_:)' is only available in watchOS 11.0 or newer
private let state = Mutex(State())
^
/Users/admin/builder/spi-builder-workspace/Sources/CodexAppServerKit/TurnReplayCore.swift:702:21: note: add '@available' attribute to enclosing generic class
private final class TurnReplaySubscriptionCancellation<Channel: TurnReplaySubscriberChannel>: Sendable {
^
/Users/admin/builder/spi-builder-workspace/Sources/CodexAppServerKit/TurnReplayStore.swift:219:38: error: 'CheckedContinuation' is only available in watchOS 6.0 or newer
private var terminationWaiters: [CheckedContinuation<Void, Never>] = []
^
/Users/admin/builder/spi-builder-workspace/Sources/CodexAppServerKit/TurnReplayStore.swift:131:15: note: add '@available' attribute to enclosing actor
package actor TurnReplayStore {
^
SwiftDriverJobDiscovery normal arm64 Compiling UniqueDeque+Equatable.swift, UniqueDeque+Experimental.swift, UniqueDeque+Hashable.swift, UniqueDeque+Initializers.swift (in target 'DequeModule' from project 'swift-collections')
SwiftEmitModule normal armv7k Emitting\ module\ for\ CodexAppServerKit (in target 'CodexAppServerKit' from project 'CodexKit')
EmitSwiftModule normal armv7k (in target 'CodexAppServerKit' from project 'CodexKit')
cd /Users/admin/builder/spi-builder-workspace/.swiftpm/xcode
SwiftDriverJobDiscovery normal arm64_32 Compiling Deque+ExpressibleByArrayLiteral.swift, Deque+Extras.swift, Deque+Hashable.swift, Deque+Testing.swift, Deque._Storage.swift (in target 'DequeModule' from project 'swift-collections')
SwiftEmitModule normal arm64_32 Emitting\ module\ for\ CodexAppServerKit (in target 'CodexAppServerKit' from project 'CodexKit')
EmitSwiftModule normal arm64_32 (in target 'CodexAppServerKit' from project 'CodexKit')
cd /Users/admin/builder/spi-builder-workspace/.swiftpm/xcode
SwiftCompile normal arm64 Compiling\ Deque+ExpressibleByArrayLiteral.swift,\ Deque+Extras.swift,\ Deque+Hashable.swift,\ Deque+Testing.swift,\ Deque._Storage.swift /Users/admin/builder/spi-builder-workspace/.dependencies/checkouts/swift-collections/Sources/DequeModule/Deque/Deque+ExpressibleByArrayLiteral.swift /Users/admin/builder/spi-builder-workspace/.dependencies/checkouts/swift-collections/Sources/DequeModule/Deque/Deque+Extras.swift /Users/admin/builder/spi-builder-workspace/.dependencies/checkouts/swift-collections/Sources/DequeModule/Deque/Deque+Hashable.swift /Users/admin/builder/spi-builder-workspace/.dependencies/checkouts/swift-collections/Sources/DequeModule/Deque/Deque+Testing.swift /Users/admin/builder/spi-builder-workspace/.dependencies/checkouts/swift-collections/Sources/DequeModule/Deque/Deque._Storage.swift (in target 'DequeModule' from project 'swift-collections')
SwiftCompile normal arm64 /Users/admin/builder/spi-builder-workspace/.dependencies/checkouts/swift-collections/Sources/DequeModule/Deque/Deque+ExpressibleByArrayLiteral.swift (in target 'DequeModule' from project 'swift-collections')
cd /Users/admin/builder/spi-builder-workspace/.swiftpm/xcode
SwiftCompile normal arm64 /Users/admin/builder/spi-builder-workspace/.dependencies/checkouts/swift-collections/Sources/DequeModule/Deque/Deque+Extras.swift (in target 'DequeModule' from project 'swift-collections')
cd /Users/admin/builder/spi-builder-workspace/.swiftpm/xcode
SwiftCompile normal arm64 /Users/admin/builder/spi-builder-workspace/.dependencies/checkouts/swift-collections/Sources/DequeModule/Deque/Deque+Hashable.swift (in target 'DequeModule' from project 'swift-collections')
cd /Users/admin/builder/spi-builder-workspace/.swiftpm/xcode
SwiftCompile normal arm64 /Users/admin/builder/spi-builder-workspace/.dependencies/checkouts/swift-collections/Sources/DequeModule/Deque/Deque+Testing.swift (in target 'DequeModule' from project 'swift-collections')
cd /Users/admin/builder/spi-builder-workspace/.swiftpm/xcode
SwiftCompile normal arm64 /Users/admin/builder/spi-builder-workspace/.dependencies/checkouts/swift-collections/Sources/DequeModule/Deque/Deque._Storage.swift (in target 'DequeModule' from project 'swift-collections')
cd /Users/admin/builder/spi-builder-workspace/.swiftpm/xcode
SwiftDriverJobDiscovery normal armv7k Compiling Deque+ExpressibleByArrayLiteral.swift, Deque+Extras.swift, Deque+Hashable.swift, Deque+Testing.swift, Deque._Storage.swift (in target 'DequeModule' from project 'swift-collections')
SwiftCompile normal armv7k Compiling\ Deque+Codable.swift,\ Deque+Collection.swift,\ Deque+CustomReflectable.swift,\ Deque+Descriptions.swift,\ Deque+Equatable.swift /Users/admin/builder/spi-builder-workspace/.dependencies/checkouts/swift-collections/Sources/DequeModule/Deque/Deque+Codable.swift /Users/admin/builder/spi-builder-workspace/.dependencies/checkouts/swift-collections/Sources/DequeModule/Deque/Deque+Collection.swift /Users/admin/builder/spi-builder-workspace/.dependencies/checkouts/swift-collections/Sources/DequeModule/Deque/Deque+CustomReflectable.swift /Users/admin/builder/spi-builder-workspace/.dependencies/checkouts/swift-collections/Sources/DequeModule/Deque/Deque+Descriptions.swift /Users/admin/builder/spi-builder-workspace/.dependencies/checkouts/swift-collections/Sources/DequeModule/Deque/Deque+Equatable.swift (in target 'DequeModule' from project 'swift-collections')
SwiftCompile normal armv7k /Users/admin/builder/spi-builder-workspace/.dependencies/checkouts/swift-collections/Sources/DequeModule/Deque/Deque+Codable.swift (in target 'DequeModule' from project 'swift-collections')
cd /Users/admin/builder/spi-builder-workspace/.swiftpm/xcode
SwiftCompile normal armv7k /Users/admin/builder/spi-builder-workspace/.dependencies/checkouts/swift-collections/Sources/DequeModule/Deque/Deque+Collection.swift (in target 'DequeModule' from project 'swift-collections')
cd /Users/admin/builder/spi-builder-workspace/.swiftpm/xcode
SwiftCompile normal armv7k /Users/admin/builder/spi-builder-workspace/.dependencies/checkouts/swift-collections/Sources/DequeModule/Deque/Deque+CustomReflectable.swift (in target 'DequeModule' from project 'swift-collections')
cd /Users/admin/builder/spi-builder-workspace/.swiftpm/xcode
SwiftCompile normal armv7k /Users/admin/builder/spi-builder-workspace/.dependencies/checkouts/swift-collections/Sources/DequeModule/Deque/Deque+Descriptions.swift (in target 'DequeModule' from project 'swift-collections')
cd /Users/admin/builder/spi-builder-workspace/.swiftpm/xcode
SwiftCompile normal armv7k /Users/admin/builder/spi-builder-workspace/.dependencies/checkouts/swift-collections/Sources/DequeModule/Deque/Deque+Equatable.swift (in target 'DequeModule' from project 'swift-collections')
cd /Users/admin/builder/spi-builder-workspace/.swiftpm/xcode
SwiftDriverJobDiscovery normal arm64_32 Compiling Deque+Codable.swift, Deque+Collection.swift, Deque+CustomReflectable.swift, Deque+Descriptions.swift, Deque+Equatable.swift (in target 'DequeModule' from project 'swift-collections')
SwiftCompile normal arm64 Compiling\ UniqueDeque+Insertions.swift,\ UniqueDeque+Prepend.swift,\ UniqueDeque+Removals.swift,\ UniqueDeque+Replacements.swift /Users/admin/builder/spi-builder-workspace/.dependencies/checkouts/swift-collections/Sources/DequeModule/UniqueDeque/UniqueDeque+Insertions.swift /Users/admin/builder/spi-builder-workspace/.dependencies/checkouts/swift-collections/Sources/DequeModule/UniqueDeque/UniqueDeque+Prepend.swift /Users/admin/builder/spi-builder-workspace/.dependencies/checkouts/swift-collections/Sources/DequeModule/UniqueDeque/UniqueDeque+Removals.swift /Users/admin/builder/spi-builder-workspace/.dependencies/checkouts/swift-collections/Sources/DequeModule/UniqueDeque/UniqueDeque+Replacements.swift (in target 'DequeModule' from project 'swift-collections')
SwiftCompile normal arm64 /Users/admin/builder/spi-builder-workspace/.dependencies/checkouts/swift-collections/Sources/DequeModule/UniqueDeque/UniqueDeque+Insertions.swift (in target 'DequeModule' from project 'swift-collections')
cd /Users/admin/builder/spi-builder-workspace/.swiftpm/xcode
SwiftCompile normal arm64 /Users/admin/builder/spi-builder-workspace/.dependencies/checkouts/swift-collections/Sources/DequeModule/UniqueDeque/UniqueDeque+Prepend.swift (in target 'DequeModule' from project 'swift-collections')
cd /Users/admin/builder/spi-builder-workspace/.swiftpm/xcode
SwiftCompile normal arm64 /Users/admin/builder/spi-builder-workspace/.dependencies/checkouts/swift-collections/Sources/DequeModule/UniqueDeque/UniqueDeque+Removals.swift (in target 'DequeModule' from project 'swift-collections')
cd /Users/admin/builder/spi-builder-workspace/.swiftpm/xcode
SwiftCompile normal arm64 /Users/admin/builder/spi-builder-workspace/.dependencies/checkouts/swift-collections/Sources/DequeModule/UniqueDeque/UniqueDeque+Replacements.swift (in target 'DequeModule' from project 'swift-collections')
cd /Users/admin/builder/spi-builder-workspace/.swiftpm/xcode
SwiftDriverJobDiscovery normal arm64 Compiling Deque+ExpressibleByArrayLiteral.swift, Deque+Extras.swift, Deque+Hashable.swift, Deque+Testing.swift, Deque._Storage.swift (in target 'DequeModule' from project 'swift-collections')
SwiftCompile normal arm64 Compiling\ RigidDeque+Replacements.swift,\ RigidDeque+Testing.swift,\ RigidDeque.swift,\ UniqueDeque+Append.swift /Users/admin/builder/spi-builder-workspace/.dependencies/checkouts/swift-collections/Sources/DequeModule/RigidDeque/RigidDeque+Replacements.swift /Users/admin/builder/spi-builder-workspace/.dependencies/checkouts/swift-collections/Sources/DequeModule/RigidDeque/RigidDeque+Testing.swift /Users/admin/builder/spi-builder-workspace/.dependencies/checkouts/swift-collections/Sources/DequeModule/RigidDeque/RigidDeque.swift /Users/admin/builder/spi-builder-workspace/.dependencies/checkouts/swift-collections/Sources/DequeModule/UniqueDeque/UniqueDeque+Append.swift (in target 'DequeModule' from project 'swift-collections')
SwiftDriverJobDiscovery normal armv7k Compiling Deque+Codable.swift, Deque+Collection.swift, Deque+CustomReflectable.swift, Deque+Descriptions.swift, Deque+Equatable.swift (in target 'DequeModule' from project 'swift-collections')
SwiftCompile normal armv7k Compiling\ UniqueDeque+Insertions.swift,\ UniqueDeque+Prepend.swift,\ UniqueDeque+Removals.swift,\ UniqueDeque+Replacements.swift /Users/admin/builder/spi-builder-workspace/.dependencies/checkouts/swift-collections/Sources/DequeModule/UniqueDeque/UniqueDeque+Insertions.swift /Users/admin/builder/spi-builder-workspace/.dependencies/checkouts/swift-collections/Sources/DequeModule/UniqueDeque/UniqueDeque+Prepend.swift /Users/admin/builder/spi-builder-workspace/.dependencies/checkouts/swift-collections/Sources/DequeModule/UniqueDeque/UniqueDeque+Removals.swift /Users/admin/builder/spi-builder-workspace/.dependencies/checkouts/swift-collections/Sources/DequeModule/UniqueDeque/UniqueDeque+Replacements.swift (in target 'DequeModule' from project 'swift-collections')
2026-08-13 17:13:40.339 xcodebuild[1058:6125] [MT] IDERunDestination: Supported platforms for the buildables in the current scheme is empty.
** BUILD FAILED **
The following build commands failed:
SwiftEmitModule normal arm64 Emitting\ module\ for\ CodexAppServerKit (in target 'CodexAppServerKit' from project 'CodexKit')
EmitSwiftModule normal arm64 (in target 'CodexAppServerKit' from project 'CodexKit')
Building workspace spi-builder-workspace with scheme CodexKit-Package
(3 failures)
BUILD FAILURE 6.3 watchOS