The Swift Package Index logo.Swift Package Index

Build Information

Failed to build SpacetimeDB, reference v0.23.0 (994b0d), with Swift 6.3 for Wasm on 20 Jul 2026 03:00:56 UTC.

Build Command

bash -c docker run --pull=always --rm -v "checkouts-54344844-2":/host -w "$PWD" -e JAVA_HOME="/root/.sdkman/candidates/java/current" -e SPI_BUILD="1" -e SPI_PROCESSING="1" registry.gitlab.com/saguaro1/spi-images:wasm-6.3-latest swift build --swift-sdk swift-6.3.2-RELEASE_wasm 2>&1

Build Log

========================================
RunAll
========================================
Builder version: 333316120c8b89ed7d21f1b34865290794301d91
Interrupt handler set up.
========================================
Checkout
========================================
Clone URL: https://github.com/avias8/spacetimedb-swift.git
Reference: v0.23.0
Initialized empty Git repository in /host/spi-builder-workspace/.git/
hint: Using 'master' as the name for the initial branch. This default branch name
hint: is subject to change. To configure the initial branch name to use in all
hint: of your new repositories, which will suppress this warning, call:
hint:
hint: 	git config --global init.defaultBranch <name>
hint:
hint: Names commonly chosen instead of 'master' are 'main', 'trunk' and
hint: 'development'. The just-created branch can be renamed via this command:
hint:
hint: 	git branch -m <name>
From https://github.com/avias8/spacetimedb-swift
 * tag               v0.23.0    -> FETCH_HEAD
HEAD is now at 994b0d4 chore: mirror Swift SDK 0.23.0 from swift-integration
Cloned https://github.com/avias8/spacetimedb-swift.git
Revision (git rev-parse @):
994b0d40f0f38ddb42e1e8b16ff33cbcd9825f10
SPI manifest file found: $PWD/.spi.yml
SUCCESS checkout https://github.com/avias8/spacetimedb-swift.git at v0.23.0
========================================
Build
========================================
Selected platform:         wasm
Swift version:             6.3
Building package at path:  $PWD
https://github.com/avias8/spacetimedb-swift.git
Running build ...
bash -c docker run --pull=always --rm -v "checkouts-54344844-2":/host -w "$PWD" -e JAVA_HOME="/root/.sdkman/candidates/java/current" -e SPI_BUILD="1" -e SPI_PROCESSING="1" registry.gitlab.com/saguaro1/spi-images:wasm-6.3-latest swift build --swift-sdk swift-6.3.2-RELEASE_wasm 2>&1
wasm-6.3-latest: Pulling from saguaro1/spi-images
Digest: sha256:501b6bfc4ca8a27c305c68f9d5c778f996de82635741ab45476a03ffa6fa26d2
Status: Image is up to date for registry.gitlab.com/saguaro1/spi-images:wasm-6.3-latest
Building for debugging...
[0/2] Write sources
[1/2] Write swift-version-24593BA9C3E375BF.txt
[3/17] Compiling SpacetimeDB NetworkMonitor.swift
/host/spi-builder-workspace/Sources/SpacetimeDB/Auth/KeychainTokenStore.swift:2:8: error: no such module 'Security'
 1 | import Foundation
 2 | import Security
   |        `- error: no such module 'Security'
 3 |
 4 | /// Opt-in persistent token storage using the system Keychain.
[4/17] Compiling SpacetimeDB ProtocolTypes.swift
/host/spi-builder-workspace/Sources/SpacetimeDB/Auth/KeychainTokenStore.swift:2:8: error: no such module 'Security'
 1 | import Foundation
 2 | import Security
   |        `- error: no such module 'Security'
 3 |
 4 | /// Opt-in persistent token storage using the system Keychain.
[5/18] Compiling SpacetimeDB ServerMessage.swift
/host/spi-builder-workspace/Sources/SpacetimeDB/Auth/KeychainTokenStore.swift:2:8: error: no such module 'Security'
 1 | import Foundation
 2 | import Security
   |        `- error: no such module 'Security'
 3 |
 4 | /// Opt-in persistent token storage using the system Keychain.
[6/18] Compiling SpacetimeDB ServerMessageFrameDecoder.swift
/host/spi-builder-workspace/Sources/SpacetimeDB/Auth/KeychainTokenStore.swift:2:8: error: no such module 'Security'
 1 | import Foundation
 2 | import Security
   |        `- error: no such module 'Security'
 3 |
 4 | /// Opt-in persistent token storage using the system Keychain.
[7/18] Compiling SpacetimeDB SpacetimeClient.swift
/host/spi-builder-workspace/Sources/SpacetimeDB/Auth/KeychainTokenStore.swift:2:8: error: no such module 'Security'
 1 | import Foundation
 2 | import Security
   |        `- error: no such module 'Security'
 3 |
 4 | /// Opt-in persistent token storage using the system Keychain.
[8/18] Compiling SpacetimeDB RuntimeTypes.swift
/host/spi-builder-workspace/Sources/SpacetimeDB/Auth/KeychainTokenStore.swift:2:8: error: no such module 'Security'
 1 | import Foundation
 2 | import Security
   |        `- error: no such module 'Security'
 3 |
 4 | /// Opt-in persistent token storage using the system Keychain.
[9/18] Compiling SpacetimeDB TableCache.swift
/host/spi-builder-workspace/Sources/SpacetimeDB/Auth/KeychainTokenStore.swift:2:8: error: no such module 'Security'
 1 | import Foundation
 2 | import Security
   |        `- error: no such module 'Security'
 3 |
 4 | /// Opt-in persistent token storage using the system Keychain.
[10/18] Compiling SpacetimeDB Log.swift
/host/spi-builder-workspace/Sources/SpacetimeDB/Auth/KeychainTokenStore.swift:2:8: error: no such module 'Security'
 1 | import Foundation
 2 | import Security
   |        `- error: no such module 'Security'
 3 |
 4 | /// Opt-in persistent token storage using the system Keychain.
[11/18] Compiling SpacetimeDB ClientMessage.swift
/host/spi-builder-workspace/Sources/SpacetimeDB/Auth/KeychainTokenStore.swift:2:8: error: no such module 'Security'
 1 | import Foundation
 2 | import Security
   |        `- error: no such module 'Security'
 3 |
 4 | /// Opt-in persistent token storage using the system Keychain.
[12/18] Compiling SpacetimeDB NWWebSocketTransport.swift
/host/spi-builder-workspace/Sources/SpacetimeDB/Auth/KeychainTokenStore.swift:2:8: error: no such module 'Security'
 1 | import Foundation
 2 | import Security
   |        `- error: no such module 'Security'
 3 |
 4 | /// Opt-in persistent token storage using the system Keychain.
error: emit-module command failed with exit code 1 (use -v to see invocation)
[13/18] Emitting module SpacetimeDB
/host/spi-builder-workspace/Sources/SpacetimeDB/Auth/KeychainTokenStore.swift:2:8: error: no such module 'Security'
 1 | import Foundation
 2 | import Security
   |        `- error: no such module 'Security'
 3 |
 4 | /// Opt-in persistent token storage using the system Keychain.
[14/18] Compiling SpacetimeDB KeychainTokenStore.swift
/host/spi-builder-workspace/Sources/SpacetimeDB/Auth/KeychainTokenStore.swift:2:8: error: no such module 'Security'
 1 | import Foundation
 2 | import Security
   |        `- error: no such module 'Security'
 3 |
 4 | /// Opt-in persistent token storage using the system Keychain.
[15/18] Compiling SpacetimeDB BSATNDecoder.swift
/host/spi-builder-workspace/Sources/SpacetimeDB/Auth/KeychainTokenStore.swift:2:8: error: no such module 'Security'
 1 | import Foundation
 2 | import Security
   |        `- error: no such module 'Security'
 3 |
 4 | /// Opt-in persistent token storage using the system Keychain.
[16/18] Compiling SpacetimeDB BSATNEncoder.swift
/host/spi-builder-workspace/Sources/SpacetimeDB/Auth/KeychainTokenStore.swift:2:8: error: no such module 'Security'
 1 | import Foundation
 2 | import Security
   |        `- error: no such module 'Security'
 3 |
 4 | /// Opt-in persistent token storage using the system Keychain.
[17/18] Compiling SpacetimeDB ClientCache.swift
/host/spi-builder-workspace/Sources/SpacetimeDB/Auth/KeychainTokenStore.swift:2:8: error: no such module 'Security'
 1 | import Foundation
 2 | import Security
   |        `- error: no such module 'Security'
 3 |
 4 | /// Opt-in persistent token storage using the system Keychain.
[18/18] Compiling SpacetimeDB SpacetimeDB.swift
/host/spi-builder-workspace/Sources/SpacetimeDB/Auth/KeychainTokenStore.swift:2:8: error: no such module 'Security'
 1 | import Foundation
 2 | import Security
   |        `- error: no such module 'Security'
 3 |
 4 | /// Opt-in persistent token storage using the system Keychain.
BUILD FAILURE 6.3 wasm