Build Information
Failed to build PermissionsKit, reference 12.0.0 (1ccec7), with Swift 6.3 for Wasm on 22 Sep 2026 01:54:21 UTC.
Build Command
bash -c docker run --pull=always --rm -v "checkouts-54344845-1":/host -w "$PWD" -e JAVA_HOME="/root/.sdkman/candidates/java/current" -e SPI_BUILD="1" -e SPI_PROCESSING="1" registry.gitlab.com/saguaro1/spi-images:wasm-6.3-latest swift build --swift-sdk swift-6.3.2-RELEASE_wasm 2>&1Build Log
========================================
RunAll
========================================
Builder version: 5.1.0
Interrupt handler set up.
========================================
Checkout
========================================
Clone URL: https://github.com/sparrowcode/PermissionsKit.git
Reference: 12.0.0
Initialized empty Git repository in /host/spi-builder-workspace/.git/
hint: Using 'master' as the name for the initial branch. This default branch name
hint: is subject to change. To configure the initial branch name to use in all
hint: of your new repositories, which will suppress this warning, call:
hint:
hint: git config --global init.defaultBranch <name>
hint:
hint: Names commonly chosen instead of 'master' are 'main', 'trunk' and
hint: 'development'. The just-created branch can be renamed via this command:
hint:
hint: git branch -m <name>
From https://github.com/sparrowcode/PermissionsKit
* tag 12.0.0 -> FETCH_HEAD
HEAD is now at 1ccec73 refactor: drop dead branches and unused imports across the permissions
Cloned https://github.com/sparrowcode/PermissionsKit.git
Revision (git rev-parse @):
1ccec73d2417b9c46aade552d6b2752e40e15a93
SUCCESS checkout https://github.com/sparrowcode/PermissionsKit.git at 12.0.0
========================================
Build
========================================
Selected platform: wasm
Swift version: 6.3
Building package at path: $PWD
https://github.com/sparrowcode/PermissionsKit.git
Running build ...
bash -c docker run --pull=always --rm -v "checkouts-54344845-1":/host -w "$PWD" -e JAVA_HOME="/root/.sdkman/candidates/java/current" -e SPI_BUILD="1" -e SPI_PROCESSING="1" registry.gitlab.com/saguaro1/spi-images:wasm-6.3-latest swift build --swift-sdk swift-6.3.2-RELEASE_wasm 2>&1
wasm-6.3-latest: Pulling from saguaro1/spi-images
Digest: sha256:253aad7f5b11d25cf9eaef34120b94cd8a325782929c57fb304a7711494a3f9a
Status: Image is up to date for registry.gitlab.com/saguaro1/spi-images:wasm-6.3-latest
Building for debugging...
[0/33] Write sources
[5/33] Copying Localizable.strings
[18/33] Copying Info.plist
[18/33] Copying Localizable.strings
[20/33] Write sources
[32/33] Write swift-version-24593BA9C3E375BF.txt
[34/37] Compiling PermissionsKit Permission.swift
[35/37] Compiling PermissionsKit resource_bundle_accessor.swift
[36/37] Emitting module PermissionsKit
[37/37] Compiling PermissionsKit Text.swift
[39/55] Compiling NotificationPermission NotificationAccess+AuthorizationOptions.swift
/host/spi-builder-workspace/Sources/NotificationPermission/NotificationAccess+AuthorizationOptions.swift:2:8: error: no such module 'UserNotifications'
1 | import PermissionsKit
2 | import UserNotifications
| `- error: no such module 'UserNotifications'
3 |
4 | extension Permission.NotificationAccess {
[40/55] Emitting module MotionPermission
error: emit-module command failed with exit code 1 (use -v to see invocation)
[41/55] Emitting module NotificationPermission
/host/spi-builder-workspace/Sources/NotificationPermission/NotificationAccess+AuthorizationOptions.swift:2:8: error: no such module 'UserNotifications'
1 | import PermissionsKit
2 | import UserNotifications
| `- error: no such module 'UserNotifications'
3 |
4 | extension Permission.NotificationAccess {
[42/55] Compiling NotificationPermission NotificationPermission.swift
/host/spi-builder-workspace/Sources/NotificationPermission/NotificationAccess+AuthorizationOptions.swift:2:8: error: no such module 'UserNotifications'
1 | import PermissionsKit
2 | import UserNotifications
| `- error: no such module 'UserNotifications'
3 |
4 | extension Permission.NotificationAccess {
[43/55] Compiling TrackingPermission TrackingPermission.swift
/host/spi-builder-workspace/Sources/TrackingPermission/TrackingPermission.swift:4:8: error: no such module 'AppTrackingTransparency'
2 |
3 | #if !os(watchOS)
4 | import AppTrackingTransparency
| `- error: no such module 'AppTrackingTransparency'
5 |
6 | public extension Permission {
error: emit-module command failed with exit code 1 (use -v to see invocation)
[44/55] Emitting module TrackingPermission
/host/spi-builder-workspace/Sources/TrackingPermission/TrackingPermission.swift:4:8: error: no such module 'AppTrackingTransparency'
2 |
3 | #if !os(watchOS)
4 | import AppTrackingTransparency
| `- error: no such module 'AppTrackingTransparency'
5 |
6 | public extension Permission {
[45/55] Emitting module SiriPermission
error: emit-module command failed with exit code 1 (use -v to see invocation)
[46/55] Emitting module PhotoLibraryPermission
/host/spi-builder-workspace/Sources/PhotoLibraryPermission/PhotoLibraryPermission.swift:4:8: error: no such module 'Photos'
2 |
3 | #if !os(watchOS)
4 | import Photos
| `- error: no such module 'Photos'
5 |
6 | public extension Permission {
[47/55] Compiling SpeechRecognizerPermission SpeechPermission.swift
[48/55] Emitting module RemindersPermission
BUILD FAILURE 6.3 wasm