Build Information
Failed to build Tabman, reference main (b66602), with Swift 6.4 for tvOS using Xcode 27.0 on 25 Sep 2026 02:36:08 UTC.
Build Command
env DEVELOPER_DIR=/Applications/Xcode-27.0.0-Release.Candidate.app xcrun xcodebuild -IDEClonedSourcePackagesDirPathOverride=$PWD/.dependencies -skipMacroValidation -skipPackagePluginValidation -derivedDataPath $PWD/.derivedData build -scheme Tabman -destination generic/platform=tvOSBuild Log
"Bar/BarIndicator/Types/TMLineBarIndicator.swift",
"Bar/BarItem/TMBarItem.swift",
"Bar/BarItem/UIKit+TMBarItemable.swift",
"Bar/BarLayout/TMBarLayout.swift",
"Bar/BarLayout/TMBarLayoutInsetGuides.swift",
"Bar/BarLayout/TMBarLayoutParent.swift",
"Bar/BarLayout/Types/TMBarLayout+None.swift",
"Bar/BarLayout/Types/TMConstrainedHorizontalBarLayout.swift",
"Bar/BarLayout/Types/TMHorizontalBarLayout+Separator.swift",
"Bar/BarLayout/Types/TMHorizontalBarLayout.swift",
"Bar/BarView/TMBarView.swift",
"Bar/BarView/TMBarViewContentInsetGuides.swift",
"Bar/BarView/TMBarViewFocusProvider.swift",
"Bar/BarView/TMBarViewFocusRect.swift",
"Bar/BarView/TMBarViewLayoutGrid.swift",
"Bar/BarView/TMBarViewScrollHandler.swift",
"Bar/BarView/TMBarViewUpdateHandler.swift",
"Bar/Extensions/CGRect+Interpolation.swift",
"Bar/Extensions/UIColor+Interpolation.swift",
"Bar/Generic/AnimateableLabel.swift",
"Bar/Generic/EdgeFadedView.swift",
"Bar/Generic/GestureScrollView.swift",
"Bar/Generic/ViewTitleViewContainer.swift",
"Bar/TMAnimation.swift",
"Bar/TMBar+Templates.swift",
"Bar/TMBar.swift",
"Bar/TMTransition.swift",
"Bar/Utility/BarMath.swift",
"Bar/Utility/WeakContainer.swift",
"Extensions/PageboyNavigationDirection+Tabman.swift",
"Extensions/PageboyViewController+RelativeCurrentPosition.swift",
"Extensions/UIView+LayoutGuide.swift",
"Extensions/UIViewController+Tabman.swift",
"TabmanViewController+Insets.swift",
"TabmanViewController.swift"
],
"type" : "library"
}
],
"tools_version" : "6.0"
}
{
"workspace" : {
"name" : "Tabman",
"schemes" : [
"Example iOS",
"Tabman"
]
}
}
{
"workspace" : {
"name" : "Tabman",
"schemes" : [
"Tabman"
]
}
}
2026-09-24 22:35:50.955 xcodebuild[657:4033] [MT] IDERunDestination: Supported platforms for the buildables in the current scheme is empty.
Running build ...
env DEVELOPER_DIR=/Applications/Xcode-27.0.0-Release.Candidate.app xcrun xcodebuild -IDEClonedSourcePackagesDirPathOverride=$PWD/.dependencies -skipMacroValidation -skipPackagePluginValidation -derivedDataPath $PWD/.derivedData build -scheme Tabman -destination generic/platform=tvOS
Command line invocation:
/Applications/Xcode-27.0.0-Release.Candidate.app/Contents/Developer/usr/bin/xcodebuild -IDEClonedSourcePackagesDirPathOverride=/Users/admin/builder/spi-builder-workspace/.dependencies -skipMacroValidation -skipPackagePluginValidation -derivedDataPath /Users/admin/builder/spi-builder-workspace/.derivedData build -scheme Tabman -destination generic/platform=tvOS
Resolve Package Graph
Resolve Package Graph
Resolved source packages:
Tabman: /Users/admin/builder/spi-builder-workspace
Pageboy: https://github.com/uias/Pageboy @ 5.0.2
ComputePackagePrebuildTargetDependencyGraph
Prepare packages
CreateBuildRequest
SendProjectDescription
CreateBuildOperation
ComputeTargetDependencyGraph
note: Building targets in dependency order
note: Target dependency graph (6 targets)
Target 'Tabman-product' in project 'Tabman'
➜ Explicit dependency on target 'Tabman' in project 'Tabman'
➜ Explicit dependency on target 'Tabman_Tabman' in project 'Tabman'
➜ Explicit dependency on target 'Pageboy-product' in project 'Pageboy'
Target 'Tabman' in project 'Tabman'
➜ Explicit dependency on target 'Tabman_Tabman' in project 'Tabman'
➜ Explicit dependency on target 'Pageboy-product' in project 'Pageboy'
Target 'Pageboy-product' in project 'Pageboy'
➜ Explicit dependency on target 'Pageboy' in project 'Pageboy'
➜ Explicit dependency on target 'Pageboy_Pageboy' in project 'Pageboy'
Target 'Pageboy' in project 'Pageboy'
➜ Explicit dependency on target 'Pageboy_Pageboy' in project 'Pageboy'
Target 'Pageboy_Pageboy' in project 'Pageboy' (no dependencies)
Target 'Tabman_Tabman' in project 'Tabman' (no dependencies)
GatherProvisioningInputs
CreateBuildDescription
ExecuteExternalTool /Applications/Xcode-27.0.0-Release.Candidate.app/Contents/Developer/Toolchains/XcodeDefault.xctoolchain/usr/bin/clang -v -E -dM -isysroot /Applications/Xcode-27.0.0-Release.Candidate.app/Contents/Developer/Platforms/AppleTVOS.platform/Developer/SDKs/AppleTVOS27.0.sdk -x c -c /dev/null
ExecuteExternalTool /Applications/Xcode-27.0.0-Release.Candidate.app/Contents/Developer/Toolchains/XcodeDefault.xctoolchain/usr/bin/swiftc --version
ExecuteExternalTool /Applications/Xcode-27.0.0-Release.Candidate.app/Contents/Developer/Toolchains/XcodeDefault.xctoolchain/usr/bin/ld -version_details
Build description signature: 6c5e8c562ec4ac3d4621b7c00e6318fe
Build description path: /Users/admin/builder/spi-builder-workspace/.derivedData/Build/Intermediates.noindex/XCBuildData/6c5e8c562ec4ac3d4621b7c00e6318fe.xcbuilddata
CreateBuildDirectory /Users/admin/builder/spi-builder-workspace/.derivedData/ModuleCache.noindex
cd /Users/admin/builder/spi-builder-workspace/.swiftpm/xcode
builtin-create-build-directory /Users/admin/builder/spi-builder-workspace/.derivedData/ModuleCache.noindex
CreateBuildDirectory /Users/admin/builder/spi-builder-workspace/.derivedData/CompilationCache.noindex
cd /Users/admin/builder/spi-builder-workspace/.swiftpm/xcode
builtin-create-build-directory /Users/admin/builder/spi-builder-workspace/.derivedData/CompilationCache.noindex
CreateBuildDirectory /Users/admin/builder/spi-builder-workspace/.derivedData/SDKExplicitPrecompiledModules
cd /Users/admin/builder/spi-builder-workspace/.swiftpm/xcode
builtin-create-build-directory /Users/admin/builder/spi-builder-workspace/.derivedData/SDKExplicitPrecompiledModules
ClangStatCache /Applications/Xcode-27.0.0-Release.Candidate.app/Contents/Developer/Toolchains/XcodeDefault.xctoolchain/usr/bin/clang-stat-cache /Applications/Xcode-27.0.0-Release.Candidate.app/Contents/Developer/Platforms/AppleTVOS.platform/Developer/SDKs/AppleTVOS27.0.sdk /Users/admin/builder/spi-builder-workspace/.derivedData/SDKStatCaches.noindex/appletvos27.0-24J360-e829b21a6f8c9b70876ba0858053c044b32bfd8d43560033f8d89884cdb90028.sdkstatcache
cd /Users/admin/builder/spi-builder-workspace/.swiftpm/xcode
/Applications/Xcode-27.0.0-Release.Candidate.app/Contents/Developer/Toolchains/XcodeDefault.xctoolchain/usr/bin/clang-stat-cache /Applications/Xcode-27.0.0-Release.Candidate.app/Contents/Developer/Platforms/AppleTVOS.platform/Developer/SDKs/AppleTVOS27.0.sdk -o /Users/admin/builder/spi-builder-workspace/.derivedData/SDKStatCaches.noindex/appletvos27.0-24J360-e829b21a6f8c9b70876ba0858053c044b32bfd8d43560033f8d89884cdb90028.sdkstatcache
CreateBuildDirectory /Users/admin/builder/spi-builder-workspace/.derivedData/Build/Products
cd /Users/admin/builder/spi-builder-workspace/.swiftpm/xcode
builtin-create-build-directory /Users/admin/builder/spi-builder-workspace/.derivedData/Build/Products
CreateBuildDirectory /Users/admin/builder/spi-builder-workspace/.derivedData/Build/Intermediates.noindex
cd /Users/admin/builder/spi-builder-workspace/.swiftpm/xcode
builtin-create-build-directory /Users/admin/builder/spi-builder-workspace/.derivedData/Build/Intermediates.noindex
CreateBuildDirectory /Users/admin/builder/spi-builder-workspace/.derivedData/Build/Intermediates.noindex/PrecompiledHeaders
cd /Users/admin/builder/spi-builder-workspace/.swiftpm/xcode
builtin-create-build-directory /Users/admin/builder/spi-builder-workspace/.derivedData/Build/Intermediates.noindex/PrecompiledHeaders
CreateBuildDirectory /Users/admin/builder/spi-builder-workspace/.derivedData/Build/Intermediates.noindex/ExplicitPrecompiledModules
cd /Users/admin/builder/spi-builder-workspace/.swiftpm/xcode
builtin-create-build-directory /Users/admin/builder/spi-builder-workspace/.derivedData/Build/Intermediates.noindex/ExplicitPrecompiledModules
CreateBuildDirectory /Users/admin/builder/spi-builder-workspace/.derivedData/Build/Intermediates.noindex/SwiftExplicitPrecompiledModules
cd /Users/admin/builder/spi-builder-workspace/.swiftpm/xcode
builtin-create-build-directory /Users/admin/builder/spi-builder-workspace/.derivedData/Build/Intermediates.noindex/SwiftExplicitPrecompiledModules
CreateBuildDirectory /Users/admin/builder/spi-builder-workspace/.derivedData/Build/Products/Debug-appletvos
cd /Users/admin/builder/spi-builder-workspace/.swiftpm/xcode
builtin-create-build-directory /Users/admin/builder/spi-builder-workspace/.derivedData/Build/Products/Debug-appletvos
CreateBuildDirectory /Users/admin/builder/spi-builder-workspace/.derivedData/Build/Intermediates.noindex/EagerLinkingTBDs/Debug-appletvos
cd /Users/admin/builder/spi-builder-workspace/.swiftpm/xcode
builtin-create-build-directory /Users/admin/builder/spi-builder-workspace/.derivedData/Build/Intermediates.noindex/EagerLinkingTBDs/Debug-appletvos
CreateBuildDirectory /Users/admin/builder/spi-builder-workspace/.derivedData/Build/Products/Debug-appletvos/PackageFrameworks
cd /Users/admin/builder/spi-builder-workspace/.swiftpm/xcode
builtin-create-build-directory /Users/admin/builder/spi-builder-workspace/.derivedData/Build/Products/Debug-appletvos/PackageFrameworks
WriteAuxiliaryFile /Users/admin/builder/spi-builder-workspace/.derivedData/Build/Intermediates.noindex/Tabman.build/Debug-appletvos/Tabman_Tabman-b.build/Tabman_Tabman.DependencyMetadataFileList (in target 'Tabman_Tabman' from project 'Tabman')
cd /Users/admin/builder/spi-builder-workspace
write-file /Users/admin/builder/spi-builder-workspace/.derivedData/Build/Intermediates.noindex/Tabman.build/Debug-appletvos/Tabman_Tabman-b.build/Tabman_Tabman.DependencyMetadataFileList
WriteAuxiliaryFile /Users/admin/builder/spi-builder-workspace/.derivedData/Build/Intermediates.noindex/Tabman.build/Debug-appletvos/Tabman-t.build/Tabman.modulemap (in target 'Tabman' from project 'Tabman')
cd /Users/admin/builder/spi-builder-workspace
write-file /Users/admin/builder/spi-builder-workspace/.derivedData/Build/Intermediates.noindex/Tabman.build/Debug-appletvos/Tabman-t.build/Tabman.modulemap
WriteAuxiliaryFile /Users/admin/builder/spi-builder-workspace/.derivedData/Build/Intermediates.noindex/Tabman.build/Debug-appletvos/Tabman_Tabman-b.build/Tabman_Tabman.DependencyStaticMetadataFileList (in target 'Tabman_Tabman' from project 'Tabman')
cd /Users/admin/builder/spi-builder-workspace
write-file /Users/admin/builder/spi-builder-workspace/.derivedData/Build/Intermediates.noindex/Tabman.build/Debug-appletvos/Tabman_Tabman-b.build/Tabman_Tabman.DependencyStaticMetadataFileList
WriteAuxiliaryFile /Users/admin/builder/spi-builder-workspace/.derivedData/Build/Intermediates.noindex/Tabman.build/Debug-appletvos/Tabman_Tabman-b.build/empty-Tabman_Tabman.plist (in target 'Tabman_Tabman' from project 'Tabman')
cd /Users/admin/builder/spi-builder-workspace
write-file /Users/admin/builder/spi-builder-workspace/.derivedData/Build/Intermediates.noindex/Tabman.build/Debug-appletvos/Tabman_Tabman-b.build/empty-Tabman_Tabman.plist
WriteAuxiliaryFile /Users/admin/builder/spi-builder-workspace/.derivedData/Build/Intermediates.noindex/Tabman.build/Debug-appletvos/Tabman-t.build/DerivedSources/resource_bundle_accessor.swift (in target 'Tabman' from project 'Tabman')
cd /Users/admin/builder/spi-builder-workspace
write-file /Users/admin/builder/spi-builder-workspace/.derivedData/Build/Intermediates.noindex/Tabman.build/Debug-appletvos/Tabman-t.build/DerivedSources/resource_bundle_accessor.swift
WriteAuxiliaryFile /Users/admin/builder/spi-builder-workspace/.derivedData/Build/Intermediates.noindex/Tabman.build/Debug-appletvos/Tabman-t.build/Objects-normal/arm64/Tabman-OutputFileMap.json (in target 'Tabman' from project 'Tabman')
cd /Users/admin/builder/spi-builder-workspace
write-file /Users/admin/builder/spi-builder-workspace/.derivedData/Build/Intermediates.noindex/Tabman.build/Debug-appletvos/Tabman-t.build/Objects-normal/arm64/Tabman-OutputFileMap.json
WriteAuxiliaryFile /Users/admin/builder/spi-builder-workspace/.derivedData/Build/Intermediates.noindex/Tabman.build/Debug-appletvos/Tabman-t.build/Objects-normal/arm64/Tabman.SwiftConstValuesFileList (in target 'Tabman' from project 'Tabman')
cd /Users/admin/builder/spi-builder-workspace
write-file /Users/admin/builder/spi-builder-workspace/.derivedData/Build/Intermediates.noindex/Tabman.build/Debug-appletvos/Tabman-t.build/Objects-normal/arm64/Tabman.SwiftConstValuesFileList
WriteAuxiliaryFile /Users/admin/builder/spi-builder-workspace/.derivedData/Build/Intermediates.noindex/Tabman.build/Debug-appletvos/Tabman-t.build/Objects-normal/arm64/Tabman_const_extract_protocols.json (in target 'Tabman' from project 'Tabman')
cd /Users/admin/builder/spi-builder-workspace
write-file /Users/admin/builder/spi-builder-workspace/.derivedData/Build/Intermediates.noindex/Tabman.build/Debug-appletvos/Tabman-t.build/Objects-normal/arm64/Tabman_const_extract_protocols.json
WriteAuxiliaryFile /Users/admin/builder/spi-builder-workspace/.derivedData/Build/Intermediates.noindex/Tabman.build/Debug-appletvos/Tabman-t.build/Tabman.DependencyStaticMetadataFileList (in target 'Tabman' from project 'Tabman')
cd /Users/admin/builder/spi-builder-workspace
write-file /Users/admin/builder/spi-builder-workspace/.derivedData/Build/Intermediates.noindex/Tabman.build/Debug-appletvos/Tabman-t.build/Tabman.DependencyStaticMetadataFileList
WriteAuxiliaryFile /Users/admin/builder/spi-builder-workspace/.derivedData/Build/Intermediates.noindex/Tabman.build/Debug-appletvos/Tabman-t.build/Tabman.DependencyMetadataFileList (in target 'Tabman' from project 'Tabman')
cd /Users/admin/builder/spi-builder-workspace
write-file /Users/admin/builder/spi-builder-workspace/.derivedData/Build/Intermediates.noindex/Tabman.build/Debug-appletvos/Tabman-t.build/Tabman.DependencyMetadataFileList
WriteAuxiliaryFile /Users/admin/builder/spi-builder-workspace/.derivedData/Build/Intermediates.noindex/Tabman.build/Debug-appletvos/Tabman-t.build/Objects-normal/arm64/Tabman.SwiftFileList (in target 'Tabman' from project 'Tabman')
cd /Users/admin/builder/spi-builder-workspace
write-file /Users/admin/builder/spi-builder-workspace/.derivedData/Build/Intermediates.noindex/Tabman.build/Debug-appletvos/Tabman-t.build/Objects-normal/arm64/Tabman.SwiftFileList
WriteAuxiliaryFile /Users/admin/builder/spi-builder-workspace/.derivedData/Build/Intermediates.noindex/Tabman.build/Debug-appletvos/Tabman-t.build/Objects-normal/arm64/Tabman.LinkFileList (in target 'Tabman' from project 'Tabman')
cd /Users/admin/builder/spi-builder-workspace
write-file /Users/admin/builder/spi-builder-workspace/.derivedData/Build/Intermediates.noindex/Tabman.build/Debug-appletvos/Tabman-t.build/Objects-normal/arm64/Tabman.LinkFileList
Copy /Users/admin/builder/spi-builder-workspace/.derivedData/Build/Intermediates.noindex/GeneratedModuleMaps-appletvos/Tabman.modulemap /Users/admin/builder/spi-builder-workspace/.derivedData/Build/Intermediates.noindex/Tabman.build/Debug-appletvos/Tabman-t.build/Tabman.modulemap (in target 'Tabman' from project 'Tabman')
cd /Users/admin/builder/spi-builder-workspace
builtin-copy -exclude .DS_Store -exclude CVS -exclude .svn -exclude .git -exclude .hg -resolve-src-symlinks /Users/admin/builder/spi-builder-workspace/.derivedData/Build/Intermediates.noindex/Tabman.build/Debug-appletvos/Tabman-t.build/Tabman.modulemap /Users/admin/builder/spi-builder-workspace/.derivedData/Build/Intermediates.noindex/GeneratedModuleMaps-appletvos
WriteAuxiliaryFile /Users/admin/builder/spi-builder-workspace/.derivedData/Build/Intermediates.noindex/Pageboy.build/Debug-appletvos/Pageboy_Pageboy-b.build/empty-Pageboy_Pageboy.plist (in target 'Pageboy_Pageboy' from project 'Pageboy')
cd /Users/admin/builder/spi-builder-workspace/.dependencies/checkouts/Pageboy
write-file /Users/admin/builder/spi-builder-workspace/.derivedData/Build/Intermediates.noindex/Pageboy.build/Debug-appletvos/Pageboy_Pageboy-b.build/empty-Pageboy_Pageboy.plist
WriteAuxiliaryFile /Users/admin/builder/spi-builder-workspace/.derivedData/Build/Intermediates.noindex/Pageboy.build/Debug-appletvos/Pageboy_Pageboy-b.build/Pageboy_Pageboy.DependencyStaticMetadataFileList (in target 'Pageboy_Pageboy' from project 'Pageboy')
cd /Users/admin/builder/spi-builder-workspace/.dependencies/checkouts/Pageboy
write-file /Users/admin/builder/spi-builder-workspace/.derivedData/Build/Intermediates.noindex/Pageboy.build/Debug-appletvos/Pageboy_Pageboy-b.build/Pageboy_Pageboy.DependencyStaticMetadataFileList
WriteAuxiliaryFile /Users/admin/builder/spi-builder-workspace/.derivedData/Build/Intermediates.noindex/Pageboy.build/Debug-appletvos/Pageboy_Pageboy-b.build/Pageboy_Pageboy.DependencyMetadataFileList (in target 'Pageboy_Pageboy' from project 'Pageboy')
cd /Users/admin/builder/spi-builder-workspace/.dependencies/checkouts/Pageboy
write-file /Users/admin/builder/spi-builder-workspace/.derivedData/Build/Intermediates.noindex/Pageboy.build/Debug-appletvos/Pageboy_Pageboy-b.build/Pageboy_Pageboy.DependencyMetadataFileList
WriteAuxiliaryFile /Users/admin/builder/spi-builder-workspace/.derivedData/Build/Intermediates.noindex/Pageboy.build/Debug-appletvos/Pageboy-t.build/Pageboy.modulemap (in target 'Pageboy' from project 'Pageboy')
cd /Users/admin/builder/spi-builder-workspace/.dependencies/checkouts/Pageboy
write-file /Users/admin/builder/spi-builder-workspace/.derivedData/Build/Intermediates.noindex/Pageboy.build/Debug-appletvos/Pageboy-t.build/Pageboy.modulemap
WriteAuxiliaryFile /Users/admin/builder/spi-builder-workspace/.derivedData/Build/Intermediates.noindex/Pageboy.build/Debug-appletvos/Pageboy-t.build/Pageboy.DependencyStaticMetadataFileList (in target 'Pageboy' from project 'Pageboy')
cd /Users/admin/builder/spi-builder-workspace/.dependencies/checkouts/Pageboy
write-file /Users/admin/builder/spi-builder-workspace/.derivedData/Build/Intermediates.noindex/Pageboy.build/Debug-appletvos/Pageboy-t.build/Pageboy.DependencyStaticMetadataFileList
WriteAuxiliaryFile /Users/admin/builder/spi-builder-workspace/.derivedData/Build/Intermediates.noindex/Pageboy.build/Debug-appletvos/Pageboy-t.build/Pageboy.DependencyMetadataFileList (in target 'Pageboy' from project 'Pageboy')
cd /Users/admin/builder/spi-builder-workspace/.dependencies/checkouts/Pageboy
write-file /Users/admin/builder/spi-builder-workspace/.derivedData/Build/Intermediates.noindex/Pageboy.build/Debug-appletvos/Pageboy-t.build/Pageboy.DependencyMetadataFileList
WriteAuxiliaryFile /Users/admin/builder/spi-builder-workspace/.derivedData/Build/Intermediates.noindex/Pageboy.build/Debug-appletvos/Pageboy-t.build/Objects-normal/arm64/Pageboy_const_extract_protocols.json (in target 'Pageboy' from project 'Pageboy')
cd /Users/admin/builder/spi-builder-workspace/.dependencies/checkouts/Pageboy
write-file /Users/admin/builder/spi-builder-workspace/.derivedData/Build/Intermediates.noindex/Pageboy.build/Debug-appletvos/Pageboy-t.build/Objects-normal/arm64/Pageboy_const_extract_protocols.json
WriteAuxiliaryFile /Users/admin/builder/spi-builder-workspace/.derivedData/Build/Intermediates.noindex/Pageboy.build/Debug-appletvos/Pageboy-t.build/Objects-normal/arm64/Pageboy.SwiftFileList (in target 'Pageboy' from project 'Pageboy')
cd /Users/admin/builder/spi-builder-workspace/.dependencies/checkouts/Pageboy
write-file /Users/admin/builder/spi-builder-workspace/.derivedData/Build/Intermediates.noindex/Pageboy.build/Debug-appletvos/Pageboy-t.build/Objects-normal/arm64/Pageboy.SwiftFileList
WriteAuxiliaryFile /Users/admin/builder/spi-builder-workspace/.derivedData/Build/Intermediates.noindex/Pageboy.build/Debug-appletvos/Pageboy-t.build/Objects-normal/arm64/Pageboy.SwiftConstValuesFileList (in target 'Pageboy' from project 'Pageboy')
cd /Users/admin/builder/spi-builder-workspace/.dependencies/checkouts/Pageboy
write-file /Users/admin/builder/spi-builder-workspace/.derivedData/Build/Intermediates.noindex/Pageboy.build/Debug-appletvos/Pageboy-t.build/Objects-normal/arm64/Pageboy.SwiftConstValuesFileList
WriteAuxiliaryFile /Users/admin/builder/spi-builder-workspace/.derivedData/Build/Intermediates.noindex/Pageboy.build/Debug-appletvos/Pageboy-t.build/Objects-normal/arm64/Pageboy.LinkFileList (in target 'Pageboy' from project 'Pageboy')
cd /Users/admin/builder/spi-builder-workspace/.dependencies/checkouts/Pageboy
write-file /Users/admin/builder/spi-builder-workspace/.derivedData/Build/Intermediates.noindex/Pageboy.build/Debug-appletvos/Pageboy-t.build/Objects-normal/arm64/Pageboy.LinkFileList
WriteAuxiliaryFile /Users/admin/builder/spi-builder-workspace/.derivedData/Build/Intermediates.noindex/Pageboy.build/Debug-appletvos/Pageboy-t.build/Objects-normal/arm64/Pageboy-OutputFileMap.json (in target 'Pageboy' from project 'Pageboy')
cd /Users/admin/builder/spi-builder-workspace/.dependencies/checkouts/Pageboy
write-file /Users/admin/builder/spi-builder-workspace/.derivedData/Build/Intermediates.noindex/Pageboy.build/Debug-appletvos/Pageboy-t.build/Objects-normal/arm64/Pageboy-OutputFileMap.json
MkDir /Users/admin/builder/spi-builder-workspace/.derivedData/Build/Products/Debug-appletvos/Tabman_Tabman.bundle (in target 'Tabman_Tabman' from project 'Tabman')
cd /Users/admin/builder/spi-builder-workspace
/bin/mkdir -p /Users/admin/builder/spi-builder-workspace/.derivedData/Build/Products/Debug-appletvos/Tabman_Tabman.bundle
WriteAuxiliaryFile /Users/admin/builder/spi-builder-workspace/.derivedData/Build/Intermediates.noindex/Pageboy.build/Debug-appletvos/Pageboy-t.build/DerivedSources/resource_bundle_accessor.swift (in target 'Pageboy' from project 'Pageboy')
cd /Users/admin/builder/spi-builder-workspace/.dependencies/checkouts/Pageboy
write-file /Users/admin/builder/spi-builder-workspace/.derivedData/Build/Intermediates.noindex/Pageboy.build/Debug-appletvos/Pageboy-t.build/DerivedSources/resource_bundle_accessor.swift
Copy /Users/admin/builder/spi-builder-workspace/.derivedData/Build/Intermediates.noindex/GeneratedModuleMaps-appletvos/Pageboy.modulemap /Users/admin/builder/spi-builder-workspace/.derivedData/Build/Intermediates.noindex/Pageboy.build/Debug-appletvos/Pageboy-t.build/Pageboy.modulemap (in target 'Pageboy' from project 'Pageboy')
cd /Users/admin/builder/spi-builder-workspace/.dependencies/checkouts/Pageboy
builtin-copy -exclude .DS_Store -exclude CVS -exclude .svn -exclude .git -exclude .hg -resolve-src-symlinks /Users/admin/builder/spi-builder-workspace/.derivedData/Build/Intermediates.noindex/Pageboy.build/Debug-appletvos/Pageboy-t.build/Pageboy.modulemap /Users/admin/builder/spi-builder-workspace/.derivedData/Build/Intermediates.noindex/GeneratedModuleMaps-appletvos
MkDir /Users/admin/builder/spi-builder-workspace/.derivedData/Build/Products/Debug-appletvos/Pageboy_Pageboy.bundle (in target 'Pageboy_Pageboy' from project 'Pageboy')
cd /Users/admin/builder/spi-builder-workspace/.dependencies/checkouts/Pageboy
/bin/mkdir -p /Users/admin/builder/spi-builder-workspace/.derivedData/Build/Products/Debug-appletvos/Pageboy_Pageboy.bundle
ProcessInfoPlistFile /Users/admin/builder/spi-builder-workspace/.derivedData/Build/Products/Debug-appletvos/Tabman_Tabman.bundle/Info.plist /Users/admin/builder/spi-builder-workspace/.derivedData/Build/Intermediates.noindex/Tabman.build/Debug-appletvos/Tabman_Tabman-b.build/empty-Tabman_Tabman.plist (in target 'Tabman_Tabman' from project 'Tabman')
cd /Users/admin/builder/spi-builder-workspace
builtin-infoPlistUtility /Users/admin/builder/spi-builder-workspace/.derivedData/Build/Intermediates.noindex/Tabman.build/Debug-appletvos/Tabman_Tabman-b.build/empty-Tabman_Tabman.plist -producttype com.apple.product-type.bundle -expandbuildsettings -format binary -platform appletvos -o /Users/admin/builder/spi-builder-workspace/.derivedData/Build/Products/Debug-appletvos/Tabman_Tabman.bundle/Info.plist
CpResource /Users/admin/builder/spi-builder-workspace/.derivedData/Build/Products/Debug-appletvos/Tabman_Tabman.bundle/PrivacyInfo.xcprivacy /Users/admin/builder/spi-builder-workspace/Sources/Tabman/PrivacyInfo.xcprivacy (in target 'Tabman_Tabman' from project 'Tabman')
cd /Users/admin/builder/spi-builder-workspace
builtin-copy -exclude .DS_Store -exclude CVS -exclude .svn -exclude .git -exclude .hg -resolve-src-symlinks /Users/admin/builder/spi-builder-workspace/Sources/Tabman/PrivacyInfo.xcprivacy /Users/admin/builder/spi-builder-workspace/.derivedData/Build/Products/Debug-appletvos/Tabman_Tabman.bundle
ProcessInfoPlistFile /Users/admin/builder/spi-builder-workspace/.derivedData/Build/Products/Debug-appletvos/Pageboy_Pageboy.bundle/Info.plist /Users/admin/builder/spi-builder-workspace/.derivedData/Build/Intermediates.noindex/Pageboy.build/Debug-appletvos/Pageboy_Pageboy-b.build/empty-Pageboy_Pageboy.plist (in target 'Pageboy_Pageboy' from project 'Pageboy')
cd /Users/admin/builder/spi-builder-workspace/.dependencies/checkouts/Pageboy
builtin-infoPlistUtility /Users/admin/builder/spi-builder-workspace/.derivedData/Build/Intermediates.noindex/Pageboy.build/Debug-appletvos/Pageboy_Pageboy-b.build/empty-Pageboy_Pageboy.plist -producttype com.apple.product-type.bundle -expandbuildsettings -format binary -platform appletvos -o /Users/admin/builder/spi-builder-workspace/.derivedData/Build/Products/Debug-appletvos/Pageboy_Pageboy.bundle/Info.plist
CpResource /Users/admin/builder/spi-builder-workspace/.derivedData/Build/Products/Debug-appletvos/Pageboy_Pageboy.bundle/PrivacyInfo.xcprivacy /Users/admin/builder/spi-builder-workspace/.dependencies/checkouts/Pageboy/Sources/Pageboy/PrivacyInfo.xcprivacy (in target 'Pageboy_Pageboy' from project 'Pageboy')
cd /Users/admin/builder/spi-builder-workspace/.dependencies/checkouts/Pageboy
builtin-copy -exclude .DS_Store -exclude CVS -exclude .svn -exclude .git -exclude .hg -resolve-src-symlinks /Users/admin/builder/spi-builder-workspace/.dependencies/checkouts/Pageboy/Sources/Pageboy/PrivacyInfo.xcprivacy /Users/admin/builder/spi-builder-workspace/.derivedData/Build/Products/Debug-appletvos/Pageboy_Pageboy.bundle
RegisterExecutionPolicyException /Users/admin/builder/spi-builder-workspace/.derivedData/Build/Products/Debug-appletvos/Tabman_Tabman.bundle (in target 'Tabman_Tabman' from project 'Tabman')
cd /Users/admin/builder/spi-builder-workspace
builtin-RegisterExecutionPolicyException /Users/admin/builder/spi-builder-workspace/.derivedData/Build/Products/Debug-appletvos/Tabman_Tabman.bundle
RegisterExecutionPolicyException /Users/admin/builder/spi-builder-workspace/.derivedData/Build/Products/Debug-appletvos/Pageboy_Pageboy.bundle (in target 'Pageboy_Pageboy' from project 'Pageboy')
cd /Users/admin/builder/spi-builder-workspace/.dependencies/checkouts/Pageboy
builtin-RegisterExecutionPolicyException /Users/admin/builder/spi-builder-workspace/.derivedData/Build/Products/Debug-appletvos/Pageboy_Pageboy.bundle
Touch /Users/admin/builder/spi-builder-workspace/.derivedData/Build/Products/Debug-appletvos/Pageboy_Pageboy.bundle (in target 'Pageboy_Pageboy' from project 'Pageboy')
cd /Users/admin/builder/spi-builder-workspace/.dependencies/checkouts/Pageboy
/usr/bin/touch -c /Users/admin/builder/spi-builder-workspace/.derivedData/Build/Products/Debug-appletvos/Pageboy_Pageboy.bundle
Touch /Users/admin/builder/spi-builder-workspace/.derivedData/Build/Products/Debug-appletvos/Tabman_Tabman.bundle (in target 'Tabman_Tabman' from project 'Tabman')
cd /Users/admin/builder/spi-builder-workspace
/usr/bin/touch -c /Users/admin/builder/spi-builder-workspace/.derivedData/Build/Products/Debug-appletvos/Tabman_Tabman.bundle
SwiftDriver Pageboy normal arm64 com.apple.xcode.tools.swift.compiler (in target 'Pageboy' from project 'Pageboy')
cd /Users/admin/builder/spi-builder-workspace/.swiftpm/xcode
builtin-SwiftDriver -- /Applications/Xcode-27.0.0-Release.Candidate.app/Contents/Developer/Toolchains/XcodeDefault.xctoolchain/usr/bin/swiftc -parse-as-library -module-name Pageboy -Onone @/Users/admin/builder/spi-builder-workspace/.derivedData/Build/Intermediates.noindex/Pageboy.build/Debug-appletvos/Pageboy-t.build/Objects-normal/arm64/Pageboy.SwiftFileList -DSWIFT_PACKAGE -DDEBUG -DSWIFT_MODULE_RESOURCE_BUNDLE_AVAILABLE -DXcode -plugin-path /Applications/Xcode-27.0.0-Release.Candidate.app/Contents/Developer/Toolchains/XcodeDefault.xctoolchain/usr/lib/swift/host/plugins/testing -enable-experimental-feature DebugDescriptionMacro -sdk /Applications/Xcode-27.0.0-Release.Candidate.app/Contents/Developer/Platforms/AppleTVOS.platform/Developer/SDKs/AppleTVOS27.0.sdk -target arm64-apple-tvos15.0 -g -module-cache-path /Users/admin/builder/spi-builder-workspace/.derivedData/ModuleCache.noindex -Xfrontend -serialize-debugging-options -profile-coverage-mapping -profile-generate -enable-testing -suppress-warnings -index-store-path /Users/admin/builder/spi-builder-workspace/.derivedData/Index.noindex/DataStore -Xcc -D_LIBCPP_HARDENING_MODE\=_LIBCPP_HARDENING_MODE_DEBUG -swift-version 6 -I /Users/admin/builder/spi-builder-workspace/.derivedData/Build/Products/Debug-appletvos -Isystem /Applications/Xcode-27.0.0-Release.Candidate.app/Contents/Developer/Platforms/AppleTVOS.platform/Developer/usr/lib -F /Users/admin/builder/spi-builder-workspace/.derivedData/Build/Products/Debug-appletvos -F /Applications/Xcode-27.0.0-Release.Candidate.app/Contents/Developer/Platforms/AppleTVOS.platform/Developer/Library/Frameworks -F /Applications/Xcode-27.0.0-Release.Candidate.app/Contents/Developer/Platforms/AppleTVOS.platform/Developer/SDKs/AppleTVOS27.0.sdk/Developer/Library/Frameworks -c -j10 -enable-batch-mode -incremental -Xcc -ivfsstatcache -Xcc /Users/admin/builder/spi-builder-workspace/.derivedData/SDKStatCaches.noindex/appletvos27.0-24J360-e829b21a6f8c9b70876ba0858053c044b32bfd8d43560033f8d89884cdb90028.sdkstatcache -output-file-map /Users/admin/builder/spi-builder-workspace/.derivedData/Build/Intermediates.noindex/Pageboy.build/Debug-appletvos/Pageboy-t.build/Objects-normal/arm64/Pageboy-OutputFileMap.json -save-temps -no-color-diagnostics -explicit-module-build -module-cache-path /Users/admin/builder/spi-builder-workspace/.derivedData/Build/Intermediates.noindex/SwiftExplicitPrecompiledModules -clang-scanner-module-cache-path /Users/admin/builder/spi-builder-workspace/.derivedData/ModuleCache.noindex -sdk-module-cache-path /Users/admin/builder/spi-builder-workspace/.derivedData/SDKExplicitPrecompiledModules -emit-dependencies -emit-module -emit-module-path /Users/admin/builder/spi-builder-workspace/.derivedData/Build/Intermediates.noindex/Pageboy.build/Debug-appletvos/Pageboy-t.build/Objects-normal/arm64/Pageboy.swiftmodule -serialize-diagnostics -dependency-scan-serialize-diagnostics-path /Users/admin/builder/spi-builder-workspace/.derivedData/Build/Intermediates.noindex/Pageboy.build/Debug-appletvos/Pageboy-t.build/Objects-normal/arm64/Pageboy-dependency-scan.dia -user-module-version 5.0.2 -validate-clang-modules-once -clang-build-session-file /Users/admin/builder/spi-builder-workspace/.derivedData/ModuleCache.noindex/Session.modulevalidation -Xcc -fmodules-prune-interval\=86400 -Xcc -fmodules-prune-after\=345600 -package-name pageboy -emit-const-values -const-gather-protocols-list /Users/admin/builder/spi-builder-workspace/.derivedData/Build/Intermediates.noindex/Pageboy.build/Debug-appletvos/Pageboy-t.build/Objects-normal/arm64/Pageboy_const_extract_protocols.json -Xcc -I/Users/admin/builder/spi-builder-workspace/.derivedData/Build/Products/Debug-appletvos/include -Xcc -I/Users/admin/builder/spi-builder-workspace/.derivedData/Build/Intermediates.noindex/Pageboy.build/Debug-appletvos/Pageboy-t.build/DerivedSources-normal/arm64 -Xcc -I/Users/admin/builder/spi-builder-workspace/.derivedData/Build/Intermediates.noindex/Pageboy.build/Debug-appletvos/Pageboy-t.build/DerivedSources/arm64 -Xcc -I/Users/admin/builder/spi-builder-workspace/.derivedData/Build/Intermediates.noindex/Pageboy.build/Debug-appletvos/Pageboy-t.build/DerivedSources -Xcc -DSWIFT_PACKAGE -Xcc -DDEBUG\=1 -emit-objc-header -emit-objc-header-path /Users/admin/builder/spi-builder-workspace/.derivedData/Build/Intermediates.noindex/Pageboy.build/Debug-appletvos/Pageboy-t.build/Objects-normal/arm64/Pageboy-Swift.h -working-directory /Users/admin/builder/spi-builder-workspace/.swiftpm/xcode -experimental-emit-module-separately -disable-cmo
SwiftExplicitDependencyGeneratePcm arm64 /Users/admin/builder/spi-builder-workspace/.derivedData/SDKExplicitPrecompiledModules/ptrauth-EMKXYE8GN9BK4M3ODSTVDUJU2.pcm
SwiftExplicitDependencyGeneratePcm arm64 /Users/admin/builder/spi-builder-workspace/.derivedData/SDKExplicitPrecompiledModules/_Builtin_float-3RF4B70MBHPP952AX3GNZ8W3H.pcm
SwiftExplicitDependencyGeneratePcm arm64 /Users/admin/builder/spi-builder-workspace/.derivedData/SDKExplicitPrecompiledModules/SwiftShims-73G9EXEO9PVWB6PL1BR4TAJ0B.pcm
SwiftExplicitDependencyGeneratePcm arm64 /Users/admin/builder/spi-builder-workspace/.derivedData/SDKExplicitPrecompiledModules/_AvailabilityInternal-99L1JVU5TYE8S0FGGB7E09QQS.pcm
SwiftExplicitDependencyGeneratePcm arm64 /Users/admin/builder/spi-builder-workspace/.derivedData/SDKExplicitPrecompiledModules/_Builtin_stdbool-4UUPXTY52W6RPSB0N2WGGLTJT.pcm
SwiftExplicitDependencyGeneratePcm arm64 /Users/admin/builder/spi-builder-workspace/.derivedData/SDKExplicitPrecompiledModules/_Builtin_stddef-1MAO6P3OSQFGZFQEPM31XXNSS.pcm
SwiftExplicitDependencyGeneratePcm arm64 /Users/admin/builder/spi-builder-workspace/.derivedData/SDKExplicitPrecompiledModules/ptrcheck-BA65H1NXYZJ0BLLWO9HZOAZ6Y.pcm
SwiftExplicitDependencyGeneratePcm arm64 /Users/admin/builder/spi-builder-workspace/.derivedData/SDKExplicitPrecompiledModules/_SwiftConcurrencyShims-3HZGHPZQL3GY71QUHDRB0P39S.pcm
SwiftExplicitDependencyGeneratePcm arm64 /Users/admin/builder/spi-builder-workspace/.derivedData/SDKExplicitPrecompiledModules/DeveloperToolsSupport-CJV8SY9BXJUTONPFWMLQEGTXA.pcm
SwiftExplicitDependencyGeneratePcm arm64 /Users/admin/builder/spi-builder-workspace/.derivedData/SDKExplicitPrecompiledModules/_Builtin_stdarg-719DH4G2R3NRP3HRX5HE8WX08.pcm
SwiftExplicitDependencyGeneratePcm arm64 /Users/admin/builder/spi-builder-workspace/.derivedData/SDKExplicitPrecompiledModules/_DarwinFoundation1-90NUFDXQ765U5FR62173FT21A.pcm
SwiftExplicitDependencyGeneratePcm arm64 /Users/admin/builder/spi-builder-workspace/.derivedData/SDKExplicitPrecompiledModules/_Builtin_limits-3JICJWOCEYXXXNXAMEJBF6UQN.pcm
SwiftExplicitDependencyGeneratePcm arm64 /Users/admin/builder/spi-builder-workspace/.derivedData/SDKExplicitPrecompiledModules/_DarwinFoundation2-EPKSYG5WMVE7WSPFQB4C0UC59.pcm
SwiftExplicitDependencyGeneratePcm arm64 /Users/admin/builder/spi-builder-workspace/.derivedData/SDKExplicitPrecompiledModules/_Builtin_tgmath-320K271Z6IM134IWIB7S3LTD.pcm
SwiftExplicitDependencyGeneratePcm arm64 /Users/admin/builder/spi-builder-workspace/.derivedData/SDKExplicitPrecompiledModules/string_h-B6D36UOVIZC2Y0YE3KEZLZAP6.pcm
SwiftExplicitDependencyGeneratePcm arm64 /Users/admin/builder/spi-builder-workspace/.derivedData/SDKExplicitPrecompiledModules/_Builtin_stdint-A8OKY0NXO26BZ4GWYKP79TKL9.pcm
SwiftExplicitDependencyGeneratePcm arm64 /Users/admin/builder/spi-builder-workspace/.derivedData/SDKExplicitPrecompiledModules/sys_types-CATSGLJDZ8UZUMKHO6M4I4PJT.pcm
SwiftExplicitDependencyGeneratePcm arm64 /Users/admin/builder/spi-builder-workspace/.derivedData/SDKExplicitPrecompiledModules/_Builtin_stdatomic-71DQV8BR56LNANL900GGEC9KO.pcm
SwiftExplicitDependencyGeneratePcm arm64 /Users/admin/builder/spi-builder-workspace/.derivedData/SDKExplicitPrecompiledModules/_DarwinFoundation3-63L5I5VCGX6CLI6HI7OWUXJN6.pcm
SwiftExplicitDependencyGeneratePcm arm64 /Users/admin/builder/spi-builder-workspace/.derivedData/SDKExplicitPrecompiledModules/_Builtin_intrinsics-AQDFY8KQQX9Z38C6EI15S53EQ.pcm
SwiftExplicitDependencyGeneratePcm arm64 /Users/admin/builder/spi-builder-workspace/.derivedData/SDKExplicitPrecompiledModules/_Builtin_inttypes-80RS02PM2X81SP8N0Q7X05540.pcm
SwiftExplicitDependencyGeneratePcm arm64 /Users/admin/builder/spi-builder-workspace/.derivedData/SDKExplicitPrecompiledModules/Darwin-1VTILT8KA42CNDAUB0H1FM7MC.pcm
SwiftExplicitDependencyGeneratePcm arm64 /Users/admin/builder/spi-builder-workspace/.derivedData/SDKExplicitPrecompiledModules/simd-D50CDGAQRFNF5E2BA2UWCCHLJ.pcm
SwiftExplicitDependencyGeneratePcm arm64 /Users/admin/builder/spi-builder-workspace/.derivedData/SDKExplicitPrecompiledModules/MachO-A5KLTMTLJD1DPHEYPZHUSRJ4O.pcm
SwiftExplicitDependencyGeneratePcm arm64 /Users/admin/builder/spi-builder-workspace/.derivedData/SDKExplicitPrecompiledModules/ObjectiveC-CC0BYHG21IQMMT48PGDNSK7G6.pcm
SwiftExplicitDependencyGeneratePcm arm64 /Users/admin/builder/spi-builder-workspace/.derivedData/SDKExplicitPrecompiledModules/os_object-1TJLDNS7X3UT7Y5TM4QQ2RN6G.pcm
SwiftExplicitDependencyGeneratePcm arm64 /Users/admin/builder/spi-builder-workspace/.derivedData/SDKExplicitPrecompiledModules/os_workgroup-E61GF9E8FAHZGKXVOV9QHUD27.pcm
SwiftExplicitDependencyGeneratePcm arm64 /Users/admin/builder/spi-builder-workspace/.derivedData/SDKExplicitPrecompiledModules/Dispatch-F564M6B2H1RRD83XZ8EBWFSHE.pcm
SwiftExplicitDependencyGeneratePcm arm64 /Users/admin/builder/spi-builder-workspace/.derivedData/SDKExplicitPrecompiledModules/Spatial-2KZFBWN278VTZL619Y96SAJC9.pcm
SwiftExplicitDependencyGeneratePcm arm64 /Users/admin/builder/spi-builder-workspace/.derivedData/SDKExplicitPrecompiledModules/CoreFoundation-A4LOYEEJIFQKOPZRDOG9M3N2K.pcm
SwiftExplicitDependencyGeneratePcm arm64 /Users/admin/builder/spi-builder-workspace/.derivedData/SDKExplicitPrecompiledModules/XPC-2WVXL0UION0MYZOZAJZC6DUXD.pcm
SwiftExplicitDependencyGeneratePcm arm64 /Users/admin/builder/spi-builder-workspace/.derivedData/SDKExplicitPrecompiledModules/os-4NLIUP5HHN7FW5ML70YLEU8QE.pcm
SwiftExplicitDependencyGeneratePcm arm64 /Users/admin/builder/spi-builder-workspace/.derivedData/SDKExplicitPrecompiledModules/CFNetwork-8S7XZ5SI3TWM2JOZPDZPRY8W9.pcm
SwiftExplicitDependencyGeneratePcm arm64 /Users/admin/builder/spi-builder-workspace/.derivedData/SDKExplicitPrecompiledModules/Security-6KU6X9W8QDIJW83JUF0DRES83.pcm
SwiftExplicitDependencyGeneratePcm arm64 /Users/admin/builder/spi-builder-workspace/.derivedData/SDKExplicitPrecompiledModules/CoreGraphics-D8Y0X4J52BHG7HHUQLTX6SXE1.pcm
SwiftExplicitDependencyGeneratePcm arm64 /Users/admin/builder/spi-builder-workspace/.derivedData/SDKExplicitPrecompiledModules/Foundation-1AS5K10MY6XENLLR2NDUCKYTM.pcm
SwiftExplicitDependencyGeneratePcm arm64 /Users/admin/builder/spi-builder-workspace/.derivedData/SDKExplicitPrecompiledModules/ImageIO-48DA7ET77Q34HPZP9CPHI9VS4.pcm
SwiftExplicitDependencyGeneratePcm arm64 /Users/admin/builder/spi-builder-workspace/.derivedData/SDKExplicitPrecompiledModules/CoreText-E0GG8D3D527TJX7D2QEHFQLM2.pcm
SwiftExplicitDependencyGeneratePcm arm64 /Users/admin/builder/spi-builder-workspace/.derivedData/SDKExplicitPrecompiledModules/_LocationEssentials-2OY9351FRBO717MIULOKMYA9E.pcm
SwiftExplicitDependencyGeneratePcm arm64 /Users/admin/builder/spi-builder-workspace/.derivedData/SDKExplicitPrecompiledModules/IOSurface-DEQULTJ8SC21O986FDCNTM8FX.pcm
SwiftExplicitDependencyGeneratePcm arm64 /Users/admin/builder/spi-builder-workspace/.derivedData/SDKExplicitPrecompiledModules/UIUtilities-9NQVCWATNLLVY125LB74695HY.pcm
SwiftExplicitDependencyGeneratePcm arm64 /Users/admin/builder/spi-builder-workspace/.derivedData/SDKExplicitPrecompiledModules/DataDetection-9IX0C1MAX33MS6TCZDSNKXEO8.pcm
SwiftExplicitDependencyGeneratePcm arm64 /Users/admin/builder/spi-builder-workspace/.derivedData/SDKExplicitPrecompiledModules/CoreTransferable-84B3V3M9DHRIQERK179SSQO5U.pcm
SwiftExplicitDependencyGeneratePcm arm64 /Users/admin/builder/spi-builder-workspace/.derivedData/SDKExplicitPrecompiledModules/Accessibility-EAPB6A95K5V0S27QNKR6ATG7F.pcm
SwiftExplicitDependencyGeneratePcm arm64 /Users/admin/builder/spi-builder-workspace/.derivedData/SDKExplicitPrecompiledModules/Symbols-9TNA7JIKOEYVTYC7A16HCS4Z8.pcm
SwiftExplicitDependencyGeneratePcm arm64 /Users/admin/builder/spi-builder-workspace/.derivedData/SDKExplicitPrecompiledModules/UniformTypeIdentifiers-DQ77M7R0D7VCBK0YUO3VHCRB1.pcm
SwiftExplicitDependencyGeneratePcm arm64 /Users/admin/builder/spi-builder-workspace/.derivedData/SDKExplicitPrecompiledModules/OSLog-1UX1YGRJSIOEO9YC3MNFFD818.pcm
SwiftExplicitDependencyGeneratePcm arm64 /Users/admin/builder/spi-builder-workspace/.derivedData/SDKExplicitPrecompiledModules/UserNotifications-AKH3GC0FQWUK55FNTW4WEMFQE.pcm
SwiftExplicitDependencyGeneratePcm arm64 /Users/admin/builder/spi-builder-workspace/.derivedData/SDKExplicitPrecompiledModules/CoreLocation-6939X9DMB2SA43P0TYB7Z14Z5.pcm
SwiftExplicitDependencyGeneratePcm arm64 /Users/admin/builder/spi-builder-workspace/.derivedData/SDKExplicitPrecompiledModules/Metal-52GB3RCZ6A2WEZ7RWCXV2WL0N.pcm
SwiftExplicitDependencyGeneratePcm arm64 /Users/admin/builder/spi-builder-workspace/.derivedData/SDKExplicitPrecompiledModules/OpenGLES-6Y33D4DDPO1R82EJXT1SIGNPS.pcm
SwiftExplicitDependencyGeneratePcm arm64 /Users/admin/builder/spi-builder-workspace/.derivedData/SDKExplicitPrecompiledModules/CoreVideo-5G4VAY32QMJB00PUALI6188LK.pcm
SwiftExplicitDependencyGeneratePcm arm64 /Users/admin/builder/spi-builder-workspace/.derivedData/SDKExplicitPrecompiledModules/CoreImage-ATUQ374FIDJPA1DF5BLR644CG.pcm
SwiftExplicitDependencyGeneratePcm arm64 /Users/admin/builder/spi-builder-workspace/.derivedData/SDKExplicitPrecompiledModules/QuartzCore-DSNZZA81DYNK4OK1ANRR6HM7G.pcm
SwiftExplicitDependencyGeneratePcm arm64 /Users/admin/builder/spi-builder-workspace/.derivedData/SDKExplicitPrecompiledModules/SwiftUICore-7SJQ9GB90ACGZV5NB09LFJIRX.pcm
SwiftExplicitDependencyGeneratePcm arm64 /Users/admin/builder/spi-builder-workspace/.derivedData/SDKExplicitPrecompiledModules/UIKit-42T2ZGON9LDZUXRIAUKELQ554.pcm
SwiftCompile normal arm64 Compiling\ UIView+Animation.swift,\ UIView+AutoLayout.swift /Users/admin/builder/spi-builder-workspace/.dependencies/checkouts/Pageboy/Sources/Pageboy/Utilities/Extensions/UIView+Animation.swift /Users/admin/builder/spi-builder-workspace/.dependencies/checkouts/Pageboy/Sources/Pageboy/Utilities/Extensions/UIView+AutoLayout.swift (in target 'Pageboy' from project 'Pageboy')
SwiftCompile normal arm64 /Users/admin/builder/spi-builder-workspace/.dependencies/checkouts/Pageboy/Sources/Pageboy/Utilities/Extensions/UIView+Animation.swift (in target 'Pageboy' from project 'Pageboy')
cd /Users/admin/builder/spi-builder-workspace/.swiftpm/xcode
builtin-SwiftPerFileCompile UIView+Animation.swift
SwiftCompile normal arm64 /Users/admin/builder/spi-builder-workspace/.dependencies/checkouts/Pageboy/Sources/Pageboy/Utilities/Extensions/UIView+AutoLayout.swift (in target 'Pageboy' from project 'Pageboy')
cd /Users/admin/builder/spi-builder-workspace/.swiftpm/xcode
builtin-SwiftPerFileCompile UIView+AutoLayout.swift
SwiftCompile normal arm64 Compiling\ NavigationDirection.swift,\ Page.swift,\ PageboyViewController+Management.swift /Users/admin/builder/spi-builder-workspace/.dependencies/checkouts/Pageboy/Sources/Pageboy/Model/NavigationDirection.swift /Users/admin/builder/spi-builder-workspace/.dependencies/checkouts/Pageboy/Sources/Pageboy/Model/Page.swift /Users/admin/builder/spi-builder-workspace/.dependencies/checkouts/Pageboy/Sources/Pageboy/PageboyViewController+Management.swift (in target 'Pageboy' from project 'Pageboy')
SwiftCompile normal arm64 /Users/admin/builder/spi-builder-workspace/.dependencies/checkouts/Pageboy/Sources/Pageboy/Model/NavigationDirection.swift (in target 'Pageboy' from project 'Pageboy')
cd /Users/admin/builder/spi-builder-workspace/.swiftpm/xcode
builtin-SwiftPerFileCompile NavigationDirection.swift
SwiftCompile normal arm64 /Users/admin/builder/spi-builder-workspace/.dependencies/checkouts/Pageboy/Sources/Pageboy/Model/Page.swift (in target 'Pageboy' from project 'Pageboy')
cd /Users/admin/builder/spi-builder-workspace/.swiftpm/xcode
builtin-SwiftPerFileCompile Page.swift
SwiftCompile normal arm64 /Users/admin/builder/spi-builder-workspace/.dependencies/checkouts/Pageboy/Sources/Pageboy/PageboyViewController+Management.swift (in target 'Pageboy' from project 'Pageboy')
cd /Users/admin/builder/spi-builder-workspace/.swiftpm/xcode
builtin-SwiftPerFileCompile PageboyViewController+Management.swift
SwiftEmitModule normal arm64 Emitting\ module\ for\ Pageboy (in target 'Pageboy' from project 'Pageboy')
SwiftCompile normal arm64 (in target 'Pageboy' from project 'Pageboy')
cd /Users/admin/builder/spi-builder-workspace/.swiftpm/xcode
SwiftCompile normal arm64 Compiling\ PageboyViewController.swift,\ PageboyViewControllerDataSource.swift,\ PageboyViewControllerDelegate.swift /Users/admin/builder/spi-builder-workspace/.dependencies/checkouts/Pageboy/Sources/Pageboy/PageboyViewController.swift /Users/admin/builder/spi-builder-workspace/.dependencies/checkouts/Pageboy/Sources/Pageboy/Protocols/PageboyViewControllerDataSource.swift /Users/admin/builder/spi-builder-workspace/.dependencies/checkouts/Pageboy/Sources/Pageboy/Protocols/PageboyViewControllerDelegate.swift (in target 'Pageboy' from project 'Pageboy')
SwiftCompile normal arm64 /Users/admin/builder/spi-builder-workspace/.dependencies/checkouts/Pageboy/Sources/Pageboy/PageboyViewController.swift (in target 'Pageboy' from project 'Pageboy')
cd /Users/admin/builder/spi-builder-workspace/.swiftpm/xcode
builtin-SwiftPerFileCompile PageboyViewController.swift
SwiftCompile normal arm64 /Users/admin/builder/spi-builder-workspace/.dependencies/checkouts/Pageboy/Sources/Pageboy/Protocols/PageboyViewControllerDataSource.swift (in target 'Pageboy' from project 'Pageboy')
cd /Users/admin/builder/spi-builder-workspace/.swiftpm/xcode
builtin-SwiftPerFileCompile PageboyViewControllerDataSource.swift
SwiftCompile normal arm64 /Users/admin/builder/spi-builder-workspace/.dependencies/checkouts/Pageboy/Sources/Pageboy/Protocols/PageboyViewControllerDelegate.swift (in target 'Pageboy' from project 'Pageboy')
cd /Users/admin/builder/spi-builder-workspace/.swiftpm/xcode
builtin-SwiftPerFileCompile PageboyViewControllerDelegate.swift
SwiftCompile normal arm64 Compiling\ PageboyViewController+ScrollCalculations.swift,\ PageboyViewController+ScrollDetection.swift,\ PageboyViewController+Updating.swift /Users/admin/builder/spi-builder-workspace/.dependencies/checkouts/Pageboy/Sources/Pageboy/PageboyViewController+ScrollCalculations.swift /Users/admin/builder/spi-builder-workspace/.dependencies/checkouts/Pageboy/Sources/Pageboy/PageboyViewController+ScrollDetection.swift /Users/admin/builder/spi-builder-workspace/.dependencies/checkouts/Pageboy/Sources/Pageboy/PageboyViewController+Updating.swift (in target 'Pageboy' from project 'Pageboy')
SwiftCompile normal arm64 /Users/admin/builder/spi-builder-workspace/.dependencies/checkouts/Pageboy/Sources/Pageboy/PageboyViewController+ScrollCalculations.swift (in target 'Pageboy' from project 'Pageboy')
cd /Users/admin/builder/spi-builder-workspace/.swiftpm/xcode
builtin-SwiftPerFileCompile PageboyViewController+ScrollCalculations.swift
SwiftCompile normal arm64 /Users/admin/builder/spi-builder-workspace/.dependencies/checkouts/Pageboy/Sources/Pageboy/PageboyViewController+ScrollDetection.swift (in target 'Pageboy' from project 'Pageboy')
cd /Users/admin/builder/spi-builder-workspace/.swiftpm/xcode
builtin-SwiftPerFileCompile PageboyViewController+ScrollDetection.swift
SwiftCompile normal arm64 /Users/admin/builder/spi-builder-workspace/.dependencies/checkouts/Pageboy/Sources/Pageboy/PageboyViewController+Updating.swift (in target 'Pageboy' from project 'Pageboy')
cd /Users/admin/builder/spi-builder-workspace/.swiftpm/xcode
builtin-SwiftPerFileCompile PageboyViewController+Updating.swift
SwiftCompile normal arm64 Compiling\ UIView+Localization.swift,\ IndexedObjectMap.swift /Users/admin/builder/spi-builder-workspace/.dependencies/checkouts/Pageboy/Sources/Pageboy/Utilities/Extensions/UIView+Localization.swift /Users/admin/builder/spi-builder-workspace/.dependencies/checkouts/Pageboy/Sources/Pageboy/Utilities/IndexedObjectMap.swift (in target 'Pageboy' from project 'Pageboy')
SwiftCompile normal arm64 /Users/admin/builder/spi-builder-workspace/.dependencies/checkouts/Pageboy/Sources/Pageboy/Utilities/Extensions/UIView+Localization.swift (in target 'Pageboy' from project 'Pageboy')
cd /Users/admin/builder/spi-builder-workspace/.swiftpm/xcode
builtin-SwiftPerFileCompile UIView+Localization.swift
SwiftCompile normal arm64 /Users/admin/builder/spi-builder-workspace/.dependencies/checkouts/Pageboy/Sources/Pageboy/Utilities/IndexedObjectMap.swift (in target 'Pageboy' from project 'Pageboy')
cd /Users/admin/builder/spi-builder-workspace/.swiftpm/xcode
builtin-SwiftPerFileCompile IndexedObjectMap.swift
SwiftCompile normal arm64 Compiling\ PatchedPageViewController.swift,\ WeakContainer.swift /Users/admin/builder/spi-builder-workspace/.dependencies/checkouts/Pageboy/Sources/Pageboy/Utilities/PatchedPageViewController.swift /Users/admin/builder/spi-builder-workspace/.dependencies/checkouts/Pageboy/Sources/Pageboy/Utilities/WeakContainer.swift (in target 'Pageboy' from project 'Pageboy')
SwiftCompile normal arm64 /Users/admin/builder/spi-builder-workspace/.dependencies/checkouts/Pageboy/Sources/Pageboy/Utilities/PatchedPageViewController.swift (in target 'Pageboy' from project 'Pageboy')
cd /Users/admin/builder/spi-builder-workspace/.swiftpm/xcode
builtin-SwiftPerFileCompile PatchedPageViewController.swift
SwiftCompile normal arm64 /Users/admin/builder/spi-builder-workspace/.dependencies/checkouts/Pageboy/Sources/Pageboy/Utilities/WeakContainer.swift (in target 'Pageboy' from project 'Pageboy')
cd /Users/admin/builder/spi-builder-workspace/.swiftpm/xcode
builtin-SwiftPerFileCompile WeakContainer.swift
SwiftCompile normal arm64 Compiling\ PageboyViewController+Transitioning.swift,\ TransitionOperation+Action.swift,\ TransitionOperation.swift /Users/admin/builder/spi-builder-workspace/.dependencies/checkouts/Pageboy/Sources/Pageboy/Transitioning/PageboyViewController+Transitioning.swift /Users/admin/builder/spi-builder-workspace/.dependencies/checkouts/Pageboy/Sources/Pageboy/Transitioning/TransitionOperation+Action.swift /Users/admin/builder/spi-builder-workspace/.dependencies/checkouts/Pageboy/Sources/Pageboy/Transitioning/TransitionOperation.swift (in target 'Pageboy' from project 'Pageboy')
SwiftCompile normal arm64 /Users/admin/builder/spi-builder-workspace/.dependencies/checkouts/Pageboy/Sources/Pageboy/Transitioning/PageboyViewController+Transitioning.swift (in target 'Pageboy' from project 'Pageboy')
cd /Users/admin/builder/spi-builder-workspace/.swiftpm/xcode
builtin-SwiftPerFileCompile PageboyViewController+Transitioning.swift
SwiftCompile normal arm64 /Users/admin/builder/spi-builder-workspace/.dependencies/checkouts/Pageboy/Sources/Pageboy/Transitioning/TransitionOperation+Action.swift (in target 'Pageboy' from project 'Pageboy')
cd /Users/admin/builder/spi-builder-workspace/.swiftpm/xcode
builtin-SwiftPerFileCompile TransitionOperation+Action.swift
SwiftCompile normal arm64 /Users/admin/builder/spi-builder-workspace/.dependencies/checkouts/Pageboy/Sources/Pageboy/Transitioning/TransitionOperation.swift (in target 'Pageboy' from project 'Pageboy')
cd /Users/admin/builder/spi-builder-workspace/.swiftpm/xcode
builtin-SwiftPerFileCompile TransitionOperation.swift
SwiftCompile normal arm64 Compiling\ UIPageViewController+ScrollView.swift,\ UIScrollView+Interaction.swift /Users/admin/builder/spi-builder-workspace/.dependencies/checkouts/Pageboy/Sources/Pageboy/Utilities/Extensions/UIPageViewController+ScrollView.swift /Users/admin/builder/spi-builder-workspace/.dependencies/checkouts/Pageboy/Sources/Pageboy/Utilities/Extensions/UIScrollView+Interaction.swift (in target 'Pageboy' from project 'Pageboy')
SwiftCompile normal arm64 /Users/admin/builder/spi-builder-workspace/.dependencies/checkouts/Pageboy/Sources/Pageboy/Utilities/Extensions/UIPageViewController+ScrollView.swift (in target 'Pageboy' from project 'Pageboy')
cd /Users/admin/builder/spi-builder-workspace/.swiftpm/xcode
builtin-SwiftPerFileCompile UIPageViewController+ScrollView.swift
SwiftCompile normal arm64 /Users/admin/builder/spi-builder-workspace/.dependencies/checkouts/Pageboy/Sources/Pageboy/Utilities/Extensions/UIScrollView+Interaction.swift (in target 'Pageboy' from project 'Pageboy')
cd /Users/admin/builder/spi-builder-workspace/.swiftpm/xcode
builtin-SwiftPerFileCompile UIScrollView+Interaction.swift
SwiftCompile normal arm64 Compiling\ resource_bundle_accessor.swift,\ PageboyAutoScroller.swift,\ PageboyViewController+AutoScrolling.swift /Users/admin/builder/spi-builder-workspace/.derivedData/Build/Intermediates.noindex/Pageboy.build/Debug-appletvos/Pageboy-t.build/DerivedSources/resource_bundle_accessor.swift /Users/admin/builder/spi-builder-workspace/.dependencies/checkouts/Pageboy/Sources/Pageboy/AutoScrolling/PageboyAutoScroller.swift /Users/admin/builder/spi-builder-workspace/.dependencies/checkouts/Pageboy/Sources/Pageboy/AutoScrolling/PageboyViewController+AutoScrolling.swift (in target 'Pageboy' from project 'Pageboy')
SwiftCompile normal arm64 /Users/admin/builder/spi-builder-workspace/.derivedData/Build/Intermediates.noindex/Pageboy.build/Debug-appletvos/Pageboy-t.build/DerivedSources/resource_bundle_accessor.swift (in target 'Pageboy' from project 'Pageboy')
cd /Users/admin/builder/spi-builder-workspace/.swiftpm/xcode
builtin-SwiftPerFileCompile resource_bundle_accessor.swift
SwiftCompile normal arm64 /Users/admin/builder/spi-builder-workspace/.dependencies/checkouts/Pageboy/Sources/Pageboy/AutoScrolling/PageboyAutoScroller.swift (in target 'Pageboy' from project 'Pageboy')
cd /Users/admin/builder/spi-builder-workspace/.swiftpm/xcode
builtin-SwiftPerFileCompile PageboyAutoScroller.swift
SwiftCompile normal arm64 /Users/admin/builder/spi-builder-workspace/.dependencies/checkouts/Pageboy/Sources/Pageboy/AutoScrolling/PageboyViewController+AutoScrolling.swift (in target 'Pageboy' from project 'Pageboy')
cd /Users/admin/builder/spi-builder-workspace/.swiftpm/xcode
builtin-SwiftPerFileCompile PageboyViewController+AutoScrolling.swift
SwiftCompile normal arm64 Compiling\ UIViewController+Pageboy.swift,\ DispatchQueue+main.swift,\ UIApplication+SafeShared.swift /Users/admin/builder/spi-builder-workspace/.dependencies/checkouts/Pageboy/Sources/Pageboy/UIViewController+Pageboy.swift /Users/admin/builder/spi-builder-workspace/.dependencies/checkouts/Pageboy/Sources/Pageboy/Utilities/Extensions/DispatchQueue+main.swift /Users/admin/builder/spi-builder-workspace/.dependencies/checkouts/Pageboy/Sources/Pageboy/Utilities/Extensions/UIApplication+SafeShared.swift (in target 'Pageboy' from project 'Pageboy')
SwiftCompile normal arm64 /Users/admin/builder/spi-builder-workspace/.dependencies/checkouts/Pageboy/Sources/Pageboy/UIViewController+Pageboy.swift (in target 'Pageboy' from project 'Pageboy')
cd /Users/admin/builder/spi-builder-workspace/.swiftpm/xcode
builtin-SwiftPerFileCompile UIViewController+Pageboy.swift
SwiftCompile normal arm64 /Users/admin/builder/spi-builder-workspace/.dependencies/checkouts/Pageboy/Sources/Pageboy/Utilities/Extensions/DispatchQueue+main.swift (in target 'Pageboy' from project 'Pageboy')
cd /Users/admin/builder/spi-builder-workspace/.swiftpm/xcode
builtin-SwiftPerFileCompile DispatchQueue+main.swift
SwiftCompile normal arm64 /Users/admin/builder/spi-builder-workspace/.dependencies/checkouts/Pageboy/Sources/Pageboy/Utilities/Extensions/UIApplication+SafeShared.swift (in target 'Pageboy' from project 'Pageboy')
cd /Users/admin/builder/spi-builder-workspace/.swiftpm/xcode
builtin-SwiftPerFileCompile UIApplication+SafeShared.swift
SwiftDriverJobDiscovery normal arm64 Emitting module for Pageboy (in target 'Pageboy' from project 'Pageboy')
SwiftDriver\ Compilation\ Requirements Pageboy normal arm64 com.apple.xcode.tools.swift.compiler (in target 'Pageboy' from project 'Pageboy')
cd /Users/admin/builder/spi-builder-workspace/.swiftpm/xcode
builtin-Swift-Compilation-Requirements -- /Applications/Xcode-27.0.0-Release.Candidate.app/Contents/Developer/Toolchains/XcodeDefault.xctoolchain/usr/bin/swiftc -parse-as-library -module-name Pageboy -Onone @/Users/admin/builder/spi-builder-workspace/.derivedData/Build/Intermediates.noindex/Pageboy.build/Debug-appletvos/Pageboy-t.build/Objects-normal/arm64/Pageboy.SwiftFileList -DSWIFT_PACKAGE -DDEBUG -DSWIFT_MODULE_RESOURCE_BUNDLE_AVAILABLE -DXcode -plugin-path /Applications/Xcode-27.0.0-Release.Candidate.app/Contents/Developer/Toolchains/XcodeDefault.xctoolchain/usr/lib/swift/host/plugins/testing -enable-experimental-feature DebugDescriptionMacro -sdk /Applications/Xcode-27.0.0-Release.Candidate.app/Contents/Developer/Platforms/AppleTVOS.platform/Developer/SDKs/AppleTVOS27.0.sdk -target arm64-apple-tvos15.0 -g -module-cache-path /Users/admin/builder/spi-builder-workspace/.derivedData/ModuleCache.noindex -Xfrontend -serialize-debugging-options -profile-coverage-mapping -profile-generate -enable-testing -suppress-warnings -index-store-path /Users/admin/builder/spi-builder-workspace/.derivedData/Index.noindex/DataStore -Xcc -D_LIBCPP_HARDENING_MODE\=_LIBCPP_HARDENING_MODE_DEBUG -swift-version 6 -I /Users/admin/builder/spi-builder-workspace/.derivedData/Build/Products/Debug-appletvos -Isystem /Applications/Xcode-27.0.0-Release.Candidate.app/Contents/Developer/Platforms/AppleTVOS.platform/Developer/usr/lib -F /Users/admin/builder/spi-builder-workspace/.derivedData/Build/Products/Debug-appletvos -F /Applications/Xcode-27.0.0-Release.Candidate.app/Contents/Developer/Platforms/AppleTVOS.platform/Developer/Library/Frameworks -F /Applications/Xcode-27.0.0-Release.Candidate.app/Contents/Developer/Platforms/AppleTVOS.platform/Developer/SDKs/AppleTVOS27.0.sdk/Developer/Library/Frameworks -c -j10 -enable-batch-mode -incremental -Xcc -ivfsstatcache -Xcc /Users/admin/builder/spi-builder-workspace/.derivedData/SDKStatCaches.noindex/appletvos27.0-24J360-e829b21a6f8c9b70876ba0858053c044b32bfd8d43560033f8d89884cdb90028.sdkstatcache -output-file-map /Users/admin/builder/spi-builder-workspace/.derivedData/Build/Intermediates.noindex/Pageboy.build/Debug-appletvos/Pageboy-t.build/Objects-normal/arm64/Pageboy-OutputFileMap.json -save-temps -no-color-diagnostics -explicit-module-build -module-cache-path /Users/admin/builder/spi-builder-workspace/.derivedData/Build/Intermediates.noindex/SwiftExplicitPrecompiledModules -clang-scanner-module-cache-path /Users/admin/builder/spi-builder-workspace/.derivedData/ModuleCache.noindex -sdk-module-cache-path /Users/admin/builder/spi-builder-workspace/.derivedData/SDKExplicitPrecompiledModules -emit-dependencies -emit-module -emit-module-path /Users/admin/builder/spi-builder-workspace/.derivedData/Build/Intermediates.noindex/Pageboy.build/Debug-appletvos/Pageboy-t.build/Objects-normal/arm64/Pageboy.swiftmodule -serialize-diagnostics -dependency-scan-serialize-diagnostics-path /Users/admin/builder/spi-builder-workspace/.derivedData/Build/Intermediates.noindex/Pageboy.build/Debug-appletvos/Pageboy-t.build/Objects-normal/arm64/Pageboy-dependency-scan.dia -user-module-version 5.0.2 -validate-clang-modules-once -clang-build-session-file /Users/admin/builder/spi-builder-workspace/.derivedData/ModuleCache.noindex/Session.modulevalidation -Xcc -fmodules-prune-interval\=86400 -Xcc -fmodules-prune-after\=345600 -package-name pageboy -emit-const-values -const-gather-protocols-list /Users/admin/builder/spi-builder-workspace/.derivedData/Build/Intermediates.noindex/Pageboy.build/Debug-appletvos/Pageboy-t.build/Objects-normal/arm64/Pageboy_const_extract_protocols.json -Xcc -I/Users/admin/builder/spi-builder-workspace/.derivedData/Build/Products/Debug-appletvos/include -Xcc -I/Users/admin/builder/spi-builder-workspace/.derivedData/Build/Intermediates.noindex/Pageboy.build/Debug-appletvos/Pageboy-t.build/DerivedSources-normal/arm64 -Xcc -I/Users/admin/builder/spi-builder-workspace/.derivedData/Build/Intermediates.noindex/Pageboy.build/Debug-appletvos/Pageboy-t.build/DerivedSources/arm64 -Xcc -I/Users/admin/builder/spi-builder-workspace/.derivedData/Build/Intermediates.noindex/Pageboy.build/Debug-appletvos/Pageboy-t.build/DerivedSources -Xcc -DSWIFT_PACKAGE -Xcc -DDEBUG\=1 -emit-objc-header -emit-objc-header-path /Users/admin/builder/spi-builder-workspace/.derivedData/Build/Intermediates.noindex/Pageboy.build/Debug-appletvos/Pageboy-t.build/Objects-normal/arm64/Pageboy-Swift.h -working-directory /Users/admin/builder/spi-builder-workspace/.swiftpm/xcode -experimental-emit-module-separately -disable-cmo
SwiftDriverJobDiscovery normal arm64 Compiling UIView+Localization.swift, IndexedObjectMap.swift (in target 'Pageboy' from project 'Pageboy')
SwiftDriverJobDiscovery normal arm64 Compiling PatchedPageViewController.swift, WeakContainer.swift (in target 'Pageboy' from project 'Pageboy')
SwiftDriverJobDiscovery normal arm64 Compiling UIView+Animation.swift, UIView+AutoLayout.swift (in target 'Pageboy' from project 'Pageboy')
SwiftDriverJobDiscovery normal arm64 Compiling UIPageViewController+ScrollView.swift, UIScrollView+Interaction.swift (in target 'Pageboy' from project 'Pageboy')
SwiftDriverJobDiscovery normal arm64 Compiling UIViewController+Pageboy.swift, DispatchQueue+main.swift, UIApplication+SafeShared.swift (in target 'Pageboy' from project 'Pageboy')
SwiftMergeGeneratedHeaders /Users/admin/builder/spi-builder-workspace/.derivedData/Build/Intermediates.noindex/GeneratedModuleMaps-appletvos/Pageboy-Swift.h /Users/admin/builder/spi-builder-workspace/.derivedData/Build/Intermediates.noindex/Pageboy.build/Debug-appletvos/Pageboy-t.build/Objects-normal/arm64/Pageboy-Swift.h (in target 'Pageboy' from project 'Pageboy')
cd /Users/admin/builder/spi-builder-workspace/.dependencies/checkouts/Pageboy
builtin-swiftHeaderTool -arch arm64 /Users/admin/builder/spi-builder-workspace/.derivedData/Build/Intermediates.noindex/Pageboy.build/Debug-appletvos/Pageboy-t.build/Objects-normal/arm64/Pageboy-Swift.h -o /Users/admin/builder/spi-builder-workspace/.derivedData/Build/Intermediates.noindex/GeneratedModuleMaps-appletvos/Pageboy-Swift.h
Copy /Users/admin/builder/spi-builder-workspace/.derivedData/Build/Products/Debug-appletvos/Pageboy.swiftmodule/arm64-apple-tvos.swiftmodule /Users/admin/builder/spi-builder-workspace/.derivedData/Build/Intermediates.noindex/Pageboy.build/Debug-appletvos/Pageboy-t.build/Objects-normal/arm64/Pageboy.swiftmodule (in target 'Pageboy' from project 'Pageboy')
cd /Users/admin/builder/spi-builder-workspace/.dependencies/checkouts/Pageboy
builtin-copy -exclude .DS_Store -exclude CVS -exclude .svn -exclude .git -exclude .hg -resolve-src-symlinks -rename /Users/admin/builder/spi-builder-workspace/.derivedData/Build/Intermediates.noindex/Pageboy.build/Debug-appletvos/Pageboy-t.build/Objects-normal/arm64/Pageboy.swiftmodule /Users/admin/builder/spi-builder-workspace/.derivedData/Build/Products/Debug-appletvos/Pageboy.swiftmodule/arm64-apple-tvos.swiftmodule
Copy /Users/admin/builder/spi-builder-workspace/.derivedData/Build/Products/Debug-appletvos/Pageboy.swiftmodule/arm64-apple-tvos.swiftdoc /Users/admin/builder/spi-builder-workspace/.derivedData/Build/Intermediates.noindex/Pageboy.build/Debug-appletvos/Pageboy-t.build/Objects-normal/arm64/Pageboy.swiftdoc (in target 'Pageboy' from project 'Pageboy')
cd /Users/admin/builder/spi-builder-workspace/.dependencies/checkouts/Pageboy
builtin-copy -exclude .DS_Store -exclude CVS -exclude .svn -exclude .git -exclude .hg -resolve-src-symlinks -rename /Users/admin/builder/spi-builder-workspace/.derivedData/Build/Intermediates.noindex/Pageboy.build/Debug-appletvos/Pageboy-t.build/Objects-normal/arm64/Pageboy.swiftdoc /Users/admin/builder/spi-builder-workspace/.derivedData/Build/Products/Debug-appletvos/Pageboy.swiftmodule/arm64-apple-tvos.swiftdoc
Copy /Users/admin/builder/spi-builder-workspace/.derivedData/Build/Products/Debug-appletvos/Pageboy.swiftmodule/arm64-apple-tvos.abi.json /Users/admin/builder/spi-builder-workspace/.derivedData/Build/Intermediates.noindex/Pageboy.build/Debug-appletvos/Pageboy-t.build/Objects-normal/arm64/Pageboy.abi.json (in target 'Pageboy' from project 'Pageboy')
cd /Users/admin/builder/spi-builder-workspace/.dependencies/checkouts/Pageboy
builtin-copy -exclude .DS_Store -exclude CVS -exclude .svn -exclude .git -exclude .hg -resolve-src-symlinks -rename /Users/admin/builder/spi-builder-workspace/.derivedData/Build/Intermediates.noindex/Pageboy.build/Debug-appletvos/Pageboy-t.build/Objects-normal/arm64/Pageboy.abi.json /Users/admin/builder/spi-builder-workspace/.derivedData/Build/Products/Debug-appletvos/Pageboy.swiftmodule/arm64-apple-tvos.abi.json
Copy /Users/admin/builder/spi-builder-workspace/.derivedData/Build/Products/Debug-appletvos/Pageboy.swiftmodule/Project/arm64-apple-tvos.swiftsourceinfo /Users/admin/builder/spi-builder-workspace/.derivedData/Build/Intermediates.noindex/Pageboy.build/Debug-appletvos/Pageboy-t.build/Objects-normal/arm64/Pageboy.swiftsourceinfo (in target 'Pageboy' from project 'Pageboy')
cd /Users/admin/builder/spi-builder-workspace/.dependencies/checkouts/Pageboy
builtin-copy -exclude .DS_Store -exclude CVS -exclude .svn -exclude .git -exclude .hg -resolve-src-symlinks -rename /Users/admin/builder/spi-builder-workspace/.derivedData/Build/Intermediates.noindex/Pageboy.build/Debug-appletvos/Pageboy-t.build/Objects-normal/arm64/Pageboy.swiftsourceinfo /Users/admin/builder/spi-builder-workspace/.derivedData/Build/Products/Debug-appletvos/Pageboy.swiftmodule/Project/arm64-apple-tvos.swiftsourceinfo
SwiftDriverJobDiscovery normal arm64 Compiling resource_bundle_accessor.swift, PageboyAutoScroller.swift, PageboyViewController+AutoScrolling.swift (in target 'Pageboy' from project 'Pageboy')
SwiftDriverJobDiscovery normal arm64 Compiling PageboyViewController+Transitioning.swift, TransitionOperation+Action.swift, TransitionOperation.swift (in target 'Pageboy' from project 'Pageboy')
SwiftDriverJobDiscovery normal arm64 Compiling PageboyViewController.swift, PageboyViewControllerDataSource.swift, PageboyViewControllerDelegate.swift (in target 'Pageboy' from project 'Pageboy')
SwiftDriverJobDiscovery normal arm64 Compiling PageboyViewController+ScrollCalculations.swift, PageboyViewController+ScrollDetection.swift, PageboyViewController+Updating.swift (in target 'Pageboy' from project 'Pageboy')
SwiftDriverJobDiscovery normal arm64 Compiling NavigationDirection.swift, Page.swift, PageboyViewController+Management.swift (in target 'Pageboy' from project 'Pageboy')
SwiftDriver\ Compilation Pageboy normal arm64 com.apple.xcode.tools.swift.compiler (in target 'Pageboy' from project 'Pageboy')
cd /Users/admin/builder/spi-builder-workspace/.swiftpm/xcode
builtin-Swift-Compilation -- /Applications/Xcode-27.0.0-Release.Candidate.app/Contents/Developer/Toolchains/XcodeDefault.xctoolchain/usr/bin/swiftc -parse-as-library -module-name Pageboy -Onone @/Users/admin/builder/spi-builder-workspace/.derivedData/Build/Intermediates.noindex/Pageboy.build/Debug-appletvos/Pageboy-t.build/Objects-normal/arm64/Pageboy.SwiftFileList -DSWIFT_PACKAGE -DDEBUG -DSWIFT_MODULE_RESOURCE_BUNDLE_AVAILABLE -DXcode -plugin-path /Applications/Xcode-27.0.0-Release.Candidate.app/Contents/Developer/Toolchains/XcodeDefault.xctoolchain/usr/lib/swift/host/plugins/testing -enable-experimental-feature DebugDescriptionMacro -sdk /Applications/Xcode-27.0.0-Release.Candidate.app/Contents/Developer/Platforms/AppleTVOS.platform/Developer/SDKs/AppleTVOS27.0.sdk -target arm64-apple-tvos15.0 -g -module-cache-path /Users/admin/builder/spi-builder-workspace/.derivedData/ModuleCache.noindex -Xfrontend -serialize-debugging-options -profile-coverage-mapping -profile-generate -enable-testing -suppress-warnings -index-store-path /Users/admin/builder/spi-builder-workspace/.derivedData/Index.noindex/DataStore -Xcc -D_LIBCPP_HARDENING_MODE\=_LIBCPP_HARDENING_MODE_DEBUG -swift-version 6 -I /Users/admin/builder/spi-builder-workspace/.derivedData/Build/Products/Debug-appletvos -Isystem /Applications/Xcode-27.0.0-Release.Candidate.app/Contents/Developer/Platforms/AppleTVOS.platform/Developer/usr/lib -F /Users/admin/builder/spi-builder-workspace/.derivedData/Build/Products/Debug-appletvos -F /Applications/Xcode-27.0.0-Release.Candidate.app/Contents/Developer/Platforms/AppleTVOS.platform/Developer/Library/Frameworks -F /Applications/Xcode-27.0.0-Release.Candidate.app/Contents/Developer/Platforms/AppleTVOS.platform/Developer/SDKs/AppleTVOS27.0.sdk/Developer/Library/Frameworks -c -j10 -enable-batch-mode -incremental -Xcc -ivfsstatcache -Xcc /Users/admin/builder/spi-builder-workspace/.derivedData/SDKStatCaches.noindex/appletvos27.0-24J360-e829b21a6f8c9b70876ba0858053c044b32bfd8d43560033f8d89884cdb90028.sdkstatcache -output-file-map /Users/admin/builder/spi-builder-workspace/.derivedData/Build/Intermediates.noindex/Pageboy.build/Debug-appletvos/Pageboy-t.build/Objects-normal/arm64/Pageboy-OutputFileMap.json -save-temps -no-color-diagnostics -explicit-module-build -module-cache-path /Users/admin/builder/spi-builder-workspace/.derivedData/Build/Intermediates.noindex/SwiftExplicitPrecompiledModules -clang-scanner-module-cache-path /Users/admin/builder/spi-builder-workspace/.derivedData/ModuleCache.noindex -sdk-module-cache-path /Users/admin/builder/spi-builder-workspace/.derivedData/SDKExplicitPrecompiledModules -emit-dependencies -emit-module -emit-module-path /Users/admin/builder/spi-builder-workspace/.derivedData/Build/Intermediates.noindex/Pageboy.build/Debug-appletvos/Pageboy-t.build/Objects-normal/arm64/Pageboy.swiftmodule -serialize-diagnostics -dependency-scan-serialize-diagnostics-path /Users/admin/builder/spi-builder-workspace/.derivedData/Build/Intermediates.noindex/Pageboy.build/Debug-appletvos/Pageboy-t.build/Objects-normal/arm64/Pageboy-dependency-scan.dia -user-module-version 5.0.2 -validate-clang-modules-once -clang-build-session-file /Users/admin/builder/spi-builder-workspace/.derivedData/ModuleCache.noindex/Session.modulevalidation -Xcc -fmodules-prune-interval\=86400 -Xcc -fmodules-prune-after\=345600 -package-name pageboy -emit-const-values -const-gather-protocols-list /Users/admin/builder/spi-builder-workspace/.derivedData/Build/Intermediates.noindex/Pageboy.build/Debug-appletvos/Pageboy-t.build/Objects-normal/arm64/Pageboy_const_extract_protocols.json -Xcc -I/Users/admin/builder/spi-builder-workspace/.derivedData/Build/Products/Debug-appletvos/include -Xcc -I/Users/admin/builder/spi-builder-workspace/.derivedData/Build/Intermediates.noindex/Pageboy.build/Debug-appletvos/Pageboy-t.build/DerivedSources-normal/arm64 -Xcc -I/Users/admin/builder/spi-builder-workspace/.derivedData/Build/Intermediates.noindex/Pageboy.build/Debug-appletvos/Pageboy-t.build/DerivedSources/arm64 -Xcc -I/Users/admin/builder/spi-builder-workspace/.derivedData/Build/Intermediates.noindex/Pageboy.build/Debug-appletvos/Pageboy-t.build/DerivedSources -Xcc -DSWIFT_PACKAGE -Xcc -DDEBUG\=1 -emit-objc-header -emit-objc-header-path /Users/admin/builder/spi-builder-workspace/.derivedData/Build/Intermediates.noindex/Pageboy.build/Debug-appletvos/Pageboy-t.build/Objects-normal/arm64/Pageboy-Swift.h -working-directory /Users/admin/builder/spi-builder-workspace/.swiftpm/xcode -experimental-emit-module-separately -disable-cmo
SwiftDriver Tabman normal arm64 com.apple.xcode.tools.swift.compiler (in target 'Tabman' from project 'Tabman')
cd /Users/admin/builder/spi-builder-workspace/.swiftpm/xcode
builtin-SwiftDriver -- /Applications/Xcode-27.0.0-Release.Candidate.app/Contents/Developer/Toolchains/XcodeDefault.xctoolchain/usr/bin/swiftc -parse-as-library -module-name Tabman -Onone @/Users/admin/builder/spi-builder-workspace/.derivedData/Build/Intermediates.noindex/Tabman.build/Debug-appletvos/Tabman-t.build/Objects-normal/arm64/Tabman.SwiftFileList -DSWIFT_PACKAGE -DDEBUG -DSWIFT_MODULE_RESOURCE_BUNDLE_AVAILABLE -DXcode -plugin-path /Applications/Xcode-27.0.0-Release.Candidate.app/Contents/Developer/Toolchains/XcodeDefault.xctoolchain/usr/lib/swift/host/plugins/testing -enable-experimental-feature DebugDescriptionMacro -sdk /Applications/Xcode-27.0.0-Release.Candidate.app/Contents/Developer/Platforms/AppleTVOS.platform/Developer/SDKs/AppleTVOS27.0.sdk -target arm64-apple-tvos15.0 -g -module-cache-path /Users/admin/builder/spi-builder-workspace/.derivedData/ModuleCache.noindex -Xfrontend -serialize-debugging-options -profile-coverage-mapping -profile-generate -enable-testing -index-store-path /Users/admin/builder/spi-builder-workspace/.derivedData/Index.noindex/DataStore -Xcc -D_LIBCPP_HARDENING_MODE\=_LIBCPP_HARDENING_MODE_DEBUG -swift-version 6 -I /Users/admin/builder/spi-builder-workspace/.derivedData/Build/Products/Debug-appletvos -Isystem /Applications/Xcode-27.0.0-Release.Candidate.app/Contents/Developer/Platforms/AppleTVOS.platform/Developer/usr/lib -F /Users/admin/builder/spi-builder-workspace/.derivedData/Build/Products/Debug-appletvos/PackageFrameworks -F /Users/admin/builder/spi-builder-workspace/.derivedData/Build/Products/Debug-appletvos -F /Applications/Xcode-27.0.0-Release.Candidate.app/Contents/Developer/Platforms/AppleTVOS.platform/Developer/Library/Frameworks -F /Applications/Xcode-27.0.0-Release.Candidate.app/Contents/Developer/Platforms/AppleTVOS.platform/Developer/SDKs/AppleTVOS27.0.sdk/Developer/Library/Frameworks -c -j10 -enable-batch-mode -incremental -Xcc -ivfsstatcache -Xcc /Users/admin/builder/spi-builder-workspace/.derivedData/SDKStatCaches.noindex/appletvos27.0-24J360-e829b21a6f8c9b70876ba0858053c044b32bfd8d43560033f8d89884cdb90028.sdkstatcache -output-file-map /Users/admin/builder/spi-builder-workspace/.derivedData/Build/Intermediates.noindex/Tabman.build/Debug-appletvos/Tabman-t.build/Objects-normal/arm64/Tabman-OutputFileMap.json -save-temps -no-color-diagnostics -explicit-module-build -module-cache-path /Users/admin/builder/spi-builder-workspace/.derivedData/Build/Intermediates.noindex/SwiftExplicitPrecompiledModules -clang-scanner-module-cache-path /Users/admin/builder/spi-builder-workspace/.derivedData/ModuleCache.noindex -sdk-module-cache-path /Users/admin/builder/spi-builder-workspace/.derivedData/SDKExplicitPrecompiledModules -emit-dependencies -emit-module -emit-module-path /Users/admin/builder/spi-builder-workspace/.derivedData/Build/Intermediates.noindex/Tabman.build/Debug-appletvos/Tabman-t.build/Objects-normal/arm64/Tabman.swiftmodule -serialize-diagnostics -dependency-scan-serialize-diagnostics-path /Users/admin/builder/spi-builder-workspace/.derivedData/Build/Intermediates.noindex/Tabman.build/Debug-appletvos/Tabman-t.build/Objects-normal/arm64/Tabman-dependency-scan.dia -validate-clang-modules-once -clang-build-session-file /Users/admin/builder/spi-builder-workspace/.derivedData/ModuleCache.noindex/Session.modulevalidation -Xcc -fmodules-prune-interval\=86400 -Xcc -fmodules-prune-after\=345600 -package-name spi_builder_workspace -emit-const-values -const-gather-protocols-list /Users/admin/builder/spi-builder-workspace/.derivedData/Build/Intermediates.noindex/Tabman.build/Debug-appletvos/Tabman-t.build/Objects-normal/arm64/Tabman_const_extract_protocols.json -Xcc -I/Users/admin/builder/spi-builder-workspace/.derivedData/Build/Products/Debug-appletvos/include -Xcc -I/Users/admin/builder/spi-builder-workspace/.derivedData/Build/Intermediates.noindex/Tabman.build/Debug-appletvos/Tabman-t.build/DerivedSources-normal/arm64 -Xcc -I/Users/admin/builder/spi-builder-workspace/.derivedData/Build/Intermediates.noindex/Tabman.build/Debug-appletvos/Tabman-t.build/DerivedSources/arm64 -Xcc -I/Users/admin/builder/spi-builder-workspace/.derivedData/Build/Intermediates.noindex/Tabman.build/Debug-appletvos/Tabman-t.build/DerivedSources -Xcc -DSWIFT_PACKAGE -Xcc -DDEBUG\=1 -emit-objc-header -emit-objc-header-path /Users/admin/builder/spi-builder-workspace/.derivedData/Build/Intermediates.noindex/Tabman.build/Debug-appletvos/Tabman-t.build/Objects-normal/arm64/Tabman-Swift.h -working-directory /Users/admin/builder/spi-builder-workspace/.swiftpm/xcode -experimental-emit-module-separately -disable-cmo
Ld /Users/admin/builder/spi-builder-workspace/.derivedData/Build/Products/Debug-appletvos/Pageboy.o normal (in target 'Pageboy' from project 'Pageboy')
cd /Users/admin/builder/spi-builder-workspace/.dependencies/checkouts/Pageboy
/Applications/Xcode-27.0.0-Release.Candidate.app/Contents/Developer/Toolchains/XcodeDefault.xctoolchain/usr/bin/clang -Xlinker -reproducible -target arm64-apple-tvos15.0 -r -isysroot /Applications/Xcode-27.0.0-Release.Candidate.app/Contents/Developer/Platforms/AppleTVOS.platform/Developer/SDKs/AppleTVOS27.0.sdk -O0 -w -Xlinker -no_warn_duplicate_libraries -F/Users/admin/builder/spi-builder-workspace/.derivedData/Build/Intermediates.noindex/EagerLinkingTBDs/Debug-appletvos -F/Users/admin/builder/spi-builder-workspace/.derivedData/Build/Products/Debug-appletvos -iframework /Applications/Xcode-27.0.0-Release.Candidate.app/Contents/Developer/Platforms/AppleTVOS.platform/Developer/Library/Frameworks -iframework /Applications/Xcode-27.0.0-Release.Candidate.app/Contents/Developer/Platforms/AppleTVOS.platform/Developer/SDKs/AppleTVOS27.0.sdk/Developer/Library/Frameworks -filelist /Users/admin/builder/spi-builder-workspace/.derivedData/Build/Intermediates.noindex/Pageboy.build/Debug-appletvos/Pageboy-t.build/Objects-normal/arm64/Pageboy.LinkFileList -nostdlib -Xlinker -object_path_lto -Xlinker /Users/admin/builder/spi-builder-workspace/.derivedData/Build/Intermediates.noindex/Pageboy.build/Debug-appletvos/Pageboy-t.build/Objects-normal/arm64/Pageboy_lto.o -Xlinker -no_deduplicate -Xlinker -debug_variant -Xlinker -dependency_info -Xlinker /Users/admin/builder/spi-builder-workspace/.derivedData/Build/Intermediates.noindex/Pageboy.build/Debug-appletvos/Pageboy-t.build/Objects-normal/arm64/Pageboy_dependency_info.dat -fobjc-link-runtime -L/Applications/Xcode-27.0.0-Release.Candidate.app/Contents/Developer/Toolchains/XcodeDefault.xctoolchain/usr/lib/swift/appletvos -L/usr/lib/swift -Xlinker -add_ast_path -Xlinker /Users/admin/builder/spi-builder-workspace/.derivedData/Build/Intermediates.noindex/Pageboy.build/Debug-appletvos/Pageboy-t.build/Objects-normal/arm64/Pageboy.swiftmodule -o /Users/admin/builder/spi-builder-workspace/.derivedData/Build/Products/Debug-appletvos/Pageboy.o
ExtractAppIntentsMetadata (in target 'Pageboy' from project 'Pageboy')
cd /Users/admin/builder/spi-builder-workspace/.dependencies/checkouts/Pageboy
/Applications/Xcode-27.0.0-Release.Candidate.app/Contents/Developer/Toolchains/XcodeDefault.xctoolchain/usr/bin/appintentsmetadataprocessor --toolchain-dir /var/run/com.apple.security.cryptexd/mnt/com.apple.MobileAsset.MetalToolchain-v27.1.266.1.u7koIP/Metal.xctoolchain --module-name Pageboy --sdk-root /Applications/Xcode-27.0.0-Release.Candidate.app/Contents/Developer/Platforms/AppleTVOS.platform/Developer/SDKs/AppleTVOS27.0.sdk --xcode-version 27A266a --platform-family tvOS --deployment-target 15.0 --bundle-identifier pageboy.Pageboy --output /Users/admin/builder/spi-builder-workspace/.derivedData/Build/Products/Debug-appletvos/Pageboy.appintents --target-triple arm64-apple-tvos15.0 --binary-file /Users/admin/builder/spi-builder-workspace/.derivedData/Build/Products/Debug-appletvos/Pageboy.o --dependency-file /Users/admin/builder/spi-builder-workspace/.derivedData/Build/Intermediates.noindex/Pageboy.build/Debug-appletvos/Pageboy-t.build/Objects-normal/arm64/Pageboy_dependency_info.dat --stringsdata-file /Users/admin/builder/spi-builder-workspace/.derivedData/Build/Intermediates.noindex/Pageboy.build/Debug-appletvos/Pageboy-t.build/Objects-normal/arm64/ExtractedAppShortcutsMetadata.stringsdata --source-file-list /Users/admin/builder/spi-builder-workspace/.derivedData/Build/Intermediates.noindex/Pageboy.build/Debug-appletvos/Pageboy-t.build/Objects-normal/arm64/Pageboy.SwiftFileList --metadata-file-list /Users/admin/builder/spi-builder-workspace/.derivedData/Build/Intermediates.noindex/Pageboy.build/Debug-appletvos/Pageboy-t.build/Pageboy.DependencyMetadataFileList --static-metadata-file-list /Users/admin/builder/spi-builder-workspace/.derivedData/Build/Intermediates.noindex/Pageboy.build/Debug-appletvos/Pageboy-t.build/Pageboy.DependencyStaticMetadataFileList --swift-const-vals-list /Users/admin/builder/spi-builder-workspace/.derivedData/Build/Intermediates.noindex/Pageboy.build/Debug-appletvos/Pageboy-t.build/Objects-normal/arm64/Pageboy.SwiftConstValuesFileList --force --compile-time-extraction --deployment-aware-processing --no-app-shortcuts-localization
2026-09-24 22:36:02.421 appintentsmetadataprocessor[817:4894] Starting appintentsmetadataprocessor export
2026-09-24 22:36:02.521 appintentsmetadataprocessor[817:4894] Extracted no relevant App Intents symbols, skipping writing output
SwiftCompile normal arm64 Compiling\ TableViewInsetCalculator.swift,\ InsetExecutor.swift,\ DefaultInsetStore.swift,\ InsetStore.swift,\ UIViewController+ScrollViewDetection.swift,\ TMBarBackgroundView.swift,\ TMBadgeView.swift /Users/admin/builder/spi-builder-workspace/Sources/Tabman/AutoInsetter/InsetCalculator/TableViewInsetCalculator.swift /Users/admin/builder/spi-builder-workspace/Sources/Tabman/AutoInsetter/InsetExecutor/InsetExecutor.swift /Users/admin/builder/spi-builder-workspace/Sources/Tabman/AutoInsetter/InsetStore/DefaultInsetStore.swift /Users/admin/builder/spi-builder-workspace/Sources/Tabman/AutoInsetter/InsetStore/InsetStore.swift /Users/admin/builder/spi-builder-workspace/Sources/Tabman/AutoInsetter/Utilities/UIViewController+ScrollViewDetection.swift /Users/admin/builder/spi-builder-workspace/Sources/Tabman/Bar/BarBackgroundView/TMBarBackgroundView.swift /Users/admin/builder/spi-builder-workspace/Sources/Tabman/Bar/BarButton/Badge/TMBadgeView.swift (in target 'Tabman' from project 'Tabman')
SwiftCompile normal arm64 /Users/admin/builder/spi-builder-workspace/Sources/Tabman/AutoInsetter/InsetCalculator/TableViewInsetCalculator.swift (in target 'Tabman' from project 'Tabman')
cd /Users/admin/builder/spi-builder-workspace/.swiftpm/xcode
builtin-SwiftPerFileCompile TableViewInsetCalculator.swift
SwiftCompile normal arm64 /Users/admin/builder/spi-builder-workspace/Sources/Tabman/AutoInsetter/InsetExecutor/InsetExecutor.swift (in target 'Tabman' from project 'Tabman')
cd /Users/admin/builder/spi-builder-workspace/.swiftpm/xcode
builtin-SwiftPerFileCompile InsetExecutor.swift
SwiftCompile normal arm64 /Users/admin/builder/spi-builder-workspace/Sources/Tabman/AutoInsetter/InsetStore/DefaultInsetStore.swift (in target 'Tabman' from project 'Tabman')
cd /Users/admin/builder/spi-builder-workspace/.swiftpm/xcode
builtin-SwiftPerFileCompile DefaultInsetStore.swift
SwiftCompile normal arm64 /Users/admin/builder/spi-builder-workspace/Sources/Tabman/AutoInsetter/InsetStore/InsetStore.swift (in target 'Tabman' from project 'Tabman')
cd /Users/admin/builder/spi-builder-workspace/.swiftpm/xcode
builtin-SwiftPerFileCompile InsetStore.swift
SwiftCompile normal arm64 /Users/admin/builder/spi-builder-workspace/Sources/Tabman/AutoInsetter/Utilities/UIViewController+ScrollViewDetection.swift (in target 'Tabman' from project 'Tabman')
cd /Users/admin/builder/spi-builder-workspace/.swiftpm/xcode
builtin-SwiftPerFileCompile UIViewController+ScrollViewDetection.swift
SwiftCompile normal arm64 /Users/admin/builder/spi-builder-workspace/Sources/Tabman/Bar/BarBackgroundView/TMBarBackgroundView.swift (in target 'Tabman' from project 'Tabman')
cd /Users/admin/builder/spi-builder-workspace/.swiftpm/xcode
builtin-SwiftPerFileCompile TMBarBackgroundView.swift
SwiftCompile normal arm64 /Users/admin/builder/spi-builder-workspace/Sources/Tabman/Bar/BarButton/Badge/TMBadgeView.swift (in target 'Tabman' from project 'Tabman')
cd /Users/admin/builder/spi-builder-workspace/.swiftpm/xcode
builtin-SwiftPerFileCompile TMBadgeView.swift
SwiftCompile normal arm64 Compiling\ TMTabItemBarButton.swift,\ TMHidingBar+Triggers.swift,\ TMHidingBar.swift,\ TMSystemBar.swift,\ TMBarIndicator.swift,\ TMBarIndicatorContainer.swift,\ TMBarIndicatorLayoutHandler.swift /Users/admin/builder/spi-builder-workspace/Sources/Tabman/Bar/BarButton/Types/TMTabItemBarButton.swift /Users/admin/builder/spi-builder-workspace/Sources/Tabman/Bar/BarExtensions/AutoHidingBar/TMHidingBar+Triggers.swift /Users/admin/builder/spi-builder-workspace/Sources/Tabman/Bar/BarExtensions/AutoHidingBar/TMHidingBar.swift /Users/admin/builder/spi-builder-workspace/Sources/Tabman/Bar/BarExtensions/SystemBar/TMSystemBar.swift /Users/admin/builder/spi-builder-workspace/Sources/Tabman/Bar/BarIndicator/TMBarIndicator.swift /Users/admin/builder/spi-builder-workspace/Sources/Tabman/Bar/BarIndicator/TMBarIndicatorContainer.swift /Users/admin/builder/spi-builder-workspace/Sources/Tabman/Bar/BarIndicator/TMBarIndicatorLayoutHandler.swift (in target 'Tabman' from project 'Tabman')
/Users/admin/builder/spi-builder-workspace/Sources/Tabman/Bar/BarButton/Types/TMTabItemBarButton.swift:209:60: error: 'UIDeviceOrientation' is unavailable in tvOS
207 | // MARK: Layout
208 |
209 | private func makeComponentConstraints(for orientation: UIDeviceOrientation) {
| `- error: 'UIDeviceOrientation' is unavailable in tvOS
210 | guard let parent = container.superview else {
211 | return
/Applications/Xcode-27.0.0-Release.Candidate.app/Contents/Developer/Platforms/AppleTVOS.platform/Developer/SDKs/AppleTVOS27.0.sdk/System/Library/Frameworks/UIKit.framework/Headers/UIOrientation.h:13:28: note: 'UIDeviceOrientation' has been explicitly marked unavailable here
11 | NS_HEADER_AUDIT_BEGIN(nullability, sendability)
12 |
13 | typedef NS_ENUM(NSInteger, UIDeviceOrientation) {
| `- note: 'UIDeviceOrientation' has been explicitly marked unavailable here
14 | UIDeviceOrientationUnknown,
15 | UIDeviceOrientationPortrait, // Device oriented vertically, home button on the bottom
/Users/admin/builder/spi-builder-workspace/Sources/Tabman/Bar/BarButton/Types/TMTabItemBarButton.swift:112:60: error: 'orientation' is unavailable in tvOS
110 | // Tabman mimics this here.
111 | if #available(iOS 13, *) {
112 | makeComponentConstraints(for: UIDevice.current.orientation)
| `- error: 'orientation' is unavailable in tvOS
113 | }
114 | }
/Applications/Xcode-27.0.0-Release.Candidate.app/Contents/Developer/Platforms/AppleTVOS.platform/Developer/SDKs/AppleTVOS27.0.sdk/System/Library/Frameworks/UIKit.framework/Headers/UIDevice.h:44:51: note: 'orientation' has been explicitly marked unavailable here
42 | @property(nonatomic,readonly,strong) NSString *systemName; // e.g. @"iOS"
43 | @property(nonatomic,readonly,strong) NSString *systemVersion; // e.g. @"4.0"
44 | @property(nonatomic,readonly) UIDeviceOrientation orientation API_UNAVAILABLE(tvos, visionos); // return current device orientation. this will return UIDeviceOrientationUnknown unless device orientation notifications are being generated.
| `- note: 'orientation' has been explicitly marked unavailable here
45 |
46 | @property(nullable, nonatomic,readonly,strong) NSUUID *identifierForVendor API_AVAILABLE(ios(6.0)); // a UUID that may be used to uniquely identify the device, same across apps from a single vendor.
/Users/admin/builder/spi-builder-workspace/Sources/Tabman/Bar/BarButton/Types/TMTabItemBarButton.swift:157:56: error: 'orientation' is unavailable in tvOS
155 | open override func traitCollectionDidChange(_ previousTraitCollection: UITraitCollection?) {
156 | super.traitCollectionDidChange(previousTraitCollection)
157 | makeComponentConstraints(for: UIDevice.current.orientation)
| `- error: 'orientation' is unavailable in tvOS
158 |
159 | UIView.performWithoutAnimation {
/Applications/Xcode-27.0.0-Release.Candidate.app/Contents/Developer/Platforms/AppleTVOS.platform/Developer/SDKs/AppleTVOS27.0.sdk/System/Library/Frameworks/UIKit.framework/Headers/UIDevice.h:44:51: note: 'orientation' has been explicitly marked unavailable here
42 | @property(nonatomic,readonly,strong) NSString *systemName; // e.g. @"iOS"
43 | @property(nonatomic,readonly,strong) NSString *systemVersion; // e.g. @"4.0"
44 | @property(nonatomic,readonly) UIDeviceOrientation orientation API_UNAVAILABLE(tvos, visionos); // return current device orientation. this will return UIDeviceOrientationUnknown unless device orientation notifications are being generated.
| `- note: 'orientation' has been explicitly marked unavailable here
45 |
46 | @property(nullable, nonatomic,readonly,strong) NSUUID *identifierForVendor API_AVAILABLE(ios(6.0)); // a UUID that may be used to uniquely identify the device, same across apps from a single vendor.
/Users/admin/builder/spi-builder-workspace/Sources/Tabman/Bar/BarButton/Types/TMTabItemBarButton.swift:220:24: error: 'isLandscape' is unavailable in tvOS
218 | // Translates to: Landscape || iPad
219 | // Tab views will be aligned horizontally.
220 | if orientation.isLandscape || traitCollection.horizontalSizeClass == .regular {
| `- error: 'isLandscape' is unavailable in tvOS
221 |
222 | let imagePadding = traitCollection.horizontalSizeClass == .compact ? Defaults.imagePadding / 2 : Defaults.imagePadding
UIKit.UIDeviceOrientation.isLandscape:3:14: note: 'isLandscape' has been explicitly marked unavailable here
1 | enum UIDeviceOrientation {
2 | @available(tvOS, unavailable)
3 | public var isLandscape: Bool { get }}
| `- note: 'isLandscape' has been explicitly marked unavailable here
4 |
/Users/admin/builder/spi-builder-workspace/Sources/Tabman/Bar/BarExtensions/SystemBar/TMSystemBar.swift:77:45: error: 'systemMaterial' is unavailable in tvOS
75 |
76 | if #available(iOS 13, *) {
77 | backgroundStyle = .blur(style: .systemMaterial)
| `- error: 'systemMaterial' is unavailable in tvOS
78 | } else {
79 | backgroundStyle = .blur(style: .extraLight)
UIKit.UIBlurEffect.Style.systemMaterial:4:10: note: 'systemMaterial' has been explicitly marked unavailable here
2 | enum Style {
3 | @available(tvOS, unavailable)
4 | case systemMaterial }
| `- note: 'systemMaterial' has been explicitly marked unavailable here
5 | }
6 |
Failed frontend command:
/Applications/Xcode-27.0.0-Release.Candidate.app/Contents/Developer/Toolchains/XcodeDefault.xctoolchain/usr/bin/swift-frontend -frontend -c /Users/admin/builder/spi-builder-workspace/.derivedData/Build/Intermediates.noindex/Tabman.build/Debug-appletvos/Tabman-t.build/DerivedSources/resource_bundle_accessor.swift /Users/admin/builder/spi-builder-workspace/Sources/Tabman/AutoInsetter/AutoInsetSpec.swift /Users/admin/builder/spi-builder-workspace/Sources/Tabman/AutoInsetter/AutoInsetter.swift /Users/admin/builder/spi-builder-workspace/Sources/Tabman/AutoInsetter/InsetCalculator/CollectionViewInsetCalculator.swift /Users/admin/builder/spi-builder-workspace/Sources/Tabman/AutoInsetter/InsetCalculator/InsetCalculations.swift /Users/admin/builder/spi-builder-workspace/Sources/Tabman/AutoInsetter/InsetCalculator/InsetCalculator.swift /Users/admin/builder/spi-builder-workspace/Sources/Tabman/AutoInsetter/InsetCalculator/ScrollViewInsetCalculator.swift /Users/admin/builder/spi-builder-workspace/Sources/Tabman/AutoInsetter/InsetCalculator/TableViewInsetCalculator.swift /Users/admin/builder/spi-builder-workspace/Sources/Tabman/AutoInsetter/InsetExecutor/InsetExecutor.swift /Users/admin/builder/spi-builder-workspace/Sources/Tabman/AutoInsetter/InsetStore/DefaultInsetStore.swift /Users/admin/builder/spi-builder-workspace/Sources/Tabman/AutoInsetter/InsetStore/InsetStore.swift /Users/admin/builder/spi-builder-workspace/Sources/Tabman/AutoInsetter/Utilities/UIViewController+ScrollViewDetection.swift /Users/admin/builder/spi-builder-workspace/Sources/Tabman/Bar/BarBackgroundView/TMBarBackgroundView.swift /Users/admin/builder/spi-builder-workspace/Sources/Tabman/Bar/BarButton/Badge/TMBadgeView.swift /Users/admin/builder/spi-builder-workspace/Sources/Tabman/Bar/BarButton/TMBarButton.swift /Users/admin/builder/spi-builder-workspace/Sources/Tabman/Bar/BarButton/TMBarButtonCollection.swift /Users/admin/builder/spi-builder-workspace/Sources/Tabman/Bar/BarButton/TMBarButtonController.swift /Users/admin/builder/spi-builder-workspace/Sources/Tabman/Bar/BarButton/TMBarButtonInteractionController.swift /Users/admin/builder/spi-builder-workspace/Sources/Tabman/Bar/BarButton/TMBarButtonStateController.swift /Users/admin/builder/spi-builder-workspace/Sources/Tabman/Bar/BarButton/Types/TMBarButton+None.swift /Users/admin/builder/spi-builder-workspace/Sources/Tabman/Bar/BarButton/Types/TMLabelBarButton.swift -primary-file /Users/admin/builder/spi-builder-workspace/Sources/Tabman/Bar/BarButton/Types/TMTabItemBarButton.swift -primary-file /Users/admin/builder/spi-builder-workspace/Sources/Tabman/Bar/BarExtensions/AutoHidingBar/TMHidingBar+Triggers.swift -primary-file /Users/admin/builder/spi-builder-workspace/Sources/Tabman/Bar/BarExtensions/AutoHidingBar/TMHidingBar.swift -primary-file /Users/admin/builder/spi-builder-workspace/Sources/Tabman/Bar/BarExtensions/SystemBar/TMSystemBar.swift -primary-file /Users/admin/builder/spi-builder-workspace/Sources/Tabman/Bar/BarIndicator/TMBarIndicator.swift -primary-file /Users/admin/builder/spi-builder-workspace/Sources/Tabman/Bar/BarIndicator/TMBarIndicatorContainer.swift -primary-file /Users/admin/builder/spi-builder-workspace/Sources/Tabman/Bar/BarIndicator/TMBarIndicatorLayoutHandler.swift /Users/admin/builder/spi-builder-workspace/Sources/Tabman/Bar/BarIndicator/Types/TMBarIndicator+None.swift /Users/admin/builder/spi-builder-workspace/Sources/Tabman/Bar/BarIndicator/Types/TMBlockBarIndicator.swift /Users/admin/builder/spi-builder-workspace/Sources/Tabman/Bar/BarIndicator/Types/TMChevronBarIndicator.swift /Users/admin/builder/spi-builder-workspace/Sources/Tabman/Bar/BarIndicator/Types/TMDotBarIndicator.swift /Users/admin/builder/spi-builder-workspace/Sources/Tabman/Bar/BarIndicator/Types/TMLineBarIndicator.swift /Users/admin/builder/spi-builder-workspace/Sources/Tabman/Bar/BarItem/TMBarItem.swift /Users/admin/builder/spi-builder-workspace/Sources/Tabman/Bar/BarItem/UIKit+TMBarItemable.swift /Users/admin/builder/spi-builder-workspace/Sources/Tabman/Bar/BarLayout/TMBarLayout.swift /Users/admin/builder/spi-builder-workspace/Sources/Tabman/Bar/BarLayout/TMBarLayoutInsetGuides.swift /Users/admin/builder/spi-builder-workspace/Sources/Tabman/Bar/BarLayout/TMBarLayoutParent.swift /Users/admin/builder/spi-builder-workspace/Sources/Tabman/Bar/BarLayout/Types/TMBarLayout+None.swift /Users/admin/builder/spi-builder-workspace/Sources/Tabman/Bar/BarLayout/Types/TMConstrainedHorizontalBarLayout.swift /Users/admin/builder/spi-builder-workspace/Sources/Tabman/Bar/BarLayout/Types/TMHorizontalBarLayout+Separator.swift /Users/admin/builder/spi-builder-workspace/Sources/Tabman/Bar/BarLayout/Types/TMHorizontalBarLayout.swift /Users/admin/builder/spi-builder-workspace/Sources/Tabman/Bar/BarView/TMBarView.swift /Users/admin/builder/spi-builder-workspace/Sources/Tabman/Bar/BarView/TMBarViewContentInsetGuides.swift /Users/admin/builder/spi-builder-workspace/Sources/Tabman/Bar/BarView/TMBarViewFocusProvider.swift /Users/admin/builder/spi-builder-workspace/Sources/Tabman/Bar/BarView/TMBarViewFocusRect.swift /Users/admin/builder/spi-builder-workspace/Sources/Tabman/Bar/BarView/TMBarViewLayoutGrid.swift /Users/admin/builder/spi-builder-workspace/Sources/Tabman/Bar/BarView/TMBarViewScrollHandler.swift /Users/admin/builder/spi-builder-workspace/Sources/Tabman/Bar/BarView/TMBarViewUpdateHandler.swift /Users/admin/builder/spi-builder-workspace/Sources/Tabman/Bar/Extensions/CGRect+Interpolation.swift /Users/admin/builder/spi-builder-workspace/Sources/Tabman/Bar/Extensions/UIColor+Interpolation.swift /Users/admin/builder/spi-builder-workspace/Sources/Tabman/Bar/Generic/AnimateableLabel.swift /Users/admin/builder/spi-builder-workspace/Sources/Tabman/Bar/Generic/EdgeFadedView.swift /Users/admin/builder/spi-builder-workspace/Sources/Tabman/Bar/Generic/GestureScrollView.swift /Users/admin/builder/spi-builder-workspace/Sources/Tabman/Bar/Generic/ViewTitleViewContainer.swift /Users/admin/builder/spi-builder-workspace/Sources/Tabman/Bar/TMAnimation.swift /Users/admin/builder/spi-builder-workspace/Sources/Tabman/Bar/TMBar+Templates.swift /Users/admin/builder/spi-builder-workspace/Sources/Tabman/Bar/TMBar.swift /Users/admin/builder/spi-builder-workspace/Sources/Tabman/Bar/TMTransition.swift /Users/admin/builder/spi-builder-workspace/Sources/Tabman/Bar/Utility/BarMath.swift /Users/admin/builder/spi-builder-workspace/Sources/Tabman/Bar/Utility/WeakContainer.swift /Users/admin/builder/spi-builder-workspace/Sources/Tabman/Extensions/PageboyNavigationDirection+Tabman.swift /Users/admin/builder/spi-builder-workspace/Sources/Tabman/Extensions/PageboyViewController+RelativeCurrentPosition.swift /Users/admin/builder/spi-builder-workspace/Sources/Tabman/Extensions/UIView+LayoutGuide.swift /Users/admin/builder/spi-builder-workspace/Sources/Tabman/Extensions/UIViewController+Tabman.swift /Users/admin/builder/spi-builder-workspace/Sources/Tabman/TabmanViewController+Insets.swift /Users/admin/builder/spi-builder-workspace/Sources/Tabman/TabmanViewController.swift -supplementary-output-file-map /Users/admin/builder/spi-builder-workspace/.derivedData/Build/Intermediates.noindex/Tabman.build/Debug-appletvos/Tabman-t.build/Objects-normal/arm64/supplementaryOutputs-10 -target arm64-apple-tvos15.0 -disable-cross-import-overlay-search -load-resolved-plugin /Applications/Xcode-27.0.0-Release.Candidate.app/Contents/Developer/Platforms/AppleTVOS.platform/Developer/usr/lib/swift/host/plugins/libFoundationMacros.dylib\#/Applications/Xcode-27.0.0-Release.Candidate.app/Contents/Developer/Platforms/AppleTVOS.platform/Developer/usr/bin/swift-plugin-server\#FoundationMacros -load-resolved-plugin /Applications/Xcode-27.0.0-Release.Candidate.app/Contents/Developer/Platforms/AppleTVOS.platform/Developer/usr/lib/swift/host/plugins/libObservationMacros.dylib\#/Applications/Xcode-27.0.0-Release.Candidate.app/Contents/Developer/Platforms/AppleTVOS.platform/Developer/usr/bin/swift-plugin-server\#ObservationMacros -load-resolved-plugin /Applications/Xcode-27.0.0-Release.Candidate.app/Contents/Developer/Platforms/AppleTVOS.platform/Developer/usr/lib/swift/host/plugins/libPreviewsMacros.dylib\#/Applications/Xcode-27.0.0-Release.Candidate.app/Contents/Developer/Platforms/AppleTVOS.platform/Developer/usr/bin/swift-plugin-server\#PreviewsMacros -load-resolved-plugin /Applications/Xcode-27.0.0-Release.Candidate.app/Contents/Developer/Platforms/AppleTVOS.platform/Developer/usr/lib/swift/host/plugins/libSwiftMacros.dylib\#/Applications/Xcode-27.0.0-Release.Candidate.app/Contents/Developer/Platforms/AppleTVOS.platform/Developer/usr/bin/swift-plugin-server\#SwiftMacros -load-resolved-plugin /Applications/Xcode-27.0.0-Release.Candidate.app/Contents/Developer/Platforms/AppleTVOS.platform/Developer/usr/lib/swift/host/plugins/libSwiftUIMacros.dylib\#/Applications/Xcode-27.0.0-Release.Candidate.app/Contents/Developer/Platforms/AppleTVOS.platform/Developer/usr/bin/swift-plugin-server\#SwiftUIMacros -disable-implicit-swift-modules -Xcc -fno-implicit-modules -Xcc -fno-implicit-module-maps -explicit-swift-module-map-file /Users/admin/builder/spi-builder-workspace/.derivedData/Build/Intermediates.noindex/Tabman.build/Debug-appletvos/Tabman-t.build/Objects-normal/arm64/Tabman-dependencies-1.json -Xllvm -aarch64-use-tbi -enable-objc-interop -stack-check -sdk /Applications/Xcode-27.0.0-Release.Candidate.app/Contents/Developer/Platforms/AppleTVOS.platform/Developer/SDKs/AppleTVOS27.0.sdk -I /Users/admin/builder/spi-builder-workspace/.derivedData/Build/Products/Debug-appletvos -Isystem /Applications/Xcode-27.0.0-Release.Candidate.app/Contents/Developer/Platforms/AppleTVOS.platform/Developer/usr/lib -F /Users/admin/builder/spi-builder-workspace/.derivedData/Build/Products/Debug-appletvos/PackageFrameworks -F /Users/admin/builder/spi-builder-workspace/.derivedData/Build/Products/Debug-appletvos -F /Applications/Xcode-27.0.0-Release.Candidate.app/Contents/Developer/Platforms/AppleTVOS.platform/Developer/Library/Frameworks -F /Applications/Xcode-27.0.0-Release.Candidate.app/Contents/Developer/Platforms/AppleTVOS.platform/Developer/SDKs/AppleTVOS27.0.sdk/Developer/Library/Frameworks -module-cache-path /Users/admin/builder/spi-builder-workspace/.derivedData/Build/Intermediates.noindex/SwiftExplicitPrecompiledModules -no-color-diagnostics -Xcc -fno-color-diagnostics -enable-testing -g -debug-info-format\=dwarf -dwarf-version\=4 -profile-generate -profile-coverage-mapping -swift-version 6 -Onone -D SWIFT_PACKAGE -D DEBUG -D SWIFT_MODULE_RESOURCE_BUNDLE_AVAILABLE -D Xcode -serialize-debugging-options -enable-experimental-feature DebugDescriptionMacro -empty-abi-descriptor -validate-clang-modules-once -clang-build-session-file /Users/admin/builder/spi-builder-workspace/.derivedData/ModuleCache.noindex/Session.modulevalidation -Xcc -working-directory -Xcc /Users/admin/builder/spi-builder-workspace/.swiftpm/xcode -enable-anonymous-context-mangled-names -file-compilation-dir /Users/admin/builder/spi-builder-workspace/.swiftpm/xcode -Xcc -D_LIBCPP_HARDENING_MODE\=_LIBCPP_HARDENING_MODE_DEBUG -Xcc -ivfsstatcache -Xcc /Users/admin/builder/spi-builder-workspace/.derivedData/SDKStatCaches.noindex/appletvos27.0-24J360-e829b21a6f8c9b70876ba0858053c044b32bfd8d43560033f8d89884cdb90028.sdkstatcache -Xcc -fmodules-prune-interval\=86400 -Xcc -fmodules-prune-after\=345600 -Xcc -I/Users/admin/builder/spi-builder-workspace/.derivedData/Build/Products/Debug-appletvos/include -Xcc -I/Users/admin/builder/spi-builder-workspace/.derivedData/Build/Intermediates.noindex/Tabman.build/Debug-appletvos/Tabman-t.build/DerivedSources-normal/arm64 -Xcc -I/Users/admin/builder/spi-builder-workspace/.derivedData/Build/Intermediates.noindex/Tabman.build/Debug-appletvos/Tabman-t.build/DerivedSources/arm64 -Xcc -I/Users/admin/builder/spi-builder-workspace/.derivedData/Build/Intermediates.noindex/Tabman.build/Debug-appletvos/Tabman-t.build/DerivedSources -Xcc -DSWIFT_PACKAGE -Xcc -DDEBUG\=1 -no-auto-bridging-header-chaining -module-name Tabman -package-name spi_builder_workspace -const-gather-protocols-file /Users/admin/builder/spi-builder-workspace/.derivedData/Build/Intermediates.noindex/Tabman.build/Debug-appletvos/Tabman-t.build/Objects-normal/arm64/Tabman_const_extract_protocols.json -disable-clang-spi -clang-target arm64-apple-tvos27.0 -target-sdk-version 27.0 -target-sdk-name appletvos27.0 -in-process-plugin-server-path /Applications/Xcode-27.0.0-Release.Candidate.app/Contents/Developer/Toolchains/XcodeDefault.xctoolchain/usr/lib/swift/host/libSwiftInProcPluginServer.dylib -parse-as-library -o /Users/admin/builder/spi-builder-workspace/.derivedData/Build/Intermediates.noindex/Tabman.build/Debug-appletvos/Tabman-t.build/Objects-normal/arm64/TMTabItemBarButton.o -o /Users/admin/builder/spi-builder-workspace/.derivedData/Build/Intermediates.noindex/Tabman.build/Debug-appletvos/Tabman-t.build/Objects-normal/arm64/TMHidingBar+Triggers.o -o /Users/admin/builder/spi-builder-workspace/.derivedData/Build/Intermediates.noindex/Tabman.build/Debug-appletvos/Tabman-t.build/Objects-normal/arm64/TMHidingBar.o -o /Users/admin/builder/spi-builder-workspace/.derivedData/Build/Intermediates.noindex/Tabman.build/Debug-appletvos/Tabman-t.build/Objects-normal/arm64/TMSystemBar.o -o /Users/admin/builder/spi-builder-workspace/.derivedData/Build/Intermediates.noindex/Tabman.build/Debug-appletvos/Tabman-t.build/Objects-normal/arm64/TMBarIndicator.o -o /Users/admin/builder/spi-builder-workspace/.derivedData/Build/Intermediates.noindex/Tabman.build/Debug-appletvos/Tabman-t.build/Objects-normal/arm64/TMBarIndicatorContainer.o -o /Users/admin/builder/spi-builder-workspace/.derivedData/Build/Intermediates.noindex/Tabman.build/Debug-appletvos/Tabman-t.build/Objects-normal/arm64/TMBarIndicatorLayoutHandler.o -debug-module-path /Users/admin/builder/spi-builder-workspace/.derivedData/Build/Intermediates.noindex/Tabman.build/Debug-appletvos/Tabman-t.build/Objects-normal/arm64/Tabman.swiftmodule -index-unit-output-path /Tabman.build/Debug-appletvos/Tabman-t.build/Objects-normal/arm64/TMTabItemBarButton.o -index-unit-output-path /Tabman.build/Debug-appletvos/Tabman-t.build/Objects-normal/arm64/TMHidingBar+Triggers.o -index-unit-output-path /Tabman.build/Debug-appletvos/Tabman-t.build/Objects-normal/arm64/TMHidingBar.o -index-unit-output-path /Tabman.build/Debug-appletvos/Tabman-t.build/Objects-normal/arm64/TMSystemBar.o -index-unit-output-path /Tabman.build/Debug-appletvos/Tabman-t.build/Objects-normal/arm64/TMBarIndicator.o -index-unit-output-path /Tabman.build/Debug-appletvos/Tabman-t.build/Objects-normal/arm64/TMBarIndicatorContainer.o -index-unit-output-path /Tabman.build/Debug-appletvos/Tabman-t.build/Objects-normal/arm64/TMBarIndicatorLayoutHandler.o -index-store-path /Users/admin/builder/spi-builder-workspace/.derivedData/Index.noindex/DataStore -index-system-modules
SwiftCompile normal arm64 /Users/admin/builder/spi-builder-workspace/Sources/Tabman/Bar/BarButton/Types/TMTabItemBarButton.swift (in target 'Tabman' from project 'Tabman')
cd /Users/admin/builder/spi-builder-workspace/.swiftpm/xcode
builtin-SwiftPerFileCompile TMTabItemBarButton.swift
SwiftCompile normal arm64 /Users/admin/builder/spi-builder-workspace/Sources/Tabman/Bar/BarExtensions/AutoHidingBar/TMHidingBar+Triggers.swift (in target 'Tabman' from project 'Tabman')
cd /Users/admin/builder/spi-builder-workspace/.swiftpm/xcode
builtin-SwiftPerFileCompile TMHidingBar+Triggers.swift
SwiftCompile normal arm64 /Users/admin/builder/spi-builder-workspace/Sources/Tabman/Bar/BarExtensions/AutoHidingBar/TMHidingBar.swift (in target 'Tabman' from project 'Tabman')
cd /Users/admin/builder/spi-builder-workspace/.swiftpm/xcode
builtin-SwiftPerFileCompile TMHidingBar.swift
SwiftCompile normal arm64 /Users/admin/builder/spi-builder-workspace/Sources/Tabman/Bar/BarExtensions/SystemBar/TMSystemBar.swift (in target 'Tabman' from project 'Tabman')
cd /Users/admin/builder/spi-builder-workspace/.swiftpm/xcode
builtin-SwiftPerFileCompile TMSystemBar.swift
SwiftCompile normal arm64 /Users/admin/builder/spi-builder-workspace/Sources/Tabman/Bar/BarIndicator/TMBarIndicator.swift (in target 'Tabman' from project 'Tabman')
cd /Users/admin/builder/spi-builder-workspace/.swiftpm/xcode
builtin-SwiftPerFileCompile TMBarIndicator.swift
SwiftCompile normal arm64 /Users/admin/builder/spi-builder-workspace/Sources/Tabman/Bar/BarIndicator/TMBarIndicatorContainer.swift (in target 'Tabman' from project 'Tabman')
cd /Users/admin/builder/spi-builder-workspace/.swiftpm/xcode
builtin-SwiftPerFileCompile TMBarIndicatorContainer.swift
SwiftCompile normal arm64 /Users/admin/builder/spi-builder-workspace/Sources/Tabman/Bar/BarIndicator/TMBarIndicatorLayoutHandler.swift (in target 'Tabman' from project 'Tabman')
cd /Users/admin/builder/spi-builder-workspace/.swiftpm/xcode
builtin-SwiftPerFileCompile TMBarIndicatorLayoutHandler.swift
SwiftCompile normal arm64 Compiling\ TMBarIndicator+None.swift,\ TMBlockBarIndicator.swift,\ TMChevronBarIndicator.swift,\ TMDotBarIndicator.swift,\ TMLineBarIndicator.swift,\ TMBarItem.swift,\ UIKit+TMBarItemable.swift /Users/admin/builder/spi-builder-workspace/Sources/Tabman/Bar/BarIndicator/Types/TMBarIndicator+None.swift /Users/admin/builder/spi-builder-workspace/Sources/Tabman/Bar/BarIndicator/Types/TMBlockBarIndicator.swift /Users/admin/builder/spi-builder-workspace/Sources/Tabman/Bar/BarIndicator/Types/TMChevronBarIndicator.swift /Users/admin/builder/spi-builder-workspace/Sources/Tabman/Bar/BarIndicator/Types/TMDotBarIndicator.swift /Users/admin/builder/spi-builder-workspace/Sources/Tabman/Bar/BarIndicator/Types/TMLineBarIndicator.swift /Users/admin/builder/spi-builder-workspace/Sources/Tabman/Bar/BarItem/TMBarItem.swift /Users/admin/builder/spi-builder-workspace/Sources/Tabman/Bar/BarItem/UIKit+TMBarItemable.swift (in target 'Tabman' from project 'Tabman')
SwiftCompile normal arm64 /Users/admin/builder/spi-builder-workspace/Sources/Tabman/Bar/BarIndicator/Types/TMBarIndicator+None.swift (in target 'Tabman' from project 'Tabman')
cd /Users/admin/builder/spi-builder-workspace/.swiftpm/xcode
builtin-SwiftPerFileCompile TMBarIndicator+None.swift
SwiftCompile normal arm64 /Users/admin/builder/spi-builder-workspace/Sources/Tabman/Bar/BarIndicator/Types/TMBlockBarIndicator.swift (in target 'Tabman' from project 'Tabman')
cd /Users/admin/builder/spi-builder-workspace/.swiftpm/xcode
builtin-SwiftPerFileCompile TMBlockBarIndicator.swift
SwiftCompile normal arm64 /Users/admin/builder/spi-builder-workspace/Sources/Tabman/Bar/BarIndicator/Types/TMChevronBarIndicator.swift (in target 'Tabman' from project 'Tabman')
cd /Users/admin/builder/spi-builder-workspace/.swiftpm/xcode
builtin-SwiftPerFileCompile TMChevronBarIndicator.swift
SwiftCompile normal arm64 /Users/admin/builder/spi-builder-workspace/Sources/Tabman/Bar/BarIndicator/Types/TMDotBarIndicator.swift (in target 'Tabman' from project 'Tabman')
cd /Users/admin/builder/spi-builder-workspace/.swiftpm/xcode
builtin-SwiftPerFileCompile TMDotBarIndicator.swift
SwiftCompile normal arm64 /Users/admin/builder/spi-builder-workspace/Sources/Tabman/Bar/BarIndicator/Types/TMLineBarIndicator.swift (in target 'Tabman' from project 'Tabman')
cd /Users/admin/builder/spi-builder-workspace/.swiftpm/xcode
builtin-SwiftPerFileCompile TMLineBarIndicator.swift
SwiftCompile normal arm64 /Users/admin/builder/spi-builder-workspace/Sources/Tabman/Bar/BarItem/TMBarItem.swift (in target 'Tabman' from project 'Tabman')
cd /Users/admin/builder/spi-builder-workspace/.swiftpm/xcode
builtin-SwiftPerFileCompile TMBarItem.swift
SwiftCompile normal arm64 /Users/admin/builder/spi-builder-workspace/Sources/Tabman/Bar/BarItem/UIKit+TMBarItemable.swift (in target 'Tabman' from project 'Tabman')
cd /Users/admin/builder/spi-builder-workspace/.swiftpm/xcode
builtin-SwiftPerFileCompile UIKit+TMBarItemable.swift
SwiftCompile normal arm64 Compiling\ CGRect+Interpolation.swift,\ UIColor+Interpolation.swift,\ AnimateableLabel.swift,\ EdgeFadedView.swift,\ GestureScrollView.swift,\ ViewTitleViewContainer.swift /Users/admin/builder/spi-builder-workspace/Sources/Tabman/Bar/Extensions/CGRect+Interpolation.swift /Users/admin/builder/spi-builder-workspace/Sources/Tabman/Bar/Extensions/UIColor+Interpolation.swift /Users/admin/builder/spi-builder-workspace/Sources/Tabman/Bar/Generic/AnimateableLabel.swift /Users/admin/builder/spi-builder-workspace/Sources/Tabman/Bar/Generic/EdgeFadedView.swift /Users/admin/builder/spi-builder-workspace/Sources/Tabman/Bar/Generic/GestureScrollView.swift /Users/admin/builder/spi-builder-workspace/Sources/Tabman/Bar/Generic/ViewTitleViewContainer.swift (in target 'Tabman' from project 'Tabman')
SwiftCompile normal arm64 /Users/admin/builder/spi-builder-workspace/Sources/Tabman/Bar/Extensions/CGRect+Interpolation.swift (in target 'Tabman' from project 'Tabman')
cd /Users/admin/builder/spi-builder-workspace/.swiftpm/xcode
builtin-SwiftPerFileCompile CGRect+Interpolation.swift
SwiftCompile normal arm64 /Users/admin/builder/spi-builder-workspace/Sources/Tabman/Bar/Extensions/UIColor+Interpolation.swift (in target 'Tabman' from project 'Tabman')
cd /Users/admin/builder/spi-builder-workspace/.swiftpm/xcode
builtin-SwiftPerFileCompile UIColor+Interpolation.swift
SwiftCompile normal arm64 /Users/admin/builder/spi-builder-workspace/Sources/Tabman/Bar/Generic/AnimateableLabel.swift (in target 'Tabman' from project 'Tabman')
cd /Users/admin/builder/spi-builder-workspace/.swiftpm/xcode
builtin-SwiftPerFileCompile AnimateableLabel.swift
SwiftCompile normal arm64 /Users/admin/builder/spi-builder-workspace/Sources/Tabman/Bar/Generic/EdgeFadedView.swift (in target 'Tabman' from project 'Tabman')
cd /Users/admin/builder/spi-builder-workspace/.swiftpm/xcode
builtin-SwiftPerFileCompile EdgeFadedView.swift
SwiftCompile normal arm64 /Users/admin/builder/spi-builder-workspace/Sources/Tabman/Bar/Generic/GestureScrollView.swift (in target 'Tabman' from project 'Tabman')
cd /Users/admin/builder/spi-builder-workspace/.swiftpm/xcode
builtin-SwiftPerFileCompile GestureScrollView.swift
SwiftCompile normal arm64 /Users/admin/builder/spi-builder-workspace/Sources/Tabman/Bar/Generic/ViewTitleViewContainer.swift (in target 'Tabman' from project 'Tabman')
cd /Users/admin/builder/spi-builder-workspace/.swiftpm/xcode
builtin-SwiftPerFileCompile ViewTitleViewContainer.swift
SwiftCompile normal arm64 Compiling\ resource_bundle_accessor.swift,\ AutoInsetSpec.swift,\ AutoInsetter.swift,\ CollectionViewInsetCalculator.swift,\ InsetCalculations.swift,\ InsetCalculator.swift,\ ScrollViewInsetCalculator.swift /Users/admin/builder/spi-builder-workspace/.derivedData/Build/Intermediates.noindex/Tabman.build/Debug-appletvos/Tabman-t.build/DerivedSources/resource_bundle_accessor.swift /Users/admin/builder/spi-builder-workspace/Sources/Tabman/AutoInsetter/AutoInsetSpec.swift /Users/admin/builder/spi-builder-workspace/Sources/Tabman/AutoInsetter/AutoInsetter.swift /Users/admin/builder/spi-builder-workspace/Sources/Tabman/AutoInsetter/InsetCalculator/CollectionViewInsetCalculator.swift /Users/admin/builder/spi-builder-workspace/Sources/Tabman/AutoInsetter/InsetCalculator/InsetCalculations.swift /Users/admin/builder/spi-builder-workspace/Sources/Tabman/AutoInsetter/InsetCalculator/InsetCalculator.swift /Users/admin/builder/spi-builder-workspace/Sources/Tabman/AutoInsetter/InsetCalculator/ScrollViewInsetCalculator.swift (in target 'Tabman' from project 'Tabman')
SwiftCompile normal arm64 /Users/admin/builder/spi-builder-workspace/.derivedData/Build/Intermediates.noindex/Tabman.build/Debug-appletvos/Tabman-t.build/DerivedSources/resource_bundle_accessor.swift (in target 'Tabman' from project 'Tabman')
cd /Users/admin/builder/spi-builder-workspace/.swiftpm/xcode
builtin-SwiftPerFileCompile resource_bundle_accessor.swift
SwiftCompile normal arm64 /Users/admin/builder/spi-builder-workspace/Sources/Tabman/AutoInsetter/AutoInsetSpec.swift (in target 'Tabman' from project 'Tabman')
cd /Users/admin/builder/spi-builder-workspace/.swiftpm/xcode
builtin-SwiftPerFileCompile AutoInsetSpec.swift
SwiftCompile normal arm64 /Users/admin/builder/spi-builder-workspace/Sources/Tabman/AutoInsetter/AutoInsetter.swift (in target 'Tabman' from project 'Tabman')
cd /Users/admin/builder/spi-builder-workspace/.swiftpm/xcode
builtin-SwiftPerFileCompile AutoInsetter.swift
SwiftCompile normal arm64 /Users/admin/builder/spi-builder-workspace/Sources/Tabman/AutoInsetter/InsetCalculator/CollectionViewInsetCalculator.swift (in target 'Tabman' from project 'Tabman')
cd /Users/admin/builder/spi-builder-workspace/.swiftpm/xcode
builtin-SwiftPerFileCompile CollectionViewInsetCalculator.swift
SwiftCompile normal arm64 /Users/admin/builder/spi-builder-workspace/Sources/Tabman/AutoInsetter/InsetCalculator/InsetCalculations.swift (in target 'Tabman' from project 'Tabman')
cd /Users/admin/builder/spi-builder-workspace/.swiftpm/xcode
builtin-SwiftPerFileCompile InsetCalculations.swift
SwiftCompile normal arm64 /Users/admin/builder/spi-builder-workspace/Sources/Tabman/AutoInsetter/InsetCalculator/InsetCalculator.swift (in target 'Tabman' from project 'Tabman')
cd /Users/admin/builder/spi-builder-workspace/.swiftpm/xcode
builtin-SwiftPerFileCompile InsetCalculator.swift
SwiftCompile normal arm64 /Users/admin/builder/spi-builder-workspace/Sources/Tabman/AutoInsetter/InsetCalculator/ScrollViewInsetCalculator.swift (in target 'Tabman' from project 'Tabman')
cd /Users/admin/builder/spi-builder-workspace/.swiftpm/xcode
builtin-SwiftPerFileCompile ScrollViewInsetCalculator.swift
SwiftCompile normal arm64 Compiling\ TMBarView.swift,\ TMBarViewContentInsetGuides.swift,\ TMBarViewFocusProvider.swift,\ TMBarViewFocusRect.swift,\ TMBarViewLayoutGrid.swift,\ TMBarViewScrollHandler.swift,\ TMBarViewUpdateHandler.swift /Users/admin/builder/spi-builder-workspace/Sources/Tabman/Bar/BarView/TMBarView.swift /Users/admin/builder/spi-builder-workspace/Sources/Tabman/Bar/BarView/TMBarViewContentInsetGuides.swift /Users/admin/builder/spi-builder-workspace/Sources/Tabman/Bar/BarView/TMBarViewFocusProvider.swift /Users/admin/builder/spi-builder-workspace/Sources/Tabman/Bar/BarView/TMBarViewFocusRect.swift /Users/admin/builder/spi-builder-workspace/Sources/Tabman/Bar/BarView/TMBarViewLayoutGrid.swift /Users/admin/builder/spi-builder-workspace/Sources/Tabman/Bar/BarView/TMBarViewScrollHandler.swift /Users/admin/builder/spi-builder-workspace/Sources/Tabman/Bar/BarView/TMBarViewUpdateHandler.swift (in target 'Tabman' from project 'Tabman')
SwiftCompile normal arm64 /Users/admin/builder/spi-builder-workspace/Sources/Tabman/Bar/BarView/TMBarView.swift (in target 'Tabman' from project 'Tabman')
cd /Users/admin/builder/spi-builder-workspace/.swiftpm/xcode
builtin-SwiftPerFileCompile TMBarView.swift
SwiftCompile normal arm64 /Users/admin/builder/spi-builder-workspace/Sources/Tabman/Bar/BarView/TMBarViewContentInsetGuides.swift (in target 'Tabman' from project 'Tabman')
cd /Users/admin/builder/spi-builder-workspace/.swiftpm/xcode
builtin-SwiftPerFileCompile TMBarViewContentInsetGuides.swift
SwiftCompile normal arm64 /Users/admin/builder/spi-builder-workspace/Sources/Tabman/Bar/BarView/TMBarViewFocusProvider.swift (in target 'Tabman' from project 'Tabman')
cd /Users/admin/builder/spi-builder-workspace/.swiftpm/xcode
builtin-SwiftPerFileCompile TMBarViewFocusProvider.swift
SwiftCompile normal arm64 /Users/admin/builder/spi-builder-workspace/Sources/Tabman/Bar/BarView/TMBarViewFocusRect.swift (in target 'Tabman' from project 'Tabman')
cd /Users/admin/builder/spi-builder-workspace/.swiftpm/xcode
builtin-SwiftPerFileCompile TMBarViewFocusRect.swift
SwiftCompile normal arm64 /Users/admin/builder/spi-builder-workspace/Sources/Tabman/Bar/BarView/TMBarViewLayoutGrid.swift (in target 'Tabman' from project 'Tabman')
cd /Users/admin/builder/spi-builder-workspace/.swiftpm/xcode
builtin-SwiftPerFileCompile TMBarViewLayoutGrid.swift
SwiftCompile normal arm64 /Users/admin/builder/spi-builder-workspace/Sources/Tabman/Bar/BarView/TMBarViewScrollHandler.swift (in target 'Tabman' from project 'Tabman')
cd /Users/admin/builder/spi-builder-workspace/.swiftpm/xcode
builtin-SwiftPerFileCompile TMBarViewScrollHandler.swift
SwiftCompile normal arm64 /Users/admin/builder/spi-builder-workspace/Sources/Tabman/Bar/BarView/TMBarViewUpdateHandler.swift (in target 'Tabman' from project 'Tabman')
cd /Users/admin/builder/spi-builder-workspace/.swiftpm/xcode
builtin-SwiftPerFileCompile TMBarViewUpdateHandler.swift
SwiftEmitModule normal arm64 Emitting\ module\ for\ Tabman (in target 'Tabman' from project 'Tabman')
SwiftCompile normal arm64 (in target 'Tabman' from project 'Tabman')
cd /Users/admin/builder/spi-builder-workspace/.swiftpm/xcode
SwiftCompile normal arm64 Compiling\ TMBarLayout.swift,\ TMBarLayoutInsetGuides.swift,\ TMBarLayoutParent.swift,\ TMBarLayout+None.swift,\ TMConstrainedHorizontalBarLayout.swift,\ TMHorizontalBarLayout+Separator.swift,\ TMHorizontalBarLayout.swift /Users/admin/builder/spi-builder-workspace/Sources/Tabman/Bar/BarLayout/TMBarLayout.swift /Users/admin/builder/spi-builder-workspace/Sources/Tabman/Bar/BarLayout/TMBarLayoutInsetGuides.swift /Users/admin/builder/spi-builder-workspace/Sources/Tabman/Bar/BarLayout/TMBarLayoutParent.swift /Users/admin/builder/spi-builder-workspace/Sources/Tabman/Bar/BarLayout/Types/TMBarLayout+None.swift /Users/admin/builder/spi-builder-workspace/Sources/Tabman/Bar/BarLayout/Types/TMConstrainedHorizontalBarLayout.swift /Users/admin/builder/spi-builder-workspace/Sources/Tabman/Bar/BarLayout/Types/TMHorizontalBarLayout+Separator.swift /Users/admin/builder/spi-builder-workspace/Sources/Tabman/Bar/BarLayout/Types/TMHorizontalBarLayout.swift (in target 'Tabman' from project 'Tabman')
SwiftCompile normal arm64 /Users/admin/builder/spi-builder-workspace/Sources/Tabman/Bar/BarLayout/TMBarLayout.swift (in target 'Tabman' from project 'Tabman')
cd /Users/admin/builder/spi-builder-workspace/.swiftpm/xcode
builtin-SwiftPerFileCompile TMBarLayout.swift
SwiftCompile normal arm64 /Users/admin/builder/spi-builder-workspace/Sources/Tabman/Bar/BarLayout/TMBarLayoutInsetGuides.swift (in target 'Tabman' from project 'Tabman')
cd /Users/admin/builder/spi-builder-workspace/.swiftpm/xcode
builtin-SwiftPerFileCompile TMBarLayoutInsetGuides.swift
SwiftCompile normal arm64 /Users/admin/builder/spi-builder-workspace/Sources/Tabman/Bar/BarLayout/TMBarLayoutParent.swift (in target 'Tabman' from project 'Tabman')
cd /Users/admin/builder/spi-builder-workspace/.swiftpm/xcode
builtin-SwiftPerFileCompile TMBarLayoutParent.swift
SwiftCompile normal arm64 /Users/admin/builder/spi-builder-workspace/Sources/Tabman/Bar/BarLayout/Types/TMBarLayout+None.swift (in target 'Tabman' from project 'Tabman')
cd /Users/admin/builder/spi-builder-workspace/.swiftpm/xcode
builtin-SwiftPerFileCompile TMBarLayout+None.swift
SwiftCompile normal arm64 /Users/admin/builder/spi-builder-workspace/Sources/Tabman/Bar/BarLayout/Types/TMConstrainedHorizontalBarLayout.swift (in target 'Tabman' from project 'Tabman')
cd /Users/admin/builder/spi-builder-workspace/.swiftpm/xcode
builtin-SwiftPerFileCompile TMConstrainedHorizontalBarLayout.swift
SwiftCompile normal arm64 /Users/admin/builder/spi-builder-workspace/Sources/Tabman/Bar/BarLayout/Types/TMHorizontalBarLayout+Separator.swift (in target 'Tabman' from project 'Tabman')
cd /Users/admin/builder/spi-builder-workspace/.swiftpm/xcode
builtin-SwiftPerFileCompile TMHorizontalBarLayout+Separator.swift
SwiftCompile normal arm64 /Users/admin/builder/spi-builder-workspace/Sources/Tabman/Bar/BarLayout/Types/TMHorizontalBarLayout.swift (in target 'Tabman' from project 'Tabman')
cd /Users/admin/builder/spi-builder-workspace/.swiftpm/xcode
builtin-SwiftPerFileCompile TMHorizontalBarLayout.swift
SwiftCompile normal arm64 Compiling\ TMBarButton.swift,\ TMBarButtonCollection.swift,\ TMBarButtonController.swift,\ TMBarButtonInteractionController.swift,\ TMBarButtonStateController.swift,\ TMBarButton+None.swift,\ TMLabelBarButton.swift /Users/admin/builder/spi-builder-workspace/Sources/Tabman/Bar/BarButton/TMBarButton.swift /Users/admin/builder/spi-builder-workspace/Sources/Tabman/Bar/BarButton/TMBarButtonCollection.swift /Users/admin/builder/spi-builder-workspace/Sources/Tabman/Bar/BarButton/TMBarButtonController.swift /Users/admin/builder/spi-builder-workspace/Sources/Tabman/Bar/BarButton/TMBarButtonInteractionController.swift /Users/admin/builder/spi-builder-workspace/Sources/Tabman/Bar/BarButton/TMBarButtonStateController.swift /Users/admin/builder/spi-builder-workspace/Sources/Tabman/Bar/BarButton/Types/TMBarButton+None.swift /Users/admin/builder/spi-builder-workspace/Sources/Tabman/Bar/BarButton/Types/TMLabelBarButton.swift (in target 'Tabman' from project 'Tabman')
SwiftCompile normal arm64 /Users/admin/builder/spi-builder-workspace/Sources/Tabman/Bar/BarButton/TMBarButton.swift (in target 'Tabman' from project 'Tabman')
cd /Users/admin/builder/spi-builder-workspace/.swiftpm/xcode
builtin-SwiftPerFileCompile TMBarButton.swift
SwiftCompile normal arm64 /Users/admin/builder/spi-builder-workspace/Sources/Tabman/Bar/BarButton/TMBarButtonCollection.swift (in target 'Tabman' from project 'Tabman')
cd /Users/admin/builder/spi-builder-workspace/.swiftpm/xcode
builtin-SwiftPerFileCompile TMBarButtonCollection.swift
SwiftCompile normal arm64 /Users/admin/builder/spi-builder-workspace/Sources/Tabman/Bar/BarButton/TMBarButtonController.swift (in target 'Tabman' from project 'Tabman')
cd /Users/admin/builder/spi-builder-workspace/.swiftpm/xcode
builtin-SwiftPerFileCompile TMBarButtonController.swift
SwiftCompile normal arm64 /Users/admin/builder/spi-builder-workspace/Sources/Tabman/Bar/BarButton/TMBarButtonInteractionController.swift (in target 'Tabman' from project 'Tabman')
cd /Users/admin/builder/spi-builder-workspace/.swiftpm/xcode
builtin-SwiftPerFileCompile TMBarButtonInteractionController.swift
SwiftCompile normal arm64 /Users/admin/builder/spi-builder-workspace/Sources/Tabman/Bar/BarButton/TMBarButtonStateController.swift (in target 'Tabman' from project 'Tabman')
cd /Users/admin/builder/spi-builder-workspace/.swiftpm/xcode
builtin-SwiftPerFileCompile TMBarButtonStateController.swift
SwiftCompile normal arm64 /Users/admin/builder/spi-builder-workspace/Sources/Tabman/Bar/BarButton/Types/TMBarButton+None.swift (in target 'Tabman' from project 'Tabman')
cd /Users/admin/builder/spi-builder-workspace/.swiftpm/xcode
builtin-SwiftPerFileCompile TMBarButton+None.swift
SwiftCompile normal arm64 /Users/admin/builder/spi-builder-workspace/Sources/Tabman/Bar/BarButton/Types/TMLabelBarButton.swift (in target 'Tabman' from project 'Tabman')
cd /Users/admin/builder/spi-builder-workspace/.swiftpm/xcode
builtin-SwiftPerFileCompile TMLabelBarButton.swift
SwiftCompile normal arm64 Compiling\ PageboyNavigationDirection+Tabman.swift,\ PageboyViewController+RelativeCurrentPosition.swift,\ UIView+LayoutGuide.swift,\ UIViewController+Tabman.swift,\ TabmanViewController+Insets.swift,\ TabmanViewController.swift /Users/admin/builder/spi-builder-workspace/Sources/Tabman/Extensions/PageboyNavigationDirection+Tabman.swift /Users/admin/builder/spi-builder-workspace/Sources/Tabman/Extensions/PageboyViewController+RelativeCurrentPosition.swift /Users/admin/builder/spi-builder-workspace/Sources/Tabman/Extensions/UIView+LayoutGuide.swift /Users/admin/builder/spi-builder-workspace/Sources/Tabman/Extensions/UIViewController+Tabman.swift /Users/admin/builder/spi-builder-workspace/Sources/Tabman/TabmanViewController+Insets.swift /Users/admin/builder/spi-builder-workspace/Sources/Tabman/TabmanViewController.swift (in target 'Tabman' from project 'Tabman')
SwiftCompile normal arm64 /Users/admin/builder/spi-builder-workspace/Sources/Tabman/Extensions/PageboyNavigationDirection+Tabman.swift (in target 'Tabman' from project 'Tabman')
cd /Users/admin/builder/spi-builder-workspace/.swiftpm/xcode
builtin-SwiftPerFileCompile PageboyNavigationDirection+Tabman.swift
SwiftCompile normal arm64 /Users/admin/builder/spi-builder-workspace/Sources/Tabman/Extensions/PageboyViewController+RelativeCurrentPosition.swift (in target 'Tabman' from project 'Tabman')
cd /Users/admin/builder/spi-builder-workspace/.swiftpm/xcode
builtin-SwiftPerFileCompile PageboyViewController+RelativeCurrentPosition.swift
SwiftCompile normal arm64 /Users/admin/builder/spi-builder-workspace/Sources/Tabman/Extensions/UIView+LayoutGuide.swift (in target 'Tabman' from project 'Tabman')
cd /Users/admin/builder/spi-builder-workspace/.swiftpm/xcode
builtin-SwiftPerFileCompile UIView+LayoutGuide.swift
SwiftCompile normal arm64 /Users/admin/builder/spi-builder-workspace/Sources/Tabman/Extensions/UIViewController+Tabman.swift (in target 'Tabman' from project 'Tabman')
cd /Users/admin/builder/spi-builder-workspace/.swiftpm/xcode
builtin-SwiftPerFileCompile UIViewController+Tabman.swift
SwiftCompile normal arm64 /Users/admin/builder/spi-builder-workspace/Sources/Tabman/TabmanViewController+Insets.swift (in target 'Tabman' from project 'Tabman')
cd /Users/admin/builder/spi-builder-workspace/.swiftpm/xcode
builtin-SwiftPerFileCompile TabmanViewController+Insets.swift
SwiftCompile normal arm64 /Users/admin/builder/spi-builder-workspace/Sources/Tabman/TabmanViewController.swift (in target 'Tabman' from project 'Tabman')
cd /Users/admin/builder/spi-builder-workspace/.swiftpm/xcode
builtin-SwiftPerFileCompile TabmanViewController.swift
SwiftCompile normal arm64 Compiling\ TMAnimation.swift,\ TMBar+Templates.swift,\ TMBar.swift,\ TMTransition.swift,\ BarMath.swift,\ WeakContainer.swift /Users/admin/builder/spi-builder-workspace/Sources/Tabman/Bar/TMAnimation.swift /Users/admin/builder/spi-builder-workspace/Sources/Tabman/Bar/TMBar+Templates.swift /Users/admin/builder/spi-builder-workspace/Sources/Tabman/Bar/TMBar.swift /Users/admin/builder/spi-builder-workspace/Sources/Tabman/Bar/TMTransition.swift /Users/admin/builder/spi-builder-workspace/Sources/Tabman/Bar/Utility/BarMath.swift /Users/admin/builder/spi-builder-workspace/Sources/Tabman/Bar/Utility/WeakContainer.swift (in target 'Tabman' from project 'Tabman')
SwiftCompile normal arm64 /Users/admin/builder/spi-builder-workspace/Sources/Tabman/Bar/TMAnimation.swift (in target 'Tabman' from project 'Tabman')
cd /Users/admin/builder/spi-builder-workspace/.swiftpm/xcode
builtin-SwiftPerFileCompile TMAnimation.swift
SwiftCompile normal arm64 /Users/admin/builder/spi-builder-workspace/Sources/Tabman/Bar/TMBar+Templates.swift (in target 'Tabman' from project 'Tabman')
cd /Users/admin/builder/spi-builder-workspace/.swiftpm/xcode
builtin-SwiftPerFileCompile TMBar+Templates.swift
SwiftCompile normal arm64 /Users/admin/builder/spi-builder-workspace/Sources/Tabman/Bar/TMBar.swift (in target 'Tabman' from project 'Tabman')
cd /Users/admin/builder/spi-builder-workspace/.swiftpm/xcode
builtin-SwiftPerFileCompile TMBar.swift
SwiftCompile normal arm64 /Users/admin/builder/spi-builder-workspace/Sources/Tabman/Bar/TMTransition.swift (in target 'Tabman' from project 'Tabman')
cd /Users/admin/builder/spi-builder-workspace/.swiftpm/xcode
builtin-SwiftPerFileCompile TMTransition.swift
SwiftCompile normal arm64 /Users/admin/builder/spi-builder-workspace/Sources/Tabman/Bar/Utility/BarMath.swift (in target 'Tabman' from project 'Tabman')
cd /Users/admin/builder/spi-builder-workspace/.swiftpm/xcode
builtin-SwiftPerFileCompile BarMath.swift
SwiftCompile normal arm64 /Users/admin/builder/spi-builder-workspace/Sources/Tabman/Bar/Utility/WeakContainer.swift (in target 'Tabman' from project 'Tabman')
cd /Users/admin/builder/spi-builder-workspace/.swiftpm/xcode
builtin-SwiftPerFileCompile WeakContainer.swift
PruneExplicitPrecompiledModules /Users/admin/builder/spi-builder-workspace/.derivedData/SDKExplicitPrecompiledModules
PruneExplicitPrecompiledModules /Users/admin/builder/spi-builder-workspace/.derivedData/Build/Intermediates.noindex/ExplicitPrecompiledModules
PruneExplicitPrecompiledModules /Users/admin/builder/spi-builder-workspace/.derivedData/Build/Intermediates.noindex/SwiftExplicitPrecompiledModules
2026-09-24 22:35:53.355 xcodebuild[699:4357] [MT] IDERunDestination: Supported platforms for the buildables in the current scheme is empty.
** BUILD FAILED **
The following build commands failed:
SwiftCompile normal arm64 Compiling\ TMTabItemBarButton.swift,\ TMHidingBar+Triggers.swift,\ TMHidingBar.swift,\ TMSystemBar.swift,\ TMBarIndicator.swift,\ TMBarIndicatorContainer.swift,\ TMBarIndicatorLayoutHandler.swift /Users/admin/builder/spi-builder-workspace/Sources/Tabman/Bar/BarButton/Types/TMTabItemBarButton.swift /Users/admin/builder/spi-builder-workspace/Sources/Tabman/Bar/BarExtensions/AutoHidingBar/TMHidingBar+Triggers.swift /Users/admin/builder/spi-builder-workspace/Sources/Tabman/Bar/BarExtensions/AutoHidingBar/TMHidingBar.swift /Users/admin/builder/spi-builder-workspace/Sources/Tabman/Bar/BarExtensions/SystemBar/TMSystemBar.swift /Users/admin/builder/spi-builder-workspace/Sources/Tabman/Bar/BarIndicator/TMBarIndicator.swift /Users/admin/builder/spi-builder-workspace/Sources/Tabman/Bar/BarIndicator/TMBarIndicatorContainer.swift /Users/admin/builder/spi-builder-workspace/Sources/Tabman/Bar/BarIndicator/TMBarIndicatorLayoutHandler.swift (in target 'Tabman' from project 'Tabman')
SwiftCompile normal arm64 /Users/admin/builder/spi-builder-workspace/Sources/Tabman/Bar/BarButton/Types/TMTabItemBarButton.swift (in target 'Tabman' from project 'Tabman')
SwiftCompile normal arm64 /Users/admin/builder/spi-builder-workspace/Sources/Tabman/Bar/BarExtensions/SystemBar/TMSystemBar.swift (in target 'Tabman' from project 'Tabman')
Building workspace Tabman with scheme Tabman
(4 failures)
Command line invocation:
/Applications/Xcode-27.0.0-Release.Candidate.app/Contents/Developer/usr/bin/xcodebuild -IDEClonedSourcePackagesDirPathOverride=/Users/admin/builder/spi-builder-workspace/.dependencies -resolvePackageDependencies
Resolve Package Graph
Resolved source packages:
Pageboy: https://github.com/uias/Pageboy @ 5.0.2
Tabman: /Users/admin/builder/spi-builder-workspace
resolved source packages: Pageboy, Tabman
2026-09-24 22:36:04.284 xcodebuild[828:5048] [MT] IDERunDestination: Supported platforms for the buildables in the current scheme is empty.
{
"dependencies" : [
{
"identity" : "pageboy",
"requirement" : {
"range" : [
{
"lower_bound" : "5.0.2",
"upper_bound" : "6.0.0"
}
]
},
"type" : "sourceControl",
"url" : "https://github.com/uias/Pageboy"
}
],
"manifest_display_name" : "Tabman",
"name" : "Tabman",
"path" : "/Users/admin/builder/spi-builder-workspace",
"platforms" : [
{
"name" : "ios",
"version" : "14.0"
}
],
"products" : [
{
"name" : "Tabman",
"targets" : [
"Tabman"
],
"type" : {
"library" : [
"automatic"
]
}
}
],
"swift_languages_versions" : [
"5",
"6"
],
"targets" : [
{
"c99name" : "TabmanTests",
"module_type" : "SwiftTarget",
"name" : "TabmanTests",
"path" : "Sources/TabmanTests",
"sources" : [
"Bar/MockBarDataSource.swift",
"Bar/MockBarView.swift",
"MockTabmanViewController.swift",
"TabmanViewControllerTests.swift"
],
"target_dependencies" : [
"Tabman"
],
"type" : "test"
},
{
"c99name" : "Tabman",
"module_type" : "SwiftTarget",
"name" : "Tabman",
"path" : "Sources/Tabman",
"product_dependencies" : [
"Pageboy"
],
"product_memberships" : [
"Tabman"
],
"resources" : [
{
"path" : "/Users/admin/builder/spi-builder-workspace/Sources/Tabman/PrivacyInfo.xcprivacy",
"rule" : {
"process" : {
}
}
}
],
"sources" : [
"AutoInsetter/AutoInsetSpec.swift",
"AutoInsetter/AutoInsetter.swift",
"AutoInsetter/InsetCalculator/CollectionViewInsetCalculator.swift",
"AutoInsetter/InsetCalculator/InsetCalculations.swift",
"AutoInsetter/InsetCalculator/InsetCalculator.swift",
"AutoInsetter/InsetCalculator/ScrollViewInsetCalculator.swift",
"AutoInsetter/InsetCalculator/TableViewInsetCalculator.swift",
"AutoInsetter/InsetExecutor/InsetExecutor.swift",
"AutoInsetter/InsetStore/DefaultInsetStore.swift",
"AutoInsetter/InsetStore/InsetStore.swift",
"AutoInsetter/Utilities/UIViewController+ScrollViewDetection.swift",
"Bar/BarBackgroundView/TMBarBackgroundView.swift",
"Bar/BarButton/Badge/TMBadgeView.swift",
"Bar/BarButton/TMBarButton.swift",
"Bar/BarButton/TMBarButtonCollection.swift",
"Bar/BarButton/TMBarButtonController.swift",
"Bar/BarButton/TMBarButtonInteractionController.swift",
"Bar/BarButton/TMBarButtonStateController.swift",
"Bar/BarButton/Types/TMBarButton+None.swift",
"Bar/BarButton/Types/TMLabelBarButton.swift",
"Bar/BarButton/Types/TMTabItemBarButton.swift",
"Bar/BarExtensions/AutoHidingBar/TMHidingBar+Triggers.swift",
"Bar/BarExtensions/AutoHidingBar/TMHidingBar.swift",
"Bar/BarExtensions/SystemBar/TMSystemBar.swift",
"Bar/BarIndicator/TMBarIndicator.swift",
"Bar/BarIndicator/TMBarIndicatorContainer.swift",
"Bar/BarIndicator/TMBarIndicatorLayoutHandler.swift",
"Bar/BarIndicator/Types/TMBarIndicator+None.swift",
"Bar/BarIndicator/Types/TMBlockBarIndicator.swift",
"Bar/BarIndicator/Types/TMChevronBarIndicator.swift",
"Bar/BarIndicator/Types/TMDotBarIndicator.swift",
"Bar/BarIndicator/Types/TMLineBarIndicator.swift",
"Bar/BarItem/TMBarItem.swift",
"Bar/BarItem/UIKit+TMBarItemable.swift",
"Bar/BarLayout/TMBarLayout.swift",
"Bar/BarLayout/TMBarLayoutInsetGuides.swift",
"Bar/BarLayout/TMBarLayoutParent.swift",
"Bar/BarLayout/Types/TMBarLayout+None.swift",
"Bar/BarLayout/Types/TMConstrainedHorizontalBarLayout.swift",
"Bar/BarLayout/Types/TMHorizontalBarLayout+Separator.swift",
"Bar/BarLayout/Types/TMHorizontalBarLayout.swift",
"Bar/BarView/TMBarView.swift",
"Bar/BarView/TMBarViewContentInsetGuides.swift",
"Bar/BarView/TMBarViewFocusProvider.swift",
"Bar/BarView/TMBarViewFocusRect.swift",
"Bar/BarView/TMBarViewLayoutGrid.swift",
"Bar/BarView/TMBarViewScrollHandler.swift",
"Bar/BarView/TMBarViewUpdateHandler.swift",
"Bar/Extensions/CGRect+Interpolation.swift",
"Bar/Extensions/UIColor+Interpolation.swift",
"Bar/Generic/AnimateableLabel.swift",
"Bar/Generic/EdgeFadedView.swift",
"Bar/Generic/GestureScrollView.swift",
"Bar/Generic/ViewTitleViewContainer.swift",
"Bar/TMAnimation.swift",
"Bar/TMBar+Templates.swift",
"Bar/TMBar.swift",
"Bar/TMTransition.swift",
"Bar/Utility/BarMath.swift",
"Bar/Utility/WeakContainer.swift",
"Extensions/PageboyNavigationDirection+Tabman.swift",
"Extensions/PageboyViewController+RelativeCurrentPosition.swift",
"Extensions/UIView+LayoutGuide.swift",
"Extensions/UIViewController+Tabman.swift",
"TabmanViewController+Insets.swift",
"TabmanViewController.swift"
],
"type" : "library"
}
],
"tools_version" : "6.0"
}
{
"workspace" : {
"name" : "Tabman",
"schemes" : [
"Tabman"
]
}
}
2026-09-24 22:36:05.560 xcodebuild[836:5124] [MT] IDERunDestination: Supported platforms for the buildables in the current scheme is empty.
Running build ...
env DEVELOPER_DIR=/Applications/Xcode-27.0.0-Release.Candidate.app xcrun xcodebuild -IDEClonedSourcePackagesDirPathOverride=$PWD/.dependencies -skipMacroValidation -skipPackagePluginValidation -derivedDataPath $PWD/.derivedData build -scheme Tabman -destination generic/platform=tvOS
Command line invocation:
/Applications/Xcode-27.0.0-Release.Candidate.app/Contents/Developer/usr/bin/xcodebuild -IDEClonedSourcePackagesDirPathOverride=/Users/admin/builder/spi-builder-workspace/.dependencies -skipMacroValidation -skipPackagePluginValidation -derivedDataPath /Users/admin/builder/spi-builder-workspace/.derivedData build -scheme Tabman -destination generic/platform=tvOS
Resolve Package Graph
Resolved source packages:
Pageboy: https://github.com/uias/Pageboy @ 5.0.2
Tabman: /Users/admin/builder/spi-builder-workspace
ComputePackagePrebuildTargetDependencyGraph
Prepare packages
CreateBuildRequest
SendProjectDescription
CreateBuildOperation
ComputeTargetDependencyGraph
note: Building targets in dependency order
note: Target dependency graph (6 targets)
Target 'Tabman-product' in project 'Tabman'
➜ Explicit dependency on target 'Tabman' in project 'Tabman'
➜ Explicit dependency on target 'Tabman_Tabman' in project 'Tabman'
➜ Explicit dependency on target 'Pageboy-product' in project 'Pageboy'
Target 'Tabman' in project 'Tabman'
➜ Explicit dependency on target 'Tabman_Tabman' in project 'Tabman'
➜ Explicit dependency on target 'Pageboy-product' in project 'Pageboy'
Target 'Pageboy-product' in project 'Pageboy'
➜ Explicit dependency on target 'Pageboy' in project 'Pageboy'
➜ Explicit dependency on target 'Pageboy_Pageboy' in project 'Pageboy'
Target 'Pageboy' in project 'Pageboy'
➜ Explicit dependency on target 'Pageboy_Pageboy' in project 'Pageboy'
Target 'Pageboy_Pageboy' in project 'Pageboy' (no dependencies)
Target 'Tabman_Tabman' in project 'Tabman' (no dependencies)
GatherProvisioningInputs
CreateBuildDescription
ClangStatCache /Applications/Xcode-27.0.0-Release.Candidate.app/Contents/Developer/Toolchains/XcodeDefault.xctoolchain/usr/bin/clang-stat-cache /Applications/Xcode-27.0.0-Release.Candidate.app/Contents/Developer/Platforms/AppleTVOS.platform/Developer/SDKs/AppleTVOS27.0.sdk /Users/admin/builder/spi-builder-workspace/.derivedData/SDKStatCaches.noindex/appletvos27.0-24J360-e829b21a6f8c9b70876ba0858053c044b32bfd8d43560033f8d89884cdb90028.sdkstatcache
cd /Users/admin/builder/spi-builder-workspace/.swiftpm/xcode
/Applications/Xcode-27.0.0-Release.Candidate.app/Contents/Developer/Toolchains/XcodeDefault.xctoolchain/usr/bin/clang-stat-cache /Applications/Xcode-27.0.0-Release.Candidate.app/Contents/Developer/Platforms/AppleTVOS.platform/Developer/SDKs/AppleTVOS27.0.sdk -o /Users/admin/builder/spi-builder-workspace/.derivedData/SDKStatCaches.noindex/appletvos27.0-24J360-e829b21a6f8c9b70876ba0858053c044b32bfd8d43560033f8d89884cdb90028.sdkstatcache
SwiftDriver Tabman normal arm64 com.apple.xcode.tools.swift.compiler (in target 'Tabman' from project 'Tabman')
cd /Users/admin/builder/spi-builder-workspace/.swiftpm/xcode
builtin-SwiftDriver -- /Applications/Xcode-27.0.0-Release.Candidate.app/Contents/Developer/Toolchains/XcodeDefault.xctoolchain/usr/bin/swiftc -parse-as-library -module-name Tabman -Onone @/Users/admin/builder/spi-builder-workspace/.derivedData/Build/Intermediates.noindex/Tabman.build/Debug-appletvos/Tabman-t.build/Objects-normal/arm64/Tabman.SwiftFileList -DSWIFT_PACKAGE -DDEBUG -DSWIFT_MODULE_RESOURCE_BUNDLE_AVAILABLE -DXcode -plugin-path /Applications/Xcode-27.0.0-Release.Candidate.app/Contents/Developer/Toolchains/XcodeDefault.xctoolchain/usr/lib/swift/host/plugins/testing -enable-experimental-feature DebugDescriptionMacro -sdk /Applications/Xcode-27.0.0-Release.Candidate.app/Contents/Developer/Platforms/AppleTVOS.platform/Developer/SDKs/AppleTVOS27.0.sdk -target arm64-apple-tvos15.0 -g -module-cache-path /Users/admin/builder/spi-builder-workspace/.derivedData/ModuleCache.noindex -Xfrontend -serialize-debugging-options -profile-coverage-mapping -profile-generate -enable-testing -index-store-path /Users/admin/builder/spi-builder-workspace/.derivedData/Index.noindex/DataStore -Xcc -D_LIBCPP_HARDENING_MODE\=_LIBCPP_HARDENING_MODE_DEBUG -swift-version 6 -I /Users/admin/builder/spi-builder-workspace/.derivedData/Build/Products/Debug-appletvos -Isystem /Applications/Xcode-27.0.0-Release.Candidate.app/Contents/Developer/Platforms/AppleTVOS.platform/Developer/usr/lib -F /Users/admin/builder/spi-builder-workspace/.derivedData/Build/Products/Debug-appletvos/PackageFrameworks -F /Users/admin/builder/spi-builder-workspace/.derivedData/Build/Products/Debug-appletvos -F /Applications/Xcode-27.0.0-Release.Candidate.app/Contents/Developer/Platforms/AppleTVOS.platform/Developer/Library/Frameworks -F /Applications/Xcode-27.0.0-Release.Candidate.app/Contents/Developer/Platforms/AppleTVOS.platform/Developer/SDKs/AppleTVOS27.0.sdk/Developer/Library/Frameworks -c -j10 -enable-batch-mode -incremental -Xcc -ivfsstatcache -Xcc /Users/admin/builder/spi-builder-workspace/.derivedData/SDKStatCaches.noindex/appletvos27.0-24J360-e829b21a6f8c9b70876ba0858053c044b32bfd8d43560033f8d89884cdb90028.sdkstatcache -output-file-map /Users/admin/builder/spi-builder-workspace/.derivedData/Build/Intermediates.noindex/Tabman.build/Debug-appletvos/Tabman-t.build/Objects-normal/arm64/Tabman-OutputFileMap.json -save-temps -no-color-diagnostics -explicit-module-build -module-cache-path /Users/admin/builder/spi-builder-workspace/.derivedData/Build/Intermediates.noindex/SwiftExplicitPrecompiledModules -clang-scanner-module-cache-path /Users/admin/builder/spi-builder-workspace/.derivedData/ModuleCache.noindex -sdk-module-cache-path /Users/admin/builder/spi-builder-workspace/.derivedData/SDKExplicitPrecompiledModules -emit-dependencies -emit-module -emit-module-path /Users/admin/builder/spi-builder-workspace/.derivedData/Build/Intermediates.noindex/Tabman.build/Debug-appletvos/Tabman-t.build/Objects-normal/arm64/Tabman.swiftmodule -serialize-diagnostics -dependency-scan-serialize-diagnostics-path /Users/admin/builder/spi-builder-workspace/.derivedData/Build/Intermediates.noindex/Tabman.build/Debug-appletvos/Tabman-t.build/Objects-normal/arm64/Tabman-dependency-scan.dia -validate-clang-modules-once -clang-build-session-file /Users/admin/builder/spi-builder-workspace/.derivedData/ModuleCache.noindex/Session.modulevalidation -Xcc -fmodules-prune-interval\=86400 -Xcc -fmodules-prune-after\=345600 -package-name spi_builder_workspace -emit-const-values -const-gather-protocols-list /Users/admin/builder/spi-builder-workspace/.derivedData/Build/Intermediates.noindex/Tabman.build/Debug-appletvos/Tabman-t.build/Objects-normal/arm64/Tabman_const_extract_protocols.json -Xcc -I/Users/admin/builder/spi-builder-workspace/.derivedData/Build/Products/Debug-appletvos/include -Xcc -I/Users/admin/builder/spi-builder-workspace/.derivedData/Build/Intermediates.noindex/Tabman.build/Debug-appletvos/Tabman-t.build/DerivedSources-normal/arm64 -Xcc -I/Users/admin/builder/spi-builder-workspace/.derivedData/Build/Intermediates.noindex/Tabman.build/Debug-appletvos/Tabman-t.build/DerivedSources/arm64 -Xcc -I/Users/admin/builder/spi-builder-workspace/.derivedData/Build/Intermediates.noindex/Tabman.build/Debug-appletvos/Tabman-t.build/DerivedSources -Xcc -DSWIFT_PACKAGE -Xcc -DDEBUG\=1 -emit-objc-header -emit-objc-header-path /Users/admin/builder/spi-builder-workspace/.derivedData/Build/Intermediates.noindex/Tabman.build/Debug-appletvos/Tabman-t.build/Objects-normal/arm64/Tabman-Swift.h -working-directory /Users/admin/builder/spi-builder-workspace/.swiftpm/xcode -experimental-emit-module-separately -disable-cmo
SwiftCompile normal arm64 Compiling\ TableViewInsetCalculator.swift,\ InsetExecutor.swift,\ DefaultInsetStore.swift,\ InsetStore.swift,\ UIViewController+ScrollViewDetection.swift,\ TMBarBackgroundView.swift,\ TMBadgeView.swift /Users/admin/builder/spi-builder-workspace/Sources/Tabman/AutoInsetter/InsetCalculator/TableViewInsetCalculator.swift /Users/admin/builder/spi-builder-workspace/Sources/Tabman/AutoInsetter/InsetExecutor/InsetExecutor.swift /Users/admin/builder/spi-builder-workspace/Sources/Tabman/AutoInsetter/InsetStore/DefaultInsetStore.swift /Users/admin/builder/spi-builder-workspace/Sources/Tabman/AutoInsetter/InsetStore/InsetStore.swift /Users/admin/builder/spi-builder-workspace/Sources/Tabman/AutoInsetter/Utilities/UIViewController+ScrollViewDetection.swift /Users/admin/builder/spi-builder-workspace/Sources/Tabman/Bar/BarBackgroundView/TMBarBackgroundView.swift /Users/admin/builder/spi-builder-workspace/Sources/Tabman/Bar/BarButton/Badge/TMBadgeView.swift (in target 'Tabman' from project 'Tabman')
SwiftCompile normal arm64 /Users/admin/builder/spi-builder-workspace/Sources/Tabman/AutoInsetter/InsetCalculator/TableViewInsetCalculator.swift (in target 'Tabman' from project 'Tabman')
cd /Users/admin/builder/spi-builder-workspace/.swiftpm/xcode
builtin-SwiftPerFileCompile TableViewInsetCalculator.swift
SwiftCompile normal arm64 /Users/admin/builder/spi-builder-workspace/Sources/Tabman/AutoInsetter/InsetExecutor/InsetExecutor.swift (in target 'Tabman' from project 'Tabman')
cd /Users/admin/builder/spi-builder-workspace/.swiftpm/xcode
builtin-SwiftPerFileCompile InsetExecutor.swift
SwiftCompile normal arm64 /Users/admin/builder/spi-builder-workspace/Sources/Tabman/AutoInsetter/InsetStore/DefaultInsetStore.swift (in target 'Tabman' from project 'Tabman')
cd /Users/admin/builder/spi-builder-workspace/.swiftpm/xcode
builtin-SwiftPerFileCompile DefaultInsetStore.swift
SwiftCompile normal arm64 /Users/admin/builder/spi-builder-workspace/Sources/Tabman/AutoInsetter/InsetStore/InsetStore.swift (in target 'Tabman' from project 'Tabman')
cd /Users/admin/builder/spi-builder-workspace/.swiftpm/xcode
builtin-SwiftPerFileCompile InsetStore.swift
SwiftCompile normal arm64 /Users/admin/builder/spi-builder-workspace/Sources/Tabman/AutoInsetter/Utilities/UIViewController+ScrollViewDetection.swift (in target 'Tabman' from project 'Tabman')
cd /Users/admin/builder/spi-builder-workspace/.swiftpm/xcode
builtin-SwiftPerFileCompile UIViewController+ScrollViewDetection.swift
SwiftCompile normal arm64 /Users/admin/builder/spi-builder-workspace/Sources/Tabman/Bar/BarBackgroundView/TMBarBackgroundView.swift (in target 'Tabman' from project 'Tabman')
cd /Users/admin/builder/spi-builder-workspace/.swiftpm/xcode
builtin-SwiftPerFileCompile TMBarBackgroundView.swift
SwiftCompile normal arm64 /Users/admin/builder/spi-builder-workspace/Sources/Tabman/Bar/BarButton/Badge/TMBadgeView.swift (in target 'Tabman' from project 'Tabman')
cd /Users/admin/builder/spi-builder-workspace/.swiftpm/xcode
builtin-SwiftPerFileCompile TMBadgeView.swift
SwiftCompile normal arm64 Compiling\ TMBarIndicator+None.swift,\ TMBlockBarIndicator.swift,\ TMChevronBarIndicator.swift,\ TMDotBarIndicator.swift,\ TMLineBarIndicator.swift,\ TMBarItem.swift,\ UIKit+TMBarItemable.swift /Users/admin/builder/spi-builder-workspace/Sources/Tabman/Bar/BarIndicator/Types/TMBarIndicator+None.swift /Users/admin/builder/spi-builder-workspace/Sources/Tabman/Bar/BarIndicator/Types/TMBlockBarIndicator.swift /Users/admin/builder/spi-builder-workspace/Sources/Tabman/Bar/BarIndicator/Types/TMChevronBarIndicator.swift /Users/admin/builder/spi-builder-workspace/Sources/Tabman/Bar/BarIndicator/Types/TMDotBarIndicator.swift /Users/admin/builder/spi-builder-workspace/Sources/Tabman/Bar/BarIndicator/Types/TMLineBarIndicator.swift /Users/admin/builder/spi-builder-workspace/Sources/Tabman/Bar/BarItem/TMBarItem.swift /Users/admin/builder/spi-builder-workspace/Sources/Tabman/Bar/BarItem/UIKit+TMBarItemable.swift (in target 'Tabman' from project 'Tabman')
SwiftCompile normal arm64 /Users/admin/builder/spi-builder-workspace/Sources/Tabman/Bar/BarIndicator/Types/TMBarIndicator+None.swift (in target 'Tabman' from project 'Tabman')
cd /Users/admin/builder/spi-builder-workspace/.swiftpm/xcode
builtin-SwiftPerFileCompile TMBarIndicator+None.swift
SwiftCompile normal arm64 /Users/admin/builder/spi-builder-workspace/Sources/Tabman/Bar/BarIndicator/Types/TMBlockBarIndicator.swift (in target 'Tabman' from project 'Tabman')
cd /Users/admin/builder/spi-builder-workspace/.swiftpm/xcode
builtin-SwiftPerFileCompile TMBlockBarIndicator.swift
SwiftCompile normal arm64 /Users/admin/builder/spi-builder-workspace/Sources/Tabman/Bar/BarIndicator/Types/TMChevronBarIndicator.swift (in target 'Tabman' from project 'Tabman')
cd /Users/admin/builder/spi-builder-workspace/.swiftpm/xcode
builtin-SwiftPerFileCompile TMChevronBarIndicator.swift
SwiftCompile normal arm64 /Users/admin/builder/spi-builder-workspace/Sources/Tabman/Bar/BarIndicator/Types/TMDotBarIndicator.swift (in target 'Tabman' from project 'Tabman')
cd /Users/admin/builder/spi-builder-workspace/.swiftpm/xcode
builtin-SwiftPerFileCompile TMDotBarIndicator.swift
SwiftCompile normal arm64 /Users/admin/builder/spi-builder-workspace/Sources/Tabman/Bar/BarIndicator/Types/TMLineBarIndicator.swift (in target 'Tabman' from project 'Tabman')
cd /Users/admin/builder/spi-builder-workspace/.swiftpm/xcode
builtin-SwiftPerFileCompile TMLineBarIndicator.swift
SwiftCompile normal arm64 /Users/admin/builder/spi-builder-workspace/Sources/Tabman/Bar/BarItem/TMBarItem.swift (in target 'Tabman' from project 'Tabman')
cd /Users/admin/builder/spi-builder-workspace/.swiftpm/xcode
builtin-SwiftPerFileCompile TMBarItem.swift
SwiftCompile normal arm64 /Users/admin/builder/spi-builder-workspace/Sources/Tabman/Bar/BarItem/UIKit+TMBarItemable.swift (in target 'Tabman' from project 'Tabman')
cd /Users/admin/builder/spi-builder-workspace/.swiftpm/xcode
builtin-SwiftPerFileCompile UIKit+TMBarItemable.swift
SwiftCompile normal arm64 Compiling\ TMBarButton.swift,\ TMBarButtonCollection.swift,\ TMBarButtonController.swift,\ TMBarButtonInteractionController.swift,\ TMBarButtonStateController.swift,\ TMBarButton+None.swift,\ TMLabelBarButton.swift /Users/admin/builder/spi-builder-workspace/Sources/Tabman/Bar/BarButton/TMBarButton.swift /Users/admin/builder/spi-builder-workspace/Sources/Tabman/Bar/BarButton/TMBarButtonCollection.swift /Users/admin/builder/spi-builder-workspace/Sources/Tabman/Bar/BarButton/TMBarButtonController.swift /Users/admin/builder/spi-builder-workspace/Sources/Tabman/Bar/BarButton/TMBarButtonInteractionController.swift /Users/admin/builder/spi-builder-workspace/Sources/Tabman/Bar/BarButton/TMBarButtonStateController.swift /Users/admin/builder/spi-builder-workspace/Sources/Tabman/Bar/BarButton/Types/TMBarButton+None.swift /Users/admin/builder/spi-builder-workspace/Sources/Tabman/Bar/BarButton/Types/TMLabelBarButton.swift (in target 'Tabman' from project 'Tabman')
SwiftCompile normal arm64 /Users/admin/builder/spi-builder-workspace/Sources/Tabman/Bar/BarButton/TMBarButton.swift (in target 'Tabman' from project 'Tabman')
cd /Users/admin/builder/spi-builder-workspace/.swiftpm/xcode
builtin-SwiftPerFileCompile TMBarButton.swift
SwiftCompile normal arm64 /Users/admin/builder/spi-builder-workspace/Sources/Tabman/Bar/BarButton/TMBarButtonCollection.swift (in target 'Tabman' from project 'Tabman')
cd /Users/admin/builder/spi-builder-workspace/.swiftpm/xcode
builtin-SwiftPerFileCompile TMBarButtonCollection.swift
SwiftCompile normal arm64 /Users/admin/builder/spi-builder-workspace/Sources/Tabman/Bar/BarButton/TMBarButtonController.swift (in target 'Tabman' from project 'Tabman')
cd /Users/admin/builder/spi-builder-workspace/.swiftpm/xcode
builtin-SwiftPerFileCompile TMBarButtonController.swift
SwiftCompile normal arm64 /Users/admin/builder/spi-builder-workspace/Sources/Tabman/Bar/BarButton/TMBarButtonInteractionController.swift (in target 'Tabman' from project 'Tabman')
cd /Users/admin/builder/spi-builder-workspace/.swiftpm/xcode
builtin-SwiftPerFileCompile TMBarButtonInteractionController.swift
SwiftCompile normal arm64 /Users/admin/builder/spi-builder-workspace/Sources/Tabman/Bar/BarButton/TMBarButtonStateController.swift (in target 'Tabman' from project 'Tabman')
cd /Users/admin/builder/spi-builder-workspace/.swiftpm/xcode
builtin-SwiftPerFileCompile TMBarButtonStateController.swift
SwiftCompile normal arm64 /Users/admin/builder/spi-builder-workspace/Sources/Tabman/Bar/BarButton/Types/TMBarButton+None.swift (in target 'Tabman' from project 'Tabman')
cd /Users/admin/builder/spi-builder-workspace/.swiftpm/xcode
builtin-SwiftPerFileCompile TMBarButton+None.swift
SwiftCompile normal arm64 /Users/admin/builder/spi-builder-workspace/Sources/Tabman/Bar/BarButton/Types/TMLabelBarButton.swift (in target 'Tabman' from project 'Tabman')
cd /Users/admin/builder/spi-builder-workspace/.swiftpm/xcode
builtin-SwiftPerFileCompile TMLabelBarButton.swift
SwiftCompile normal arm64 Compiling\ TMTabItemBarButton.swift,\ TMHidingBar+Triggers.swift,\ TMHidingBar.swift,\ TMSystemBar.swift,\ TMBarIndicator.swift,\ TMBarIndicatorContainer.swift,\ TMBarIndicatorLayoutHandler.swift /Users/admin/builder/spi-builder-workspace/Sources/Tabman/Bar/BarButton/Types/TMTabItemBarButton.swift /Users/admin/builder/spi-builder-workspace/Sources/Tabman/Bar/BarExtensions/AutoHidingBar/TMHidingBar+Triggers.swift /Users/admin/builder/spi-builder-workspace/Sources/Tabman/Bar/BarExtensions/AutoHidingBar/TMHidingBar.swift /Users/admin/builder/spi-builder-workspace/Sources/Tabman/Bar/BarExtensions/SystemBar/TMSystemBar.swift /Users/admin/builder/spi-builder-workspace/Sources/Tabman/Bar/BarIndicator/TMBarIndicator.swift /Users/admin/builder/spi-builder-workspace/Sources/Tabman/Bar/BarIndicator/TMBarIndicatorContainer.swift /Users/admin/builder/spi-builder-workspace/Sources/Tabman/Bar/BarIndicator/TMBarIndicatorLayoutHandler.swift (in target 'Tabman' from project 'Tabman')
/Users/admin/builder/spi-builder-workspace/Sources/Tabman/Bar/BarButton/Types/TMTabItemBarButton.swift:209:60: error: 'UIDeviceOrientation' is unavailable in tvOS
207 | // MARK: Layout
208 |
209 | private func makeComponentConstraints(for orientation: UIDeviceOrientation) {
| `- error: 'UIDeviceOrientation' is unavailable in tvOS
210 | guard let parent = container.superview else {
211 | return
/Applications/Xcode-27.0.0-Release.Candidate.app/Contents/Developer/Platforms/AppleTVOS.platform/Developer/SDKs/AppleTVOS27.0.sdk/System/Library/Frameworks/UIKit.framework/Headers/UIOrientation.h:13:28: note: 'UIDeviceOrientation' has been explicitly marked unavailable here
11 | NS_HEADER_AUDIT_BEGIN(nullability, sendability)
12 |
13 | typedef NS_ENUM(NSInteger, UIDeviceOrientation) {
| `- note: 'UIDeviceOrientation' has been explicitly marked unavailable here
14 | UIDeviceOrientationUnknown,
15 | UIDeviceOrientationPortrait, // Device oriented vertically, home button on the bottom
/Users/admin/builder/spi-builder-workspace/Sources/Tabman/Bar/BarButton/Types/TMTabItemBarButton.swift:112:60: error: 'orientation' is unavailable in tvOS
110 | // Tabman mimics this here.
111 | if #available(iOS 13, *) {
112 | makeComponentConstraints(for: UIDevice.current.orientation)
| `- error: 'orientation' is unavailable in tvOS
113 | }
114 | }
/Applications/Xcode-27.0.0-Release.Candidate.app/Contents/Developer/Platforms/AppleTVOS.platform/Developer/SDKs/AppleTVOS27.0.sdk/System/Library/Frameworks/UIKit.framework/Headers/UIDevice.h:44:51: note: 'orientation' has been explicitly marked unavailable here
42 | @property(nonatomic,readonly,strong) NSString *systemName; // e.g. @"iOS"
43 | @property(nonatomic,readonly,strong) NSString *systemVersion; // e.g. @"4.0"
44 | @property(nonatomic,readonly) UIDeviceOrientation orientation API_UNAVAILABLE(tvos, visionos); // return current device orientation. this will return UIDeviceOrientationUnknown unless device orientation notifications are being generated.
| `- note: 'orientation' has been explicitly marked unavailable here
45 |
46 | @property(nullable, nonatomic,readonly,strong) NSUUID *identifierForVendor API_AVAILABLE(ios(6.0)); // a UUID that may be used to uniquely identify the device, same across apps from a single vendor.
/Users/admin/builder/spi-builder-workspace/Sources/Tabman/Bar/BarButton/Types/TMTabItemBarButton.swift:157:56: error: 'orientation' is unavailable in tvOS
155 | open override func traitCollectionDidChange(_ previousTraitCollection: UITraitCollection?) {
156 | super.traitCollectionDidChange(previousTraitCollection)
157 | makeComponentConstraints(for: UIDevice.current.orientation)
| `- error: 'orientation' is unavailable in tvOS
158 |
159 | UIView.performWithoutAnimation {
/Applications/Xcode-27.0.0-Release.Candidate.app/Contents/Developer/Platforms/AppleTVOS.platform/Developer/SDKs/AppleTVOS27.0.sdk/System/Library/Frameworks/UIKit.framework/Headers/UIDevice.h:44:51: note: 'orientation' has been explicitly marked unavailable here
42 | @property(nonatomic,readonly,strong) NSString *systemName; // e.g. @"iOS"
43 | @property(nonatomic,readonly,strong) NSString *systemVersion; // e.g. @"4.0"
44 | @property(nonatomic,readonly) UIDeviceOrientation orientation API_UNAVAILABLE(tvos, visionos); // return current device orientation. this will return UIDeviceOrientationUnknown unless device orientation notifications are being generated.
| `- note: 'orientation' has been explicitly marked unavailable here
45 |
46 | @property(nullable, nonatomic,readonly,strong) NSUUID *identifierForVendor API_AVAILABLE(ios(6.0)); // a UUID that may be used to uniquely identify the device, same across apps from a single vendor.
/Users/admin/builder/spi-builder-workspace/Sources/Tabman/Bar/BarButton/Types/TMTabItemBarButton.swift:220:24: error: 'isLandscape' is unavailable in tvOS
218 | // Translates to: Landscape || iPad
219 | // Tab views will be aligned horizontally.
220 | if orientation.isLandscape || traitCollection.horizontalSizeClass == .regular {
| `- error: 'isLandscape' is unavailable in tvOS
221 |
222 | let imagePadding = traitCollection.horizontalSizeClass == .compact ? Defaults.imagePadding / 2 : Defaults.imagePadding
UIKit.UIDeviceOrientation.isLandscape:3:14: note: 'isLandscape' has been explicitly marked unavailable here
1 | enum UIDeviceOrientation {
2 | @available(tvOS, unavailable)
3 | public var isLandscape: Bool { get }}
| `- note: 'isLandscape' has been explicitly marked unavailable here
4 |
/Users/admin/builder/spi-builder-workspace/Sources/Tabman/Bar/BarExtensions/SystemBar/TMSystemBar.swift:77:45: error: 'systemMaterial' is unavailable in tvOS
75 |
76 | if #available(iOS 13, *) {
77 | backgroundStyle = .blur(style: .systemMaterial)
| `- error: 'systemMaterial' is unavailable in tvOS
78 | } else {
79 | backgroundStyle = .blur(style: .extraLight)
UIKit.UIBlurEffect.Style.systemMaterial:4:10: note: 'systemMaterial' has been explicitly marked unavailable here
2 | enum Style {
3 | @available(tvOS, unavailable)
4 | case systemMaterial }
| `- note: 'systemMaterial' has been explicitly marked unavailable here
5 | }
6 |
Failed frontend command:
/Applications/Xcode-27.0.0-Release.Candidate.app/Contents/Developer/Toolchains/XcodeDefault.xctoolchain/usr/bin/swift-frontend -frontend -c /Users/admin/builder/spi-builder-workspace/.derivedData/Build/Intermediates.noindex/Tabman.build/Debug-appletvos/Tabman-t.build/DerivedSources/resource_bundle_accessor.swift /Users/admin/builder/spi-builder-workspace/Sources/Tabman/AutoInsetter/AutoInsetSpec.swift /Users/admin/builder/spi-builder-workspace/Sources/Tabman/AutoInsetter/AutoInsetter.swift /Users/admin/builder/spi-builder-workspace/Sources/Tabman/AutoInsetter/InsetCalculator/CollectionViewInsetCalculator.swift /Users/admin/builder/spi-builder-workspace/Sources/Tabman/AutoInsetter/InsetCalculator/InsetCalculations.swift /Users/admin/builder/spi-builder-workspace/Sources/Tabman/AutoInsetter/InsetCalculator/InsetCalculator.swift /Users/admin/builder/spi-builder-workspace/Sources/Tabman/AutoInsetter/InsetCalculator/ScrollViewInsetCalculator.swift /Users/admin/builder/spi-builder-workspace/Sources/Tabman/AutoInsetter/InsetCalculator/TableViewInsetCalculator.swift /Users/admin/builder/spi-builder-workspace/Sources/Tabman/AutoInsetter/InsetExecutor/InsetExecutor.swift /Users/admin/builder/spi-builder-workspace/Sources/Tabman/AutoInsetter/InsetStore/DefaultInsetStore.swift /Users/admin/builder/spi-builder-workspace/Sources/Tabman/AutoInsetter/InsetStore/InsetStore.swift /Users/admin/builder/spi-builder-workspace/Sources/Tabman/AutoInsetter/Utilities/UIViewController+ScrollViewDetection.swift /Users/admin/builder/spi-builder-workspace/Sources/Tabman/Bar/BarBackgroundView/TMBarBackgroundView.swift /Users/admin/builder/spi-builder-workspace/Sources/Tabman/Bar/BarButton/Badge/TMBadgeView.swift /Users/admin/builder/spi-builder-workspace/Sources/Tabman/Bar/BarButton/TMBarButton.swift /Users/admin/builder/spi-builder-workspace/Sources/Tabman/Bar/BarButton/TMBarButtonCollection.swift /Users/admin/builder/spi-builder-workspace/Sources/Tabman/Bar/BarButton/TMBarButtonController.swift /Users/admin/builder/spi-builder-workspace/Sources/Tabman/Bar/BarButton/TMBarButtonInteractionController.swift /Users/admin/builder/spi-builder-workspace/Sources/Tabman/Bar/BarButton/TMBarButtonStateController.swift /Users/admin/builder/spi-builder-workspace/Sources/Tabman/Bar/BarButton/Types/TMBarButton+None.swift /Users/admin/builder/spi-builder-workspace/Sources/Tabman/Bar/BarButton/Types/TMLabelBarButton.swift -primary-file /Users/admin/builder/spi-builder-workspace/Sources/Tabman/Bar/BarButton/Types/TMTabItemBarButton.swift -primary-file /Users/admin/builder/spi-builder-workspace/Sources/Tabman/Bar/BarExtensions/AutoHidingBar/TMHidingBar+Triggers.swift -primary-file /Users/admin/builder/spi-builder-workspace/Sources/Tabman/Bar/BarExtensions/AutoHidingBar/TMHidingBar.swift -primary-file /Users/admin/builder/spi-builder-workspace/Sources/Tabman/Bar/BarExtensions/SystemBar/TMSystemBar.swift -primary-file /Users/admin/builder/spi-builder-workspace/Sources/Tabman/Bar/BarIndicator/TMBarIndicator.swift -primary-file /Users/admin/builder/spi-builder-workspace/Sources/Tabman/Bar/BarIndicator/TMBarIndicatorContainer.swift -primary-file /Users/admin/builder/spi-builder-workspace/Sources/Tabman/Bar/BarIndicator/TMBarIndicatorLayoutHandler.swift /Users/admin/builder/spi-builder-workspace/Sources/Tabman/Bar/BarIndicator/Types/TMBarIndicator+None.swift /Users/admin/builder/spi-builder-workspace/Sources/Tabman/Bar/BarIndicator/Types/TMBlockBarIndicator.swift /Users/admin/builder/spi-builder-workspace/Sources/Tabman/Bar/BarIndicator/Types/TMChevronBarIndicator.swift /Users/admin/builder/spi-builder-workspace/Sources/Tabman/Bar/BarIndicator/Types/TMDotBarIndicator.swift /Users/admin/builder/spi-builder-workspace/Sources/Tabman/Bar/BarIndicator/Types/TMLineBarIndicator.swift /Users/admin/builder/spi-builder-workspace/Sources/Tabman/Bar/BarItem/TMBarItem.swift /Users/admin/builder/spi-builder-workspace/Sources/Tabman/Bar/BarItem/UIKit+TMBarItemable.swift /Users/admin/builder/spi-builder-workspace/Sources/Tabman/Bar/BarLayout/TMBarLayout.swift /Users/admin/builder/spi-builder-workspace/Sources/Tabman/Bar/BarLayout/TMBarLayoutInsetGuides.swift /Users/admin/builder/spi-builder-workspace/Sources/Tabman/Bar/BarLayout/TMBarLayoutParent.swift /Users/admin/builder/spi-builder-workspace/Sources/Tabman/Bar/BarLayout/Types/TMBarLayout+None.swift /Users/admin/builder/spi-builder-workspace/Sources/Tabman/Bar/BarLayout/Types/TMConstrainedHorizontalBarLayout.swift /Users/admin/builder/spi-builder-workspace/Sources/Tabman/Bar/BarLayout/Types/TMHorizontalBarLayout+Separator.swift /Users/admin/builder/spi-builder-workspace/Sources/Tabman/Bar/BarLayout/Types/TMHorizontalBarLayout.swift /Users/admin/builder/spi-builder-workspace/Sources/Tabman/Bar/BarView/TMBarView.swift /Users/admin/builder/spi-builder-workspace/Sources/Tabman/Bar/BarView/TMBarViewContentInsetGuides.swift /Users/admin/builder/spi-builder-workspace/Sources/Tabman/Bar/BarView/TMBarViewFocusProvider.swift /Users/admin/builder/spi-builder-workspace/Sources/Tabman/Bar/BarView/TMBarViewFocusRect.swift /Users/admin/builder/spi-builder-workspace/Sources/Tabman/Bar/BarView/TMBarViewLayoutGrid.swift /Users/admin/builder/spi-builder-workspace/Sources/Tabman/Bar/BarView/TMBarViewScrollHandler.swift /Users/admin/builder/spi-builder-workspace/Sources/Tabman/Bar/BarView/TMBarViewUpdateHandler.swift /Users/admin/builder/spi-builder-workspace/Sources/Tabman/Bar/Extensions/CGRect+Interpolation.swift /Users/admin/builder/spi-builder-workspace/Sources/Tabman/Bar/Extensions/UIColor+Interpolation.swift /Users/admin/builder/spi-builder-workspace/Sources/Tabman/Bar/Generic/AnimateableLabel.swift /Users/admin/builder/spi-builder-workspace/Sources/Tabman/Bar/Generic/EdgeFadedView.swift /Users/admin/builder/spi-builder-workspace/Sources/Tabman/Bar/Generic/GestureScrollView.swift /Users/admin/builder/spi-builder-workspace/Sources/Tabman/Bar/Generic/ViewTitleViewContainer.swift /Users/admin/builder/spi-builder-workspace/Sources/Tabman/Bar/TMAnimation.swift /Users/admin/builder/spi-builder-workspace/Sources/Tabman/Bar/TMBar+Templates.swift /Users/admin/builder/spi-builder-workspace/Sources/Tabman/Bar/TMBar.swift /Users/admin/builder/spi-builder-workspace/Sources/Tabman/Bar/TMTransition.swift /Users/admin/builder/spi-builder-workspace/Sources/Tabman/Bar/Utility/BarMath.swift /Users/admin/builder/spi-builder-workspace/Sources/Tabman/Bar/Utility/WeakContainer.swift /Users/admin/builder/spi-builder-workspace/Sources/Tabman/Extensions/PageboyNavigationDirection+Tabman.swift /Users/admin/builder/spi-builder-workspace/Sources/Tabman/Extensions/PageboyViewController+RelativeCurrentPosition.swift /Users/admin/builder/spi-builder-workspace/Sources/Tabman/Extensions/UIView+LayoutGuide.swift /Users/admin/builder/spi-builder-workspace/Sources/Tabman/Extensions/UIViewController+Tabman.swift /Users/admin/builder/spi-builder-workspace/Sources/Tabman/TabmanViewController+Insets.swift /Users/admin/builder/spi-builder-workspace/Sources/Tabman/TabmanViewController.swift -supplementary-output-file-map /Users/admin/builder/spi-builder-workspace/.derivedData/Build/Intermediates.noindex/Tabman.build/Debug-appletvos/Tabman-t.build/Objects-normal/arm64/supplementaryOutputs-4 -target arm64-apple-tvos15.0 -disable-cross-import-overlay-search -load-resolved-plugin /Applications/Xcode-27.0.0-Release.Candidate.app/Contents/Developer/Platforms/AppleTVOS.platform/Developer/usr/lib/swift/host/plugins/libFoundationMacros.dylib\#/Applications/Xcode-27.0.0-Release.Candidate.app/Contents/Developer/Platforms/AppleTVOS.platform/Developer/usr/bin/swift-plugin-server\#FoundationMacros -load-resolved-plugin /Applications/Xcode-27.0.0-Release.Candidate.app/Contents/Developer/Platforms/AppleTVOS.platform/Developer/usr/lib/swift/host/plugins/libObservationMacros.dylib\#/Applications/Xcode-27.0.0-Release.Candidate.app/Contents/Developer/Platforms/AppleTVOS.platform/Developer/usr/bin/swift-plugin-server\#ObservationMacros -load-resolved-plugin /Applications/Xcode-27.0.0-Release.Candidate.app/Contents/Developer/Platforms/AppleTVOS.platform/Developer/usr/lib/swift/host/plugins/libPreviewsMacros.dylib\#/Applications/Xcode-27.0.0-Release.Candidate.app/Contents/Developer/Platforms/AppleTVOS.platform/Developer/usr/bin/swift-plugin-server\#PreviewsMacros -load-resolved-plugin /Applications/Xcode-27.0.0-Release.Candidate.app/Contents/Developer/Platforms/AppleTVOS.platform/Developer/usr/lib/swift/host/plugins/libSwiftMacros.dylib\#/Applications/Xcode-27.0.0-Release.Candidate.app/Contents/Developer/Platforms/AppleTVOS.platform/Developer/usr/bin/swift-plugin-server\#SwiftMacros -load-resolved-plugin /Applications/Xcode-27.0.0-Release.Candidate.app/Contents/Developer/Platforms/AppleTVOS.platform/Developer/usr/lib/swift/host/plugins/libSwiftUIMacros.dylib\#/Applications/Xcode-27.0.0-Release.Candidate.app/Contents/Developer/Platforms/AppleTVOS.platform/Developer/usr/bin/swift-plugin-server\#SwiftUIMacros -disable-implicit-swift-modules -Xcc -fno-implicit-modules -Xcc -fno-implicit-module-maps -explicit-swift-module-map-file /Users/admin/builder/spi-builder-workspace/.derivedData/Build/Intermediates.noindex/Tabman.build/Debug-appletvos/Tabman-t.build/Objects-normal/arm64/Tabman-dependencies-1.json -Xllvm -aarch64-use-tbi -enable-objc-interop -stack-check -sdk /Applications/Xcode-27.0.0-Release.Candidate.app/Contents/Developer/Platforms/AppleTVOS.platform/Developer/SDKs/AppleTVOS27.0.sdk -I /Users/admin/builder/spi-builder-workspace/.derivedData/Build/Products/Debug-appletvos -Isystem /Applications/Xcode-27.0.0-Release.Candidate.app/Contents/Developer/Platforms/AppleTVOS.platform/Developer/usr/lib -F /Users/admin/builder/spi-builder-workspace/.derivedData/Build/Products/Debug-appletvos/PackageFrameworks -F /Users/admin/builder/spi-builder-workspace/.derivedData/Build/Products/Debug-appletvos -F /Applications/Xcode-27.0.0-Release.Candidate.app/Contents/Developer/Platforms/AppleTVOS.platform/Developer/Library/Frameworks -F /Applications/Xcode-27.0.0-Release.Candidate.app/Contents/Developer/Platforms/AppleTVOS.platform/Developer/SDKs/AppleTVOS27.0.sdk/Developer/Library/Frameworks -module-cache-path /Users/admin/builder/spi-builder-workspace/.derivedData/Build/Intermediates.noindex/SwiftExplicitPrecompiledModules -no-color-diagnostics -Xcc -fno-color-diagnostics -enable-testing -g -debug-info-format\=dwarf -dwarf-version\=4 -profile-generate -profile-coverage-mapping -swift-version 6 -Onone -D SWIFT_PACKAGE -D DEBUG -D SWIFT_MODULE_RESOURCE_BUNDLE_AVAILABLE -D Xcode -serialize-debugging-options -enable-experimental-feature DebugDescriptionMacro -empty-abi-descriptor -validate-clang-modules-once -clang-build-session-file /Users/admin/builder/spi-builder-workspace/.derivedData/ModuleCache.noindex/Session.modulevalidation -Xcc -working-directory -Xcc /Users/admin/builder/spi-builder-workspace/.swiftpm/xcode -enable-anonymous-context-mangled-names -file-compilation-dir /Users/admin/builder/spi-builder-workspace/.swiftpm/xcode -Xcc -D_LIBCPP_HARDENING_MODE\=_LIBCPP_HARDENING_MODE_DEBUG -Xcc -ivfsstatcache -Xcc /Users/admin/builder/spi-builder-workspace/.derivedData/SDKStatCaches.noindex/appletvos27.0-24J360-e829b21a6f8c9b70876ba0858053c044b32bfd8d43560033f8d89884cdb90028.sdkstatcache -Xcc -fmodules-prune-interval\=86400 -Xcc -fmodules-prune-after\=345600 -Xcc -I/Users/admin/builder/spi-builder-workspace/.derivedData/Build/Products/Debug-appletvos/include -Xcc -I/Users/admin/builder/spi-builder-workspace/.derivedData/Build/Intermediates.noindex/Tabman.build/Debug-appletvos/Tabman-t.build/DerivedSources-normal/arm64 -Xcc -I/Users/admin/builder/spi-builder-workspace/.derivedData/Build/Intermediates.noindex/Tabman.build/Debug-appletvos/Tabman-t.build/DerivedSources/arm64 -Xcc -I/Users/admin/builder/spi-builder-workspace/.derivedData/Build/Intermediates.noindex/Tabman.build/Debug-appletvos/Tabman-t.build/DerivedSources -Xcc -DSWIFT_PACKAGE -Xcc -DDEBUG\=1 -no-auto-bridging-header-chaining -module-name Tabman -package-name spi_builder_workspace -const-gather-protocols-file /Users/admin/builder/spi-builder-workspace/.derivedData/Build/Intermediates.noindex/Tabman.build/Debug-appletvos/Tabman-t.build/Objects-normal/arm64/Tabman_const_extract_protocols.json -disable-clang-spi -clang-target arm64-apple-tvos27.0 -target-sdk-version 27.0 -target-sdk-name appletvos27.0 -in-process-plugin-server-path /Applications/Xcode-27.0.0-Release.Candidate.app/Contents/Developer/Toolchains/XcodeDefault.xctoolchain/usr/lib/swift/host/libSwiftInProcPluginServer.dylib -parse-as-library -o /Users/admin/builder/spi-builder-workspace/.derivedData/Build/Intermediates.noindex/Tabman.build/Debug-appletvos/Tabman-t.build/Objects-normal/arm64/TMTabItemBarButton.o -o /Users/admin/builder/spi-builder-workspace/.derivedData/Build/Intermediates.noindex/Tabman.build/Debug-appletvos/Tabman-t.build/Objects-normal/arm64/TMHidingBar+Triggers.o -o /Users/admin/builder/spi-builder-workspace/.derivedData/Build/Intermediates.noindex/Tabman.build/Debug-appletvos/Tabman-t.build/Objects-normal/arm64/TMHidingBar.o -o /Users/admin/builder/spi-builder-workspace/.derivedData/Build/Intermediates.noindex/Tabman.build/Debug-appletvos/Tabman-t.build/Objects-normal/arm64/TMSystemBar.o -o /Users/admin/builder/spi-builder-workspace/.derivedData/Build/Intermediates.noindex/Tabman.build/Debug-appletvos/Tabman-t.build/Objects-normal/arm64/TMBarIndicator.o -o /Users/admin/builder/spi-builder-workspace/.derivedData/Build/Intermediates.noindex/Tabman.build/Debug-appletvos/Tabman-t.build/Objects-normal/arm64/TMBarIndicatorContainer.o -o /Users/admin/builder/spi-builder-workspace/.derivedData/Build/Intermediates.noindex/Tabman.build/Debug-appletvos/Tabman-t.build/Objects-normal/arm64/TMBarIndicatorLayoutHandler.o -debug-module-path /Users/admin/builder/spi-builder-workspace/.derivedData/Build/Intermediates.noindex/Tabman.build/Debug-appletvos/Tabman-t.build/Objects-normal/arm64/Tabman.swiftmodule -index-unit-output-path /Tabman.build/Debug-appletvos/Tabman-t.build/Objects-normal/arm64/TMTabItemBarButton.o -index-unit-output-path /Tabman.build/Debug-appletvos/Tabman-t.build/Objects-normal/arm64/TMHidingBar+Triggers.o -index-unit-output-path /Tabman.build/Debug-appletvos/Tabman-t.build/Objects-normal/arm64/TMHidingBar.o -index-unit-output-path /Tabman.build/Debug-appletvos/Tabman-t.build/Objects-normal/arm64/TMSystemBar.o -index-unit-output-path /Tabman.build/Debug-appletvos/Tabman-t.build/Objects-normal/arm64/TMBarIndicator.o -index-unit-output-path /Tabman.build/Debug-appletvos/Tabman-t.build/Objects-normal/arm64/TMBarIndicatorContainer.o -index-unit-output-path /Tabman.build/Debug-appletvos/Tabman-t.build/Objects-normal/arm64/TMBarIndicatorLayoutHandler.o -index-store-path /Users/admin/builder/spi-builder-workspace/.derivedData/Index.noindex/DataStore -index-system-modules
SwiftCompile normal arm64 /Users/admin/builder/spi-builder-workspace/Sources/Tabman/Bar/BarButton/Types/TMTabItemBarButton.swift (in target 'Tabman' from project 'Tabman')
cd /Users/admin/builder/spi-builder-workspace/.swiftpm/xcode
builtin-SwiftPerFileCompile TMTabItemBarButton.swift
SwiftCompile normal arm64 /Users/admin/builder/spi-builder-workspace/Sources/Tabman/Bar/BarExtensions/AutoHidingBar/TMHidingBar+Triggers.swift (in target 'Tabman' from project 'Tabman')
cd /Users/admin/builder/spi-builder-workspace/.swiftpm/xcode
builtin-SwiftPerFileCompile TMHidingBar+Triggers.swift
SwiftCompile normal arm64 /Users/admin/builder/spi-builder-workspace/Sources/Tabman/Bar/BarExtensions/AutoHidingBar/TMHidingBar.swift (in target 'Tabman' from project 'Tabman')
cd /Users/admin/builder/spi-builder-workspace/.swiftpm/xcode
builtin-SwiftPerFileCompile TMHidingBar.swift
SwiftCompile normal arm64 /Users/admin/builder/spi-builder-workspace/Sources/Tabman/Bar/BarExtensions/SystemBar/TMSystemBar.swift (in target 'Tabman' from project 'Tabman')
cd /Users/admin/builder/spi-builder-workspace/.swiftpm/xcode
builtin-SwiftPerFileCompile TMSystemBar.swift
SwiftCompile normal arm64 /Users/admin/builder/spi-builder-workspace/Sources/Tabman/Bar/BarIndicator/TMBarIndicator.swift (in target 'Tabman' from project 'Tabman')
cd /Users/admin/builder/spi-builder-workspace/.swiftpm/xcode
builtin-SwiftPerFileCompile TMBarIndicator.swift
SwiftCompile normal arm64 /Users/admin/builder/spi-builder-workspace/Sources/Tabman/Bar/BarIndicator/TMBarIndicatorContainer.swift (in target 'Tabman' from project 'Tabman')
cd /Users/admin/builder/spi-builder-workspace/.swiftpm/xcode
builtin-SwiftPerFileCompile TMBarIndicatorContainer.swift
SwiftCompile normal arm64 /Users/admin/builder/spi-builder-workspace/Sources/Tabman/Bar/BarIndicator/TMBarIndicatorLayoutHandler.swift (in target 'Tabman' from project 'Tabman')
cd /Users/admin/builder/spi-builder-workspace/.swiftpm/xcode
builtin-SwiftPerFileCompile TMBarIndicatorLayoutHandler.swift
SwiftCompile normal arm64 Compiling\ resource_bundle_accessor.swift,\ AutoInsetSpec.swift,\ AutoInsetter.swift,\ CollectionViewInsetCalculator.swift,\ InsetCalculations.swift,\ InsetCalculator.swift,\ ScrollViewInsetCalculator.swift /Users/admin/builder/spi-builder-workspace/.derivedData/Build/Intermediates.noindex/Tabman.build/Debug-appletvos/Tabman-t.build/DerivedSources/resource_bundle_accessor.swift /Users/admin/builder/spi-builder-workspace/Sources/Tabman/AutoInsetter/AutoInsetSpec.swift /Users/admin/builder/spi-builder-workspace/Sources/Tabman/AutoInsetter/AutoInsetter.swift /Users/admin/builder/spi-builder-workspace/Sources/Tabman/AutoInsetter/InsetCalculator/CollectionViewInsetCalculator.swift /Users/admin/builder/spi-builder-workspace/Sources/Tabman/AutoInsetter/InsetCalculator/InsetCalculations.swift /Users/admin/builder/spi-builder-workspace/Sources/Tabman/AutoInsetter/InsetCalculator/InsetCalculator.swift /Users/admin/builder/spi-builder-workspace/Sources/Tabman/AutoInsetter/InsetCalculator/ScrollViewInsetCalculator.swift (in target 'Tabman' from project 'Tabman')
SwiftCompile normal arm64 /Users/admin/builder/spi-builder-workspace/.derivedData/Build/Intermediates.noindex/Tabman.build/Debug-appletvos/Tabman-t.build/DerivedSources/resource_bundle_accessor.swift (in target 'Tabman' from project 'Tabman')
cd /Users/admin/builder/spi-builder-workspace/.swiftpm/xcode
builtin-SwiftPerFileCompile resource_bundle_accessor.swift
SwiftCompile normal arm64 /Users/admin/builder/spi-builder-workspace/Sources/Tabman/AutoInsetter/AutoInsetSpec.swift (in target 'Tabman' from project 'Tabman')
cd /Users/admin/builder/spi-builder-workspace/.swiftpm/xcode
builtin-SwiftPerFileCompile AutoInsetSpec.swift
SwiftCompile normal arm64 /Users/admin/builder/spi-builder-workspace/Sources/Tabman/AutoInsetter/AutoInsetter.swift (in target 'Tabman' from project 'Tabman')
cd /Users/admin/builder/spi-builder-workspace/.swiftpm/xcode
builtin-SwiftPerFileCompile AutoInsetter.swift
SwiftCompile normal arm64 /Users/admin/builder/spi-builder-workspace/Sources/Tabman/AutoInsetter/InsetCalculator/CollectionViewInsetCalculator.swift (in target 'Tabman' from project 'Tabman')
cd /Users/admin/builder/spi-builder-workspace/.swiftpm/xcode
builtin-SwiftPerFileCompile CollectionViewInsetCalculator.swift
SwiftCompile normal arm64 /Users/admin/builder/spi-builder-workspace/Sources/Tabman/AutoInsetter/InsetCalculator/InsetCalculations.swift (in target 'Tabman' from project 'Tabman')
cd /Users/admin/builder/spi-builder-workspace/.swiftpm/xcode
builtin-SwiftPerFileCompile InsetCalculations.swift
SwiftCompile normal arm64 /Users/admin/builder/spi-builder-workspace/Sources/Tabman/AutoInsetter/InsetCalculator/InsetCalculator.swift (in target 'Tabman' from project 'Tabman')
cd /Users/admin/builder/spi-builder-workspace/.swiftpm/xcode
builtin-SwiftPerFileCompile InsetCalculator.swift
SwiftCompile normal arm64 /Users/admin/builder/spi-builder-workspace/Sources/Tabman/AutoInsetter/InsetCalculator/ScrollViewInsetCalculator.swift (in target 'Tabman' from project 'Tabman')
cd /Users/admin/builder/spi-builder-workspace/.swiftpm/xcode
builtin-SwiftPerFileCompile ScrollViewInsetCalculator.swift
SwiftCompile normal arm64 Compiling\ TMBarView.swift,\ TMBarViewContentInsetGuides.swift,\ TMBarViewFocusProvider.swift,\ TMBarViewFocusRect.swift,\ TMBarViewLayoutGrid.swift,\ TMBarViewScrollHandler.swift,\ TMBarViewUpdateHandler.swift /Users/admin/builder/spi-builder-workspace/Sources/Tabman/Bar/BarView/TMBarView.swift /Users/admin/builder/spi-builder-workspace/Sources/Tabman/Bar/BarView/TMBarViewContentInsetGuides.swift /Users/admin/builder/spi-builder-workspace/Sources/Tabman/Bar/BarView/TMBarViewFocusProvider.swift /Users/admin/builder/spi-builder-workspace/Sources/Tabman/Bar/BarView/TMBarViewFocusRect.swift /Users/admin/builder/spi-builder-workspace/Sources/Tabman/Bar/BarView/TMBarViewLayoutGrid.swift /Users/admin/builder/spi-builder-workspace/Sources/Tabman/Bar/BarView/TMBarViewScrollHandler.swift /Users/admin/builder/spi-builder-workspace/Sources/Tabman/Bar/BarView/TMBarViewUpdateHandler.swift (in target 'Tabman' from project 'Tabman')
SwiftCompile normal arm64 /Users/admin/builder/spi-builder-workspace/Sources/Tabman/Bar/BarView/TMBarView.swift (in target 'Tabman' from project 'Tabman')
cd /Users/admin/builder/spi-builder-workspace/.swiftpm/xcode
builtin-SwiftPerFileCompile TMBarView.swift
SwiftCompile normal arm64 /Users/admin/builder/spi-builder-workspace/Sources/Tabman/Bar/BarView/TMBarViewContentInsetGuides.swift (in target 'Tabman' from project 'Tabman')
cd /Users/admin/builder/spi-builder-workspace/.swiftpm/xcode
builtin-SwiftPerFileCompile TMBarViewContentInsetGuides.swift
SwiftCompile normal arm64 /Users/admin/builder/spi-builder-workspace/Sources/Tabman/Bar/BarView/TMBarViewFocusProvider.swift (in target 'Tabman' from project 'Tabman')
cd /Users/admin/builder/spi-builder-workspace/.swiftpm/xcode
builtin-SwiftPerFileCompile TMBarViewFocusProvider.swift
SwiftCompile normal arm64 /Users/admin/builder/spi-builder-workspace/Sources/Tabman/Bar/BarView/TMBarViewFocusRect.swift (in target 'Tabman' from project 'Tabman')
cd /Users/admin/builder/spi-builder-workspace/.swiftpm/xcode
builtin-SwiftPerFileCompile TMBarViewFocusRect.swift
SwiftCompile normal arm64 /Users/admin/builder/spi-builder-workspace/Sources/Tabman/Bar/BarView/TMBarViewLayoutGrid.swift (in target 'Tabman' from project 'Tabman')
cd /Users/admin/builder/spi-builder-workspace/.swiftpm/xcode
builtin-SwiftPerFileCompile TMBarViewLayoutGrid.swift
SwiftCompile normal arm64 /Users/admin/builder/spi-builder-workspace/Sources/Tabman/Bar/BarView/TMBarViewScrollHandler.swift (in target 'Tabman' from project 'Tabman')
cd /Users/admin/builder/spi-builder-workspace/.swiftpm/xcode
builtin-SwiftPerFileCompile TMBarViewScrollHandler.swift
SwiftCompile normal arm64 /Users/admin/builder/spi-builder-workspace/Sources/Tabman/Bar/BarView/TMBarViewUpdateHandler.swift (in target 'Tabman' from project 'Tabman')
cd /Users/admin/builder/spi-builder-workspace/.swiftpm/xcode
builtin-SwiftPerFileCompile TMBarViewUpdateHandler.swift
SwiftCompile normal arm64 Compiling\ TMBarLayout.swift,\ TMBarLayoutInsetGuides.swift,\ TMBarLayoutParent.swift,\ TMBarLayout+None.swift,\ TMConstrainedHorizontalBarLayout.swift,\ TMHorizontalBarLayout+Separator.swift,\ TMHorizontalBarLayout.swift /Users/admin/builder/spi-builder-workspace/Sources/Tabman/Bar/BarLayout/TMBarLayout.swift /Users/admin/builder/spi-builder-workspace/Sources/Tabman/Bar/BarLayout/TMBarLayoutInsetGuides.swift /Users/admin/builder/spi-builder-workspace/Sources/Tabman/Bar/BarLayout/TMBarLayoutParent.swift /Users/admin/builder/spi-builder-workspace/Sources/Tabman/Bar/BarLayout/Types/TMBarLayout+None.swift /Users/admin/builder/spi-builder-workspace/Sources/Tabman/Bar/BarLayout/Types/TMConstrainedHorizontalBarLayout.swift /Users/admin/builder/spi-builder-workspace/Sources/Tabman/Bar/BarLayout/Types/TMHorizontalBarLayout+Separator.swift /Users/admin/builder/spi-builder-workspace/Sources/Tabman/Bar/BarLayout/Types/TMHorizontalBarLayout.swift (in target 'Tabman' from project 'Tabman')
SwiftCompile normal arm64 /Users/admin/builder/spi-builder-workspace/Sources/Tabman/Bar/BarLayout/TMBarLayout.swift (in target 'Tabman' from project 'Tabman')
cd /Users/admin/builder/spi-builder-workspace/.swiftpm/xcode
builtin-SwiftPerFileCompile TMBarLayout.swift
SwiftCompile normal arm64 /Users/admin/builder/spi-builder-workspace/Sources/Tabman/Bar/BarLayout/TMBarLayoutInsetGuides.swift (in target 'Tabman' from project 'Tabman')
cd /Users/admin/builder/spi-builder-workspace/.swiftpm/xcode
builtin-SwiftPerFileCompile TMBarLayoutInsetGuides.swift
SwiftCompile normal arm64 /Users/admin/builder/spi-builder-workspace/Sources/Tabman/Bar/BarLayout/TMBarLayoutParent.swift (in target 'Tabman' from project 'Tabman')
cd /Users/admin/builder/spi-builder-workspace/.swiftpm/xcode
builtin-SwiftPerFileCompile TMBarLayoutParent.swift
SwiftCompile normal arm64 /Users/admin/builder/spi-builder-workspace/Sources/Tabman/Bar/BarLayout/Types/TMBarLayout+None.swift (in target 'Tabman' from project 'Tabman')
cd /Users/admin/builder/spi-builder-workspace/.swiftpm/xcode
builtin-SwiftPerFileCompile TMBarLayout+None.swift
SwiftCompile normal arm64 /Users/admin/builder/spi-builder-workspace/Sources/Tabman/Bar/BarLayout/Types/TMConstrainedHorizontalBarLayout.swift (in target 'Tabman' from project 'Tabman')
cd /Users/admin/builder/spi-builder-workspace/.swiftpm/xcode
builtin-SwiftPerFileCompile TMConstrainedHorizontalBarLayout.swift
SwiftCompile normal arm64 /Users/admin/builder/spi-builder-workspace/Sources/Tabman/Bar/BarLayout/Types/TMHorizontalBarLayout+Separator.swift (in target 'Tabman' from project 'Tabman')
cd /Users/admin/builder/spi-builder-workspace/.swiftpm/xcode
builtin-SwiftPerFileCompile TMHorizontalBarLayout+Separator.swift
SwiftCompile normal arm64 /Users/admin/builder/spi-builder-workspace/Sources/Tabman/Bar/BarLayout/Types/TMHorizontalBarLayout.swift (in target 'Tabman' from project 'Tabman')
cd /Users/admin/builder/spi-builder-workspace/.swiftpm/xcode
builtin-SwiftPerFileCompile TMHorizontalBarLayout.swift
SwiftCompile normal arm64 Compiling\ TMAnimation.swift,\ TMBar+Templates.swift,\ TMBar.swift,\ TMTransition.swift,\ BarMath.swift,\ WeakContainer.swift /Users/admin/builder/spi-builder-workspace/Sources/Tabman/Bar/TMAnimation.swift /Users/admin/builder/spi-builder-workspace/Sources/Tabman/Bar/TMBar+Templates.swift /Users/admin/builder/spi-builder-workspace/Sources/Tabman/Bar/TMBar.swift /Users/admin/builder/spi-builder-workspace/Sources/Tabman/Bar/TMTransition.swift /Users/admin/builder/spi-builder-workspace/Sources/Tabman/Bar/Utility/BarMath.swift /Users/admin/builder/spi-builder-workspace/Sources/Tabman/Bar/Utility/WeakContainer.swift (in target 'Tabman' from project 'Tabman')
SwiftCompile normal arm64 /Users/admin/builder/spi-builder-workspace/Sources/Tabman/Bar/TMAnimation.swift (in target 'Tabman' from project 'Tabman')
cd /Users/admin/builder/spi-builder-workspace/.swiftpm/xcode
builtin-SwiftPerFileCompile TMAnimation.swift
SwiftCompile normal arm64 /Users/admin/builder/spi-builder-workspace/Sources/Tabman/Bar/TMBar+Templates.swift (in target 'Tabman' from project 'Tabman')
cd /Users/admin/builder/spi-builder-workspace/.swiftpm/xcode
builtin-SwiftPerFileCompile TMBar+Templates.swift
SwiftCompile normal arm64 /Users/admin/builder/spi-builder-workspace/Sources/Tabman/Bar/TMBar.swift (in target 'Tabman' from project 'Tabman')
cd /Users/admin/builder/spi-builder-workspace/.swiftpm/xcode
builtin-SwiftPerFileCompile TMBar.swift
SwiftCompile normal arm64 /Users/admin/builder/spi-builder-workspace/Sources/Tabman/Bar/TMTransition.swift (in target 'Tabman' from project 'Tabman')
cd /Users/admin/builder/spi-builder-workspace/.swiftpm/xcode
builtin-SwiftPerFileCompile TMTransition.swift
SwiftCompile normal arm64 /Users/admin/builder/spi-builder-workspace/Sources/Tabman/Bar/Utility/BarMath.swift (in target 'Tabman' from project 'Tabman')
cd /Users/admin/builder/spi-builder-workspace/.swiftpm/xcode
builtin-SwiftPerFileCompile BarMath.swift
SwiftCompile normal arm64 /Users/admin/builder/spi-builder-workspace/Sources/Tabman/Bar/Utility/WeakContainer.swift (in target 'Tabman' from project 'Tabman')
cd /Users/admin/builder/spi-builder-workspace/.swiftpm/xcode
builtin-SwiftPerFileCompile WeakContainer.swift
SwiftCompile normal arm64 Compiling\ PageboyNavigationDirection+Tabman.swift,\ PageboyViewController+RelativeCurrentPosition.swift,\ UIView+LayoutGuide.swift,\ UIViewController+Tabman.swift,\ TabmanViewController+Insets.swift,\ TabmanViewController.swift /Users/admin/builder/spi-builder-workspace/Sources/Tabman/Extensions/PageboyNavigationDirection+Tabman.swift /Users/admin/builder/spi-builder-workspace/Sources/Tabman/Extensions/PageboyViewController+RelativeCurrentPosition.swift /Users/admin/builder/spi-builder-workspace/Sources/Tabman/Extensions/UIView+LayoutGuide.swift /Users/admin/builder/spi-builder-workspace/Sources/Tabman/Extensions/UIViewController+Tabman.swift /Users/admin/builder/spi-builder-workspace/Sources/Tabman/TabmanViewController+Insets.swift /Users/admin/builder/spi-builder-workspace/Sources/Tabman/TabmanViewController.swift (in target 'Tabman' from project 'Tabman')
SwiftCompile normal arm64 /Users/admin/builder/spi-builder-workspace/Sources/Tabman/Extensions/PageboyNavigationDirection+Tabman.swift (in target 'Tabman' from project 'Tabman')
cd /Users/admin/builder/spi-builder-workspace/.swiftpm/xcode
builtin-SwiftPerFileCompile PageboyNavigationDirection+Tabman.swift
SwiftCompile normal arm64 /Users/admin/builder/spi-builder-workspace/Sources/Tabman/Extensions/PageboyViewController+RelativeCurrentPosition.swift (in target 'Tabman' from project 'Tabman')
cd /Users/admin/builder/spi-builder-workspace/.swiftpm/xcode
builtin-SwiftPerFileCompile PageboyViewController+RelativeCurrentPosition.swift
SwiftCompile normal arm64 /Users/admin/builder/spi-builder-workspace/Sources/Tabman/Extensions/UIView+LayoutGuide.swift (in target 'Tabman' from project 'Tabman')
cd /Users/admin/builder/spi-builder-workspace/.swiftpm/xcode
builtin-SwiftPerFileCompile UIView+LayoutGuide.swift
SwiftCompile normal arm64 /Users/admin/builder/spi-builder-workspace/Sources/Tabman/Extensions/UIViewController+Tabman.swift (in target 'Tabman' from project 'Tabman')
cd /Users/admin/builder/spi-builder-workspace/.swiftpm/xcode
builtin-SwiftPerFileCompile UIViewController+Tabman.swift
SwiftCompile normal arm64 /Users/admin/builder/spi-builder-workspace/Sources/Tabman/TabmanViewController+Insets.swift (in target 'Tabman' from project 'Tabman')
cd /Users/admin/builder/spi-builder-workspace/.swiftpm/xcode
builtin-SwiftPerFileCompile TabmanViewController+Insets.swift
SwiftCompile normal arm64 /Users/admin/builder/spi-builder-workspace/Sources/Tabman/TabmanViewController.swift (in target 'Tabman' from project 'Tabman')
cd /Users/admin/builder/spi-builder-workspace/.swiftpm/xcode
builtin-SwiftPerFileCompile TabmanViewController.swift
SwiftEmitModule normal arm64 Emitting\ module\ for\ Tabman (in target 'Tabman' from project 'Tabman')
SwiftCompile normal arm64 (in target 'Tabman' from project 'Tabman')
cd /Users/admin/builder/spi-builder-workspace/.swiftpm/xcode
SwiftCompile normal arm64 Compiling\ CGRect+Interpolation.swift,\ UIColor+Interpolation.swift,\ AnimateableLabel.swift,\ EdgeFadedView.swift,\ GestureScrollView.swift,\ ViewTitleViewContainer.swift /Users/admin/builder/spi-builder-workspace/Sources/Tabman/Bar/Extensions/CGRect+Interpolation.swift /Users/admin/builder/spi-builder-workspace/Sources/Tabman/Bar/Extensions/UIColor+Interpolation.swift /Users/admin/builder/spi-builder-workspace/Sources/Tabman/Bar/Generic/AnimateableLabel.swift /Users/admin/builder/spi-builder-workspace/Sources/Tabman/Bar/Generic/EdgeFadedView.swift /Users/admin/builder/spi-builder-workspace/Sources/Tabman/Bar/Generic/GestureScrollView.swift /Users/admin/builder/spi-builder-workspace/Sources/Tabman/Bar/Generic/ViewTitleViewContainer.swift (in target 'Tabman' from project 'Tabman')
SwiftCompile normal arm64 /Users/admin/builder/spi-builder-workspace/Sources/Tabman/Bar/Extensions/CGRect+Interpolation.swift (in target 'Tabman' from project 'Tabman')
cd /Users/admin/builder/spi-builder-workspace/.swiftpm/xcode
builtin-SwiftPerFileCompile CGRect+Interpolation.swift
SwiftCompile normal arm64 /Users/admin/builder/spi-builder-workspace/Sources/Tabman/Bar/Extensions/UIColor+Interpolation.swift (in target 'Tabman' from project 'Tabman')
cd /Users/admin/builder/spi-builder-workspace/.swiftpm/xcode
builtin-SwiftPerFileCompile UIColor+Interpolation.swift
SwiftCompile normal arm64 /Users/admin/builder/spi-builder-workspace/Sources/Tabman/Bar/Generic/AnimateableLabel.swift (in target 'Tabman' from project 'Tabman')
cd /Users/admin/builder/spi-builder-workspace/.swiftpm/xcode
builtin-SwiftPerFileCompile AnimateableLabel.swift
SwiftCompile normal arm64 /Users/admin/builder/spi-builder-workspace/Sources/Tabman/Bar/Generic/EdgeFadedView.swift (in target 'Tabman' from project 'Tabman')
cd /Users/admin/builder/spi-builder-workspace/.swiftpm/xcode
builtin-SwiftPerFileCompile EdgeFadedView.swift
SwiftCompile normal arm64 /Users/admin/builder/spi-builder-workspace/Sources/Tabman/Bar/Generic/GestureScrollView.swift (in target 'Tabman' from project 'Tabman')
cd /Users/admin/builder/spi-builder-workspace/.swiftpm/xcode
builtin-SwiftPerFileCompile GestureScrollView.swift
SwiftCompile normal arm64 /Users/admin/builder/spi-builder-workspace/Sources/Tabman/Bar/Generic/ViewTitleViewContainer.swift (in target 'Tabman' from project 'Tabman')
cd /Users/admin/builder/spi-builder-workspace/.swiftpm/xcode
builtin-SwiftPerFileCompile ViewTitleViewContainer.swift
SwiftDriverJobDiscovery normal arm64 Compiling TMAnimation.swift, TMBar+Templates.swift, TMBar.swift, TMTransition.swift, BarMath.swift, WeakContainer.swift (in target 'Tabman' from project 'Tabman')
PruneExplicitPrecompiledModules /Users/admin/builder/spi-builder-workspace/.derivedData/SDKExplicitPrecompiledModules
PruneExplicitPrecompiledModules /Users/admin/builder/spi-builder-workspace/.derivedData/Build/Intermediates.noindex/SwiftExplicitPrecompiledModules
PruneExplicitPrecompiledModules /Users/admin/builder/spi-builder-workspace/.derivedData/Build/Intermediates.noindex/ExplicitPrecompiledModules
2026-09-24 22:36:06.571 xcodebuild[837:5148] [MT] IDERunDestination: Supported platforms for the buildables in the current scheme is empty.
** BUILD FAILED **
The following build commands failed:
SwiftCompile normal arm64 Compiling\ TMTabItemBarButton.swift,\ TMHidingBar+Triggers.swift,\ TMHidingBar.swift,\ TMSystemBar.swift,\ TMBarIndicator.swift,\ TMBarIndicatorContainer.swift,\ TMBarIndicatorLayoutHandler.swift /Users/admin/builder/spi-builder-workspace/Sources/Tabman/Bar/BarButton/Types/TMTabItemBarButton.swift /Users/admin/builder/spi-builder-workspace/Sources/Tabman/Bar/BarExtensions/AutoHidingBar/TMHidingBar+Triggers.swift /Users/admin/builder/spi-builder-workspace/Sources/Tabman/Bar/BarExtensions/AutoHidingBar/TMHidingBar.swift /Users/admin/builder/spi-builder-workspace/Sources/Tabman/Bar/BarExtensions/SystemBar/TMSystemBar.swift /Users/admin/builder/spi-builder-workspace/Sources/Tabman/Bar/BarIndicator/TMBarIndicator.swift /Users/admin/builder/spi-builder-workspace/Sources/Tabman/Bar/BarIndicator/TMBarIndicatorContainer.swift /Users/admin/builder/spi-builder-workspace/Sources/Tabman/Bar/BarIndicator/TMBarIndicatorLayoutHandler.swift (in target 'Tabman' from project 'Tabman')
SwiftCompile normal arm64 /Users/admin/builder/spi-builder-workspace/Sources/Tabman/Bar/BarButton/Types/TMTabItemBarButton.swift (in target 'Tabman' from project 'Tabman')
SwiftCompile normal arm64 /Users/admin/builder/spi-builder-workspace/Sources/Tabman/Bar/BarExtensions/SystemBar/TMSystemBar.swift (in target 'Tabman' from project 'Tabman')
Building workspace Tabman with scheme Tabman
(4 failures)
BUILD FAILURE 6.4 tvOS