Build Information
Failed to build Sentry, reference main (22bbcb), with Swift 6.1 for Wasm on 31 Oct 2026 01:35:13 UTC.
Build Command
bash -c docker run --pull=always --rm -v "checkouts-53886769-1":/host -w "$PWD" -e JAVA_HOME="/root/.sdkman/candidates/java/current" -e SPI_BUILD="1" -e SPI_PROCESSING="1" registry.gitlab.com/saguaro1/spi-images:wasm-6.1-latest swift build --swift-sdk wasm32-unknown-wasi 2>&1Build Log
========================================
RunAll
========================================
Builder version: 5.1.4
Interrupt handler set up.
========================================
Checkout
========================================
Clone URL: https://github.com/getsentry/sentry-cocoa.git
Reference: main
Initialized empty Git repository in /host/spi-builder-workspace/.git/
hint: Using 'master' as the name for the initial branch. This default branch name
hint: is subject to change. To configure the initial branch name to use in all
hint: of your new repositories, which will suppress this warning, call:
hint:
hint: git config --global init.defaultBranch <name>
hint:
hint: Names commonly chosen instead of 'master' are 'main', 'trunk' and
hint: 'development'. The just-created branch can be renamed via this command:
hint:
hint: git branch -m <name>
From https://github.com/getsentry/sentry-cocoa
* branch main -> FETCH_HEAD
* [new branch] main -> origin/main
HEAD is now at 22bbcbf fix: Preserve trace profiling root ownership (#9481)
Cloned https://github.com/getsentry/sentry-cocoa.git
Revision (git rev-parse @):
22bbcbf9a6c68c8587b9a4219126ab2c24fe9614
SPI manifest file found: $PWD/.spi.yml
SUCCESS checkout https://github.com/getsentry/sentry-cocoa.git at main
========================================
Build
========================================
Selected platform: wasm
Swift version: 6.1
Building package at path: $PWD
https://github.com/getsentry/sentry-cocoa.git
https://github.com/getsentry/sentry-cocoa.git
WARNING: environment variable SUPPRESS_SWIFT_6_FLAGS is not set
Running build ...
bash -c docker run --pull=always --rm -v "checkouts-53886769-1":/host -w "$PWD" -e JAVA_HOME="/root/.sdkman/candidates/java/current" -e SPI_BUILD="1" -e SPI_PROCESSING="1" registry.gitlab.com/saguaro1/spi-images:wasm-6.1-latest swift build --swift-sdk wasm32-unknown-wasi -Xswiftc -Xfrontend -Xswiftc -stats-output-dir -Xswiftc -Xfrontend -Xswiftc .stats -Xswiftc -strict-concurrency=complete -Xswiftc -enable-upcoming-feature -Xswiftc StrictConcurrency -Xswiftc -enable-upcoming-feature -Xswiftc DisableOutwardActorInference -Xswiftc -enable-upcoming-feature -Xswiftc GlobalActorIsolatedTypesUsability -Xswiftc -enable-upcoming-feature -Xswiftc InferSendableFromCaptures 2>&1
wasm-6.1-latest: Pulling from saguaro1/spi-images
Digest: sha256:f257c9b8465670613eb336f6def351d681b1d395aebdb231a45bac980c1f9d3c
Status: Image is up to date for registry.gitlab.com/saguaro1/spi-images:wasm-6.1-latest
Fetching https://github.com/kstenerud/KSCrash.git
[1/49574] Fetching kscrash
Fetched https://github.com/kstenerud/KSCrash.git from cache (11.35s)
Computing version for https://github.com/kstenerud/KSCrash.git
Computed https://github.com/kstenerud/KSCrash.git at 2.6.1-beta.2 (11.66s)
Creating working copy for https://github.com/kstenerud/KSCrash.git
Working copy of https://github.com/kstenerud/KSCrash.git resolved at 2.6.1-beta.2
Downloading binary artifact https://github.com/getsentry/sentry-cocoa/releases/download/9.32.0/Sentry-Dynamic.xcframework.zip
Downloading binary artifact https://github.com/getsentry/sentry-cocoa/releases/download/9.32.0/Sentry-Dynamic-WithARM64e.xcframework.zip
Downloading binary artifact https://github.com/getsentry/sentry-cocoa/releases/download/9.32.0/Sentry.xcframework.zip
Downloading binary artifact https://github.com/getsentry/sentry-cocoa/releases/download/9.32.0/Sentry-WithoutUIKitOrAppKit-WithARM64e.xcframework.zip
Downloading binary artifact https://github.com/getsentry/sentry-cocoa/releases/download/9.32.0/Sentry-WithoutUIKitOrAppKit.xcframework.zip
Downloading binary artifact https://github.com/getsentry/sentry-cocoa/releases/download/9.32.0/SentryObjC-Dynamic.xcframework.zip
Downloading binary artifact https://github.com/getsentry/sentry-cocoa/releases/download/9.32.0/SentryObjC-Static.xcframework.zip
[16375/82287652] Downloading https://github.com/getsentry/sentry-cocoa/releases/download/9.32.0/Sentry.xcframework.zip
[24086/194697690] Downloading https://github.com/getsentry/sentry-cocoa/releases/download/9.32.0/Sentry.xcframework.zip, https://github.com/getsentry/sentry-cocoa/releases/download/9.32.0/SentryObjC-Dynamic.xcframework.zip
[64621/236858002] Downloading https://github.com/getsentry/sentry-cocoa/releases/download/9.32.0/Sentry.xcframework.zip, https://github.com/getsentry/sentry-cocoa/releases/download/9.32.0/SentryObjC-Dynamic.xcframework.zip, https://github.com/getsentry/sentry-cocoa/releases/download/9.32.0/SentryObjC-Static.xcframework.zip
[146532/423922721] Downloading https://github.com/getsentry/sentry-cocoa/releases/download/9.32.0/Sentry.xcframework.zip, https://github.com/getsentry/sentry-cocoa/releases/download/9.32.0/SentryObjC-Dynamic.xcframework.zip, https://github.com/getsentry/sentry-cocoa/releases/download/9.32.0/SentryObjC-Static.xcframework.zip, https://github.com/getsentry/sentry-cocoa/releases/download/9.32.0/Sentry-Dynamic-WithARM64e.xcframework.zip
[1014875/554625027] Downloading https://github.com/getsentry/sentry-cocoa/releases/download/9.32.0/Sentry.xcframework.zip, https://github.com/getsentry/sentry-cocoa/releases/download/9.32.0/SentryObjC-Dynamic.xcframework.zip, https://github.com/getsentry/sentry-cocoa/releases/download/9.32.0/SentryObjC-Static.xcframework.zip, https://github.com/getsentry/sentry-cocoa/releases/download/9.32.0/Sentry-Dynamic-WithARM64e.xcframework.zip, https://github.com/getsentry/sentry-cocoa/releases/download/9.32.0/Sentry-WithoutUIKitOrAppKit.xcframework.zip
[1293394/723703879] Downloading https://github.com/getsentry/sentry-cocoa/releases/download/9.32.0/Sentry.xcframework.zip, https://github.com/getsentry/sentry-cocoa/releases/download/9.32.0/SentryObjC-Dynamic.xcframework.zip, https://github.com/getsentry/sentry-cocoa/releases/download/9.32.0/SentryObjC-Static.xcframework.zip, https://github.com/getsentry/sentry-cocoa/releases/download/9.32.0/Sentry-Dynamic-WithARM64e.xcframework.zip, https://github.com/getsentry/sentry-cocoa/releases/download/9.32.0/Sentry-WithoutUIKitOrAppKit.xcframework.zip, https://github.com/getsentry/sentry-cocoa/releases/download/9.32.0/Sentry-Dynamic.xcframework.zip
[2346380/868425069] Downloading https://github.com/getsentry/sentry-cocoa/releases/download/9.32.0/Sentry.xcframework.zip, https://github.com/getsentry/sentry-cocoa/releases/download/9.32.0/SentryObjC-Dynamic.xcframework.zip, https://github.com/getsentry/sentry-cocoa/releases/download/9.32.0/SentryObjC-Static.xcframework.zip, https://github.com/getsentry/sentry-cocoa/releases/download/9.32.0/Sentry-Dynamic-WithARM64e.xcframework.zip, https://github.com/getsentry/sentry-cocoa/releases/download/9.32.0/Sentry-WithoutUIKitOrAppKit.xcframework.zip, https://github.com/getsentry/sentry-cocoa/releases/download/9.32.0/Sentry-Dynamic.xcframework.zip, https://github.com/getsentry/sentry-cocoa/releases/download/9.32.0/Sentry-WithoutUIKitOrAppKit-WithARM64e.xcframework.zip
Downloaded https://github.com/getsentry/sentry-cocoa/releases/download/9.32.0/SentryObjC-Static.xcframework.zip (2.99s)
Downloaded https://github.com/getsentry/sentry-cocoa/releases/download/9.32.0/SentryObjC-Dynamic.xcframework.zip (13.12s)
Downloaded https://github.com/getsentry/sentry-cocoa/releases/download/9.32.0/Sentry.xcframework.zip (15.81s)
Downloaded https://github.com/getsentry/sentry-cocoa/releases/download/9.32.0/Sentry-WithoutUIKitOrAppKit.xcframework.zip (31.49s)
Downloaded https://github.com/getsentry/sentry-cocoa/releases/download/9.32.0/Sentry-WithoutUIKitOrAppKit-WithARM64e.xcframework.zip (38.95s)
Downloaded https://github.com/getsentry/sentry-cocoa/releases/download/9.32.0/Sentry-Dynamic.xcframework.zip (40.75s)
Downloaded https://github.com/getsentry/sentry-cocoa/releases/download/9.32.0/Sentry-Dynamic-WithARM64e.xcframework.zip (42.47s)
warning: 'spi-builder-workspace': ignoring target 'SentryTestsObjCpp' in package 'spi-builder-workspace'; C language in tests is not yet supported
warning: 'spi-builder-workspace': ignoring target 'SentryTestsObjC' in package 'spi-builder-workspace'; C language in tests is not yet supported
warning: 'spi-builder-workspace': ignoring target 'SentryProfilerTestsObjC' in package 'spi-builder-workspace'; C language in tests is not yet supported
warning: 'spi-builder-workspace': ignoring target 'SentryObjCTests' in package 'spi-builder-workspace'; C language in tests is not yet supported
warning: 'spi-builder-workspace': dependency 'kscrash' is not used by any target
Found unhandled resource at /host/spi-builder-workspace/Tests/Resources
Found unhandled resource at /host/spi-builder-workspace/Tests/SentryTests/Helper/InfoPlist/TestInfoPlist.plist
Building for debugging...
[0/226] Copying TestInfoPlist.plist
[1/226] Write sources
[6/226] Copying Resources
[6/226] Write sources
[10/226] Compiling _SentryCrashV9Headers SentryCrashV9Headers.m
[11/226] Compiling _SentryV10Configuration SentryV10Configuration.c
/host/spi-builder-workspace/Sources/Sentry/SentryDummyPublicEmptyClass.m:1:9: fatal error: 'Foundation/Foundation.h' file not found
1 | #import <Foundation/Foundation.h>
| ^~~~~~~~~~~~~~~~~~~~~~~~~
1 error generated.
[12/226] Compiling SentryHeaders SentryDummyPublicEmptyClass.m
In file included from /host/spi-builder-workspace/SentryTestUtils/SourcesObjCpp/SentryProfilerMocksSwiftCompatible.mm:1:
In file included from /host/spi-builder-workspace/SentryTestUtils/SourcesObjCpp/include/SentryProfilerMocksSwiftCompatible.h:1:
/host/spi-builder-workspace/Sources/Sentry/Public/SentryProfilingConditionals.h:4:10: fatal error: 'TargetConditionals.h' file not found
4 | #include <TargetConditionals.h>
| ^~~~~~~~~~~~~~~~~~~~~~
[12/226] Compiling SentryTestUtilsObjCpp SentryProfilerMocksSwiftCompatible.mm
In file included from /host/spi-builder-workspace/SentryTestUtils/SourcesObjCpp/SentryProfilerMocks.mm:1:
In file included from /host/spi-builder-workspace/SentryTestUtils/SourcesObjCpp/include/SentryProfilerMocks.h:1:
/host/spi-builder-workspace/Sources/Sentry/Public/SentryProfilingConditionals.h:4:10: fatal error: 'TargetConditionals.h' file not found
4 | #include <TargetConditionals.h>
| ^~~~~~~~~~~~~~~~~~~~~~
[12/226] Compiling SentryTestUtilsObjCpp SentryProfilerMocks.mm
/host/spi-builder-workspace/Sources/Sentry/SentryDummyPrivateEmptyClass.m:1:9: fatal error: 'Foundation/Foundation.h' file not found
1 | #import <Foundation/Foundation.h>
| ^~~~~~~~~~~~~~~~~~~~~~~~~
1 error generated.
[12/226] Compiling _SentryPrivate SentryDummyPrivateEmptyClass.m
[12/226] Write swift-version-24593BA9C3E375BF.txt
Running build ...
bash -c docker run --pull=always --rm -v "checkouts-53886769-1":/host -w "$PWD" -e JAVA_HOME="/root/.sdkman/candidates/java/current" -e SPI_BUILD="1" -e SPI_PROCESSING="1" registry.gitlab.com/saguaro1/spi-images:wasm-6.1-latest swift build --swift-sdk wasm32-unknown-wasi 2>&1
wasm-6.1-latest: Pulling from saguaro1/spi-images
Digest: sha256:f257c9b8465670613eb336f6def351d681b1d395aebdb231a45bac980c1f9d3c
Status: Image is up to date for registry.gitlab.com/saguaro1/spi-images:wasm-6.1-latest
warning: 'spi-builder-workspace': ignoring target 'SentryTestsObjCpp' in package 'spi-builder-workspace'; C language in tests is not yet supported
warning: 'spi-builder-workspace': ignoring target 'SentryTestsObjC' in package 'spi-builder-workspace'; C language in tests is not yet supported
warning: 'spi-builder-workspace': ignoring target 'SentryProfilerTestsObjC' in package 'spi-builder-workspace'; C language in tests is not yet supported
warning: 'spi-builder-workspace': ignoring target 'SentryObjCTests' in package 'spi-builder-workspace'; C language in tests is not yet supported
warning: 'spi-builder-workspace': dependency 'kscrash' is not used by any target
Found unhandled resource at /host/spi-builder-workspace/Tests/Resources
Found unhandled resource at /host/spi-builder-workspace/Tests/SentryTests/Helper/InfoPlist/TestInfoPlist.plist
[0/1] Planning build
Building for debugging...
/host/spi-builder-workspace/Sources/Sentry/SentryDummyPrivateEmptyClass.m:1:9: fatal error: 'Foundation/Foundation.h' file not found
1 | #import <Foundation/Foundation.h>
| ^~~~~~~~~~~~~~~~~~~~~~~~~
1 error generated.
[0/214] Compiling _SentryPrivate SentryDummyPrivateEmptyClass.m
/host/spi-builder-workspace/Sources/Sentry/SentryDummyPublicEmptyClass.m:1:9: fatal error: 'Foundation/Foundation.h' file not found
1 | #import <Foundation/Foundation.h>
| ^~~~~~~~~~~~~~~~~~~~~~~~~
1 error generated.
[0/214] Compiling SentryHeaders SentryDummyPublicEmptyClass.m
In file included from /host/spi-builder-workspace/SentryTestUtils/SourcesObjCpp/SentryProfilerMocks.mm:1:
In file included from /host/spi-builder-workspace/SentryTestUtils/SourcesObjCpp/include/SentryProfilerMocks.h:1:
/host/spi-builder-workspace/Sources/Sentry/Public/SentryProfilingConditionals.h:4:10: fatal error: 'TargetConditionals.h' file not found
4 | #include <TargetConditionals.h>
| ^~~~~~~~~~~~~~~~~~~~~~
[0/214] Compiling SentryTestUtilsObjCpp SentryProfilerMocks.mm
In file included from /host/spi-builder-workspace/SentryTestUtils/SourcesObjCpp/SentryProfilerMocksSwiftCompatible.mm:1:
In file included from /host/spi-builder-workspace/SentryTestUtils/SourcesObjCpp/include/SentryProfilerMocksSwiftCompatible.h:1:
/host/spi-builder-workspace/Sources/Sentry/Public/SentryProfilingConditionals.h:4:10: fatal error: 'TargetConditionals.h' file not found
4 | #include <TargetConditionals.h>
| ^~~~~~~~~~~~~~~~~~~~~~
[0/214] Write swift-version-24593BA9C3E375BF.txt
[0/214] Compiling SentryTestUtilsObjCpp SentryProfilerMocksSwiftCompatible.mm
BUILD FAILURE 6.1 wasm