The Swift Package Index logo.Swift Package Index

Build Information

Failed to build MapLibreSwiftUI, reference v0.26.1 (91181e), with Swift 6.1 for Wasm on 25 Oct 2026 02:08:53 UTC.

Build Command

bash -c docker run --pull=always --rm -v "checkouts-54344846-0":/host -w "$PWD" -e JAVA_HOME="/root/.sdkman/candidates/java/current" -e SPI_BUILD="1" -e SPI_PROCESSING="1" registry.gitlab.com/saguaro1/spi-images:wasm-6.1-latest swift build --swift-sdk wasm32-unknown-wasi 2>&1

Build Log

========================================
RunAll
========================================
Builder version: 5.1.3
Interrupt handler set up.
========================================
Checkout
========================================
Clone URL: https://github.com/maplibre/swiftui-dsl.git
Reference: v0.26.1
Initialized empty Git repository in /host/spi-builder-workspace/.git/
hint: Using 'master' as the name for the initial branch. This default branch name
hint: is subject to change. To configure the initial branch name to use in all
hint: of your new repositories, which will suppress this warning, call:
hint:
hint: 	git config --global init.defaultBranch <name>
hint:
hint: Names commonly chosen instead of 'master' are 'main', 'trunk' and
hint: 'development'. The just-created branch can be renamed via this command:
hint:
hint: 	git branch -m <name>
From https://github.com/maplibre/swiftui-dsl
 * tag               v0.26.1    -> FETCH_HEAD
HEAD is now at 91181ec Fix/start swapped location manager (#150)
Cloned https://github.com/maplibre/swiftui-dsl.git
Revision (git rev-parse @):
91181ecfd9dbd494dcb04b7095fd86e6ee1063ea
SPI manifest file found: $PWD/.spi.yml
SUCCESS checkout https://github.com/maplibre/swiftui-dsl.git at v0.26.1
========================================
Build
========================================
Selected platform:         wasm
Swift version:             6.1
Building package at path:  $PWD
https://github.com/maplibre/swiftui-dsl.git
https://github.com/maplibre/swiftui-dsl.git
WARNING: environment variable SUPPRESS_SWIFT_6_FLAGS is not set
Running build ...
bash -c docker run --pull=always --rm -v "checkouts-54344846-0":/host -w "$PWD" -e JAVA_HOME="/root/.sdkman/candidates/java/current" -e SPI_BUILD="1" -e SPI_PROCESSING="1" registry.gitlab.com/saguaro1/spi-images:wasm-6.1-latest swift build --swift-sdk wasm32-unknown-wasi -Xswiftc -Xfrontend -Xswiftc -stats-output-dir -Xswiftc -Xfrontend -Xswiftc .stats -Xswiftc -strict-concurrency=complete -Xswiftc -enable-upcoming-feature -Xswiftc StrictConcurrency -Xswiftc -enable-upcoming-feature -Xswiftc DisableOutwardActorInference -Xswiftc -enable-upcoming-feature -Xswiftc GlobalActorIsolatedTypesUsability -Xswiftc -enable-upcoming-feature -Xswiftc InferSendableFromCaptures 2>&1
wasm-6.1-latest: Pulling from saguaro1/spi-images
Digest: sha256:f257c9b8465670613eb336f6def351d681b1d395aebdb231a45bac980c1f9d3c
Status: Image is up to date for registry.gitlab.com/saguaro1/spi-images:wasm-6.1-latest
Fetching https://github.com/pointfreeco/swift-macro-testing
Fetching https://github.com/Kolos65/Mockable.git
Fetching https://github.com/swiftlang/swift-syntax.git
Fetching https://github.com/maplibre/maplibre-gl-native-distribution.git
Fetching https://github.com/pointfreeco/swift-snapshot-testing
Fetching https://github.com/apple/swift-numerics.git
[1/483] Fetching maplibre-gl-native-distribution
[277/1485] Fetching maplibre-gl-native-distribution, swift-macro-testing
[1486/8241] Fetching maplibre-gl-native-distribution, swift-macro-testing, swift-numerics
[8242/10375] Fetching maplibre-gl-native-distribution, swift-macro-testing, swift-numerics, mockable
Fetched https://github.com/apple/swift-numerics.git from cache (0.55s)
[1507/3619] Fetching maplibre-gl-native-distribution, swift-macro-testing, mockable
[3620/84701] Fetching maplibre-gl-native-distribution, swift-macro-testing, mockable, swift-syntax
[13350/101294] Fetching maplibre-gl-native-distribution, swift-macro-testing, mockable, swift-syntax, swift-snapshot-testing
Fetched https://github.com/pointfreeco/swift-snapshot-testing from cache (2.37s)
Fetched https://github.com/maplibre/maplibre-gl-native-distribution.git from cache (3.42s)
Fetched https://github.com/pointfreeco/swift-macro-testing from cache (3.42s)
Fetched https://github.com/Kolos65/Mockable.git from cache (3.42s)
Fetched https://github.com/swiftlang/swift-syntax.git from cache (3.44s)
Computing version for https://github.com/apple/swift-numerics.git
Computed https://github.com/apple/swift-numerics.git at 1.1.1 (3.68s)
Computing version for https://github.com/pointfreeco/swift-macro-testing
Computed https://github.com/pointfreeco/swift-macro-testing at 0.6.5 (0.24s)
Computing version for https://github.com/Kolos65/Mockable.git
Computed https://github.com/Kolos65/Mockable.git at 0.6.4 (0.26s)
Fetching https://github.com/pointfreeco/xctest-dynamic-overlay
[1/2727] Fetching xctest-dynamic-overlay
Fetched https://github.com/pointfreeco/xctest-dynamic-overlay from cache (0.62s)
Computing version for https://github.com/pointfreeco/xctest-dynamic-overlay
Computed https://github.com/pointfreeco/xctest-dynamic-overlay at 1.9.0 (0.84s)
Computing version for https://github.com/pointfreeco/swift-snapshot-testing
Computed https://github.com/pointfreeco/swift-snapshot-testing at 1.19.7 (0.22s)
Fetching https://github.com/pointfreeco/swift-custom-dump
[1/5669] Fetching swift-custom-dump
Fetched https://github.com/pointfreeco/swift-custom-dump from cache (0.44s)
Computing version for https://github.com/pointfreeco/swift-custom-dump
Computed https://github.com/pointfreeco/swift-custom-dump at 1.7.0 (0.23s)
Computing version for https://github.com/maplibre/maplibre-gl-native-distribution.git
Computed https://github.com/maplibre/maplibre-gl-native-distribution.git at 6.31.0 (0.90s)
Computing version for https://github.com/swiftlang/swift-syntax.git
Computed https://github.com/swiftlang/swift-syntax.git at 602.0.0 (0.32s)
Creating working copy for https://github.com/maplibre/maplibre-gl-native-distribution.git
Working copy of https://github.com/maplibre/maplibre-gl-native-distribution.git resolved at 6.31.0
Creating working copy for https://github.com/Kolos65/Mockable.git
Working copy of https://github.com/Kolos65/Mockable.git resolved at 0.6.4
Creating working copy for https://github.com/pointfreeco/swift-custom-dump
Working copy of https://github.com/pointfreeco/swift-custom-dump resolved at 1.7.0
Creating working copy for https://github.com/pointfreeco/swift-macro-testing
Working copy of https://github.com/pointfreeco/swift-macro-testing resolved at 0.6.5
Creating working copy for https://github.com/pointfreeco/xctest-dynamic-overlay
Working copy of https://github.com/pointfreeco/xctest-dynamic-overlay resolved at 1.9.0
Creating working copy for https://github.com/pointfreeco/swift-snapshot-testing
Working copy of https://github.com/pointfreeco/swift-snapshot-testing resolved at 1.19.7
Creating working copy for https://github.com/apple/swift-numerics.git
Working copy of https://github.com/apple/swift-numerics.git resolved at 1.1.1
Creating working copy for https://github.com/swiftlang/swift-syntax.git
Working copy of https://github.com/swiftlang/swift-syntax.git resolved at 602.0.0
Downloading binary artifact https://github.com/maplibre/maplibre-native/releases/download/ios-v6.31.0/MapLibre.dynamic.xcframework.zip
[10470/10312052] Downloading https://github.com/maplibre/maplibre-native/releases/download/ios-v6.31.0/MapLibre.dynamic.xcframework.zip
Downloaded https://github.com/maplibre/maplibre-native/releases/download/ios-v6.31.0/MapLibre.dynamic.xcframework.zip (0.73s)
Building for debugging...
[0/46] Write sources
[25/46] Compiling _SwiftSyntaxCShims PlatformMutex.c
[26/46] Write swift-version-24593BA9C3E375BF.txt
[28/64] Emitting module SwiftSyntax601
<unknown>:0: warning: upcoming feature 'InferSendableFromCaptures' is already enabled as of Swift version 6
<unknown>:0: warning: upcoming feature 'GlobalActorIsolatedTypesUsability' is already enabled as of Swift version 6
<unknown>:0: warning: upcoming feature 'DisableOutwardActorInference' is already enabled as of Swift version 6
[29/64] Emitting module SwiftSyntax602
<unknown>:0: warning: upcoming feature 'InferSendableFromCaptures' is already enabled as of Swift version 6
<unknown>:0: warning: upcoming feature 'GlobalActorIsolatedTypesUsability' is already enabled as of Swift version 6
<unknown>:0: warning: upcoming feature 'DisableOutwardActorInference' is already enabled as of Swift version 6
error: emit-module command failed with exit code 1 (use -v to see invocation)
[30/64] Emitting module InternalUtils
/host/spi-builder-workspace/Sources/InternalUtils/Sample Data.swift:2:8: error: no such module 'CoreLocation'
 1 | // Sample data
 2 | import CoreLocation
   |        `- error: no such module 'CoreLocation'
 3 |
 4 | public let samplePedestrianWaypoints = [
[31/64] Emitting module SwiftSyntax509
<unknown>:0: warning: upcoming feature 'InferSendableFromCaptures' is already enabled as of Swift version 6
<unknown>:0: warning: upcoming feature 'GlobalActorIsolatedTypesUsability' is already enabled as of Swift version 6
<unknown>:0: warning: upcoming feature 'DisableOutwardActorInference' is already enabled as of Swift version 6
[32/64] Compiling SwiftSyntax509 Empty.swift
<unknown>:0: warning: upcoming feature 'InferSendableFromCaptures' is already enabled as of Swift version 6
<unknown>:0: warning: upcoming feature 'GlobalActorIsolatedTypesUsability' is already enabled as of Swift version 6
<unknown>:0: warning: upcoming feature 'DisableOutwardActorInference' is already enabled as of Swift version 6
[33/65] Compiling SwiftSyntax601 Empty.swift
<unknown>:0: warning: upcoming feature 'InferSendableFromCaptures' is already enabled as of Swift version 6
<unknown>:0: warning: upcoming feature 'GlobalActorIsolatedTypesUsability' is already enabled as of Swift version 6
<unknown>:0: warning: upcoming feature 'DisableOutwardActorInference' is already enabled as of Swift version 6
[34/66] Compiling SwiftSyntax602 Empty.swift
<unknown>:0: warning: upcoming feature 'InferSendableFromCaptures' is already enabled as of Swift version 6
<unknown>:0: warning: upcoming feature 'GlobalActorIsolatedTypesUsability' is already enabled as of Swift version 6
<unknown>:0: warning: upcoming feature 'DisableOutwardActorInference' is already enabled as of Swift version 6
[38/67] Compiling SwiftSyntax600 Empty.swift
<unknown>:0: warning: upcoming feature 'InferSendableFromCaptures' is already enabled as of Swift version 6
<unknown>:0: warning: upcoming feature 'GlobalActorIsolatedTypesUsability' is already enabled as of Swift version 6
<unknown>:0: warning: upcoming feature 'DisableOutwardActorInference' is already enabled as of Swift version 6
[39/67] Emitting module SwiftSyntax600
<unknown>:0: warning: upcoming feature 'InferSendableFromCaptures' is already enabled as of Swift version 6
<unknown>:0: warning: upcoming feature 'GlobalActorIsolatedTypesUsability' is already enabled as of Swift version 6
<unknown>:0: warning: upcoming feature 'DisableOutwardActorInference' is already enabled as of Swift version 6
[39/68] Wrapping AST for SwiftSyntax509 for debugging
[40/68] Wrapping AST for SwiftSyntax601 for debugging
[41/68] Wrapping AST for SwiftSyntax602 for debugging
[43/68] Wrapping AST for SwiftSyntax600 for debugging
[45/68] Emitting module SwiftSyntax510
<unknown>:0: warning: upcoming feature 'InferSendableFromCaptures' is already enabled as of Swift version 6
<unknown>:0: warning: upcoming feature 'GlobalActorIsolatedTypesUsability' is already enabled as of Swift version 6
<unknown>:0: warning: upcoming feature 'DisableOutwardActorInference' is already enabled as of Swift version 6
[46/68] Compiling SwiftSyntax510 Empty.swift
<unknown>:0: warning: upcoming feature 'InferSendableFromCaptures' is already enabled as of Swift version 6
<unknown>:0: warning: upcoming feature 'GlobalActorIsolatedTypesUsability' is already enabled as of Swift version 6
<unknown>:0: warning: upcoming feature 'DisableOutwardActorInference' is already enabled as of Swift version 6
[48/69] Compiling InternalUtils Enums.swift
/host/spi-builder-workspace/Sources/InternalUtils/Sample Data.swift:2:8: error: no such module 'CoreLocation'
 1 | // Sample data
 2 | import CoreLocation
   |        `- error: no such module 'CoreLocation'
 3 |
 4 | public let samplePedestrianWaypoints = [
[48/69] Wrapping AST for SwiftSyntax510 for debugging
[50/132] Compiling InternalUtils Sample Data.swift
/host/spi-builder-workspace/Sources/InternalUtils/Sample Data.swift:2:8: error: no such module 'CoreLocation'
 1 | // Sample data
 2 | import CoreLocation
   |        `- error: no such module 'CoreLocation'
 3 |
 4 | public let samplePedestrianWaypoints = [
[51/132] Compiling InternalUtils Utilities.swift
/host/spi-builder-workspace/Sources/InternalUtils/Sample Data.swift:2:8: error: no such module 'CoreLocation'
 1 | // Sample data
 2 | import CoreLocation
   |        `- error: no such module 'CoreLocation'
 3 |
 4 | public let samplePedestrianWaypoints = [
[52/132] Compiling InternalUtils Enums.swift
/host/spi-builder-workspace/Sources/InternalUtils/Sample Data.swift:2:8: error: no such module 'CoreLocation'
 1 | // Sample data
 2 | import CoreLocation
   |        `- error: no such module 'CoreLocation'
 3 |
 4 | public let samplePedestrianWaypoints = [
<unknown>:0: warning: upcoming feature 'InferSendableFromCaptures' is already enabled as of Swift version 6
<unknown>:0: warning: upcoming feature 'GlobalActorIsolatedTypesUsability' is already enabled as of Swift version 6
<unknown>:0: warning: upcoming feature 'DisableOutwardActorInference' is already enabled as of Swift version 6
error: emit-module command failed with exit code 1 (use -v to see invocation)
[53/132] Emitting module InternalUtils
/host/spi-builder-workspace/Sources/InternalUtils/Sample Data.swift:2:8: error: no such module 'CoreLocation'
 1 | // Sample data
 2 | import CoreLocation
   |        `- error: no such module 'CoreLocation'
 3 |
 4 | public let samplePedestrianWaypoints = [
Running build ...
bash -c docker run --pull=always --rm -v "checkouts-54344846-0":/host -w "$PWD" -e JAVA_HOME="/root/.sdkman/candidates/java/current" -e SPI_BUILD="1" -e SPI_PROCESSING="1" registry.gitlab.com/saguaro1/spi-images:wasm-6.1-latest swift build --swift-sdk wasm32-unknown-wasi 2>&1
wasm-6.1-latest: Pulling from saguaro1/spi-images
Digest: sha256:f257c9b8465670613eb336f6def351d681b1d395aebdb231a45bac980c1f9d3c
Status: Image is up to date for registry.gitlab.com/saguaro1/spi-images:wasm-6.1-latest
warning: 'spi-builder-workspace': found 51 file(s) which are unhandled; explicitly declare them as resources or exclude from the target
    /host/spi-builder-workspace/Tests/MapLibreSwiftUITests/Models/MapCamera/__Snapshots__/MapViewCameraOperationTests/incrementZoom_rectCamera_withProxy_convertsToCenteredCamera.1.txt
    /host/spi-builder-workspace/Tests/MapLibreSwiftUITests/Models/MapCamera/__Snapshots__/MapViewCameraOperationTests/incrementZoom_trackingUserLocationWithCourseCamera_incrementsZoomCorrectly.1.txt
    /host/spi-builder-workspace/Tests/MapLibreSwiftUITests/Models/MapCamera/__Snapshots__/MapViewCameraOperationTests/incrementZoom_trackingUserLocationWithHeadingCamera_incrementsZoomCorrectly.1.txt
    /host/spi-builder-workspace/Tests/MapLibreSwiftUITests/Models/MapCamera/__Snapshots__/CameraStateTests/testRect.1.txt
    /host/spi-builder-workspace/Tests/MapLibreSwiftUITests/Models/MapCamera/__Snapshots__/MapViewCameraOperationTests/setPitch_centeredCamera_updatesPitchCorrectly.1.txt
    /host/spi-builder-workspace/Tests/MapLibreSwiftUITests/Examples/__Snapshots__/MapControlsTests/testCompassOnly.1.png
    /host/spi-builder-workspace/Tests/MapLibreSwiftUITests/Models/MapCamera/__Snapshots__/MapViewCameraOperationTests/setPitch_trackingUserLocationWithHeadingCamera_updatesPitchCorrectly.1.txt
    /host/spi-builder-workspace/Tests/MapLibreSwiftUITests/Models/MapCamera/__Snapshots__/MapViewCameraOperationTests/pan_trackingUserLocationWithCourseCamera_convertsToCenteredCamera.1.txt
    /host/spi-builder-workspace/Tests/MapLibreSwiftUITests/Models/MapCamera/__Snapshots__/MapViewCameraOperationTests/pan_trackingUserLocationWithHeadingCamera_convertsToCenteredCamera.1.txt
    /host/spi-builder-workspace/Tests/MapLibreSwiftUITests/Models/MapCamera/__Snapshots__/MapViewCameraTests/testTrackingUserLocation.1.txt
    /host/spi-builder-workspace/Tests/MapLibreSwiftUITests/Examples/__Snapshots__/MapControlsTests/testLogoOnly.1.png
    /host/spi-builder-workspace/Tests/MapLibreSwiftUITests/Models/MapCamera/__Snapshots__/MapViewCameraOperationTests/setZoom_centeredCamera_updatesZoomCorrectly.1.txt
    /host/spi-builder-workspace/Tests/MapLibreSwiftUITests/Examples/__Snapshots__/CameraPreviewTests/testCameraPreview.1.png
    /host/spi-builder-workspace/Tests/MapLibreSwiftUITests/Examples/__Snapshots__/MapControlsTests/testAttributionChangePosition.1.png
    /host/spi-builder-workspace/Tests/MapLibreSwiftUITests/Examples/__Snapshots__/LayerPreviewTests/testSimpleSymbol.1.png
    /host/spi-builder-workspace/Tests/MapLibreSwiftUITests/Models/MapCamera/__Snapshots__/CameraStateTests/testTrackingUserLocationWithCourse.1.txt
    /host/spi-builder-workspace/Tests/MapLibreSwiftUITests/Models/MapCamera/__Snapshots__/MapViewCameraOperationTests/incrementZoom_centeredCamera_incrementsZoomCorrectly.1.txt
    /host/spi-builder-workspace/Tests/MapLibreSwiftUITests/Models/MapCamera/__Snapshots__/MapViewCameraTests/testTrackUserLocationWithHeading.1.txt
    /host/spi-builder-workspace/Tests/MapLibreSwiftUITests/Examples/__Snapshots__/LayerPreviewTests/testRotatedSymboleDynamic.1.png
    /host/spi-builder-workspace/Tests/MapLibreSwiftUITests/Models/MapCamera/__Snapshots__/MapViewCameraOperationTests/setPitch_trackingUserLocationCamera_updatesPitchCorrectly.1.txt
    /host/spi-builder-workspace/Tests/MapLibreSwiftUITests/Examples/__Snapshots__/LayerPreviewTests/testRotatedSymbolConst.1.png
    /host/spi-builder-workspace/Tests/MapLibreSwiftUITests/Examples/__Snapshots__/MapControlsTests/testLogoChangePosition.1.png
    /host/spi-builder-workspace/Tests/MapLibreSwiftUITests/Models/MapCamera/__Snapshots__/MapViewCameraTests/testBoundingBox.1.txt
    /host/spi-builder-workspace/Tests/MapLibreSwiftUITests/Models/MapCamera/__Snapshots__/MapViewCameraOperationTests/setDirection_rectCamera_withProxy_convertsToCenteredCamera.1.txt
    /host/spi-builder-workspace/Tests/MapLibreSwiftUITests/Models/MapCamera/__Snapshots__/MapViewCameraOperationTests/pan_centeredCamera_rightDirection_pansCameraRight.1.txt
    /host/spi-builder-workspace/Tests/MapLibreSwiftUITests/Models/MapCamera/__Snapshots__/MapViewCameraOperationTests/incrementZoom_trackingUserLocationCamera_incrementsZoomCorrectly.1.txt
    /host/spi-builder-workspace/Tests/MapLibreSwiftUITests/Models/MapCamera/__Snapshots__/CameraStateTests/testTrackingUserLocation.1.txt
    /host/spi-builder-workspace/Tests/MapLibreSwiftUITests/Models/MapCamera/__Snapshots__/MapViewCameraOperationTests/incrementZoom_negativeIncrement_decrementsZoom.1.txt
    /host/spi-builder-workspace/Tests/MapLibreSwiftUITests/Models/MapCamera/__Snapshots__/MapViewCameraOperationTests/setZoom_trackingUserLocationWithCourseCamera_updatesZoomCorrectly.1.txt
    /host/spi-builder-workspace/Tests/MapLibreSwiftUITests/Models/MapCamera/__Snapshots__/MapViewCameraOperationTests/pan_centeredCamera_leftDirection_pansCameraLeft.1.txt
    /host/spi-builder-workspace/Tests/MapLibreSwiftUITests/Models/MapCamera/__Snapshots__/MapViewCameraOperationTests/setZoom_rectCamera_withProxy_convertsToCenteredCamera.1.txt
    /host/spi-builder-workspace/Tests/MapLibreSwiftUITests/Models/MapCamera/__Snapshots__/MapViewCameraTests/testTrackUserLocationWithCourse.1.txt
    /host/spi-builder-workspace/Tests/MapLibreSwiftUITests/Models/MapCamera/__Snapshots__/MapViewCameraOperationTests/setPitch_trackingUserLocationWithCourseCamera_updatesPitchCorrectly.1.txt
    /host/spi-builder-workspace/Tests/MapLibreSwiftUITests/Models/MapCamera/__Snapshots__/MapViewCameraOperationTests/setDirection_centeredCamera_updatesDirectionCorrectly.1.txt
    /host/spi-builder-workspace/Tests/MapLibreSwiftUITests/Models/MapCamera/__Snapshots__/CameraStateTests/testTrackingUserLocationWithHeading.1.txt
    /host/spi-builder-workspace/Tests/MapLibreSwiftUITests/Models/MapCamera/__Snapshots__/MapViewCameraOperationTests/pan_trackingUserLocationCamera_convertsToCenteredCamera.1.txt
    /host/spi-builder-workspace/Tests/MapLibreSwiftUITests/Models/MapCamera/__Snapshots__/MapViewCameraOperationTests/pan_centeredCamera_downDirection_pansCameraDown.1.txt
    /host/spi-builder-workspace/Tests/MapLibreSwiftUITests/Models/MapCamera/__Snapshots__/MapViewCameraOperationTests/pan_rectCamera_withoutProxy_usesDefaults.1.txt
    /host/spi-builder-workspace/Tests/MapLibreSwiftUITests/Models/MapCamera/__Snapshots__/MapViewCameraTests/testCenterCamera.1.txt
    /host/spi-builder-workspace/Tests/MapLibreSwiftUITests/Models/MapCamera/__Snapshots__/MapViewCameraOperationTests/setZoom_trackingUserLocationCamera_updatesZoomCorrectly.1.txt
    /host/spi-builder-workspace/Tests/MapLibreSwiftUITests/Examples/__Snapshots__/MapControlsTests/testEmptyControls.1.png
    /host/spi-builder-workspace/Tests/MapLibreSwiftUITests/Examples/__Snapshots__/MapControlsTests/testCompassChangePosition.1.png
    /host/spi-builder-workspace/Tests/MapLibreSwiftUITests/Models/MapCamera/__Snapshots__/MapViewCameraOperationTests/pan_centeredCamera_upDirection_pansCameraUp.1.txt
    /host/spi-builder-workspace/Tests/MapLibreSwiftUITests/Models/MapCamera/__Snapshots__/MapViewCameraOperationTests/setZoom_trackingUserLocationWithHeadingCamera_updatesZoomCorrectly.1.txt
    /host/spi-builder-workspace/Tests/MapLibreSwiftUITests/Models/MapCamera/__Snapshots__/MapViewCameraOperationTests/setDirection_trackingUserLocationCamera_updatesDirectionCorrectly.1.txt
    /host/spi-builder-workspace/Tests/MapLibreSwiftUITests/Examples/__Snapshots__/LayerPreviewTests/testRoseTint.1.png
    /host/spi-builder-workspace/Tests/MapLibreSwiftUITests/Models/MapCamera/__Snapshots__/MapViewCameraOperationTests/pan_rectCamera_withProxy_convertsToCenteredCamera.1.txt
    /host/spi-builder-workspace/Tests/MapLibreSwiftUITests/Examples/__Snapshots__/MapControlsTests/testAttributionOnly.1.png
    /host/spi-builder-workspace/Tests/MapLibreSwiftUITests/Models/MapCamera/__Snapshots__/CameraStateTests/testCenterCameraState.1.txt
    /host/spi-builder-workspace/Tests/MapLibreSwiftUITests/Models/MapCamera/__Snapshots__/MapViewCameraOperationTests/setPitch_rectCamera_withProxy_convertsToCenteredCamera.1.txt
    /host/spi-builder-workspace/Tests/MapLibreSwiftUITests/Examples/__Snapshots__/LayerPreviewTests/testCirclesWithSymbols.1.png
[0/1] Planning build
Building for debugging...
[0/20] Write swift-version-24593BA9C3E375BF.txt
[2/38] Compiling SwiftSyntax510 Empty.swift
[3/38] Emitting module SwiftSyntax602
[4/38] Compiling SwiftSyntax602 Empty.swift
[5/39] Compiling SwiftSyntax600 Empty.swift
[6/39] Emitting module SwiftSyntax601
[7/39] Emitting module SwiftSyntax510
[8/40] Compiling SwiftSyntax601 Empty.swift
[9/40] Emitting module SwiftSyntax509
[10/41] Compiling InternalUtils Sample Data.swift
/host/spi-builder-workspace/Sources/InternalUtils/Sample Data.swift:2:8: error: no such module 'CoreLocation'
 1 | // Sample data
 2 | import CoreLocation
   |        `- error: no such module 'CoreLocation'
 3 |
 4 | public let samplePedestrianWaypoints = [
[11/41] Compiling SwiftSyntax509 Empty.swift
[12/41] Emitting module SwiftSyntax600
error: emit-module command failed with exit code 1 (use -v to see invocation)
[13/43] Emitting module InternalUtils
/host/spi-builder-workspace/Sources/InternalUtils/Sample Data.swift:2:8: error: no such module 'CoreLocation'
 1 | // Sample data
 2 | import CoreLocation
   |        `- error: no such module 'CoreLocation'
 3 |
 4 | public let samplePedestrianWaypoints = [
[14/43] Compiling InternalUtils Enums.swift
/host/spi-builder-workspace/Sources/InternalUtils/Sample Data.swift:2:8: error: no such module 'CoreLocation'
 1 | // Sample data
 2 | import CoreLocation
   |        `- error: no such module 'CoreLocation'
 3 |
 4 | public let samplePedestrianWaypoints = [
error: emit-module command failed with exit code 1 (use -v to see invocation)
[15/43] Emitting module InternalUtils
/host/spi-builder-workspace/Sources/InternalUtils/Sample Data.swift:2:8: error: no such module 'CoreLocation'
 1 | // Sample data
 2 | import CoreLocation
   |        `- error: no such module 'CoreLocation'
 3 |
 4 | public let samplePedestrianWaypoints = [
[16/43] Compiling InternalUtils Sample Data.swift
/host/spi-builder-workspace/Sources/InternalUtils/Sample Data.swift:2:8: error: no such module 'CoreLocation'
 1 | // Sample data
 2 | import CoreLocation
   |        `- error: no such module 'CoreLocation'
 3 |
 4 | public let samplePedestrianWaypoints = [
[17/43] Compiling InternalUtils Enums.swift
/host/spi-builder-workspace/Sources/InternalUtils/Sample Data.swift:2:8: error: no such module 'CoreLocation'
 1 | // Sample data
 2 | import CoreLocation
   |        `- error: no such module 'CoreLocation'
 3 |
 4 | public let samplePedestrianWaypoints = [
[21/41] Compiling InternalUtils Utilities.swift
/host/spi-builder-workspace/Sources/InternalUtils/Sample Data.swift:2:8: error: no such module 'CoreLocation'
 1 | // Sample data
 2 | import CoreLocation
   |        `- error: no such module 'CoreLocation'
 3 |
 4 | public let samplePedestrianWaypoints = [
BUILD FAILURE 6.1 wasm