Build Information
Failed to build ViewKit, reference develop (27c1ed), with Swift 6.4 for tvOS using Xcode 27.0 on 19 Sep 2026 05:54:03 UTC.
Build Command
env DEVELOPER_DIR=/Applications/Xcode-27.0.0-Release.Candidate.app xcrun xcodebuild -IDEClonedSourcePackagesDirPathOverride=$PWD/.dependencies -skipMacroValidation -skipPackagePluginValidation -derivedDataPath $PWD/.derivedData build -scheme ViewKit -destination generic/platform=tvOSBuild Log
========================================
RunAll
========================================
Builder version: 5.1.0
Interrupt handler set up.
========================================
Checkout
========================================
Clone URL: https://github.com/lucaswkuipers/ViewKit.git
Reference: develop
Initialized empty Git repository in /Users/admin/builder/spi-builder-workspace/.git/
From https://github.com/lucaswkuipers/ViewKit
* branch develop -> FETCH_HEAD
* [new branch] develop -> origin/develop
HEAD is now at 27c1eda Update README.md
Cloned https://github.com/lucaswkuipers/ViewKit.git
Revision (git rev-parse @):
27c1eda073f5b439b027926b8cfd36337127c401
SUCCESS checkout https://github.com/lucaswkuipers/ViewKit.git at develop
========================================
Build
========================================
Selected platform: tvOS
Swift version: 6.4
Building package at path: $PWD
https://github.com/lucaswkuipers/ViewKit.git
Command line invocation:
/Applications/Xcode-27.0.0-Release.Candidate.app/Contents/Developer/usr/bin/xcodebuild -IDEClonedSourcePackagesDirPathOverride=/Users/admin/builder/spi-builder-workspace/.dependencies -resolvePackageDependencies
Resolve Package Graph
Resolve Package Graph
Resolved source packages:
ViewKit: /Users/admin/builder/spi-builder-workspace
resolved source packages: ViewKit
2026-09-19 01:53:10.131 xcodebuild[529:3042] [MT] IDERunDestination: Supported platforms for the buildables in the current scheme is empty.
{
"dependencies" : [
],
"manifest_display_name" : "ViewKit",
"name" : "ViewKit",
"path" : "/Users/admin/builder/spi-builder-workspace",
"platforms" : [
{
"name" : "ios",
"version" : "11.0"
}
],
"products" : [
{
"name" : "ViewKit",
"targets" : [
"ViewKit"
],
"type" : {
"library" : [
"automatic"
]
}
}
],
"targets" : [
{
"c99name" : "ViewKitTests",
"module_type" : "SwiftTarget",
"name" : "ViewKitTests",
"path" : "Tests/ViewKitTests",
"sources" : [
"UILabel+tests.swift"
],
"target_dependencies" : [
"ViewKit"
],
"type" : "test"
},
{
"c99name" : "ViewKit",
"module_type" : "SwiftTarget",
"name" : "ViewKit",
"path" : "Sources/ViewKit",
"product_memberships" : [
"ViewKit"
],
"sources" : [
"Builders/ConstraintBuilder.swift",
"Builders/ProgrammaticViewBuilder.swift",
"Builders/StackViewBuilder.swift",
"Components/Filler.swift",
"Components/For.swift",
"Components/HorizontalStack.swift",
"Components/ProgrammaticView.swift",
"Components/VerticalStack.swift",
"Components/ViewController.swift",
"Extensions/UIButton+extensions.swift",
"Extensions/UIControl+extensions.swift",
"Extensions/UIImageView+extensions.swift",
"Extensions/UILabel+extensions.swift",
"Extensions/UIScene+extensions.swift",
"Extensions/UIStackView+extensions.swift",
"Extensions/UITextField+extensions.swift",
"Extensions/UIView+extensions.swift",
"Internal/@_exported.swift",
"Internal/ClosureTapGestureRecognizer.swift",
"Internal/Notification.swift",
"Preview/UIViewPreview.swift"
],
"type" : "library"
}
],
"tools_version" : "5.7"
}
{
"workspace" : {
"name" : "ViewKit",
"schemes" : [
"ViewKit"
]
}
}
2026-09-19 01:53:51.755 xcodebuild[650:4179] [MT] IDERunDestination: Supported platforms for the buildables in the current scheme is empty.
Running build ...
env DEVELOPER_DIR=/Applications/Xcode-27.0.0-Release.Candidate.app xcrun xcodebuild -IDEClonedSourcePackagesDirPathOverride=$PWD/.dependencies -skipMacroValidation -skipPackagePluginValidation -derivedDataPath $PWD/.derivedData build -scheme ViewKit -destination generic/platform=tvOS
Command line invocation:
/Applications/Xcode-27.0.0-Release.Candidate.app/Contents/Developer/usr/bin/xcodebuild -IDEClonedSourcePackagesDirPathOverride=/Users/admin/builder/spi-builder-workspace/.dependencies -skipMacroValidation -skipPackagePluginValidation -derivedDataPath /Users/admin/builder/spi-builder-workspace/.derivedData build -scheme ViewKit -destination generic/platform=tvOS
Resolve Package Graph
Resolved source packages:
ViewKit: /Users/admin/builder/spi-builder-workspace
ComputePackagePrebuildTargetDependencyGraph
Prepare packages
CreateBuildRequest
SendProjectDescription
CreateBuildOperation
ComputeTargetDependencyGraph
note: Building targets in dependency order
note: Target dependency graph (2 targets)
Target 'ViewKit-product' in project 'ViewKit'
➜ Explicit dependency on target 'ViewKit' in project 'ViewKit'
Target 'ViewKit' in project 'ViewKit' (no dependencies)
GatherProvisioningInputs
CreateBuildDescription
ExecuteExternalTool /Applications/Xcode-27.0.0-Release.Candidate.app/Contents/Developer/Toolchains/XcodeDefault.xctoolchain/usr/bin/clang -v -E -dM -isysroot /Applications/Xcode-27.0.0-Release.Candidate.app/Contents/Developer/Platforms/AppleTVOS.platform/Developer/SDKs/AppleTVOS27.0.sdk -x c -c /dev/null
ExecuteExternalTool /Applications/Xcode-27.0.0-Release.Candidate.app/Contents/Developer/Toolchains/XcodeDefault.xctoolchain/usr/bin/swiftc --version
ExecuteExternalTool /Applications/Xcode-27.0.0-Release.Candidate.app/Contents/Developer/Toolchains/XcodeDefault.xctoolchain/usr/bin/ld -version_details
Build description signature: e5f16d9c557e15ba39c8c0cdeb58d48f
Build description path: /Users/admin/builder/spi-builder-workspace/.derivedData/Build/Intermediates.noindex/XCBuildData/e5f16d9c557e15ba39c8c0cdeb58d48f.xcbuilddata
CreateBuildDirectory /Users/admin/builder/spi-builder-workspace/.derivedData/ModuleCache.noindex
cd /Users/admin/builder/spi-builder-workspace/.swiftpm/xcode
builtin-create-build-directory /Users/admin/builder/spi-builder-workspace/.derivedData/ModuleCache.noindex
CreateBuildDirectory /Users/admin/builder/spi-builder-workspace/.derivedData/SDKExplicitPrecompiledModules
cd /Users/admin/builder/spi-builder-workspace/.swiftpm/xcode
builtin-create-build-directory /Users/admin/builder/spi-builder-workspace/.derivedData/SDKExplicitPrecompiledModules
CreateBuildDirectory /Users/admin/builder/spi-builder-workspace/.derivedData/CompilationCache.noindex
cd /Users/admin/builder/spi-builder-workspace/.swiftpm/xcode
builtin-create-build-directory /Users/admin/builder/spi-builder-workspace/.derivedData/CompilationCache.noindex
CreateBuildDirectory /Users/admin/builder/spi-builder-workspace/.derivedData/Build/Intermediates.noindex
cd /Users/admin/builder/spi-builder-workspace/.swiftpm/xcode
builtin-create-build-directory /Users/admin/builder/spi-builder-workspace/.derivedData/Build/Intermediates.noindex
CreateBuildDirectory /Users/admin/builder/spi-builder-workspace/.derivedData/Build/Products
cd /Users/admin/builder/spi-builder-workspace/.swiftpm/xcode
builtin-create-build-directory /Users/admin/builder/spi-builder-workspace/.derivedData/Build/Products
ClangStatCache /Applications/Xcode-27.0.0-Release.Candidate.app/Contents/Developer/Toolchains/XcodeDefault.xctoolchain/usr/bin/clang-stat-cache /Applications/Xcode-27.0.0-Release.Candidate.app/Contents/Developer/Platforms/AppleTVOS.platform/Developer/SDKs/AppleTVOS27.0.sdk /Users/admin/builder/spi-builder-workspace/.derivedData/SDKStatCaches.noindex/appletvos27.0-24J360-e829b21a6f8c9b70876ba0858053c044b32bfd8d43560033f8d89884cdb90028.sdkstatcache
cd /Users/admin/builder/spi-builder-workspace/.swiftpm/xcode
/Applications/Xcode-27.0.0-Release.Candidate.app/Contents/Developer/Toolchains/XcodeDefault.xctoolchain/usr/bin/clang-stat-cache /Applications/Xcode-27.0.0-Release.Candidate.app/Contents/Developer/Platforms/AppleTVOS.platform/Developer/SDKs/AppleTVOS27.0.sdk -o /Users/admin/builder/spi-builder-workspace/.derivedData/SDKStatCaches.noindex/appletvos27.0-24J360-e829b21a6f8c9b70876ba0858053c044b32bfd8d43560033f8d89884cdb90028.sdkstatcache
CreateBuildDirectory /Users/admin/builder/spi-builder-workspace/.derivedData/Build/Intermediates.noindex/SwiftExplicitPrecompiledModules
cd /Users/admin/builder/spi-builder-workspace/.swiftpm/xcode
builtin-create-build-directory /Users/admin/builder/spi-builder-workspace/.derivedData/Build/Intermediates.noindex/SwiftExplicitPrecompiledModules
CreateBuildDirectory /Users/admin/builder/spi-builder-workspace/.derivedData/Build/Intermediates.noindex/PrecompiledHeaders
cd /Users/admin/builder/spi-builder-workspace/.swiftpm/xcode
builtin-create-build-directory /Users/admin/builder/spi-builder-workspace/.derivedData/Build/Intermediates.noindex/PrecompiledHeaders
CreateBuildDirectory /Users/admin/builder/spi-builder-workspace/.derivedData/Build/Intermediates.noindex/ExplicitPrecompiledModules
cd /Users/admin/builder/spi-builder-workspace/.swiftpm/xcode
builtin-create-build-directory /Users/admin/builder/spi-builder-workspace/.derivedData/Build/Intermediates.noindex/ExplicitPrecompiledModules
CreateBuildDirectory /Users/admin/builder/spi-builder-workspace/.derivedData/Build/Products/Debug-appletvos
cd /Users/admin/builder/spi-builder-workspace/.swiftpm/xcode
builtin-create-build-directory /Users/admin/builder/spi-builder-workspace/.derivedData/Build/Products/Debug-appletvos
CreateBuildDirectory /Users/admin/builder/spi-builder-workspace/.derivedData/Build/Intermediates.noindex/EagerLinkingTBDs/Debug-appletvos
cd /Users/admin/builder/spi-builder-workspace/.swiftpm/xcode
builtin-create-build-directory /Users/admin/builder/spi-builder-workspace/.derivedData/Build/Intermediates.noindex/EagerLinkingTBDs/Debug-appletvos
CreateBuildDirectory /Users/admin/builder/spi-builder-workspace/.derivedData/Build/Products/Debug-appletvos/PackageFrameworks
cd /Users/admin/builder/spi-builder-workspace/.swiftpm/xcode
builtin-create-build-directory /Users/admin/builder/spi-builder-workspace/.derivedData/Build/Products/Debug-appletvos/PackageFrameworks
WriteAuxiliaryFile /Users/admin/builder/spi-builder-workspace/.derivedData/Build/Intermediates.noindex/ViewKit.build/Debug-appletvos/ViewKit-t.build/ViewKit.modulemap (in target 'ViewKit' from project 'ViewKit')
cd /Users/admin/builder/spi-builder-workspace
write-file /Users/admin/builder/spi-builder-workspace/.derivedData/Build/Intermediates.noindex/ViewKit.build/Debug-appletvos/ViewKit-t.build/ViewKit.modulemap
WriteAuxiliaryFile /Users/admin/builder/spi-builder-workspace/.derivedData/Build/Intermediates.noindex/ViewKit.build/Debug-appletvos/ViewKit-t.build/ViewKit.DependencyMetadataFileList (in target 'ViewKit' from project 'ViewKit')
cd /Users/admin/builder/spi-builder-workspace
write-file /Users/admin/builder/spi-builder-workspace/.derivedData/Build/Intermediates.noindex/ViewKit.build/Debug-appletvos/ViewKit-t.build/ViewKit.DependencyMetadataFileList
WriteAuxiliaryFile /Users/admin/builder/spi-builder-workspace/.derivedData/Build/Intermediates.noindex/ViewKit.build/Debug-appletvos/ViewKit-t.build/ViewKit.DependencyStaticMetadataFileList (in target 'ViewKit' from project 'ViewKit')
cd /Users/admin/builder/spi-builder-workspace
write-file /Users/admin/builder/spi-builder-workspace/.derivedData/Build/Intermediates.noindex/ViewKit.build/Debug-appletvos/ViewKit-t.build/ViewKit.DependencyStaticMetadataFileList
WriteAuxiliaryFile /Users/admin/builder/spi-builder-workspace/.derivedData/Build/Intermediates.noindex/ViewKit.build/Debug-appletvos/ViewKit-t.build/Objects-normal/arm64/ViewKit.LinkFileList (in target 'ViewKit' from project 'ViewKit')
cd /Users/admin/builder/spi-builder-workspace
write-file /Users/admin/builder/spi-builder-workspace/.derivedData/Build/Intermediates.noindex/ViewKit.build/Debug-appletvos/ViewKit-t.build/Objects-normal/arm64/ViewKit.LinkFileList
WriteAuxiliaryFile /Users/admin/builder/spi-builder-workspace/.derivedData/Build/Intermediates.noindex/ViewKit.build/Debug-appletvos/ViewKit-t.build/Objects-normal/arm64/ViewKit.SwiftConstValuesFileList (in target 'ViewKit' from project 'ViewKit')
cd /Users/admin/builder/spi-builder-workspace
write-file /Users/admin/builder/spi-builder-workspace/.derivedData/Build/Intermediates.noindex/ViewKit.build/Debug-appletvos/ViewKit-t.build/Objects-normal/arm64/ViewKit.SwiftConstValuesFileList
WriteAuxiliaryFile /Users/admin/builder/spi-builder-workspace/.derivedData/Build/Intermediates.noindex/ViewKit.build/Debug-appletvos/ViewKit-t.build/Objects-normal/arm64/ViewKit_const_extract_protocols.json (in target 'ViewKit' from project 'ViewKit')
cd /Users/admin/builder/spi-builder-workspace
write-file /Users/admin/builder/spi-builder-workspace/.derivedData/Build/Intermediates.noindex/ViewKit.build/Debug-appletvos/ViewKit-t.build/Objects-normal/arm64/ViewKit_const_extract_protocols.json
WriteAuxiliaryFile /Users/admin/builder/spi-builder-workspace/.derivedData/Build/Intermediates.noindex/ViewKit.build/Debug-appletvos/ViewKit-t.build/Objects-normal/arm64/ViewKit-OutputFileMap.json (in target 'ViewKit' from project 'ViewKit')
cd /Users/admin/builder/spi-builder-workspace
write-file /Users/admin/builder/spi-builder-workspace/.derivedData/Build/Intermediates.noindex/ViewKit.build/Debug-appletvos/ViewKit-t.build/Objects-normal/arm64/ViewKit-OutputFileMap.json
WriteAuxiliaryFile /Users/admin/builder/spi-builder-workspace/.derivedData/Build/Intermediates.noindex/ViewKit.build/Debug-appletvos/ViewKit-t.build/Objects-normal/arm64/ViewKit.SwiftFileList (in target 'ViewKit' from project 'ViewKit')
cd /Users/admin/builder/spi-builder-workspace
write-file /Users/admin/builder/spi-builder-workspace/.derivedData/Build/Intermediates.noindex/ViewKit.build/Debug-appletvos/ViewKit-t.build/Objects-normal/arm64/ViewKit.SwiftFileList
Copy /Users/admin/builder/spi-builder-workspace/.derivedData/Build/Intermediates.noindex/GeneratedModuleMaps-appletvos/ViewKit.modulemap /Users/admin/builder/spi-builder-workspace/.derivedData/Build/Intermediates.noindex/ViewKit.build/Debug-appletvos/ViewKit-t.build/ViewKit.modulemap (in target 'ViewKit' from project 'ViewKit')
cd /Users/admin/builder/spi-builder-workspace
builtin-copy -exclude .DS_Store -exclude CVS -exclude .svn -exclude .git -exclude .hg -resolve-src-symlinks /Users/admin/builder/spi-builder-workspace/.derivedData/Build/Intermediates.noindex/ViewKit.build/Debug-appletvos/ViewKit-t.build/ViewKit.modulemap /Users/admin/builder/spi-builder-workspace/.derivedData/Build/Intermediates.noindex/GeneratedModuleMaps-appletvos
SwiftDriver ViewKit normal arm64 com.apple.xcode.tools.swift.compiler (in target 'ViewKit' from project 'ViewKit')
cd /Users/admin/builder/spi-builder-workspace/.swiftpm/xcode
builtin-SwiftDriver -- /Applications/Xcode-27.0.0-Release.Candidate.app/Contents/Developer/Toolchains/XcodeDefault.xctoolchain/usr/bin/swiftc -parse-as-library -module-name ViewKit -Onone @/Users/admin/builder/spi-builder-workspace/.derivedData/Build/Intermediates.noindex/ViewKit.build/Debug-appletvos/ViewKit-t.build/Objects-normal/arm64/ViewKit.SwiftFileList -DSWIFT_PACKAGE -DDEBUG -DSWIFT_MODULE_RESOURCE_BUNDLE_UNAVAILABLE -DXcode -plugin-path /Applications/Xcode-27.0.0-Release.Candidate.app/Contents/Developer/Toolchains/XcodeDefault.xctoolchain/usr/lib/swift/host/plugins/testing -enable-experimental-feature DebugDescriptionMacro -sdk /Applications/Xcode-27.0.0-Release.Candidate.app/Contents/Developer/Platforms/AppleTVOS.platform/Developer/SDKs/AppleTVOS27.0.sdk -target arm64-apple-tvos15.0 -g -module-cache-path /Users/admin/builder/spi-builder-workspace/.derivedData/ModuleCache.noindex -Xfrontend -serialize-debugging-options -profile-coverage-mapping -profile-generate -enable-testing -index-store-path /Users/admin/builder/spi-builder-workspace/.derivedData/Index.noindex/DataStore -Xcc -D_LIBCPP_HARDENING_MODE\=_LIBCPP_HARDENING_MODE_DEBUG -swift-version 5 -I /Users/admin/builder/spi-builder-workspace/.derivedData/Build/Products/Debug-appletvos -Isystem /Applications/Xcode-27.0.0-Release.Candidate.app/Contents/Developer/Platforms/AppleTVOS.platform/Developer/usr/lib -F /Users/admin/builder/spi-builder-workspace/.derivedData/Build/Products/Debug-appletvos -F /Applications/Xcode-27.0.0-Release.Candidate.app/Contents/Developer/Platforms/AppleTVOS.platform/Developer/Library/Frameworks -F /Applications/Xcode-27.0.0-Release.Candidate.app/Contents/Developer/Platforms/AppleTVOS.platform/Developer/SDKs/AppleTVOS27.0.sdk/Developer/Library/Frameworks -c -j10 -enable-batch-mode -incremental -Xcc -ivfsstatcache -Xcc /Users/admin/builder/spi-builder-workspace/.derivedData/SDKStatCaches.noindex/appletvos27.0-24J360-e829b21a6f8c9b70876ba0858053c044b32bfd8d43560033f8d89884cdb90028.sdkstatcache -output-file-map /Users/admin/builder/spi-builder-workspace/.derivedData/Build/Intermediates.noindex/ViewKit.build/Debug-appletvos/ViewKit-t.build/Objects-normal/arm64/ViewKit-OutputFileMap.json -save-temps -no-color-diagnostics -explicit-module-build -module-cache-path /Users/admin/builder/spi-builder-workspace/.derivedData/Build/Intermediates.noindex/SwiftExplicitPrecompiledModules -clang-scanner-module-cache-path /Users/admin/builder/spi-builder-workspace/.derivedData/ModuleCache.noindex -sdk-module-cache-path /Users/admin/builder/spi-builder-workspace/.derivedData/SDKExplicitPrecompiledModules -emit-dependencies -emit-module -emit-module-path /Users/admin/builder/spi-builder-workspace/.derivedData/Build/Intermediates.noindex/ViewKit.build/Debug-appletvos/ViewKit-t.build/Objects-normal/arm64/ViewKit.swiftmodule -serialize-diagnostics -dependency-scan-serialize-diagnostics-path /Users/admin/builder/spi-builder-workspace/.derivedData/Build/Intermediates.noindex/ViewKit.build/Debug-appletvos/ViewKit-t.build/Objects-normal/arm64/ViewKit-dependency-scan.dia -validate-clang-modules-once -clang-build-session-file /Users/admin/builder/spi-builder-workspace/.derivedData/ModuleCache.noindex/Session.modulevalidation -Xcc -fmodules-prune-interval\=86400 -Xcc -fmodules-prune-after\=345600 -emit-const-values -const-gather-protocols-list /Users/admin/builder/spi-builder-workspace/.derivedData/Build/Intermediates.noindex/ViewKit.build/Debug-appletvos/ViewKit-t.build/Objects-normal/arm64/ViewKit_const_extract_protocols.json -Xcc -I/Users/admin/builder/spi-builder-workspace/.derivedData/Build/Products/Debug-appletvos/include -Xcc -I/Users/admin/builder/spi-builder-workspace/.derivedData/Build/Intermediates.noindex/ViewKit.build/Debug-appletvos/ViewKit-t.build/DerivedSources-normal/arm64 -Xcc -I/Users/admin/builder/spi-builder-workspace/.derivedData/Build/Intermediates.noindex/ViewKit.build/Debug-appletvos/ViewKit-t.build/DerivedSources/arm64 -Xcc -I/Users/admin/builder/spi-builder-workspace/.derivedData/Build/Intermediates.noindex/ViewKit.build/Debug-appletvos/ViewKit-t.build/DerivedSources -Xcc -DSWIFT_PACKAGE -Xcc -DDEBUG\=1 -emit-objc-header -emit-objc-header-path /Users/admin/builder/spi-builder-workspace/.derivedData/Build/Intermediates.noindex/ViewKit.build/Debug-appletvos/ViewKit-t.build/Objects-normal/arm64/ViewKit-Swift.h -working-directory /Users/admin/builder/spi-builder-workspace/.swiftpm/xcode -experimental-emit-module-separately -disable-cmo
SwiftExplicitDependencyGeneratePcm arm64 /Users/admin/builder/spi-builder-workspace/.derivedData/SDKExplicitPrecompiledModules/DeveloperToolsSupport-B1X8RI63V48AJRTH2RK6JAARV.pcm
SwiftExplicitDependencyGeneratePcm arm64 /Users/admin/builder/spi-builder-workspace/.derivedData/SDKExplicitPrecompiledModules/SwiftShims-8N4EXJ4RUJTR8K9OO3CMOH1EP.pcm
SwiftExplicitDependencyGeneratePcm arm64 /Users/admin/builder/spi-builder-workspace/.derivedData/SDKExplicitPrecompiledModules/_Builtin_stddef-9ZJZ6FDEZNKTZU8YLPMFT9RAQ.pcm
SwiftExplicitDependencyGeneratePcm arm64 /Users/admin/builder/spi-builder-workspace/.derivedData/SDKExplicitPrecompiledModules/_AvailabilityInternal-BV2EDDP0MI5QJDDPEEV4D9D3V.pcm
SwiftExplicitDependencyGeneratePcm arm64 /Users/admin/builder/spi-builder-workspace/.derivedData/SDKExplicitPrecompiledModules/_SwiftConcurrencyShims-BY5PD8KF1L5KF6F4Q69HE3TJ4.pcm
SwiftExplicitDependencyGeneratePcm arm64 /Users/admin/builder/spi-builder-workspace/.derivedData/SDKExplicitPrecompiledModules/ptrcheck-2AZ6B5IBYD3RRRTFWN2ONASY3.pcm
SwiftExplicitDependencyGeneratePcm arm64 /Users/admin/builder/spi-builder-workspace/.derivedData/SDKExplicitPrecompiledModules/_Builtin_stdarg-BO2OCAUYVAXDRVQWQ8ISKGNUQ.pcm
SwiftExplicitDependencyGeneratePcm arm64 /Users/admin/builder/spi-builder-workspace/.derivedData/SDKExplicitPrecompiledModules/_Builtin_stdbool-AHRDH5EKLY6D04C5E42F3VCQI.pcm
SwiftExplicitDependencyGeneratePcm arm64 /Users/admin/builder/spi-builder-workspace/.derivedData/SDKExplicitPrecompiledModules/_Builtin_float-8ZJAYZ85YBOAOP52Y9H6IUNP3.pcm
SwiftExplicitDependencyGeneratePcm arm64 /Users/admin/builder/spi-builder-workspace/.derivedData/SDKExplicitPrecompiledModules/ptrauth-8X2KEPL7CTRPS40TUB9APHPK6.pcm
SwiftExplicitDependencyGeneratePcm arm64 /Users/admin/builder/spi-builder-workspace/.derivedData/SDKExplicitPrecompiledModules/_DarwinFoundation1-JOTYMOA1YZCIJ2NON6FQ848O.pcm
SwiftExplicitDependencyGeneratePcm arm64 /Users/admin/builder/spi-builder-workspace/.derivedData/SDKExplicitPrecompiledModules/_DarwinFoundation2-AOGAN1O02NKXRJN5V73AV3V3M.pcm
SwiftExplicitDependencyGeneratePcm arm64 /Users/admin/builder/spi-builder-workspace/.derivedData/SDKExplicitPrecompiledModules/_Builtin_limits-7JU2HP127LIT1X9E2V3D8WZ1.pcm
SwiftExplicitDependencyGeneratePcm arm64 /Users/admin/builder/spi-builder-workspace/.derivedData/SDKExplicitPrecompiledModules/_Builtin_tgmath-7ULT1EUHDHW4OZPSTT33H6QGE.pcm
SwiftExplicitDependencyGeneratePcm arm64 /Users/admin/builder/spi-builder-workspace/.derivedData/SDKExplicitPrecompiledModules/sys_types-8GCAV1YMG5UUGHUID3CA20TCH.pcm
SwiftExplicitDependencyGeneratePcm arm64 /Users/admin/builder/spi-builder-workspace/.derivedData/SDKExplicitPrecompiledModules/string_h-6EVHP7A717OUS5DMC78F79HWO.pcm
SwiftExplicitDependencyGeneratePcm arm64 /Users/admin/builder/spi-builder-workspace/.derivedData/SDKExplicitPrecompiledModules/_Builtin_stdint-6NFTB6IBKS143IVPGT1EKB7HO.pcm
SwiftExplicitDependencyGeneratePcm arm64 /Users/admin/builder/spi-builder-workspace/.derivedData/SDKExplicitPrecompiledModules/_Builtin_intrinsics-437O2R2NID4WAQVENR63GR82C.pcm
SwiftExplicitDependencyGeneratePcm arm64 /Users/admin/builder/spi-builder-workspace/.derivedData/SDKExplicitPrecompiledModules/_DarwinFoundation3-8SR3855WDFHQPR6G9GHOI2C07.pcm
SwiftExplicitDependencyGeneratePcm arm64 /Users/admin/builder/spi-builder-workspace/.derivedData/SDKExplicitPrecompiledModules/_Builtin_stdatomic-3YXHN678NGYM3NL9POJ2HVEIF.pcm
SwiftExplicitDependencyGeneratePcm arm64 /Users/admin/builder/spi-builder-workspace/.derivedData/SDKExplicitPrecompiledModules/_Builtin_inttypes-6X1IQ3QK9KEVKXOK9Y79EW7J3.pcm
SwiftExplicitDependencyGeneratePcm arm64 /Users/admin/builder/spi-builder-workspace/.derivedData/SDKExplicitPrecompiledModules/Darwin-DBSQAVBBPC3D2OMU5ZI2RXMST.pcm
SwiftExplicitDependencyGeneratePcm arm64 /Users/admin/builder/spi-builder-workspace/.derivedData/SDKExplicitPrecompiledModules/simd-117QUXEUT3Z7UQCUYWV2UA228.pcm
SwiftExplicitDependencyGeneratePcm arm64 /Users/admin/builder/spi-builder-workspace/.derivedData/SDKExplicitPrecompiledModules/MachO-EH3F5PJCIZG05NO51CEFSZYPW.pcm
SwiftExplicitDependencyGeneratePcm arm64 /Users/admin/builder/spi-builder-workspace/.derivedData/SDKExplicitPrecompiledModules/ObjectiveC-5250FDCE56N8508OR6XUYDKZM.pcm
SwiftExplicitDependencyGeneratePcm arm64 /Users/admin/builder/spi-builder-workspace/.derivedData/SDKExplicitPrecompiledModules/os_object-E2DGZ0SX0TULQHULZRPO6OKNW.pcm
SwiftExplicitDependencyGeneratePcm arm64 /Users/admin/builder/spi-builder-workspace/.derivedData/SDKExplicitPrecompiledModules/os_workgroup-DBUFF7811DKMX7VPBOJPGGF1U.pcm
SwiftExplicitDependencyGeneratePcm arm64 /Users/admin/builder/spi-builder-workspace/.derivedData/SDKExplicitPrecompiledModules/Spatial-7U8NLEFXSB8BR7PJQGVMF5A4Q.pcm
SwiftExplicitDependencyGeneratePcm arm64 /Users/admin/builder/spi-builder-workspace/.derivedData/SDKExplicitPrecompiledModules/Dispatch-1QL58A0V50C39KVAIC6C38SHL.pcm
SwiftExplicitDependencyGeneratePcm arm64 /Users/admin/builder/spi-builder-workspace/.derivedData/SDKExplicitPrecompiledModules/XPC-6O2DJFT3QUJ7QKTD3SNUB6PCR.pcm
SwiftExplicitDependencyGeneratePcm arm64 /Users/admin/builder/spi-builder-workspace/.derivedData/SDKExplicitPrecompiledModules/CoreFoundation-7TPJ7ENDC4L1A1ESHYI9TXS0D.pcm
SwiftExplicitDependencyGeneratePcm arm64 /Users/admin/builder/spi-builder-workspace/.derivedData/SDKExplicitPrecompiledModules/os-3GJI8H0BNAEZPQPQ1V0VVY3FY.pcm
SwiftExplicitDependencyGeneratePcm arm64 /Users/admin/builder/spi-builder-workspace/.derivedData/SDKExplicitPrecompiledModules/CoreGraphics-CWSP3J98S2658BYCVL6RP99T3.pcm
SwiftExplicitDependencyGeneratePcm arm64 /Users/admin/builder/spi-builder-workspace/.derivedData/SDKExplicitPrecompiledModules/Security-8VMXEKVDA3MHUH9AOTP905DID.pcm
SwiftExplicitDependencyGeneratePcm arm64 /Users/admin/builder/spi-builder-workspace/.derivedData/SDKExplicitPrecompiledModules/CFNetwork-2CUR2VK9S3S3WPFXPNXNUWYGN.pcm
SwiftExplicitDependencyGeneratePcm arm64 /Users/admin/builder/spi-builder-workspace/.derivedData/SDKExplicitPrecompiledModules/CoreAudioTypes-E7EH96HAL3G83QSWLT7VWYIP4.pcm
SwiftExplicitDependencyGeneratePcm arm64 /Users/admin/builder/spi-builder-workspace/.derivedData/SDKExplicitPrecompiledModules/CoreAudio-6IR1XRM0Q9YQZMFW89F3H4V3X.pcm
SwiftExplicitDependencyGeneratePcm arm64 /Users/admin/builder/spi-builder-workspace/.derivedData/SDKExplicitPrecompiledModules/Foundation-BSSIP64DIGUKMAYJOG1WPQ78X.pcm
SwiftExplicitDependencyGeneratePcm arm64 /Users/admin/builder/spi-builder-workspace/.derivedData/SDKExplicitPrecompiledModules/CoreText-59NY7PABM0I4V978161FOC04A.pcm
SwiftExplicitDependencyGeneratePcm arm64 /Users/admin/builder/spi-builder-workspace/.derivedData/SDKExplicitPrecompiledModules/ImageIO-88D4CLEBD4CLWQKT78PZ6H1O8.pcm
SwiftExplicitDependencyGeneratePcm arm64 /Users/admin/builder/spi-builder-workspace/.derivedData/SDKExplicitPrecompiledModules/UniformTypeIdentifiers-95CC8U42ZA9STP5K6GP9ZVJS5.pcm
SwiftExplicitDependencyGeneratePcm arm64 /Users/admin/builder/spi-builder-workspace/.derivedData/SDKExplicitPrecompiledModules/Symbols-B5AU9VM9Y7NU79RLMH13Z4IFM.pcm
SwiftExplicitDependencyGeneratePcm arm64 /Users/admin/builder/spi-builder-workspace/.derivedData/SDKExplicitPrecompiledModules/Accessibility-B6BODGZ4MQQTY0PBC4SHRP009.pcm
SwiftExplicitDependencyGeneratePcm arm64 /Users/admin/builder/spi-builder-workspace/.derivedData/SDKExplicitPrecompiledModules/OSLog-7OT6HHTMY0ZFEQJ095LJZ6NLC.pcm
SwiftExplicitDependencyGeneratePcm arm64 /Users/admin/builder/spi-builder-workspace/.derivedData/SDKExplicitPrecompiledModules/_LocationEssentials-ETSJ65FELPWR8WH8G49R1DF2E.pcm
SwiftExplicitDependencyGeneratePcm arm64 /Users/admin/builder/spi-builder-workspace/.derivedData/SDKExplicitPrecompiledModules/CoreTransferable-7V4O8DATEQ9F7SDNTCW8YWLG3.pcm
SwiftExplicitDependencyGeneratePcm arm64 /Users/admin/builder/spi-builder-workspace/.derivedData/SDKExplicitPrecompiledModules/UserNotifications-E9ZW5TH066WIJWH9080RC5NG4.pcm
SwiftExplicitDependencyGeneratePcm arm64 /Users/admin/builder/spi-builder-workspace/.derivedData/SDKExplicitPrecompiledModules/DataDetection-37JIYZ2GWDA1L166PP1D9JKAF.pcm
SwiftExplicitDependencyGeneratePcm arm64 /Users/admin/builder/spi-builder-workspace/.derivedData/SDKExplicitPrecompiledModules/IOSurface-38FJ1CKX9FV2RD97O64Z7QB17.pcm
SwiftExplicitDependencyGeneratePcm arm64 /Users/admin/builder/spi-builder-workspace/.derivedData/SDKExplicitPrecompiledModules/UIUtilities-6ZFJ1AK4H8IBGEBMYQBWGBYLK.pcm
SwiftExplicitDependencyGeneratePcm arm64 /Users/admin/builder/spi-builder-workspace/.derivedData/SDKExplicitPrecompiledModules/CoreData-DYMPHH3PH8AX9I1FHA4VFJ675.pcm
SwiftExplicitDependencyGeneratePcm arm64 /Users/admin/builder/spi-builder-workspace/.derivedData/SDKExplicitPrecompiledModules/CoreLocation-YVXXAOMVX0JH2KO1XTTKTY51.pcm
SwiftExplicitDependencyGeneratePcm arm64 /Users/admin/builder/spi-builder-workspace/.derivedData/SDKExplicitPrecompiledModules/Metal-2KYBS7IML1SD788M91YV7Q0CC.pcm
SwiftExplicitDependencyGeneratePcm arm64 /Users/admin/builder/spi-builder-workspace/.derivedData/SDKExplicitPrecompiledModules/OpenGLES-4NY99CNDU9WUNUYEIXSS1QFGE.pcm
SwiftExplicitDependencyGeneratePcm arm64 /Users/admin/builder/spi-builder-workspace/.derivedData/SDKExplicitPrecompiledModules/CoreVideo-DPU0PB5X0XLSVA2ETRGI6FJBM.pcm
SwiftExplicitDependencyGeneratePcm arm64 /Users/admin/builder/spi-builder-workspace/.derivedData/SDKExplicitPrecompiledModules/QuartzCore-DJSYAWKXFGVSAK5CQMOB3JSR.pcm
SwiftExplicitDependencyGeneratePcm arm64 /Users/admin/builder/spi-builder-workspace/.derivedData/SDKExplicitPrecompiledModules/CoreImage-7S2AFJ8EIY3DUFYLEAX1JR1QV.pcm
SwiftExplicitDependencyGeneratePcm arm64 /Users/admin/builder/spi-builder-workspace/.derivedData/SDKExplicitPrecompiledModules/CoreMedia-4OUKVT03LV547KZJDPPJRJ4F8.pcm
SwiftExplicitDependencyGeneratePcm arm64 /Users/admin/builder/spi-builder-workspace/.derivedData/SDKExplicitPrecompiledModules/SwiftUICore-543QU5V2NHKUFCYFJDKUJ7NYG.pcm
SwiftExplicitDependencyGeneratePcm arm64 /Users/admin/builder/spi-builder-workspace/.derivedData/SDKExplicitPrecompiledModules/UIKit-1TKWN7VC2X6N3ITMRVA2G0EB2.pcm
SwiftExplicitDependencyGeneratePcm arm64 /Users/admin/builder/spi-builder-workspace/.derivedData/SDKExplicitPrecompiledModules/SwiftUI-7BV1YDT6IZWW6B8OC6ENV0Y0F.pcm
SwiftEmitModule normal arm64 Emitting\ module\ for\ ViewKit (in target 'ViewKit' from project 'ViewKit')
/Users/admin/builder/spi-builder-workspace/Sources/ViewKit/Extensions/UIButton+extensions.swift:113:63: error: 'UIBehavioralStyle' is unavailable in tvOS
111 | @available(iOS 15, *)
112 | @discardableResult
113 | func preferredBehavioralStyle(_ preferredBehavioralStyle: UIBehavioralStyle) -> Self {
| `- error: 'UIBehavioralStyle' is unavailable in tvOS
114 | self.preferredBehavioralStyle = preferredBehavioralStyle
115 | return self
/Applications/Xcode-27.0.0-Release.Candidate.app/Contents/Developer/Platforms/AppleTVOS.platform/Developer/SDKs/AppleTVOS27.0.sdk/System/Library/Frameworks/UIKit.framework/Headers/UIBehavioralStyle.h:16:29: note: 'UIBehavioralStyle' has been explicitly marked unavailable here
14 | API_AVAILABLE(ios(15.0), macCatalyst(15.0)) API_UNAVAILABLE(watchos, tvos)
15 | /// Behavioral Styles are values that determine how a class — such as a view or control — behaves. This includes how the control is drawn, and what behaviors it supports. For example, handling certain customizations in one style, but not another.
16 | typedef NS_ENUM(NSUInteger, UIBehavioralStyle) {
| `- note: 'UIBehavioralStyle' has been explicitly marked unavailable here
17 | /// The system will choose the most appropriate style for the targetted platform.
18 | UIBehavioralStyleAutomatic = 0,
/Users/admin/builder/spi-builder-workspace/Sources/ViewKit/Extensions/UIButton+extensions.swift:136:45: error: 'UIContextMenuConfiguration' is only available in tvOS 17.0 or newer
1 | public extension UIButton {
| `- note: add '@available' attribute to enclosing extension
2 |
3 | // MARK: - State
:
134 | @available(iOS 16, *)
135 | @discardableResult
136 | func preferredMenuElementOrder(_ order: UIContextMenuConfiguration.ElementOrder) -> Self {
| | `- error: 'UIContextMenuConfiguration' is only available in tvOS 17.0 or newer
| `- note: add '@available' attribute to enclosing instance method
137 | self.preferredMenuElementOrder = order
138 | return self
/Users/admin/builder/spi-builder-workspace/Sources/ViewKit/Extensions/UITextField+extensions.swift:322:1: warning: extension declares a conformance of imported type 'UITextField' to imported protocol 'UITextFieldDelegate'; this will not behave correctly if the owners of 'UIKit' introduce this conformance in the future
320 | }
321 |
322 | extension UITextField: UITextFieldDelegate {
| |- warning: extension declares a conformance of imported type 'UITextField' to imported protocol 'UITextFieldDelegate'; this will not behave correctly if the owners of 'UIKit' introduce this conformance in the future
| `- note: add '@retroactive' to silence this warning
323 |
324 | public func textFieldShouldReturn(_ textField: UITextField) -> Bool {
/Users/admin/builder/spi-builder-workspace/Sources/ViewKit/Internal/ClosureTapGestureRecognizer.swift:40:44: error: 'UIPinchGestureRecognizer' is unavailable in tvOS
38 | }
39 |
40 | final class ClosurePinchGestureRecognizer: UIPinchGestureRecognizer {
| `- error: 'UIPinchGestureRecognizer' is unavailable in tvOS
41 | private var actionClosure: (() -> Void)?
42 |
/Applications/Xcode-27.0.0-Release.Candidate.app/Contents/Developer/Platforms/AppleTVOS.platform/Developer/SDKs/AppleTVOS27.0.sdk/System/Library/Frameworks/UIKit.framework/Headers/UIPinchGestureRecognizer.h:20:12: note: 'UIPinchGestureRecognizer' has been explicitly marked unavailable here
18 |
19 | UIKIT_EXTERN API_AVAILABLE(ios(3.2)) API_UNAVAILABLE(tvos, watchos) NS_SWIFT_UI_ACTOR
20 | @interface UIPinchGestureRecognizer : UIGestureRecognizer
| `- note: 'UIPinchGestureRecognizer' has been explicitly marked unavailable here
21 |
22 | @property (nonatomic) CGFloat scale; // scale relative to the touch points in screen coordinates
/Users/admin/builder/spi-builder-workspace/Sources/ViewKit/Internal/ClosureTapGestureRecognizer.swift:53:47: error: 'UIRotationGestureRecognizer' is unavailable in tvOS
51 | }
52 |
53 | final class ClosureRotationGestureRecognizer: UIRotationGestureRecognizer {
| `- error: 'UIRotationGestureRecognizer' is unavailable in tvOS
54 | private var actionClosure: (() -> Void)?
55 |
/Applications/Xcode-27.0.0-Release.Candidate.app/Contents/Developer/Platforms/AppleTVOS.platform/Developer/SDKs/AppleTVOS27.0.sdk/System/Library/Frameworks/UIKit.framework/Headers/UIRotationGestureRecognizer.h:20:12: note: 'UIRotationGestureRecognizer' has been explicitly marked unavailable here
18 |
19 | UIKIT_EXTERN API_AVAILABLE(ios(3.2)) API_UNAVAILABLE(tvos, watchos) NS_SWIFT_UI_ACTOR
20 | @interface UIRotationGestureRecognizer : UIGestureRecognizer
| `- note: 'UIRotationGestureRecognizer' has been explicitly marked unavailable here
21 |
22 | @property (nonatomic) CGFloat rotation; // rotation in radians
Failed frontend command:
SwiftCompile normal arm64 (in target 'ViewKit' from project 'ViewKit')
cd /Users/admin/builder/spi-builder-workspace/.swiftpm/xcode
/Applications/Xcode-27.0.0-Release.Candidate.app/Contents/Developer/Toolchains/XcodeDefault.xctoolchain/usr/bin/swift-frontend -frontend -emit-module -experimental-skip-non-inlinable-function-bodies-without-types /Users/admin/builder/spi-builder-workspace/Sources/ViewKit/Builders/ConstraintBuilder.swift /Users/admin/builder/spi-builder-workspace/Sources/ViewKit/Builders/ProgrammaticViewBuilder.swift /Users/admin/builder/spi-builder-workspace/Sources/ViewKit/Builders/StackViewBuilder.swift /Users/admin/builder/spi-builder-workspace/Sources/ViewKit/Components/Filler.swift /Users/admin/builder/spi-builder-workspace/Sources/ViewKit/Components/For.swift /Users/admin/builder/spi-builder-workspace/Sources/ViewKit/Components/HorizontalStack.swift /Users/admin/builder/spi-builder-workspace/Sources/ViewKit/Components/ProgrammaticView.swift /Users/admin/builder/spi-builder-workspace/Sources/ViewKit/Components/VerticalStack.swift /Users/admin/builder/spi-builder-workspace/Sources/ViewKit/Components/ViewController.swift /Users/admin/builder/spi-builder-workspace/Sources/ViewKit/Extensions/UIButton+extensions.swift /Users/admin/builder/spi-builder-workspace/Sources/ViewKit/Extensions/UIControl+extensions.swift /Users/admin/builder/spi-builder-workspace/Sources/ViewKit/Extensions/UIImageView+extensions.swift /Users/admin/builder/spi-builder-workspace/Sources/ViewKit/Extensions/UILabel+extensions.swift /Users/admin/builder/spi-builder-workspace/Sources/ViewKit/Extensions/UIScene+extensions.swift /Users/admin/builder/spi-builder-workspace/Sources/ViewKit/Extensions/UIStackView+extensions.swift /Users/admin/builder/spi-builder-workspace/Sources/ViewKit/Extensions/UITextField+extensions.swift /Users/admin/builder/spi-builder-workspace/Sources/ViewKit/Extensions/UIView+extensions.swift /Users/admin/builder/spi-builder-workspace/Sources/ViewKit/Internal/@_exported.swift /Users/admin/builder/spi-builder-workspace/Sources/ViewKit/Internal/ClosureTapGestureRecognizer.swift /Users/admin/builder/spi-builder-workspace/Sources/ViewKit/Internal/Notification.swift /Users/admin/builder/spi-builder-workspace/Sources/ViewKit/Preview/UIViewPreview.swift -target arm64-apple-tvos15.0 -disable-cross-import-overlay-search -load-resolved-plugin /Applications/Xcode-27.0.0-Release.Candidate.app/Contents/Developer/Platforms/AppleTVOS.platform/Developer/usr/lib/swift/host/plugins/libFoundationMacros.dylib\#/Applications/Xcode-27.0.0-Release.Candidate.app/Contents/Developer/Platforms/AppleTVOS.platform/Developer/usr/bin/swift-plugin-server\#FoundationMacros -load-resolved-plugin /Applications/Xcode-27.0.0-Release.Candidate.app/Contents/Developer/Platforms/AppleTVOS.platform/Developer/usr/lib/swift/host/plugins/libObservationMacros.dylib\#/Applications/Xcode-27.0.0-Release.Candidate.app/Contents/Developer/Platforms/AppleTVOS.platform/Developer/usr/bin/swift-plugin-server\#ObservationMacros -load-resolved-plugin /Applications/Xcode-27.0.0-Release.Candidate.app/Contents/Developer/Platforms/AppleTVOS.platform/Developer/usr/lib/swift/host/plugins/libPreviewsMacros.dylib\#/Applications/Xcode-27.0.0-Release.Candidate.app/Contents/Developer/Platforms/AppleTVOS.platform/Developer/usr/bin/swift-plugin-server\#PreviewsMacros -load-resolved-plugin /Applications/Xcode-27.0.0-Release.Candidate.app/Contents/Developer/Platforms/AppleTVOS.platform/Developer/usr/lib/swift/host/plugins/libSwiftMacros.dylib\#/Applications/Xcode-27.0.0-Release.Candidate.app/Contents/Developer/Platforms/AppleTVOS.platform/Developer/usr/bin/swift-plugin-server\#SwiftMacros -load-resolved-plugin /Applications/Xcode-27.0.0-Release.Candidate.app/Contents/Developer/Platforms/AppleTVOS.platform/Developer/usr/lib/swift/host/plugins/libSwiftUIMacros.dylib\#/Applications/Xcode-27.0.0-Release.Candidate.app/Contents/Developer/Platforms/AppleTVOS.platform/Developer/usr/bin/swift-plugin-server\#SwiftUIMacros -disable-implicit-swift-modules -Xcc -fno-implicit-modules -Xcc -fno-implicit-module-maps -explicit-swift-module-map-file /Users/admin/builder/spi-builder-workspace/.derivedData/Build/Intermediates.noindex/ViewKit.build/Debug-appletvos/ViewKit-t.build/Objects-normal/arm64/ViewKit-dependencies-1.json -Xllvm -aarch64-use-tbi -enable-objc-interop -stack-check -sdk /Applications/Xcode-27.0.0-Release.Candidate.app/Contents/Developer/Platforms/AppleTVOS.platform/Developer/SDKs/AppleTVOS27.0.sdk -I /Users/admin/builder/spi-builder-workspace/.derivedData/Build/Products/Debug-appletvos -Isystem /Applications/Xcode-27.0.0-Release.Candidate.app/Contents/Developer/Platforms/AppleTVOS.platform/Developer/usr/lib -F /Users/admin/builder/spi-builder-workspace/.derivedData/Build/Products/Debug-appletvos -F /Applications/Xcode-27.0.0-Release.Candidate.app/Contents/Developer/Platforms/AppleTVOS.platform/Developer/Library/Frameworks -F /Applications/Xcode-27.0.0-Release.Candidate.app/Contents/Developer/Platforms/AppleTVOS.platform/Developer/SDKs/AppleTVOS27.0.sdk/Developer/Library/Frameworks -module-cache-path /Users/admin/builder/spi-builder-workspace/.derivedData/Build/Intermediates.noindex/SwiftExplicitPrecompiledModules -no-color-diagnostics -Xcc -fno-color-diagnostics -enable-testing -g -debug-info-format\=dwarf -dwarf-version\=4 -profile-generate -profile-coverage-mapping -swift-version 5 -Onone -D SWIFT_PACKAGE -D DEBUG -D SWIFT_MODULE_RESOURCE_BUNDLE_UNAVAILABLE -D Xcode -serialize-debugging-options -enable-experimental-feature DebugDescriptionMacro -empty-abi-descriptor -validate-clang-modules-once -clang-build-session-file /Users/admin/builder/spi-builder-workspace/.derivedData/ModuleCache.noindex/Session.modulevalidation -Xcc -working-directory -Xcc /Users/admin/builder/spi-builder-workspace/.swiftpm/xcode -enable-anonymous-context-mangled-names -file-compilation-dir /Users/admin/builder/spi-builder-workspace/.swiftpm/xcode -Xcc -D_LIBCPP_HARDENING_MODE\=_LIBCPP_HARDENING_MODE_DEBUG -Xcc -ivfsstatcache -Xcc /Users/admin/builder/spi-builder-workspace/.derivedData/SDKStatCaches.noindex/appletvos27.0-24J360-e829b21a6f8c9b70876ba0858053c044b32bfd8d43560033f8d89884cdb90028.sdkstatcache -Xcc -fmodules-prune-interval\=86400 -Xcc -fmodules-prune-after\=345600 -Xcc -I/Users/admin/builder/spi-builder-workspace/.derivedData/Build/Products/Debug-appletvos/include -Xcc -I/Users/admin/builder/spi-builder-workspace/.derivedData/Build/Intermediates.noindex/ViewKit.build/Debug-appletvos/ViewKit-t.build/DerivedSources-normal/arm64 -Xcc -I/Users/admin/builder/spi-builder-workspace/.derivedData/Build/Intermediates.noindex/ViewKit.build/Debug-appletvos/ViewKit-t.build/DerivedSources/arm64 -Xcc -I/Users/admin/builder/spi-builder-workspace/.derivedData/Build/Intermediates.noindex/ViewKit.build/Debug-appletvos/ViewKit-t.build/DerivedSources -Xcc -DSWIFT_PACKAGE -Xcc -DDEBUG\=1 -no-auto-bridging-header-chaining -module-name ViewKit -const-gather-protocols-file /Users/admin/builder/spi-builder-workspace/.derivedData/Build/Intermediates.noindex/ViewKit.build/Debug-appletvos/ViewKit-t.build/Objects-normal/arm64/ViewKit_const_extract_protocols.json -disable-clang-spi -clang-target arm64-apple-tvos27.0 -target-sdk-version 27.0 -target-sdk-name appletvos27.0 -in-process-plugin-server-path /Applications/Xcode-27.0.0-Release.Candidate.app/Contents/Developer/Toolchains/XcodeDefault.xctoolchain/usr/lib/swift/host/libSwiftInProcPluginServer.dylib -emit-module-doc-path /Users/admin/builder/spi-builder-workspace/.derivedData/Build/Intermediates.noindex/ViewKit.build/Debug-appletvos/ViewKit-t.build/Objects-normal/arm64/ViewKit.swiftdoc -emit-module-source-info-path /Users/admin/builder/spi-builder-workspace/.derivedData/Build/Intermediates.noindex/ViewKit.build/Debug-appletvos/ViewKit-t.build/Objects-normal/arm64/ViewKit.swiftsourceinfo -emit-objc-header-path /Users/admin/builder/spi-builder-workspace/.derivedData/Build/Intermediates.noindex/ViewKit.build/Debug-appletvos/ViewKit-t.build/Objects-normal/arm64/ViewKit-Swift.h -serialize-diagnostics-path /Users/admin/builder/spi-builder-workspace/.derivedData/Build/Intermediates.noindex/ViewKit.build/Debug-appletvos/ViewKit-t.build/Objects-normal/arm64/ViewKit-primary-emit-module.dia -emit-dependencies-path /Users/admin/builder/spi-builder-workspace/.derivedData/Build/Intermediates.noindex/ViewKit.build/Debug-appletvos/ViewKit-t.build/Objects-normal/arm64/ViewKit-primary-emit-module.d -parse-as-library -o /Users/admin/builder/spi-builder-workspace/.derivedData/Build/Intermediates.noindex/ViewKit.build/Debug-appletvos/ViewKit-t.build/Objects-normal/arm64/ViewKit.swiftmodule -emit-abi-descriptor-path /Users/admin/builder/spi-builder-workspace/.derivedData/Build/Intermediates.noindex/ViewKit.build/Debug-appletvos/ViewKit-t.build/Objects-normal/arm64/ViewKit.abi.json
SwiftCompile normal arm64 Compiling\ @_exported.swift,\ ClosureTapGestureRecognizer.swift /Users/admin/builder/spi-builder-workspace/Sources/ViewKit/Internal/@_exported.swift /Users/admin/builder/spi-builder-workspace/Sources/ViewKit/Internal/ClosureTapGestureRecognizer.swift (in target 'ViewKit' from project 'ViewKit')
SwiftCompile normal arm64 /Users/admin/builder/spi-builder-workspace/Sources/ViewKit/Internal/@_exported.swift (in target 'ViewKit' from project 'ViewKit')
cd /Users/admin/builder/spi-builder-workspace/.swiftpm/xcode
builtin-SwiftPerFileCompile @_exported.swift
SwiftCompile normal arm64 /Users/admin/builder/spi-builder-workspace/Sources/ViewKit/Internal/ClosureTapGestureRecognizer.swift (in target 'ViewKit' from project 'ViewKit')
cd /Users/admin/builder/spi-builder-workspace/.swiftpm/xcode
builtin-SwiftPerFileCompile ClosureTapGestureRecognizer.swift
/Users/admin/builder/spi-builder-workspace/Sources/ViewKit/Internal/ClosureTapGestureRecognizer.swift:40:44: error: 'UIPinchGestureRecognizer' is unavailable in tvOS
38 | }
39 |
40 | final class ClosurePinchGestureRecognizer: UIPinchGestureRecognizer {
| `- error: 'UIPinchGestureRecognizer' is unavailable in tvOS
41 | private var actionClosure: (() -> Void)?
42 |
/Applications/Xcode-27.0.0-Release.Candidate.app/Contents/Developer/Platforms/AppleTVOS.platform/Developer/SDKs/AppleTVOS27.0.sdk/System/Library/Frameworks/UIKit.framework/Headers/UIPinchGestureRecognizer.h:20:12: note: 'UIPinchGestureRecognizer' has been explicitly marked unavailable here
18 |
19 | UIKIT_EXTERN API_AVAILABLE(ios(3.2)) API_UNAVAILABLE(tvos, watchos) NS_SWIFT_UI_ACTOR
20 | @interface UIPinchGestureRecognizer : UIGestureRecognizer
| `- note: 'UIPinchGestureRecognizer' has been explicitly marked unavailable here
21 |
22 | @property (nonatomic) CGFloat scale; // scale relative to the touch points in screen coordinates
SwiftCompile normal arm64 Compiling\ UITextField+extensions.swift,\ UIView+extensions.swift /Users/admin/builder/spi-builder-workspace/Sources/ViewKit/Extensions/UITextField+extensions.swift /Users/admin/builder/spi-builder-workspace/Sources/ViewKit/Extensions/UIView+extensions.swift (in target 'ViewKit' from project 'ViewKit')
/Users/admin/builder/spi-builder-workspace/Sources/ViewKit/Extensions/UITextField+extensions.swift:322:1: warning: extension declares a conformance of imported type 'UITextField' to imported protocol 'UITextFieldDelegate'; this will not behave correctly if the owners of 'UIKit' introduce this conformance in the future
320 | }
321 |
322 | extension UITextField: UITextFieldDelegate {
| |- warning: extension declares a conformance of imported type 'UITextField' to imported protocol 'UITextFieldDelegate'; this will not behave correctly if the owners of 'UIKit' introduce this conformance in the future
| `- note: add '@retroactive' to silence this warning
323 |
324 | public func textFieldShouldReturn(_ textField: UITextField) -> Bool {
/Users/admin/builder/spi-builder-workspace/Sources/ViewKit/Extensions/UIView+extensions.swift:141:14: error: 'isMultipleTouchEnabled' is unavailable in tvOS
139 | @discardableResult
140 | func isMultipleTouchEnabled (_ isMultipleTouchEnabled: Bool = true) -> Self {
141 | self.isMultipleTouchEnabled = isMultipleTouchEnabled
| `- error: 'isMultipleTouchEnabled' is unavailable in tvOS
142 | return self
143 | }
/Applications/Xcode-27.0.0-Release.Candidate.app/Contents/Developer/Platforms/AppleTVOS.platform/Developer/SDKs/AppleTVOS27.0.sdk/System/Library/Frameworks/UIKit.framework/Headers/UIView.h:208:57: note: 'isMultipleTouchEnabled' has been explicitly marked unavailable here
206 | @property(nonatomic) CGPoint anchorPoint API_AVAILABLE(ios(16.0)) API_UNAVAILABLE(watchos);
207 |
208 | @property(nonatomic,getter=isMultipleTouchEnabled) BOOL multipleTouchEnabled API_UNAVAILABLE(tvos); // default is NO
| `- note: 'isMultipleTouchEnabled' has been explicitly marked unavailable here
209 | @property(nonatomic,getter=isExclusiveTouch) BOOL exclusiveTouch API_UNAVAILABLE(tvos); // default is NO
210 |
/Users/admin/builder/spi-builder-workspace/Sources/ViewKit/Extensions/UIView+extensions.swift:147:14: error: 'isExclusiveTouch' is unavailable in tvOS
145 | @discardableResult
146 | func isExclusiveTouch (_ isExclusiveTouch: Bool = true) -> Self {
147 | self.isExclusiveTouch = isExclusiveTouch
| `- error: 'isExclusiveTouch' is unavailable in tvOS
148 | return self
149 | }
/Applications/Xcode-27.0.0-Release.Candidate.app/Contents/Developer/Platforms/AppleTVOS.platform/Developer/SDKs/AppleTVOS27.0.sdk/System/Library/Frameworks/UIKit.framework/Headers/UIView.h:209:57: note: 'isExclusiveTouch' has been explicitly marked unavailable here
207 |
208 | @property(nonatomic,getter=isMultipleTouchEnabled) BOOL multipleTouchEnabled API_UNAVAILABLE(tvos); // default is NO
209 | @property(nonatomic,getter=isExclusiveTouch) BOOL exclusiveTouch API_UNAVAILABLE(tvos); // default is NO
| `- note: 'isExclusiveTouch' has been explicitly marked unavailable here
210 |
211 | - (nullable UIView *)hitTest:(CGPoint)point withEvent:(nullable UIEvent *)event; // recursively calls -pointInside:withEvent:. point is in the receiver's coordinate system
/Users/admin/builder/spi-builder-workspace/Sources/ViewKit/Extensions/UIView+extensions.swift:301:20: error: 'minimumNumberOfTouches' is unavailable in tvOS
299 | func onPan(minimumNumberOfTouches: Int = 1, maximumNumberOfTouches: Int = 2, _ completion: @escaping (Self) -> Void) -> Self {
300 | let panGesture = ClosurePanGestureRecognizer()
301 | panGesture.minimumNumberOfTouches = minimumNumberOfTouches
| `- error: 'minimumNumberOfTouches' is unavailable in tvOS
302 | panGesture.maximumNumberOfTouches = maximumNumberOfTouches
303 |
/Applications/Xcode-27.0.0-Release.Candidate.app/Contents/Developer/Platforms/AppleTVOS.platform/Developer/SDKs/AppleTVOS27.0.sdk/System/Library/Frameworks/UIKit.framework/Headers/UIPanGestureRecognizer.h:33:43: note: 'minimumNumberOfTouches' has been explicitly marked unavailable here
31 | @interface UIPanGestureRecognizer : UIGestureRecognizer
32 |
33 | @property (nonatomic) NSUInteger minimumNumberOfTouches API_UNAVAILABLE(tvos); // default is 1. the minimum number of touches required to match
| `- note: 'minimumNumberOfTouches' has been explicitly marked unavailable here
34 | @property (nonatomic) NSUInteger maximumNumberOfTouches API_UNAVAILABLE(tvos); // default is UINT_MAX. the maximum number of touches that can be down
35 |
SwiftCompile normal arm64 /Users/admin/builder/spi-builder-workspace/Sources/ViewKit/Extensions/UITextField+extensions.swift (in target 'ViewKit' from project 'ViewKit')
cd /Users/admin/builder/spi-builder-workspace/.swiftpm/xcode
builtin-SwiftPerFileCompile UITextField+extensions.swift
SwiftCompile normal arm64 /Users/admin/builder/spi-builder-workspace/Sources/ViewKit/Extensions/UIView+extensions.swift (in target 'ViewKit' from project 'ViewKit')
cd /Users/admin/builder/spi-builder-workspace/.swiftpm/xcode
builtin-SwiftPerFileCompile UIView+extensions.swift
SwiftCompile normal arm64 Compiling\ UIScene+extensions.swift,\ UIStackView+extensions.swift /Users/admin/builder/spi-builder-workspace/Sources/ViewKit/Extensions/UIScene+extensions.swift /Users/admin/builder/spi-builder-workspace/Sources/ViewKit/Extensions/UIStackView+extensions.swift (in target 'ViewKit' from project 'ViewKit')
SwiftCompile normal arm64 /Users/admin/builder/spi-builder-workspace/Sources/ViewKit/Extensions/UIScene+extensions.swift (in target 'ViewKit' from project 'ViewKit')
cd /Users/admin/builder/spi-builder-workspace/.swiftpm/xcode
builtin-SwiftPerFileCompile UIScene+extensions.swift
SwiftCompile normal arm64 /Users/admin/builder/spi-builder-workspace/Sources/ViewKit/Extensions/UIStackView+extensions.swift (in target 'ViewKit' from project 'ViewKit')
cd /Users/admin/builder/spi-builder-workspace/.swiftpm/xcode
builtin-SwiftPerFileCompile UIStackView+extensions.swift
SwiftCompile normal arm64 Compiling\ UIImageView+extensions.swift,\ UILabel+extensions.swift /Users/admin/builder/spi-builder-workspace/Sources/ViewKit/Extensions/UIImageView+extensions.swift /Users/admin/builder/spi-builder-workspace/Sources/ViewKit/Extensions/UILabel+extensions.swift (in target 'ViewKit' from project 'ViewKit')
SwiftCompile normal arm64 /Users/admin/builder/spi-builder-workspace/Sources/ViewKit/Extensions/UIImageView+extensions.swift (in target 'ViewKit' from project 'ViewKit')
cd /Users/admin/builder/spi-builder-workspace/.swiftpm/xcode
builtin-SwiftPerFileCompile UIImageView+extensions.swift
SwiftCompile normal arm64 /Users/admin/builder/spi-builder-workspace/Sources/ViewKit/Extensions/UILabel+extensions.swift (in target 'ViewKit' from project 'ViewKit')
cd /Users/admin/builder/spi-builder-workspace/.swiftpm/xcode
builtin-SwiftPerFileCompile UILabel+extensions.swift
SwiftCompile normal arm64 Compiling\ Notification.swift,\ UIViewPreview.swift /Users/admin/builder/spi-builder-workspace/Sources/ViewKit/Internal/Notification.swift /Users/admin/builder/spi-builder-workspace/Sources/ViewKit/Preview/UIViewPreview.swift (in target 'ViewKit' from project 'ViewKit')
SwiftCompile normal arm64 /Users/admin/builder/spi-builder-workspace/Sources/ViewKit/Internal/Notification.swift (in target 'ViewKit' from project 'ViewKit')
cd /Users/admin/builder/spi-builder-workspace/.swiftpm/xcode
builtin-SwiftPerFileCompile Notification.swift
SwiftCompile normal arm64 /Users/admin/builder/spi-builder-workspace/Sources/ViewKit/Preview/UIViewPreview.swift (in target 'ViewKit' from project 'ViewKit')
cd /Users/admin/builder/spi-builder-workspace/.swiftpm/xcode
builtin-SwiftPerFileCompile UIViewPreview.swift
SwiftCompile normal arm64 Compiling\ UIButton+extensions.swift,\ UIControl+extensions.swift /Users/admin/builder/spi-builder-workspace/Sources/ViewKit/Extensions/UIButton+extensions.swift /Users/admin/builder/spi-builder-workspace/Sources/ViewKit/Extensions/UIControl+extensions.swift (in target 'ViewKit' from project 'ViewKit')
/Users/admin/builder/spi-builder-workspace/Sources/ViewKit/Extensions/UIButton+extensions.swift:113:63: error: 'UIBehavioralStyle' is unavailable in tvOS
111 | @available(iOS 15, *)
112 | @discardableResult
113 | func preferredBehavioralStyle(_ preferredBehavioralStyle: UIBehavioralStyle) -> Self {
| `- error: 'UIBehavioralStyle' is unavailable in tvOS
114 | self.preferredBehavioralStyle = preferredBehavioralStyle
115 | return self
/Applications/Xcode-27.0.0-Release.Candidate.app/Contents/Developer/Platforms/AppleTVOS.platform/Developer/SDKs/AppleTVOS27.0.sdk/System/Library/Frameworks/UIKit.framework/Headers/UIBehavioralStyle.h:16:29: note: 'UIBehavioralStyle' has been explicitly marked unavailable here
14 | API_AVAILABLE(ios(15.0), macCatalyst(15.0)) API_UNAVAILABLE(watchos, tvos)
15 | /// Behavioral Styles are values that determine how a class — such as a view or control — behaves. This includes how the control is drawn, and what behaviors it supports. For example, handling certain customizations in one style, but not another.
16 | typedef NS_ENUM(NSUInteger, UIBehavioralStyle) {
| `- note: 'UIBehavioralStyle' has been explicitly marked unavailable here
17 | /// The system will choose the most appropriate style for the targetted platform.
18 | UIBehavioralStyleAutomatic = 0,
/Users/admin/builder/spi-builder-workspace/Sources/ViewKit/Extensions/UIButton+extensions.swift:136:45: error: 'UIContextMenuConfiguration' is only available in tvOS 17.0 or newer
1 | public extension UIButton {
| `- note: add '@available' attribute to enclosing extension
2 |
3 | // MARK: - State
:
134 | @available(iOS 16, *)
135 | @discardableResult
136 | func preferredMenuElementOrder(_ order: UIContextMenuConfiguration.ElementOrder) -> Self {
| | `- error: 'UIContextMenuConfiguration' is only available in tvOS 17.0 or newer
| `- note: add '@available' attribute to enclosing instance method
137 | self.preferredMenuElementOrder = order
138 | return self
/Users/admin/builder/spi-builder-workspace/Sources/ViewKit/Extensions/UIButton+extensions.swift:114:14: error: 'preferredBehavioralStyle' is unavailable in tvOS
112 | @discardableResult
113 | func preferredBehavioralStyle(_ preferredBehavioralStyle: UIBehavioralStyle) -> Self {
114 | self.preferredBehavioralStyle = preferredBehavioralStyle
| `- error: 'preferredBehavioralStyle' is unavailable in tvOS
115 | return self
116 | }
/Applications/Xcode-27.0.0-Release.Candidate.app/Contents/Developer/Platforms/AppleTVOS.platform/Developer/SDKs/AppleTVOS27.0.sdk/System/Library/Frameworks/UIKit.framework/Headers/UIBehavioralStyle.h:34:41: note: 'preferredBehavioralStyle' has been explicitly marked unavailable here
32 |
33 | /// Request a style for the button. If the style changed, the button will redraw and its metrics may change.
34 | @property (nonatomic) UIBehavioralStyle preferredBehavioralStyle API_AVAILABLE(ios(15.0), macCatalyst(15.0)) API_UNAVAILABLE(watchos, tvos);
| `- note: 'preferredBehavioralStyle' has been explicitly marked unavailable here
35 |
36 | @end
/Users/admin/builder/spi-builder-workspace/Sources/ViewKit/Extensions/UIButton+extensions.swift:123:14: error: 'menu' is only available in tvOS 17.0 or newer
1 | public extension UIButton {
| `- note: add '@available' attribute to enclosing extension
2 |
3 | // MARK: - State
:
120 | @available(iOS 14.0, *)
121 | @discardableResult
122 | func menu(_ menu: UIMenu?) -> Self {
| `- note: add '@available' attribute to enclosing instance method
123 | self.menu = menu
| |- error: 'menu' is only available in tvOS 17.0 or newer
| `- note: add 'if #available' version check
124 | return self
125 | }
/Users/admin/builder/spi-builder-workspace/Sources/ViewKit/Extensions/UIButton+extensions.swift:130:14: error: 'changesSelectionAsPrimaryAction' is only available in tvOS 17.0 or newer
1 | public extension UIButton {
| `- note: add '@available' attribute to enclosing extension
2 |
3 | // MARK: - State
:
127 | @available(iOS 15, *)
128 | @discardableResult
129 | func changesSelectionAsPrimaryAction(_ changesSelectionAsPrimaryAction: Bool) -> Self {
| `- note: add '@available' attribute to enclosing instance method
130 | self.changesSelectionAsPrimaryAction = changesSelectionAsPrimaryAction
| |- error: 'changesSelectionAsPrimaryAction' is only available in tvOS 17.0 or newer
| `- note: add 'if #available' version check
131 | return self
132 | }
SwiftCompile normal arm64 /Users/admin/builder/spi-builder-workspace/Sources/ViewKit/Extensions/UIButton+extensions.swift (in target 'ViewKit' from project 'ViewKit')
cd /Users/admin/builder/spi-builder-workspace/.swiftpm/xcode
builtin-SwiftPerFileCompile UIButton+extensions.swift
SwiftCompile normal arm64 /Users/admin/builder/spi-builder-workspace/Sources/ViewKit/Extensions/UIControl+extensions.swift (in target 'ViewKit' from project 'ViewKit')
cd /Users/admin/builder/spi-builder-workspace/.swiftpm/xcode
builtin-SwiftPerFileCompile UIControl+extensions.swift
SwiftCompile normal arm64 Compiling\ Filler.swift,\ For.swift /Users/admin/builder/spi-builder-workspace/Sources/ViewKit/Components/Filler.swift /Users/admin/builder/spi-builder-workspace/Sources/ViewKit/Components/For.swift (in target 'ViewKit' from project 'ViewKit')
SwiftCompile normal arm64 /Users/admin/builder/spi-builder-workspace/Sources/ViewKit/Components/Filler.swift (in target 'ViewKit' from project 'ViewKit')
cd /Users/admin/builder/spi-builder-workspace/.swiftpm/xcode
builtin-SwiftPerFileCompile Filler.swift
SwiftCompile normal arm64 /Users/admin/builder/spi-builder-workspace/Sources/ViewKit/Components/For.swift (in target 'ViewKit' from project 'ViewKit')
cd /Users/admin/builder/spi-builder-workspace/.swiftpm/xcode
builtin-SwiftPerFileCompile For.swift
SwiftCompile normal arm64 Compiling\ ConstraintBuilder.swift,\ ProgrammaticViewBuilder.swift,\ StackViewBuilder.swift /Users/admin/builder/spi-builder-workspace/Sources/ViewKit/Builders/ConstraintBuilder.swift /Users/admin/builder/spi-builder-workspace/Sources/ViewKit/Builders/ProgrammaticViewBuilder.swift /Users/admin/builder/spi-builder-workspace/Sources/ViewKit/Builders/StackViewBuilder.swift (in target 'ViewKit' from project 'ViewKit')
SwiftCompile normal arm64 /Users/admin/builder/spi-builder-workspace/Sources/ViewKit/Builders/ConstraintBuilder.swift (in target 'ViewKit' from project 'ViewKit')
cd /Users/admin/builder/spi-builder-workspace/.swiftpm/xcode
builtin-SwiftPerFileCompile ConstraintBuilder.swift
SwiftCompile normal arm64 /Users/admin/builder/spi-builder-workspace/Sources/ViewKit/Builders/ProgrammaticViewBuilder.swift (in target 'ViewKit' from project 'ViewKit')
cd /Users/admin/builder/spi-builder-workspace/.swiftpm/xcode
builtin-SwiftPerFileCompile ProgrammaticViewBuilder.swift
SwiftCompile normal arm64 /Users/admin/builder/spi-builder-workspace/Sources/ViewKit/Builders/StackViewBuilder.swift (in target 'ViewKit' from project 'ViewKit')
cd /Users/admin/builder/spi-builder-workspace/.swiftpm/xcode
builtin-SwiftPerFileCompile StackViewBuilder.swift
SwiftCompile normal arm64 Compiling\ VerticalStack.swift,\ ViewController.swift /Users/admin/builder/spi-builder-workspace/Sources/ViewKit/Components/VerticalStack.swift /Users/admin/builder/spi-builder-workspace/Sources/ViewKit/Components/ViewController.swift (in target 'ViewKit' from project 'ViewKit')
SwiftCompile normal arm64 /Users/admin/builder/spi-builder-workspace/Sources/ViewKit/Components/VerticalStack.swift (in target 'ViewKit' from project 'ViewKit')
cd /Users/admin/builder/spi-builder-workspace/.swiftpm/xcode
builtin-SwiftPerFileCompile VerticalStack.swift
SwiftCompile normal arm64 /Users/admin/builder/spi-builder-workspace/Sources/ViewKit/Components/ViewController.swift (in target 'ViewKit' from project 'ViewKit')
cd /Users/admin/builder/spi-builder-workspace/.swiftpm/xcode
builtin-SwiftPerFileCompile ViewController.swift
SwiftCompile normal arm64 Compiling\ HorizontalStack.swift,\ ProgrammaticView.swift /Users/admin/builder/spi-builder-workspace/Sources/ViewKit/Components/HorizontalStack.swift /Users/admin/builder/spi-builder-workspace/Sources/ViewKit/Components/ProgrammaticView.swift (in target 'ViewKit' from project 'ViewKit')
SwiftCompile normal arm64 /Users/admin/builder/spi-builder-workspace/Sources/ViewKit/Components/HorizontalStack.swift (in target 'ViewKit' from project 'ViewKit')
cd /Users/admin/builder/spi-builder-workspace/.swiftpm/xcode
builtin-SwiftPerFileCompile HorizontalStack.swift
SwiftCompile normal arm64 /Users/admin/builder/spi-builder-workspace/Sources/ViewKit/Components/ProgrammaticView.swift (in target 'ViewKit' from project 'ViewKit')
cd /Users/admin/builder/spi-builder-workspace/.swiftpm/xcode
builtin-SwiftPerFileCompile ProgrammaticView.swift
PruneExplicitPrecompiledModules /Users/admin/builder/spi-builder-workspace/.derivedData/Build/Intermediates.noindex/ExplicitPrecompiledModules
PruneExplicitPrecompiledModules /Users/admin/builder/spi-builder-workspace/.derivedData/SDKExplicitPrecompiledModules
PruneExplicitPrecompiledModules /Users/admin/builder/spi-builder-workspace/.derivedData/Build/Intermediates.noindex/SwiftExplicitPrecompiledModules
2026-09-19 01:53:53.294 xcodebuild[651:4225] [MT] IDERunDestination: Supported platforms for the buildables in the current scheme is empty.
** BUILD FAILED **
The following build commands failed:
SwiftCompile normal arm64 (in target 'ViewKit' from project 'ViewKit')
SwiftEmitModule normal arm64 Emitting\ module\ for\ ViewKit (in target 'ViewKit' from project 'ViewKit')
Building workspace ViewKit with scheme ViewKit
(3 failures)
Command line invocation:
/Applications/Xcode-27.0.0-Release.Candidate.app/Contents/Developer/usr/bin/xcodebuild -IDEClonedSourcePackagesDirPathOverride=/Users/admin/builder/spi-builder-workspace/.dependencies -resolvePackageDependencies
Resolve Package Graph
Resolved source packages:
ViewKit: /Users/admin/builder/spi-builder-workspace
resolved source packages: ViewKit
2026-09-19 01:53:59.670 xcodebuild[737:4597] [MT] IDERunDestination: Supported platforms for the buildables in the current scheme is empty.
{
"dependencies" : [
],
"manifest_display_name" : "ViewKit",
"name" : "ViewKit",
"path" : "/Users/admin/builder/spi-builder-workspace",
"platforms" : [
{
"name" : "ios",
"version" : "11.0"
}
],
"products" : [
{
"name" : "ViewKit",
"targets" : [
"ViewKit"
],
"type" : {
"library" : [
"automatic"
]
}
}
],
"targets" : [
{
"c99name" : "ViewKitTests",
"module_type" : "SwiftTarget",
"name" : "ViewKitTests",
"path" : "Tests/ViewKitTests",
"sources" : [
"UILabel+tests.swift"
],
"target_dependencies" : [
"ViewKit"
],
"type" : "test"
},
{
"c99name" : "ViewKit",
"module_type" : "SwiftTarget",
"name" : "ViewKit",
"path" : "Sources/ViewKit",
"product_memberships" : [
"ViewKit"
],
"sources" : [
"Builders/ConstraintBuilder.swift",
"Builders/ProgrammaticViewBuilder.swift",
"Builders/StackViewBuilder.swift",
"Components/Filler.swift",
"Components/For.swift",
"Components/HorizontalStack.swift",
"Components/ProgrammaticView.swift",
"Components/VerticalStack.swift",
"Components/ViewController.swift",
"Extensions/UIButton+extensions.swift",
"Extensions/UIControl+extensions.swift",
"Extensions/UIImageView+extensions.swift",
"Extensions/UILabel+extensions.swift",
"Extensions/UIScene+extensions.swift",
"Extensions/UIStackView+extensions.swift",
"Extensions/UITextField+extensions.swift",
"Extensions/UIView+extensions.swift",
"Internal/@_exported.swift",
"Internal/ClosureTapGestureRecognizer.swift",
"Internal/Notification.swift",
"Preview/UIViewPreview.swift"
],
"type" : "library"
}
],
"tools_version" : "5.7"
}
{
"workspace" : {
"name" : "ViewKit",
"schemes" : [
"ViewKit"
]
}
}
2026-09-19 01:54:00.988 xcodebuild[745:4670] [MT] IDERunDestination: Supported platforms for the buildables in the current scheme is empty.
Running build ...
env DEVELOPER_DIR=/Applications/Xcode-27.0.0-Release.Candidate.app xcrun xcodebuild -IDEClonedSourcePackagesDirPathOverride=$PWD/.dependencies -skipMacroValidation -skipPackagePluginValidation -derivedDataPath $PWD/.derivedData build -scheme ViewKit -destination generic/platform=tvOS
Command line invocation:
/Applications/Xcode-27.0.0-Release.Candidate.app/Contents/Developer/usr/bin/xcodebuild -IDEClonedSourcePackagesDirPathOverride=/Users/admin/builder/spi-builder-workspace/.dependencies -skipMacroValidation -skipPackagePluginValidation -derivedDataPath /Users/admin/builder/spi-builder-workspace/.derivedData build -scheme ViewKit -destination generic/platform=tvOS
Resolve Package Graph
Resolved source packages:
ViewKit: /Users/admin/builder/spi-builder-workspace
ComputePackagePrebuildTargetDependencyGraph
Prepare packages
CreateBuildRequest
SendProjectDescription
CreateBuildOperation
ComputeTargetDependencyGraph
note: Building targets in dependency order
note: Target dependency graph (2 targets)
Target 'ViewKit-product' in project 'ViewKit'
➜ Explicit dependency on target 'ViewKit' in project 'ViewKit'
Target 'ViewKit' in project 'ViewKit' (no dependencies)
GatherProvisioningInputs
CreateBuildDescription
ClangStatCache /Applications/Xcode-27.0.0-Release.Candidate.app/Contents/Developer/Toolchains/XcodeDefault.xctoolchain/usr/bin/clang-stat-cache /Applications/Xcode-27.0.0-Release.Candidate.app/Contents/Developer/Platforms/AppleTVOS.platform/Developer/SDKs/AppleTVOS27.0.sdk /Users/admin/builder/spi-builder-workspace/.derivedData/SDKStatCaches.noindex/appletvos27.0-24J360-e829b21a6f8c9b70876ba0858053c044b32bfd8d43560033f8d89884cdb90028.sdkstatcache
cd /Users/admin/builder/spi-builder-workspace/.swiftpm/xcode
/Applications/Xcode-27.0.0-Release.Candidate.app/Contents/Developer/Toolchains/XcodeDefault.xctoolchain/usr/bin/clang-stat-cache /Applications/Xcode-27.0.0-Release.Candidate.app/Contents/Developer/Platforms/AppleTVOS.platform/Developer/SDKs/AppleTVOS27.0.sdk -o /Users/admin/builder/spi-builder-workspace/.derivedData/SDKStatCaches.noindex/appletvos27.0-24J360-e829b21a6f8c9b70876ba0858053c044b32bfd8d43560033f8d89884cdb90028.sdkstatcache
SwiftDriver ViewKit normal arm64 com.apple.xcode.tools.swift.compiler (in target 'ViewKit' from project 'ViewKit')
cd /Users/admin/builder/spi-builder-workspace/.swiftpm/xcode
builtin-SwiftDriver -- /Applications/Xcode-27.0.0-Release.Candidate.app/Contents/Developer/Toolchains/XcodeDefault.xctoolchain/usr/bin/swiftc -parse-as-library -module-name ViewKit -Onone @/Users/admin/builder/spi-builder-workspace/.derivedData/Build/Intermediates.noindex/ViewKit.build/Debug-appletvos/ViewKit-t.build/Objects-normal/arm64/ViewKit.SwiftFileList -DSWIFT_PACKAGE -DDEBUG -DSWIFT_MODULE_RESOURCE_BUNDLE_UNAVAILABLE -DXcode -plugin-path /Applications/Xcode-27.0.0-Release.Candidate.app/Contents/Developer/Toolchains/XcodeDefault.xctoolchain/usr/lib/swift/host/plugins/testing -enable-experimental-feature DebugDescriptionMacro -sdk /Applications/Xcode-27.0.0-Release.Candidate.app/Contents/Developer/Platforms/AppleTVOS.platform/Developer/SDKs/AppleTVOS27.0.sdk -target arm64-apple-tvos15.0 -g -module-cache-path /Users/admin/builder/spi-builder-workspace/.derivedData/ModuleCache.noindex -Xfrontend -serialize-debugging-options -profile-coverage-mapping -profile-generate -enable-testing -index-store-path /Users/admin/builder/spi-builder-workspace/.derivedData/Index.noindex/DataStore -Xcc -D_LIBCPP_HARDENING_MODE\=_LIBCPP_HARDENING_MODE_DEBUG -swift-version 5 -I /Users/admin/builder/spi-builder-workspace/.derivedData/Build/Products/Debug-appletvos -Isystem /Applications/Xcode-27.0.0-Release.Candidate.app/Contents/Developer/Platforms/AppleTVOS.platform/Developer/usr/lib -F /Users/admin/builder/spi-builder-workspace/.derivedData/Build/Products/Debug-appletvos -F /Applications/Xcode-27.0.0-Release.Candidate.app/Contents/Developer/Platforms/AppleTVOS.platform/Developer/Library/Frameworks -F /Applications/Xcode-27.0.0-Release.Candidate.app/Contents/Developer/Platforms/AppleTVOS.platform/Developer/SDKs/AppleTVOS27.0.sdk/Developer/Library/Frameworks -c -j10 -enable-batch-mode -incremental -Xcc -ivfsstatcache -Xcc /Users/admin/builder/spi-builder-workspace/.derivedData/SDKStatCaches.noindex/appletvos27.0-24J360-e829b21a6f8c9b70876ba0858053c044b32bfd8d43560033f8d89884cdb90028.sdkstatcache -output-file-map /Users/admin/builder/spi-builder-workspace/.derivedData/Build/Intermediates.noindex/ViewKit.build/Debug-appletvos/ViewKit-t.build/Objects-normal/arm64/ViewKit-OutputFileMap.json -save-temps -no-color-diagnostics -explicit-module-build -module-cache-path /Users/admin/builder/spi-builder-workspace/.derivedData/Build/Intermediates.noindex/SwiftExplicitPrecompiledModules -clang-scanner-module-cache-path /Users/admin/builder/spi-builder-workspace/.derivedData/ModuleCache.noindex -sdk-module-cache-path /Users/admin/builder/spi-builder-workspace/.derivedData/SDKExplicitPrecompiledModules -emit-dependencies -emit-module -emit-module-path /Users/admin/builder/spi-builder-workspace/.derivedData/Build/Intermediates.noindex/ViewKit.build/Debug-appletvos/ViewKit-t.build/Objects-normal/arm64/ViewKit.swiftmodule -serialize-diagnostics -dependency-scan-serialize-diagnostics-path /Users/admin/builder/spi-builder-workspace/.derivedData/Build/Intermediates.noindex/ViewKit.build/Debug-appletvos/ViewKit-t.build/Objects-normal/arm64/ViewKit-dependency-scan.dia -validate-clang-modules-once -clang-build-session-file /Users/admin/builder/spi-builder-workspace/.derivedData/ModuleCache.noindex/Session.modulevalidation -Xcc -fmodules-prune-interval\=86400 -Xcc -fmodules-prune-after\=345600 -emit-const-values -const-gather-protocols-list /Users/admin/builder/spi-builder-workspace/.derivedData/Build/Intermediates.noindex/ViewKit.build/Debug-appletvos/ViewKit-t.build/Objects-normal/arm64/ViewKit_const_extract_protocols.json -Xcc -I/Users/admin/builder/spi-builder-workspace/.derivedData/Build/Products/Debug-appletvos/include -Xcc -I/Users/admin/builder/spi-builder-workspace/.derivedData/Build/Intermediates.noindex/ViewKit.build/Debug-appletvos/ViewKit-t.build/DerivedSources-normal/arm64 -Xcc -I/Users/admin/builder/spi-builder-workspace/.derivedData/Build/Intermediates.noindex/ViewKit.build/Debug-appletvos/ViewKit-t.build/DerivedSources/arm64 -Xcc -I/Users/admin/builder/spi-builder-workspace/.derivedData/Build/Intermediates.noindex/ViewKit.build/Debug-appletvos/ViewKit-t.build/DerivedSources -Xcc -DSWIFT_PACKAGE -Xcc -DDEBUG\=1 -emit-objc-header -emit-objc-header-path /Users/admin/builder/spi-builder-workspace/.derivedData/Build/Intermediates.noindex/ViewKit.build/Debug-appletvos/ViewKit-t.build/Objects-normal/arm64/ViewKit-Swift.h -working-directory /Users/admin/builder/spi-builder-workspace/.swiftpm/xcode -experimental-emit-module-separately -disable-cmo
SwiftCompile normal arm64 Compiling\ Filler.swift,\ For.swift /Users/admin/builder/spi-builder-workspace/Sources/ViewKit/Components/Filler.swift /Users/admin/builder/spi-builder-workspace/Sources/ViewKit/Components/For.swift (in target 'ViewKit' from project 'ViewKit')
SwiftCompile normal arm64 /Users/admin/builder/spi-builder-workspace/Sources/ViewKit/Components/Filler.swift (in target 'ViewKit' from project 'ViewKit')
cd /Users/admin/builder/spi-builder-workspace/.swiftpm/xcode
builtin-SwiftPerFileCompile Filler.swift
SwiftCompile normal arm64 /Users/admin/builder/spi-builder-workspace/Sources/ViewKit/Components/For.swift (in target 'ViewKit' from project 'ViewKit')
cd /Users/admin/builder/spi-builder-workspace/.swiftpm/xcode
builtin-SwiftPerFileCompile For.swift
SwiftCompile normal arm64 Compiling\ HorizontalStack.swift,\ ProgrammaticView.swift /Users/admin/builder/spi-builder-workspace/Sources/ViewKit/Components/HorizontalStack.swift /Users/admin/builder/spi-builder-workspace/Sources/ViewKit/Components/ProgrammaticView.swift (in target 'ViewKit' from project 'ViewKit')
SwiftCompile normal arm64 /Users/admin/builder/spi-builder-workspace/Sources/ViewKit/Components/HorizontalStack.swift (in target 'ViewKit' from project 'ViewKit')
cd /Users/admin/builder/spi-builder-workspace/.swiftpm/xcode
builtin-SwiftPerFileCompile HorizontalStack.swift
SwiftCompile normal arm64 /Users/admin/builder/spi-builder-workspace/Sources/ViewKit/Components/ProgrammaticView.swift (in target 'ViewKit' from project 'ViewKit')
cd /Users/admin/builder/spi-builder-workspace/.swiftpm/xcode
builtin-SwiftPerFileCompile ProgrammaticView.swift
SwiftCompile normal arm64 Compiling\ UIScene+extensions.swift,\ UIStackView+extensions.swift /Users/admin/builder/spi-builder-workspace/Sources/ViewKit/Extensions/UIScene+extensions.swift /Users/admin/builder/spi-builder-workspace/Sources/ViewKit/Extensions/UIStackView+extensions.swift (in target 'ViewKit' from project 'ViewKit')
SwiftCompile normal arm64 /Users/admin/builder/spi-builder-workspace/Sources/ViewKit/Extensions/UIScene+extensions.swift (in target 'ViewKit' from project 'ViewKit')
cd /Users/admin/builder/spi-builder-workspace/.swiftpm/xcode
builtin-SwiftPerFileCompile UIScene+extensions.swift
SwiftCompile normal arm64 /Users/admin/builder/spi-builder-workspace/Sources/ViewKit/Extensions/UIStackView+extensions.swift (in target 'ViewKit' from project 'ViewKit')
cd /Users/admin/builder/spi-builder-workspace/.swiftpm/xcode
builtin-SwiftPerFileCompile UIStackView+extensions.swift
SwiftCompile normal arm64 Compiling\ ConstraintBuilder.swift,\ ProgrammaticViewBuilder.swift,\ StackViewBuilder.swift /Users/admin/builder/spi-builder-workspace/Sources/ViewKit/Builders/ConstraintBuilder.swift /Users/admin/builder/spi-builder-workspace/Sources/ViewKit/Builders/ProgrammaticViewBuilder.swift /Users/admin/builder/spi-builder-workspace/Sources/ViewKit/Builders/StackViewBuilder.swift (in target 'ViewKit' from project 'ViewKit')
SwiftCompile normal arm64 /Users/admin/builder/spi-builder-workspace/Sources/ViewKit/Builders/ConstraintBuilder.swift (in target 'ViewKit' from project 'ViewKit')
cd /Users/admin/builder/spi-builder-workspace/.swiftpm/xcode
builtin-SwiftPerFileCompile ConstraintBuilder.swift
SwiftCompile normal arm64 /Users/admin/builder/spi-builder-workspace/Sources/ViewKit/Builders/ProgrammaticViewBuilder.swift (in target 'ViewKit' from project 'ViewKit')
cd /Users/admin/builder/spi-builder-workspace/.swiftpm/xcode
builtin-SwiftPerFileCompile ProgrammaticViewBuilder.swift
SwiftCompile normal arm64 /Users/admin/builder/spi-builder-workspace/Sources/ViewKit/Builders/StackViewBuilder.swift (in target 'ViewKit' from project 'ViewKit')
cd /Users/admin/builder/spi-builder-workspace/.swiftpm/xcode
builtin-SwiftPerFileCompile StackViewBuilder.swift
SwiftCompile normal arm64 Compiling\ UIImageView+extensions.swift,\ UILabel+extensions.swift /Users/admin/builder/spi-builder-workspace/Sources/ViewKit/Extensions/UIImageView+extensions.swift /Users/admin/builder/spi-builder-workspace/Sources/ViewKit/Extensions/UILabel+extensions.swift (in target 'ViewKit' from project 'ViewKit')
SwiftCompile normal arm64 /Users/admin/builder/spi-builder-workspace/Sources/ViewKit/Extensions/UIImageView+extensions.swift (in target 'ViewKit' from project 'ViewKit')
cd /Users/admin/builder/spi-builder-workspace/.swiftpm/xcode
builtin-SwiftPerFileCompile UIImageView+extensions.swift
SwiftCompile normal arm64 /Users/admin/builder/spi-builder-workspace/Sources/ViewKit/Extensions/UILabel+extensions.swift (in target 'ViewKit' from project 'ViewKit')
cd /Users/admin/builder/spi-builder-workspace/.swiftpm/xcode
builtin-SwiftPerFileCompile UILabel+extensions.swift
SwiftCompile normal arm64 Compiling\ VerticalStack.swift,\ ViewController.swift /Users/admin/builder/spi-builder-workspace/Sources/ViewKit/Components/VerticalStack.swift /Users/admin/builder/spi-builder-workspace/Sources/ViewKit/Components/ViewController.swift (in target 'ViewKit' from project 'ViewKit')
SwiftCompile normal arm64 /Users/admin/builder/spi-builder-workspace/Sources/ViewKit/Components/VerticalStack.swift (in target 'ViewKit' from project 'ViewKit')
cd /Users/admin/builder/spi-builder-workspace/.swiftpm/xcode
builtin-SwiftPerFileCompile VerticalStack.swift
SwiftCompile normal arm64 /Users/admin/builder/spi-builder-workspace/Sources/ViewKit/Components/ViewController.swift (in target 'ViewKit' from project 'ViewKit')
cd /Users/admin/builder/spi-builder-workspace/.swiftpm/xcode
builtin-SwiftPerFileCompile ViewController.swift
SwiftCompile normal arm64 Compiling\ UIButton+extensions.swift,\ UIControl+extensions.swift /Users/admin/builder/spi-builder-workspace/Sources/ViewKit/Extensions/UIButton+extensions.swift /Users/admin/builder/spi-builder-workspace/Sources/ViewKit/Extensions/UIControl+extensions.swift (in target 'ViewKit' from project 'ViewKit')
/Users/admin/builder/spi-builder-workspace/Sources/ViewKit/Extensions/UIButton+extensions.swift:113:63: error: 'UIBehavioralStyle' is unavailable in tvOS
111 | @available(iOS 15, *)
112 | @discardableResult
113 | func preferredBehavioralStyle(_ preferredBehavioralStyle: UIBehavioralStyle) -> Self {
| `- error: 'UIBehavioralStyle' is unavailable in tvOS
114 | self.preferredBehavioralStyle = preferredBehavioralStyle
115 | return self
/Applications/Xcode-27.0.0-Release.Candidate.app/Contents/Developer/Platforms/AppleTVOS.platform/Developer/SDKs/AppleTVOS27.0.sdk/System/Library/Frameworks/UIKit.framework/Headers/UIBehavioralStyle.h:16:29: note: 'UIBehavioralStyle' has been explicitly marked unavailable here
14 | API_AVAILABLE(ios(15.0), macCatalyst(15.0)) API_UNAVAILABLE(watchos, tvos)
15 | /// Behavioral Styles are values that determine how a class — such as a view or control — behaves. This includes how the control is drawn, and what behaviors it supports. For example, handling certain customizations in one style, but not another.
16 | typedef NS_ENUM(NSUInteger, UIBehavioralStyle) {
| `- note: 'UIBehavioralStyle' has been explicitly marked unavailable here
17 | /// The system will choose the most appropriate style for the targetted platform.
18 | UIBehavioralStyleAutomatic = 0,
/Users/admin/builder/spi-builder-workspace/Sources/ViewKit/Extensions/UIButton+extensions.swift:136:45: error: 'UIContextMenuConfiguration' is only available in tvOS 17.0 or newer
1 | public extension UIButton {
| `- note: add '@available' attribute to enclosing extension
2 |
3 | // MARK: - State
:
134 | @available(iOS 16, *)
135 | @discardableResult
136 | func preferredMenuElementOrder(_ order: UIContextMenuConfiguration.ElementOrder) -> Self {
| | `- error: 'UIContextMenuConfiguration' is only available in tvOS 17.0 or newer
| `- note: add '@available' attribute to enclosing instance method
137 | self.preferredMenuElementOrder = order
138 | return self
/Users/admin/builder/spi-builder-workspace/Sources/ViewKit/Extensions/UIButton+extensions.swift:114:14: error: 'preferredBehavioralStyle' is unavailable in tvOS
112 | @discardableResult
113 | func preferredBehavioralStyle(_ preferredBehavioralStyle: UIBehavioralStyle) -> Self {
114 | self.preferredBehavioralStyle = preferredBehavioralStyle
| `- error: 'preferredBehavioralStyle' is unavailable in tvOS
115 | return self
116 | }
/Applications/Xcode-27.0.0-Release.Candidate.app/Contents/Developer/Platforms/AppleTVOS.platform/Developer/SDKs/AppleTVOS27.0.sdk/System/Library/Frameworks/UIKit.framework/Headers/UIBehavioralStyle.h:34:41: note: 'preferredBehavioralStyle' has been explicitly marked unavailable here
32 |
33 | /// Request a style for the button. If the style changed, the button will redraw and its metrics may change.
34 | @property (nonatomic) UIBehavioralStyle preferredBehavioralStyle API_AVAILABLE(ios(15.0), macCatalyst(15.0)) API_UNAVAILABLE(watchos, tvos);
| `- note: 'preferredBehavioralStyle' has been explicitly marked unavailable here
35 |
36 | @end
/Users/admin/builder/spi-builder-workspace/Sources/ViewKit/Extensions/UIButton+extensions.swift:123:14: error: 'menu' is only available in tvOS 17.0 or newer
1 | public extension UIButton {
| `- note: add '@available' attribute to enclosing extension
2 |
3 | // MARK: - State
:
120 | @available(iOS 14.0, *)
121 | @discardableResult
122 | func menu(_ menu: UIMenu?) -> Self {
| `- note: add '@available' attribute to enclosing instance method
123 | self.menu = menu
| |- error: 'menu' is only available in tvOS 17.0 or newer
| `- note: add 'if #available' version check
124 | return self
125 | }
/Users/admin/builder/spi-builder-workspace/Sources/ViewKit/Extensions/UIButton+extensions.swift:130:14: error: 'changesSelectionAsPrimaryAction' is only available in tvOS 17.0 or newer
1 | public extension UIButton {
| `- note: add '@available' attribute to enclosing extension
2 |
3 | // MARK: - State
:
127 | @available(iOS 15, *)
128 | @discardableResult
129 | func changesSelectionAsPrimaryAction(_ changesSelectionAsPrimaryAction: Bool) -> Self {
| `- note: add '@available' attribute to enclosing instance method
130 | self.changesSelectionAsPrimaryAction = changesSelectionAsPrimaryAction
| |- error: 'changesSelectionAsPrimaryAction' is only available in tvOS 17.0 or newer
| `- note: add 'if #available' version check
131 | return self
132 | }
SwiftCompile normal arm64 /Users/admin/builder/spi-builder-workspace/Sources/ViewKit/Extensions/UIButton+extensions.swift (in target 'ViewKit' from project 'ViewKit')
cd /Users/admin/builder/spi-builder-workspace/.swiftpm/xcode
builtin-SwiftPerFileCompile UIButton+extensions.swift
SwiftCompile normal arm64 /Users/admin/builder/spi-builder-workspace/Sources/ViewKit/Extensions/UIControl+extensions.swift (in target 'ViewKit' from project 'ViewKit')
cd /Users/admin/builder/spi-builder-workspace/.swiftpm/xcode
builtin-SwiftPerFileCompile UIControl+extensions.swift
SwiftEmitModule normal arm64 Emitting\ module\ for\ ViewKit (in target 'ViewKit' from project 'ViewKit')
/Users/admin/builder/spi-builder-workspace/Sources/ViewKit/Extensions/UIButton+extensions.swift:113:63: error: 'UIBehavioralStyle' is unavailable in tvOS
111 | @available(iOS 15, *)
112 | @discardableResult
113 | func preferredBehavioralStyle(_ preferredBehavioralStyle: UIBehavioralStyle) -> Self {
| `- error: 'UIBehavioralStyle' is unavailable in tvOS
114 | self.preferredBehavioralStyle = preferredBehavioralStyle
115 | return self
/Applications/Xcode-27.0.0-Release.Candidate.app/Contents/Developer/Platforms/AppleTVOS.platform/Developer/SDKs/AppleTVOS27.0.sdk/System/Library/Frameworks/UIKit.framework/Headers/UIBehavioralStyle.h:16:29: note: 'UIBehavioralStyle' has been explicitly marked unavailable here
14 | API_AVAILABLE(ios(15.0), macCatalyst(15.0)) API_UNAVAILABLE(watchos, tvos)
15 | /// Behavioral Styles are values that determine how a class — such as a view or control — behaves. This includes how the control is drawn, and what behaviors it supports. For example, handling certain customizations in one style, but not another.
16 | typedef NS_ENUM(NSUInteger, UIBehavioralStyle) {
| `- note: 'UIBehavioralStyle' has been explicitly marked unavailable here
17 | /// The system will choose the most appropriate style for the targetted platform.
18 | UIBehavioralStyleAutomatic = 0,
/Users/admin/builder/spi-builder-workspace/Sources/ViewKit/Extensions/UIButton+extensions.swift:136:45: error: 'UIContextMenuConfiguration' is only available in tvOS 17.0 or newer
1 | public extension UIButton {
| `- note: add '@available' attribute to enclosing extension
2 |
3 | // MARK: - State
:
134 | @available(iOS 16, *)
135 | @discardableResult
136 | func preferredMenuElementOrder(_ order: UIContextMenuConfiguration.ElementOrder) -> Self {
| | `- error: 'UIContextMenuConfiguration' is only available in tvOS 17.0 or newer
| `- note: add '@available' attribute to enclosing instance method
137 | self.preferredMenuElementOrder = order
138 | return self
/Users/admin/builder/spi-builder-workspace/Sources/ViewKit/Extensions/UITextField+extensions.swift:322:1: warning: extension declares a conformance of imported type 'UITextField' to imported protocol 'UITextFieldDelegate'; this will not behave correctly if the owners of 'UIKit' introduce this conformance in the future
320 | }
321 |
322 | extension UITextField: UITextFieldDelegate {
| |- warning: extension declares a conformance of imported type 'UITextField' to imported protocol 'UITextFieldDelegate'; this will not behave correctly if the owners of 'UIKit' introduce this conformance in the future
| `- note: add '@retroactive' to silence this warning
323 |
324 | public func textFieldShouldReturn(_ textField: UITextField) -> Bool {
/Users/admin/builder/spi-builder-workspace/Sources/ViewKit/Internal/ClosureTapGestureRecognizer.swift:40:44: error: 'UIPinchGestureRecognizer' is unavailable in tvOS
38 | }
39 |
40 | final class ClosurePinchGestureRecognizer: UIPinchGestureRecognizer {
| `- error: 'UIPinchGestureRecognizer' is unavailable in tvOS
41 | private var actionClosure: (() -> Void)?
42 |
/Applications/Xcode-27.0.0-Release.Candidate.app/Contents/Developer/Platforms/AppleTVOS.platform/Developer/SDKs/AppleTVOS27.0.sdk/System/Library/Frameworks/UIKit.framework/Headers/UIPinchGestureRecognizer.h:20:12: note: 'UIPinchGestureRecognizer' has been explicitly marked unavailable here
18 |
19 | UIKIT_EXTERN API_AVAILABLE(ios(3.2)) API_UNAVAILABLE(tvos, watchos) NS_SWIFT_UI_ACTOR
20 | @interface UIPinchGestureRecognizer : UIGestureRecognizer
| `- note: 'UIPinchGestureRecognizer' has been explicitly marked unavailable here
21 |
22 | @property (nonatomic) CGFloat scale; // scale relative to the touch points in screen coordinates
/Users/admin/builder/spi-builder-workspace/Sources/ViewKit/Internal/ClosureTapGestureRecognizer.swift:53:47: error: 'UIRotationGestureRecognizer' is unavailable in tvOS
51 | }
52 |
53 | final class ClosureRotationGestureRecognizer: UIRotationGestureRecognizer {
| `- error: 'UIRotationGestureRecognizer' is unavailable in tvOS
54 | private var actionClosure: (() -> Void)?
55 |
/Applications/Xcode-27.0.0-Release.Candidate.app/Contents/Developer/Platforms/AppleTVOS.platform/Developer/SDKs/AppleTVOS27.0.sdk/System/Library/Frameworks/UIKit.framework/Headers/UIRotationGestureRecognizer.h:20:12: note: 'UIRotationGestureRecognizer' has been explicitly marked unavailable here
18 |
19 | UIKIT_EXTERN API_AVAILABLE(ios(3.2)) API_UNAVAILABLE(tvos, watchos) NS_SWIFT_UI_ACTOR
20 | @interface UIRotationGestureRecognizer : UIGestureRecognizer
| `- note: 'UIRotationGestureRecognizer' has been explicitly marked unavailable here
21 |
22 | @property (nonatomic) CGFloat rotation; // rotation in radians
Failed frontend command:
/Applications/Xcode-27.0.0-Release.Candidate.app/Contents/Developer/Toolchains/XcodeDefault.xctoolchain/usr/bin/swift-frontend -frontend -emit-module -experimental-skip-non-inlinable-function-bodies-without-types /Users/admin/builder/spi-builder-workspace/Sources/ViewKit/Builders/ConstraintBuilder.swift /Users/admin/builder/spi-builder-workspace/Sources/ViewKit/Builders/ProgrammaticViewBuilder.swift /Users/admin/builder/spi-builder-workspace/Sources/ViewKit/Builders/StackViewBuilder.swift /Users/admin/builder/spi-builder-workspace/Sources/ViewKit/Components/Filler.swift /Users/admin/builder/spi-builder-workspace/Sources/ViewKit/Components/For.swift /Users/admin/builder/spi-builder-workspace/Sources/ViewKit/Components/HorizontalStack.swift /Users/admin/builder/spi-builder-workspace/Sources/ViewKit/Components/ProgrammaticView.swift /Users/admin/builder/spi-builder-workspace/Sources/ViewKit/Components/VerticalStack.swift /Users/admin/builder/spi-builder-workspace/Sources/ViewKit/Components/ViewController.swift /Users/admin/builder/spi-builder-workspace/Sources/ViewKit/Extensions/UIButton+extensions.swift /Users/admin/builder/spi-builder-workspace/Sources/ViewKit/Extensions/UIControl+extensions.swift /Users/admin/builder/spi-builder-workspace/Sources/ViewKit/Extensions/UIImageView+extensions.swift /Users/admin/builder/spi-builder-workspace/Sources/ViewKit/Extensions/UILabel+extensions.swift /Users/admin/builder/spi-builder-workspace/Sources/ViewKit/Extensions/UIScene+extensions.swift /Users/admin/builder/spi-builder-workspace/Sources/ViewKit/Extensions/UIStackView+extensions.swift /Users/admin/builder/spi-builder-workspace/Sources/ViewKit/Extensions/UITextField+extensions.swift /Users/admin/builder/spi-builder-workspace/Sources/ViewKit/Extensions/UIView+extensions.swift /Users/admin/builder/spi-builder-workspace/Sources/ViewKit/Internal/@_exported.swift /Users/admin/builder/spi-builder-workspace/Sources/ViewKit/Internal/ClosureTapGestureRecognizer.swift /Users/admin/builder/spi-builder-workspace/Sources/ViewKit/Internal/Notification.swift /Users/admin/builder/spi-builder-workspace/Sources/ViewKit/Preview/UIViewPreview.swift -target arm64-apple-tvos15.0 -disable-cross-import-overlay-search -load-resolved-plugin /Applications/Xcode-27.0.0-Release.Candidate.app/Contents/Developer/Platforms/AppleTVOS.platform/Developer/usr/lib/swift/host/plugins/libFoundationMacros.dylib\#/Applications/Xcode-27.0.0-Release.Candidate.app/Contents/Developer/Platforms/AppleTVOS.platform/Developer/usr/bin/swift-plugin-server\#FoundationMacros -load-resolved-plugin /Applications/Xcode-27.0.0-Release.Candidate.app/Contents/Developer/Platforms/AppleTVOS.platform/Developer/usr/lib/swift/host/plugins/libObservationMacros.dylib\#/Applications/Xcode-27.0.0-Release.Candidate.app/Contents/Developer/Platforms/AppleTVOS.platform/Developer/usr/bin/swift-plugin-server\#ObservationMacros -load-resolved-plugin /Applications/Xcode-27.0.0-Release.Candidate.app/Contents/Developer/Platforms/AppleTVOS.platform/Developer/usr/lib/swift/host/plugins/libPreviewsMacros.dylib\#/Applications/Xcode-27.0.0-Release.Candidate.app/Contents/Developer/Platforms/AppleTVOS.platform/Developer/usr/bin/swift-plugin-server\#PreviewsMacros -load-resolved-plugin /Applications/Xcode-27.0.0-Release.Candidate.app/Contents/Developer/Platforms/AppleTVOS.platform/Developer/usr/lib/swift/host/plugins/libSwiftMacros.dylib\#/Applications/Xcode-27.0.0-Release.Candidate.app/Contents/Developer/Platforms/AppleTVOS.platform/Developer/usr/bin/swift-plugin-server\#SwiftMacros -load-resolved-plugin /Applications/Xcode-27.0.0-Release.Candidate.app/Contents/Developer/Platforms/AppleTVOS.platform/Developer/usr/lib/swift/host/plugins/libSwiftUIMacros.dylib\#/Applications/Xcode-27.0.0-Release.Candidate.app/Contents/Developer/Platforms/AppleTVOS.platform/Developer/usr/bin/swift-plugin-server\#SwiftUIMacros -disable-implicit-swift-modules -Xcc -fno-implicit-modules -Xcc -fno-implicit-module-maps -explicit-swift-module-map-file /Users/admin/builder/spi-builder-workspace/.derivedData/Build/Intermediates.noindex/ViewKit.build/Debug-appletvos/ViewKit-t.build/Objects-normal/arm64/ViewKit-dependencies-1.json -Xllvm -aarch64-use-tbi -enable-objc-interop -stack-check -sdk /Applications/Xcode-27.0.0-Release.Candidate.app/Contents/Developer/Platforms/AppleTVOS.platform/Developer/SDKs/AppleTVOS27.0.sdk -I /Users/admin/builder/spi-builder-workspace/.derivedData/Build/Products/Debug-appletvos -Isystem /Applications/Xcode-27.0.0-Release.Candidate.app/Contents/Developer/Platforms/AppleTVOS.platform/Developer/usr/lib -F /Users/admin/builder/spi-builder-workspace/.derivedData/Build/Products/Debug-appletvos -F /Applications/Xcode-27.0.0-Release.Candidate.app/Contents/Developer/Platforms/AppleTVOS.platform/Developer/Library/Frameworks -F /Applications/Xcode-27.0.0-Release.Candidate.app/Contents/Developer/Platforms/AppleTVOS.platform/Developer/SDKs/AppleTVOS27.0.sdk/Developer/Library/Frameworks -module-cache-path /Users/admin/builder/spi-builder-workspace/.derivedData/Build/Intermediates.noindex/SwiftExplicitPrecompiledModules -no-color-diagnostics -Xcc -fno-color-diagnostics -enable-testing -g -debug-info-format\=dwarf -dwarf-version\=4 -profile-generate -profile-coverage-mapping -swift-version 5 -Onone -D SWIFT_PACKAGE -D DEBUG -D SWIFT_MODULE_RESOURCE_BUNDLE_UNAVAILABLE -D Xcode -serialize-debugging-options -enable-experimental-feature DebugDescriptionMacro -empty-abi-descriptor -validate-clang-modules-once -clang-build-session-file /Users/admin/builder/spi-builder-workspace/.derivedData/ModuleCache.noindex/Session.modulevalidation -Xcc -working-directory -Xcc /Users/admin/builder/spi-builder-workspace/.swiftpm/xcode -enable-anonymous-context-mangled-names -file-compilation-dir /Users/admin/builder/spi-builder-workspace/.swiftpm/xcode -Xcc -D_LIBCPP_HARDENING_MODE\=_LIBCPP_HARDENING_MODE_DEBUG -Xcc -ivfsstatcache -Xcc /Users/admin/builder/spi-builder-workspace/.derivedData/SDKStatCaches.noindex/appletvos27.0-24J360-e829b21a6f8c9b70876ba0858053c044b32bfd8d43560033f8d89884cdb90028.sdkstatcache -Xcc -fmodules-prune-interval\=86400 -Xcc -fmodules-prune-after\=345600 -Xcc -I/Users/admin/builder/spi-builder-workspace/.derivedData/Build/Products/Debug-appletvos/include -Xcc -I/Users/admin/builder/spi-builder-workspace/.derivedData/Build/Intermediates.noindex/ViewKit.build/Debug-appletvos/ViewKit-t.build/DerivedSources-normal/arm64 -Xcc -I/Users/admin/builder/spi-builder-workspace/.derivedData/Build/Intermediates.noindex/ViewKit.build/Debug-appletvos/ViewKit-t.build/DerivedSources/arm64 -Xcc -I/Users/admin/builder/spi-builder-workspace/.derivedData/Build/Intermediates.noindex/ViewKit.build/Debug-appletvos/ViewKit-t.build/DerivedSources -Xcc -DSWIFT_PACKAGE -Xcc -DDEBUG\=1 -no-auto-bridging-header-chaining -module-name ViewKit -const-gather-protocols-file /Users/admin/builder/spi-builder-workspace/.derivedData/Build/Intermediates.noindex/ViewKit.build/Debug-appletvos/ViewKit-t.build/Objects-normal/arm64/ViewKit_const_extract_protocols.json -disable-clang-spi -clang-target arm64-apple-tvos27.0 -target-sdk-version 27.0 -target-sdk-name appletvos27.0 -in-process-plugin-server-path /Applications/Xcode-27.0.0-Release.Candidate.app/Contents/Developer/Toolchains/XcodeDefault.xctoolchain/usr/lib/swift/host/libSwiftInProcPluginServer.dylib -emit-module-doc-path /Users/admin/builder/spi-builder-workspace/.derivedData/Build/Intermediates.noindex/ViewKit.build/Debug-appletvos/ViewKit-t.build/Objects-normal/arm64/ViewKit.swiftdoc -emit-module-source-info-path /Users/admin/builder/spi-builder-workspace/.derivedData/Build/Intermediates.noindex/ViewKit.build/Debug-appletvos/ViewKit-t.build/Objects-normal/arm64/ViewKit.swiftsourceinfo -emit-objc-header-path /Users/admin/builder/spi-builder-workspace/.derivedData/Build/Intermediates.noindex/ViewKit.build/Debug-appletvos/ViewKit-t.build/Objects-normal/arm64/ViewKit-Swift.h -serialize-diagnostics-path /Users/admin/builder/spi-builder-workspace/.derivedData/Build/Intermediates.noindex/ViewKit.build/Debug-appletvos/ViewKit-t.build/Objects-normal/arm64/ViewKit-primary-emit-module.dia -emit-dependencies-path /Users/admin/builder/spi-builder-workspace/.derivedData/Build/Intermediates.noindex/ViewKit.build/Debug-appletvos/ViewKit-t.build/Objects-normal/arm64/ViewKit-primary-emit-module.d -parse-as-library -o /Users/admin/builder/spi-builder-workspace/.derivedData/Build/Intermediates.noindex/ViewKit.build/Debug-appletvos/ViewKit-t.build/Objects-normal/arm64/ViewKit.swiftmodule -emit-abi-descriptor-path /Users/admin/builder/spi-builder-workspace/.derivedData/Build/Intermediates.noindex/ViewKit.build/Debug-appletvos/ViewKit-t.build/Objects-normal/arm64/ViewKit.abi.json
SwiftCompile normal arm64 (in target 'ViewKit' from project 'ViewKit')
cd /Users/admin/builder/spi-builder-workspace/.swiftpm/xcode
SwiftCompile normal arm64 Compiling\ Notification.swift,\ UIViewPreview.swift /Users/admin/builder/spi-builder-workspace/Sources/ViewKit/Internal/Notification.swift /Users/admin/builder/spi-builder-workspace/Sources/ViewKit/Preview/UIViewPreview.swift (in target 'ViewKit' from project 'ViewKit')
SwiftCompile normal arm64 /Users/admin/builder/spi-builder-workspace/Sources/ViewKit/Internal/Notification.swift (in target 'ViewKit' from project 'ViewKit')
cd /Users/admin/builder/spi-builder-workspace/.swiftpm/xcode
builtin-SwiftPerFileCompile Notification.swift
SwiftCompile normal arm64 /Users/admin/builder/spi-builder-workspace/Sources/ViewKit/Preview/UIViewPreview.swift (in target 'ViewKit' from project 'ViewKit')
cd /Users/admin/builder/spi-builder-workspace/.swiftpm/xcode
builtin-SwiftPerFileCompile UIViewPreview.swift
SwiftCompile normal arm64 Compiling\ @_exported.swift,\ ClosureTapGestureRecognizer.swift /Users/admin/builder/spi-builder-workspace/Sources/ViewKit/Internal/@_exported.swift /Users/admin/builder/spi-builder-workspace/Sources/ViewKit/Internal/ClosureTapGestureRecognizer.swift (in target 'ViewKit' from project 'ViewKit')
/Users/admin/builder/spi-builder-workspace/Sources/ViewKit/Internal/ClosureTapGestureRecognizer.swift:40:44: error: 'UIPinchGestureRecognizer' is unavailable in tvOS
38 | }
39 |
40 | final class ClosurePinchGestureRecognizer: UIPinchGestureRecognizer {
| `- error: 'UIPinchGestureRecognizer' is unavailable in tvOS
41 | private var actionClosure: (() -> Void)?
42 |
/Applications/Xcode-27.0.0-Release.Candidate.app/Contents/Developer/Platforms/AppleTVOS.platform/Developer/SDKs/AppleTVOS27.0.sdk/System/Library/Frameworks/UIKit.framework/Headers/UIPinchGestureRecognizer.h:20:12: note: 'UIPinchGestureRecognizer' has been explicitly marked unavailable here
18 |
19 | UIKIT_EXTERN API_AVAILABLE(ios(3.2)) API_UNAVAILABLE(tvos, watchos) NS_SWIFT_UI_ACTOR
20 | @interface UIPinchGestureRecognizer : UIGestureRecognizer
| `- note: 'UIPinchGestureRecognizer' has been explicitly marked unavailable here
21 |
22 | @property (nonatomic) CGFloat scale; // scale relative to the touch points in screen coordinates
SwiftCompile normal arm64 /Users/admin/builder/spi-builder-workspace/Sources/ViewKit/Internal/@_exported.swift (in target 'ViewKit' from project 'ViewKit')
cd /Users/admin/builder/spi-builder-workspace/.swiftpm/xcode
builtin-SwiftPerFileCompile @_exported.swift
SwiftCompile normal arm64 /Users/admin/builder/spi-builder-workspace/Sources/ViewKit/Internal/ClosureTapGestureRecognizer.swift (in target 'ViewKit' from project 'ViewKit')
cd /Users/admin/builder/spi-builder-workspace/.swiftpm/xcode
builtin-SwiftPerFileCompile ClosureTapGestureRecognizer.swift
SwiftCompile normal arm64 Compiling\ UITextField+extensions.swift,\ UIView+extensions.swift /Users/admin/builder/spi-builder-workspace/Sources/ViewKit/Extensions/UITextField+extensions.swift /Users/admin/builder/spi-builder-workspace/Sources/ViewKit/Extensions/UIView+extensions.swift (in target 'ViewKit' from project 'ViewKit')
SwiftCompile normal arm64 /Users/admin/builder/spi-builder-workspace/Sources/ViewKit/Extensions/UITextField+extensions.swift (in target 'ViewKit' from project 'ViewKit')
cd /Users/admin/builder/spi-builder-workspace/.swiftpm/xcode
builtin-SwiftPerFileCompile UITextField+extensions.swift
SwiftCompile normal arm64 /Users/admin/builder/spi-builder-workspace/Sources/ViewKit/Extensions/UIView+extensions.swift (in target 'ViewKit' from project 'ViewKit')
cd /Users/admin/builder/spi-builder-workspace/.swiftpm/xcode
builtin-SwiftPerFileCompile UIView+extensions.swift
PruneExplicitPrecompiledModules /Users/admin/builder/spi-builder-workspace/.derivedData/Build/Intermediates.noindex/SwiftExplicitPrecompiledModules
PruneExplicitPrecompiledModules /Users/admin/builder/spi-builder-workspace/.derivedData/SDKExplicitPrecompiledModules
PruneExplicitPrecompiledModules /Users/admin/builder/spi-builder-workspace/.derivedData/Build/Intermediates.noindex/ExplicitPrecompiledModules
2026-09-19 01:54:01.994 xcodebuild[746:4697] [MT] IDERunDestination: Supported platforms for the buildables in the current scheme is empty.
** BUILD FAILED **
The following build commands failed:
SwiftEmitModule normal arm64 Emitting\ module\ for\ ViewKit (in target 'ViewKit' from project 'ViewKit')
SwiftCompile normal arm64 (in target 'ViewKit' from project 'ViewKit')
Building workspace ViewKit with scheme ViewKit
(3 failures)
BUILD FAILURE 6.4 tvOS