Build Information
Failed to build agora-dynamic-key-swift, reference 1.0.1 (602167), with Swift 6.4 for macOS (Xcode) using Xcode 27.0 on 21 Sep 2026 15:12:21 UTC.
Build Command
env DEVELOPER_DIR=/Applications/Xcode-27.0.0-Release.Candidate.app xcrun xcodebuild -IDEClonedSourcePackagesDirPathOverride=$PWD/.dependencies -skipMacroValidation -skipPackagePluginValidation -derivedDataPath $PWD/.derivedData build -scheme agora-dynamic-key-swift -destination platform=macOS,arch=arm64Build Log
SwiftMergeGeneratedHeaders /Users/admin/builder/spi-builder-workspace/.derivedData/Build/Intermediates.noindex/GeneratedModuleMaps/NIOSSL-Swift.h /Users/admin/builder/spi-builder-workspace/.derivedData/Build/Intermediates.noindex/swift-nio-ssl.build/Debug/NIOSSL-t.build/Objects-normal/arm64/NIOSSL-Swift.h (in target 'NIOSSL' from project 'swift-nio-ssl')
cd /Users/admin/builder/spi-builder-workspace/.dependencies/checkouts/swift-nio-ssl
builtin-swiftHeaderTool -arch arm64 /Users/admin/builder/spi-builder-workspace/.derivedData/Build/Intermediates.noindex/swift-nio-ssl.build/Debug/NIOSSL-t.build/Objects-normal/arm64/NIOSSL-Swift.h -o /Users/admin/builder/spi-builder-workspace/.derivedData/Build/Intermediates.noindex/GeneratedModuleMaps/NIOSSL-Swift.h
Copy /Users/admin/builder/spi-builder-workspace/.derivedData/Build/Products/Debug/NIOSSL.swiftmodule/arm64-apple-macos.swiftmodule /Users/admin/builder/spi-builder-workspace/.derivedData/Build/Intermediates.noindex/swift-nio-ssl.build/Debug/NIOSSL-t.build/Objects-normal/arm64/NIOSSL.swiftmodule (in target 'NIOSSL' from project 'swift-nio-ssl')
cd /Users/admin/builder/spi-builder-workspace/.dependencies/checkouts/swift-nio-ssl
builtin-copy -exclude .DS_Store -exclude CVS -exclude .svn -exclude .git -exclude .hg -resolve-src-symlinks -rename /Users/admin/builder/spi-builder-workspace/.derivedData/Build/Intermediates.noindex/swift-nio-ssl.build/Debug/NIOSSL-t.build/Objects-normal/arm64/NIOSSL.swiftmodule /Users/admin/builder/spi-builder-workspace/.derivedData/Build/Products/Debug/NIOSSL.swiftmodule/arm64-apple-macos.swiftmodule
Copy /Users/admin/builder/spi-builder-workspace/.derivedData/Build/Products/Debug/NIOSSL.swiftmodule/arm64-apple-macos.swiftdoc /Users/admin/builder/spi-builder-workspace/.derivedData/Build/Intermediates.noindex/swift-nio-ssl.build/Debug/NIOSSL-t.build/Objects-normal/arm64/NIOSSL.swiftdoc (in target 'NIOSSL' from project 'swift-nio-ssl')
cd /Users/admin/builder/spi-builder-workspace/.dependencies/checkouts/swift-nio-ssl
builtin-copy -exclude .DS_Store -exclude CVS -exclude .svn -exclude .git -exclude .hg -resolve-src-symlinks -rename /Users/admin/builder/spi-builder-workspace/.derivedData/Build/Intermediates.noindex/swift-nio-ssl.build/Debug/NIOSSL-t.build/Objects-normal/arm64/NIOSSL.swiftdoc /Users/admin/builder/spi-builder-workspace/.derivedData/Build/Products/Debug/NIOSSL.swiftmodule/arm64-apple-macos.swiftdoc
Copy /Users/admin/builder/spi-builder-workspace/.derivedData/Build/Products/Debug/NIOSSL.swiftmodule/arm64-apple-macos.abi.json /Users/admin/builder/spi-builder-workspace/.derivedData/Build/Intermediates.noindex/swift-nio-ssl.build/Debug/NIOSSL-t.build/Objects-normal/arm64/NIOSSL.abi.json (in target 'NIOSSL' from project 'swift-nio-ssl')
cd /Users/admin/builder/spi-builder-workspace/.dependencies/checkouts/swift-nio-ssl
builtin-copy -exclude .DS_Store -exclude CVS -exclude .svn -exclude .git -exclude .hg -resolve-src-symlinks -rename /Users/admin/builder/spi-builder-workspace/.derivedData/Build/Intermediates.noindex/swift-nio-ssl.build/Debug/NIOSSL-t.build/Objects-normal/arm64/NIOSSL.abi.json /Users/admin/builder/spi-builder-workspace/.derivedData/Build/Products/Debug/NIOSSL.swiftmodule/arm64-apple-macos.abi.json
Copy /Users/admin/builder/spi-builder-workspace/.derivedData/Build/Products/Debug/NIOSSL.swiftmodule/Project/arm64-apple-macos.swiftsourceinfo /Users/admin/builder/spi-builder-workspace/.derivedData/Build/Intermediates.noindex/swift-nio-ssl.build/Debug/NIOSSL-t.build/Objects-normal/arm64/NIOSSL.swiftsourceinfo (in target 'NIOSSL' from project 'swift-nio-ssl')
cd /Users/admin/builder/spi-builder-workspace/.dependencies/checkouts/swift-nio-ssl
builtin-copy -exclude .DS_Store -exclude CVS -exclude .svn -exclude .git -exclude .hg -resolve-src-symlinks -rename /Users/admin/builder/spi-builder-workspace/.derivedData/Build/Intermediates.noindex/swift-nio-ssl.build/Debug/NIOSSL-t.build/Objects-normal/arm64/NIOSSL.swiftsourceinfo /Users/admin/builder/spi-builder-workspace/.derivedData/Build/Products/Debug/NIOSSL.swiftmodule/Project/arm64-apple-macos.swiftsourceinfo
CompileC /Users/admin/builder/spi-builder-workspace/.derivedData/Build/Intermediates.noindex/agora-dynamic-key-swift.build/Debug/CAgoraDynamicKey-t.build/Objects-normal/arm64/md5.o /Users/admin/builder/spi-builder-workspace/Sources/CAgoraDynamicKey/libAgoraDynamicKey/DynamicKey/AgoraDynamicKey/cpp/src/md5/md5.cpp normal arm64 c++ com.apple.compilers.llvm.clang.1_0.compiler (in target 'CAgoraDynamicKey' from project 'agora-dynamic-key-swift')
cd /Users/admin/builder/spi-builder-workspace/.swiftpm/xcode
Using response file: /Users/admin/builder/spi-builder-workspace/.derivedData/Build/Intermediates.noindex/agora-dynamic-key-swift.build/Debug/CAgoraDynamicKey-t.build/Objects-normal/arm64/82b82416624d2658e5098eb0a28c15c5-common-args.resp
/Applications/Xcode-27.0.0-Release.Candidate.app/Contents/Developer/Toolchains/XcodeDefault.xctoolchain/usr/bin/clang -x c++ -ivfsstatcache /Users/admin/builder/spi-builder-workspace/.derivedData/SDKStatCaches.noindex/macosx27.0-26A425-e829b21a6f8c9b70876ba0858053c0446a22442a12e9d48fe1a705f55a1adfc4.sdkstatcache -target arm64-apple-macos12.0 -fmessage-length\=0 -fdiagnostics-show-note-include-stack -fmacro-backtrace-limit\=0 -fno-color-diagnostics -fmodules-prune-interval\=86400 -fmodules-prune-after\=345600 -fbuild-session-file\=/Users/admin/builder/spi-builder-workspace/.derivedData/ModuleCache.noindex/Session.modulevalidation -fmodules-validate-once-per-build-session -Wnon-modular-include-in-framework-module -Werror\=non-modular-include-in-framework-module -Wno-trigraphs -Wno-missing-field-initializers -Wno-missing-prototypes -Wno-return-type -Wno-non-virtual-dtor -Wno-overloaded-virtual -Wno-exit-time-destructors -Wno-missing-braces -Wparentheses -Wswitch -Wno-unused-function -Wno-unused-label -Wno-unused-parameter -Wno-unused-variable -Wunused-value -Wno-empty-body -Wno-uninitialized -Wno-unknown-pragmas -Wno-shadow -Wno-four-char-constants -Wno-conversion -Wno-constant-conversion -Wno-int-conversion -Wno-bool-conversion -Wno-enum-conversion -Wno-float-conversion -Wno-non-literal-null-conversion -Wno-objc-literal-conversion -Wshorten-64-to-32 -Wno-newline-eof -Wno-c++11-extensions -Wno-implicit-fallthrough -isysroot /Applications/Xcode-27.0.0-Release.Candidate.app/Contents/Developer/Platforms/MacOSX.platform/Developer/SDKs/MacOSX27.0.sdk -fstrict-aliasing -Wdeprecated-declarations -Winvalid-offsetof -Wno-sign-conversion -Wno-infinite-recursion -Wno-move -Wno-comma -Wno-block-capture-autoreleasing -Wno-strict-prototypes -Wno-range-loop-analysis -Wno-semicolon-before-method-body -index-store-path /Users/admin/builder/spi-builder-workspace/.derivedData/Index.noindex/DataStore @/Users/admin/builder/spi-builder-workspace/.derivedData/Build/Intermediates.noindex/agora-dynamic-key-swift.build/Debug/CAgoraDynamicKey-t.build/Objects-normal/arm64/82b82416624d2658e5098eb0a28c15c5-common-args.resp -MMD -MT dependencies -MF /Users/admin/builder/spi-builder-workspace/.derivedData/Build/Intermediates.noindex/agora-dynamic-key-swift.build/Debug/CAgoraDynamicKey-t.build/Objects-normal/arm64/md5.d --serialize-diagnostics /Users/admin/builder/spi-builder-workspace/.derivedData/Build/Intermediates.noindex/agora-dynamic-key-swift.build/Debug/CAgoraDynamicKey-t.build/Objects-normal/arm64/md5.dia -c /Users/admin/builder/spi-builder-workspace/Sources/CAgoraDynamicKey/libAgoraDynamicKey/DynamicKey/AgoraDynamicKey/cpp/src/md5/md5.cpp -o /Users/admin/builder/spi-builder-workspace/.derivedData/Build/Intermediates.noindex/agora-dynamic-key-swift.build/Debug/CAgoraDynamicKey-t.build/Objects-normal/arm64/md5.o -index-unit-output-path /agora-dynamic-key-swift.build/Debug/CAgoraDynamicKey-t.build/Objects-normal/arm64/md5.o
CompileC /Users/admin/builder/spi-builder-workspace/.derivedData/Build/Intermediates.noindex/agora-dynamic-key-swift.build/Debug/CAgoraDynamicKey-t.build/Objects-normal/arm64/AccessToken2CInterface.o /Users/admin/builder/spi-builder-workspace/Sources/CAgoraDynamicKey/include/testing/AccessToken2CInterface.cpp normal arm64 c++ com.apple.compilers.llvm.clang.1_0.compiler (in target 'CAgoraDynamicKey' from project 'agora-dynamic-key-swift')
cd /Users/admin/builder/spi-builder-workspace/.swiftpm/xcode
Using response file: /Users/admin/builder/spi-builder-workspace/.derivedData/Build/Intermediates.noindex/agora-dynamic-key-swift.build/Debug/CAgoraDynamicKey-t.build/Objects-normal/arm64/82b82416624d2658e5098eb0a28c15c5-common-args.resp
/Applications/Xcode-27.0.0-Release.Candidate.app/Contents/Developer/Toolchains/XcodeDefault.xctoolchain/usr/bin/clang -x c++ -ivfsstatcache /Users/admin/builder/spi-builder-workspace/.derivedData/SDKStatCaches.noindex/macosx27.0-26A425-e829b21a6f8c9b70876ba0858053c0446a22442a12e9d48fe1a705f55a1adfc4.sdkstatcache -target arm64-apple-macos12.0 -fmessage-length\=0 -fdiagnostics-show-note-include-stack -fmacro-backtrace-limit\=0 -fno-color-diagnostics -fmodules-prune-interval\=86400 -fmodules-prune-after\=345600 -fbuild-session-file\=/Users/admin/builder/spi-builder-workspace/.derivedData/ModuleCache.noindex/Session.modulevalidation -fmodules-validate-once-per-build-session -Wnon-modular-include-in-framework-module -Werror\=non-modular-include-in-framework-module -Wno-trigraphs -Wno-missing-field-initializers -Wno-missing-prototypes -Wno-return-type -Wno-non-virtual-dtor -Wno-overloaded-virtual -Wno-exit-time-destructors -Wno-missing-braces -Wparentheses -Wswitch -Wno-unused-function -Wno-unused-label -Wno-unused-parameter -Wno-unused-variable -Wunused-value -Wno-empty-body -Wno-uninitialized -Wno-unknown-pragmas -Wno-shadow -Wno-four-char-constants -Wno-conversion -Wno-constant-conversion -Wno-int-conversion -Wno-bool-conversion -Wno-enum-conversion -Wno-float-conversion -Wno-non-literal-null-conversion -Wno-objc-literal-conversion -Wshorten-64-to-32 -Wno-newline-eof -Wno-c++11-extensions -Wno-implicit-fallthrough -isysroot /Applications/Xcode-27.0.0-Release.Candidate.app/Contents/Developer/Platforms/MacOSX.platform/Developer/SDKs/MacOSX27.0.sdk -fstrict-aliasing -Wdeprecated-declarations -Winvalid-offsetof -Wno-sign-conversion -Wno-infinite-recursion -Wno-move -Wno-comma -Wno-block-capture-autoreleasing -Wno-strict-prototypes -Wno-range-loop-analysis -Wno-semicolon-before-method-body -index-store-path /Users/admin/builder/spi-builder-workspace/.derivedData/Index.noindex/DataStore @/Users/admin/builder/spi-builder-workspace/.derivedData/Build/Intermediates.noindex/agora-dynamic-key-swift.build/Debug/CAgoraDynamicKey-t.build/Objects-normal/arm64/82b82416624d2658e5098eb0a28c15c5-common-args.resp -MMD -MT dependencies -MF /Users/admin/builder/spi-builder-workspace/.derivedData/Build/Intermediates.noindex/agora-dynamic-key-swift.build/Debug/CAgoraDynamicKey-t.build/Objects-normal/arm64/AccessToken2CInterface.d --serialize-diagnostics /Users/admin/builder/spi-builder-workspace/.derivedData/Build/Intermediates.noindex/agora-dynamic-key-swift.build/Debug/CAgoraDynamicKey-t.build/Objects-normal/arm64/AccessToken2CInterface.dia -c /Users/admin/builder/spi-builder-workspace/Sources/CAgoraDynamicKey/include/testing/AccessToken2CInterface.cpp -o /Users/admin/builder/spi-builder-workspace/.derivedData/Build/Intermediates.noindex/agora-dynamic-key-swift.build/Debug/CAgoraDynamicKey-t.build/Objects-normal/arm64/AccessToken2CInterface.o -index-unit-output-path /agora-dynamic-key-swift.build/Debug/CAgoraDynamicKey-t.build/Objects-normal/arm64/AccessToken2CInterface.o
In file included from /Users/admin/builder/spi-builder-workspace/Sources/CAgoraDynamicKey/include/testing/AccessToken2CInterface.cpp:8:
In file included from /Users/admin/builder/spi-builder-workspace/Sources/CAgoraDynamicKey/include/testing/AccessToken2CInterface.h:11:
In file included from /Users/admin/builder/spi-builder-workspace/Sources/CAgoraDynamicKey/include/cpp/src/AccessToken2.h:13:
/Users/admin/builder/spi-builder-workspace/Sources/CAgoraDynamicKey/include/cpp/src/utils.h:290:78: warning: implicit conversion loses integer precision: 'size_type' (aka 'unsigned long') to 'int' [-Wshorten-64-to-32]
290 | char *r = base64_encode((const unsigned char *)data.data(), data.length());
| ~~~~~~~~~~~~~ ~~~~~^~~~~~~~
/Users/admin/builder/spi-builder-workspace/Sources/CAgoraDynamicKey/include/cpp/src/utils.h:299:70: warning: implicit conversion loses integer precision: 'size_type' (aka 'unsigned long') to 'int' [-Wshorten-64-to-32]
299 | const unsigned char *r = base64_decode(data.data(), data.length(), &length);
| ~~~~~~~~~~~~~ ~~~~~^~~~~~~~
/Users/admin/builder/spi-builder-workspace/Sources/CAgoraDynamicKey/include/cpp/src/utils.h:316:32: warning: implicit conversion loses integer precision: 'size_type' (aka 'unsigned long') to 'uInt' (aka 'unsigned int') [-Wshorten-64-to-32]
316 | zs.avail_in = data.size();
| ~ ~~~~~^~~~~~
/Users/admin/builder/spi-builder-workspace/Sources/CAgoraDynamicKey/include/cpp/src/utils.h:354:32: warning: implicit conversion loses integer precision: 'size_type' (aka 'unsigned long') to 'uInt' (aka 'unsigned int') [-Wshorten-64-to-32]
354 | zs.avail_in = data.size();
| ~ ~~~~~^~~~~~
In file included from /Users/admin/builder/spi-builder-workspace/Sources/CAgoraDynamicKey/include/testing/AccessToken2CInterface.cpp:8:
In file included from /Users/admin/builder/spi-builder-workspace/Sources/CAgoraDynamicKey/include/testing/AccessToken2CInterface.h:11:
/Users/admin/builder/spi-builder-workspace/Sources/CAgoraDynamicKey/include/cpp/src/AccessToken2.h:251:19: warning: implicit conversion loses integer precision: 'time_t' (aka 'long') to 'uint32_t' (aka 'unsigned int') [-Wshorten-64-to-32]
251 | issue_ts_ = ::time(NULL);
| ~ ^~~~~~~~~~~~
5 warnings generated.
SwiftDriverJobDiscovery normal arm64 Compiling TLSConfiguration.swift, UniversalBootstrapSupport.swift, UnsafeKeyAndChainTarget.swift (in target 'NIOSSL' from project 'swift-nio-ssl')
SwiftDriverJobDiscovery normal arm64 Compiling SSLPrivateKey.swift, SSLPublicKey.swift, SecurityFrameworkCertificateVerification.swift (in target 'NIOSSL' from project 'swift-nio-ssl')
SwiftDriverJobDiscovery normal arm64 Compiling SSLErrors.swift, SSLInit.swift, SSLPKCS12Bundle.swift (in target 'NIOSSL' from project 'swift-nio-ssl')
SwiftDriver AgoraDynamicKey normal arm64 com.apple.xcode.tools.swift.compiler (in target 'AgoraDynamicKey' from project 'agora-dynamic-key-swift')
cd /Users/admin/builder/spi-builder-workspace/.swiftpm/xcode
builtin-SwiftDriver -- /Applications/Xcode-27.0.0-Release.Candidate.app/Contents/Developer/Toolchains/XcodeDefault.xctoolchain/usr/bin/swiftc -parse-as-library -module-name AgoraDynamicKey -Onone @/Users/admin/builder/spi-builder-workspace/.derivedData/Build/Intermediates.noindex/agora-dynamic-key-swift.build/Debug/AgoraDynamicKey-t.build/Objects-normal/arm64/AgoraDynamicKey.SwiftFileList -DSWIFT_PACKAGE -DDEBUG -DSWIFT_MODULE_RESOURCE_BUNDLE_UNAVAILABLE -Xcc -fmodule-map-file\=/Users/admin/builder/spi-builder-workspace/.derivedData/Build/Intermediates.noindex/GeneratedModuleMaps/CNIOBoringSSLShims.modulemap -Xcc -fmodule-map-file\=/Users/admin/builder/spi-builder-workspace/.dependencies/checkouts/swift-nio-ssl/Sources/CNIOBoringSSL/include/module.modulemap -Xcc -fmodule-map-file\=/Users/admin/builder/spi-builder-workspace/.dependencies/checkouts/swift-atomics/Sources/_AtomicsShims/include/module.modulemap -Xcc -fmodule-map-file\=/Users/admin/builder/spi-builder-workspace/.derivedData/Build/Intermediates.noindex/GeneratedModuleMaps/CNIOPosix.modulemap -Xcc -fmodule-map-file\=/Users/admin/builder/spi-builder-workspace/.derivedData/Build/Intermediates.noindex/GeneratedModuleMaps/CNIOWASI.modulemap -Xcc -fmodule-map-file\=/Users/admin/builder/spi-builder-workspace/.dependencies/checkouts/swift-nio/Sources/CNIOWindows/include/module.modulemap -Xcc -fmodule-map-file\=/Users/admin/builder/spi-builder-workspace/.derivedData/Build/Intermediates.noindex/GeneratedModuleMaps/CNIOLinux.modulemap -Xcc -fmodule-map-file\=/Users/admin/builder/spi-builder-workspace/.derivedData/Build/Intermediates.noindex/GeneratedModuleMaps/CNIODarwin.modulemap -Xcc -fmodule-map-file\=/Users/admin/builder/spi-builder-workspace/.derivedData/Build/Intermediates.noindex/GeneratedModuleMaps/CNIOFreeBSD.modulemap -Xcc -fmodule-map-file\=/Users/admin/builder/spi-builder-workspace/.derivedData/Build/Intermediates.noindex/GeneratedModuleMaps/CNIOOpenBSD.modulemap -Xcc -fmodule-map-file\=/Users/admin/builder/spi-builder-workspace/.derivedData/Build/Intermediates.noindex/GeneratedModuleMaps/CNIOAtomics.modulemap -Xcc -fmodule-map-file\=/Users/admin/builder/spi-builder-workspace/.derivedData/Build/Intermediates.noindex/GeneratedModuleMaps/CAgoraDynamicKey.modulemap -DXcode -cxx-interoperability-mode\=default -Xcc -std\=c++14 -plugin-path /Applications/Xcode-27.0.0-Release.Candidate.app/Contents/Developer/Toolchains/XcodeDefault.xctoolchain/usr/lib/swift/host/plugins/testing -enable-experimental-feature DebugDescriptionMacro -sdk /Applications/Xcode-27.0.0-Release.Candidate.app/Contents/Developer/Platforms/MacOSX.platform/Developer/SDKs/MacOSX27.0.sdk -target arm64-apple-macos12.0 -g -module-cache-path /Users/admin/builder/spi-builder-workspace/.derivedData/ModuleCache.noindex -Xfrontend -serialize-debugging-options -profile-coverage-mapping -profile-generate -enable-testing -index-store-path /Users/admin/builder/spi-builder-workspace/.derivedData/Index.noindex/DataStore -Xcc -D_LIBCPP_HARDENING_MODE\=_LIBCPP_HARDENING_MODE_DEBUG -swift-version 6 -I /Users/admin/builder/spi-builder-workspace/.derivedData/Build/Products/Debug -Isystem /Applications/Xcode-27.0.0-Release.Candidate.app/Contents/Developer/Platforms/MacOSX.platform/Developer/usr/lib -F /Users/admin/builder/spi-builder-workspace/.derivedData/Build/Products/Debug/PackageFrameworks -F /Users/admin/builder/spi-builder-workspace/.derivedData/Build/Products/Debug -F /Applications/Xcode-27.0.0-Release.Candidate.app/Contents/Developer/Platforms/MacOSX.platform/Developer/Library/Frameworks -c -j10 -enable-batch-mode -incremental -Xcc -ivfsstatcache -Xcc /Users/admin/builder/spi-builder-workspace/.derivedData/SDKStatCaches.noindex/macosx27.0-26A425-e829b21a6f8c9b70876ba0858053c0446a22442a12e9d48fe1a705f55a1adfc4.sdkstatcache -output-file-map /Users/admin/builder/spi-builder-workspace/.derivedData/Build/Intermediates.noindex/agora-dynamic-key-swift.build/Debug/AgoraDynamicKey-t.build/Objects-normal/arm64/AgoraDynamicKey-OutputFileMap.json -save-temps -no-color-diagnostics -explicit-module-build -module-cache-path /Users/admin/builder/spi-builder-workspace/.derivedData/Build/Intermediates.noindex/SwiftExplicitPrecompiledModules -clang-scanner-module-cache-path /Users/admin/builder/spi-builder-workspace/.derivedData/ModuleCache.noindex -sdk-module-cache-path /Users/admin/builder/spi-builder-workspace/.derivedData/SDKExplicitPrecompiledModules -emit-dependencies -emit-module -emit-module-path /Users/admin/builder/spi-builder-workspace/.derivedData/Build/Intermediates.noindex/agora-dynamic-key-swift.build/Debug/AgoraDynamicKey-t.build/Objects-normal/arm64/AgoraDynamicKey.swiftmodule -serialize-diagnostics -dependency-scan-serialize-diagnostics-path /Users/admin/builder/spi-builder-workspace/.derivedData/Build/Intermediates.noindex/agora-dynamic-key-swift.build/Debug/AgoraDynamicKey-t.build/Objects-normal/arm64/AgoraDynamicKey-dependency-scan.dia -validate-clang-modules-once -clang-build-session-file /Users/admin/builder/spi-builder-workspace/.derivedData/ModuleCache.noindex/Session.modulevalidation -Xcc -fmodules-prune-interval\=86400 -Xcc -fmodules-prune-after\=345600 -package-name spi_builder_workspace -emit-const-values -const-gather-protocols-list /Users/admin/builder/spi-builder-workspace/.derivedData/Build/Intermediates.noindex/agora-dynamic-key-swift.build/Debug/AgoraDynamicKey-t.build/Objects-normal/arm64/AgoraDynamicKey_const_extract_protocols.json -Xcc -I/Users/admin/builder/spi-builder-workspace/.dependencies/checkouts/swift-nio-ssl/Sources/CNIOBoringSSLShims/include -Xcc -I/Users/admin/builder/spi-builder-workspace/.dependencies/checkouts/swift-nio-ssl/Sources/CNIOBoringSSL/include -Xcc -I/Users/admin/builder/spi-builder-workspace/.dependencies/checkouts/swift-atomics/Sources/_AtomicsShims/include -Xcc -I/Users/admin/builder/spi-builder-workspace/.dependencies/checkouts/swift-nio/Sources/CNIOPosix/include -Xcc -I/Users/admin/builder/spi-builder-workspace/.dependencies/checkouts/swift-nio/Sources/CNIOWASI/include -Xcc -I/Users/admin/builder/spi-builder-workspace/.dependencies/checkouts/swift-nio/Sources/CNIOWindows/include -Xcc -I/Users/admin/builder/spi-builder-workspace/.dependencies/checkouts/swift-nio/Sources/CNIOLinux/include -Xcc -I/Users/admin/builder/spi-builder-workspace/.dependencies/checkouts/swift-nio/Sources/CNIODarwin/include -Xcc -I/Users/admin/builder/spi-builder-workspace/.dependencies/checkouts/swift-nio/Sources/CNIOFreeBSD/include -Xcc -I/Users/admin/builder/spi-builder-workspace/.dependencies/checkouts/swift-nio/Sources/CNIOOpenBSD/include -Xcc -I/Users/admin/builder/spi-builder-workspace/.dependencies/checkouts/swift-nio/Sources/CNIOAtomics/include -Xcc -I/Users/admin/builder/spi-builder-workspace/Sources/CAgoraDynamicKey/include -Xcc -I/Users/admin/builder/spi-builder-workspace/.derivedData/Build/Products/Debug/include -Xcc -I/Users/admin/builder/spi-builder-workspace/.derivedData/Build/Intermediates.noindex/agora-dynamic-key-swift.build/Debug/AgoraDynamicKey-t.build/DerivedSources-normal/arm64 -Xcc -I/Users/admin/builder/spi-builder-workspace/.derivedData/Build/Intermediates.noindex/agora-dynamic-key-swift.build/Debug/AgoraDynamicKey-t.build/DerivedSources/arm64 -Xcc -I/Users/admin/builder/spi-builder-workspace/.derivedData/Build/Intermediates.noindex/agora-dynamic-key-swift.build/Debug/AgoraDynamicKey-t.build/DerivedSources -Xcc -DSWIFT_PACKAGE -Xcc -DDEBUG\=1 -emit-objc-header -emit-objc-header-path /Users/admin/builder/spi-builder-workspace/.derivedData/Build/Intermediates.noindex/agora-dynamic-key-swift.build/Debug/AgoraDynamicKey-t.build/Objects-normal/arm64/AgoraDynamicKey-Swift.h -working-directory /Users/admin/builder/spi-builder-workspace/.swiftpm/xcode -experimental-emit-module-separately -disable-cmo
SwiftDriverJobDiscovery normal arm64 Compiling resource_bundle_accessor.swift, AndroidCABundle.swift, ByteBufferBIO.swift, CustomPrivateKey.swift (in target 'NIOSSL' from project 'swift-nio-ssl')
SwiftDriverJobDiscovery normal arm64 Compiling String+unsafeUninitializedCapacity.swift, SubjectAlternativeName.swift, NIOSSLSecureBytes.swift (in target 'NIOSSL' from project 'swift-nio-ssl')
SwiftDriverJobDiscovery normal arm64 Compiling SSLCertificateName.swift, SSLConnection.swift, SSLContext.swift (in target 'NIOSSL' from project 'swift-nio-ssl')
SwiftDriverJobDiscovery normal arm64 Compiling NIOSSLHandler+Configuration.swift, NIOSSLHandler.swift, NIOSSLServerHandler.swift, ObjectIdentifier.swift (in target 'NIOSSL' from project 'swift-nio-ssl')
SwiftDriverJobDiscovery normal arm64 Compiling NIORandomizedDNSResolver.swift, NIOThreadPool.swift, NonBlockingFileIO.swift, PendingDatagramWritesManager.swift, PendingWritesManager.swift, PipeChannel.swift (in target 'NIOPosix' from project 'swift-nio')
SwiftDriver\ Compilation NIOPosix normal arm64 com.apple.xcode.tools.swift.compiler (in target 'NIOPosix' from project 'swift-nio')
cd /Users/admin/builder/spi-builder-workspace/.swiftpm/xcode
builtin-Swift-Compilation -- /Applications/Xcode-27.0.0-Release.Candidate.app/Contents/Developer/Toolchains/XcodeDefault.xctoolchain/usr/bin/swiftc -parse-as-library -module-name NIOPosix -Onone @/Users/admin/builder/spi-builder-workspace/.derivedData/Build/Intermediates.noindex/swift-nio.build/Debug/NIOPosix-t.build/Objects-normal/arm64/NIOPosix.SwiftFileList -DSWIFT_PACKAGE -DDEBUG -DSWIFT_MODULE_RESOURCE_BUNDLE_AVAILABLE -Xcc -fmodule-map-file\=/Users/admin/builder/spi-builder-workspace/.dependencies/checkouts/swift-atomics/Sources/_AtomicsShims/include/module.modulemap -Xcc -fmodule-map-file\=/Users/admin/builder/spi-builder-workspace/.derivedData/Build/Intermediates.noindex/GeneratedModuleMaps/CNIOPosix.modulemap -Xcc -fmodule-map-file\=/Users/admin/builder/spi-builder-workspace/.derivedData/Build/Intermediates.noindex/GeneratedModuleMaps/CNIOWASI.modulemap -Xcc -fmodule-map-file\=/Users/admin/builder/spi-builder-workspace/.derivedData/Build/Intermediates.noindex/GeneratedModuleMaps/CNIOFreeBSD.modulemap -Xcc -fmodule-map-file\=/Users/admin/builder/spi-builder-workspace/.derivedData/Build/Intermediates.noindex/GeneratedModuleMaps/CNIOAtomics.modulemap -Xcc -fmodule-map-file\=/Users/admin/builder/spi-builder-workspace/.dependencies/checkouts/swift-nio/Sources/CNIOWindows/include/module.modulemap -Xcc -fmodule-map-file\=/Users/admin/builder/spi-builder-workspace/.derivedData/Build/Intermediates.noindex/GeneratedModuleMaps/CNIODarwin.modulemap -Xcc -fmodule-map-file\=/Users/admin/builder/spi-builder-workspace/.derivedData/Build/Intermediates.noindex/GeneratedModuleMaps/CNIOLinux.modulemap -Xcc -fmodule-map-file\=/Users/admin/builder/spi-builder-workspace/.derivedData/Build/Intermediates.noindex/GeneratedModuleMaps/CNIOOpenBSD.modulemap -DXcode -enable-experimental-feature Lifetimes -enable-upcoming-feature MemberImportVisibility -plugin-path /Applications/Xcode-27.0.0-Release.Candidate.app/Contents/Developer/Toolchains/XcodeDefault.xctoolchain/usr/lib/swift/host/plugins/testing -enable-experimental-feature DebugDescriptionMacro -sdk /Applications/Xcode-27.0.0-Release.Candidate.app/Contents/Developer/Platforms/MacOSX.platform/Developer/SDKs/MacOSX27.0.sdk -target arm64-apple-macos12.0 -g -module-cache-path /Users/admin/builder/spi-builder-workspace/.derivedData/ModuleCache.noindex -Xfrontend -serialize-debugging-options -profile-coverage-mapping -profile-generate -enable-testing -suppress-warnings -index-store-path /Users/admin/builder/spi-builder-workspace/.derivedData/Index.noindex/DataStore -Xcc -D_LIBCPP_HARDENING_MODE\=_LIBCPP_HARDENING_MODE_DEBUG -swift-version 6 -I /Users/admin/builder/spi-builder-workspace/.derivedData/Build/Products/Debug -Isystem /Applications/Xcode-27.0.0-Release.Candidate.app/Contents/Developer/Platforms/MacOSX.platform/Developer/usr/lib -F /Users/admin/builder/spi-builder-workspace/.derivedData/Build/Products/Debug/PackageFrameworks -F /Users/admin/builder/spi-builder-workspace/.derivedData/Build/Products/Debug -F /Applications/Xcode-27.0.0-Release.Candidate.app/Contents/Developer/Platforms/MacOSX.platform/Developer/Library/Frameworks -c -j10 -enable-batch-mode -incremental -Xcc -ivfsstatcache -Xcc /Users/admin/builder/spi-builder-workspace/.derivedData/SDKStatCaches.noindex/macosx27.0-26A425-e829b21a6f8c9b70876ba0858053c0446a22442a12e9d48fe1a705f55a1adfc4.sdkstatcache -output-file-map /Users/admin/builder/spi-builder-workspace/.derivedData/Build/Intermediates.noindex/swift-nio.build/Debug/NIOPosix-t.build/Objects-normal/arm64/NIOPosix-OutputFileMap.json -save-temps -no-color-diagnostics -explicit-module-build -module-cache-path /Users/admin/builder/spi-builder-workspace/.derivedData/Build/Intermediates.noindex/SwiftExplicitPrecompiledModules -clang-scanner-module-cache-path /Users/admin/builder/spi-builder-workspace/.derivedData/ModuleCache.noindex -sdk-module-cache-path /Users/admin/builder/spi-builder-workspace/.derivedData/SDKExplicitPrecompiledModules -emit-dependencies -emit-module -emit-module-path /Users/admin/builder/spi-builder-workspace/.derivedData/Build/Intermediates.noindex/swift-nio.build/Debug/NIOPosix-t.build/Objects-normal/arm64/NIOPosix.swiftmodule -serialize-diagnostics -dependency-scan-serialize-diagnostics-path /Users/admin/builder/spi-builder-workspace/.derivedData/Build/Intermediates.noindex/swift-nio.build/Debug/NIOPosix-t.build/Objects-normal/arm64/NIOPosix-dependency-scan.dia -user-module-version 2.103.0 -validate-clang-modules-once -clang-build-session-file /Users/admin/builder/spi-builder-workspace/.derivedData/ModuleCache.noindex/Session.modulevalidation -Xcc -fmodules-prune-interval\=86400 -Xcc -fmodules-prune-after\=345600 -package-name swift_nio -emit-const-values -const-gather-protocols-list /Users/admin/builder/spi-builder-workspace/.derivedData/Build/Intermediates.noindex/swift-nio.build/Debug/NIOPosix-t.build/Objects-normal/arm64/NIOPosix_const_extract_protocols.json -Xcc -I/Users/admin/builder/spi-builder-workspace/.dependencies/checkouts/swift-atomics/Sources/_AtomicsShims/include -Xcc -I/Users/admin/builder/spi-builder-workspace/.dependencies/checkouts/swift-nio/Sources/CNIOPosix/include -Xcc -I/Users/admin/builder/spi-builder-workspace/.dependencies/checkouts/swift-nio/Sources/CNIOWASI/include -Xcc -I/Users/admin/builder/spi-builder-workspace/.dependencies/checkouts/swift-nio/Sources/CNIOFreeBSD/include -Xcc -I/Users/admin/builder/spi-builder-workspace/.dependencies/checkouts/swift-nio/Sources/CNIOAtomics/include -Xcc -I/Users/admin/builder/spi-builder-workspace/.dependencies/checkouts/swift-nio/Sources/CNIOWindows/include -Xcc -I/Users/admin/builder/spi-builder-workspace/.dependencies/checkouts/swift-nio/Sources/CNIODarwin/include -Xcc -I/Users/admin/builder/spi-builder-workspace/.dependencies/checkouts/swift-nio/Sources/CNIOLinux/include -Xcc -I/Users/admin/builder/spi-builder-workspace/.dependencies/checkouts/swift-nio/Sources/CNIOOpenBSD/include -Xcc -I/Users/admin/builder/spi-builder-workspace/.derivedData/Build/Products/Debug/include -Xcc -I/Users/admin/builder/spi-builder-workspace/.derivedData/Build/Intermediates.noindex/swift-nio.build/Debug/NIOPosix-t.build/DerivedSources-normal/arm64 -Xcc -I/Users/admin/builder/spi-builder-workspace/.derivedData/Build/Intermediates.noindex/swift-nio.build/Debug/NIOPosix-t.build/DerivedSources/arm64 -Xcc -I/Users/admin/builder/spi-builder-workspace/.derivedData/Build/Intermediates.noindex/swift-nio.build/Debug/NIOPosix-t.build/DerivedSources -Xcc -DSWIFT_PACKAGE -Xcc -DDEBUG\=1 -emit-objc-header -emit-objc-header-path /Users/admin/builder/spi-builder-workspace/.derivedData/Build/Intermediates.noindex/swift-nio.build/Debug/NIOPosix-t.build/Objects-normal/arm64/NIOPosix-Swift.h -working-directory /Users/admin/builder/spi-builder-workspace/.swiftpm/xcode -experimental-emit-module-separately -disable-cmo
Ld /Users/admin/builder/spi-builder-workspace/.derivedData/Build/Products/Debug/NIOPosix.o normal (in target 'NIOPosix' from project 'swift-nio')
cd /Users/admin/builder/spi-builder-workspace/.dependencies/checkouts/swift-nio
/Applications/Xcode-27.0.0-Release.Candidate.app/Contents/Developer/Toolchains/XcodeDefault.xctoolchain/usr/bin/clang -Xlinker -reproducible -target arm64-apple-macos12.0 -r -isysroot /Applications/Xcode-27.0.0-Release.Candidate.app/Contents/Developer/Platforms/MacOSX.platform/Developer/SDKs/MacOSX27.0.sdk -O0 -w -Xlinker -no_warn_duplicate_libraries -F/Users/admin/builder/spi-builder-workspace/.derivedData/Build/Intermediates.noindex/EagerLinkingTBDs/Debug -F/Users/admin/builder/spi-builder-workspace/.derivedData/Build/Products/Debug/PackageFrameworks -F/Users/admin/builder/spi-builder-workspace/.derivedData/Build/Products/Debug -iframework /Applications/Xcode-27.0.0-Release.Candidate.app/Contents/Developer/Platforms/MacOSX.platform/Developer/Library/Frameworks -filelist /Users/admin/builder/spi-builder-workspace/.derivedData/Build/Intermediates.noindex/swift-nio.build/Debug/NIOPosix-t.build/Objects-normal/arm64/NIOPosix.LinkFileList -nostdlib -Xlinker -object_path_lto -Xlinker /Users/admin/builder/spi-builder-workspace/.derivedData/Build/Intermediates.noindex/swift-nio.build/Debug/NIOPosix-t.build/Objects-normal/arm64/NIOPosix_lto.o -Xlinker -no_deduplicate -Xlinker -debug_variant -Xlinker -dependency_info -Xlinker /Users/admin/builder/spi-builder-workspace/.derivedData/Build/Intermediates.noindex/swift-nio.build/Debug/NIOPosix-t.build/Objects-normal/arm64/NIOPosix_dependency_info.dat -fobjc-link-runtime -L/Applications/Xcode-27.0.0-Release.Candidate.app/Contents/Developer/Toolchains/XcodeDefault.xctoolchain/usr/lib/swift/macosx -L/usr/lib/swift -Xlinker -add_ast_path -Xlinker /Users/admin/builder/spi-builder-workspace/.derivedData/Build/Intermediates.noindex/swift-nio.build/Debug/NIOPosix-t.build/Objects-normal/arm64/NIOPosix.swiftmodule -o /Users/admin/builder/spi-builder-workspace/.derivedData/Build/Products/Debug/NIOPosix.o
ExtractAppIntentsMetadata (in target 'NIOPosix' from project 'swift-nio')
cd /Users/admin/builder/spi-builder-workspace/.dependencies/checkouts/swift-nio
/Applications/Xcode-27.0.0-Release.Candidate.app/Contents/Developer/Toolchains/XcodeDefault.xctoolchain/usr/bin/appintentsmetadataprocessor --toolchain-dir /var/run/com.apple.security.cryptexd/mnt/com.apple.MobileAsset.MetalToolchain-v27.1.266.1.0WPtq8/Metal.xctoolchain --module-name NIOPosix --sdk-root /Applications/Xcode-27.0.0-Release.Candidate.app/Contents/Developer/Platforms/MacOSX.platform/Developer/SDKs/MacOSX27.0.sdk --xcode-version 27A266a --platform-family macOS --deployment-target 12.0 --bundle-identifier swift-nio.NIOPosix --output /Users/admin/builder/spi-builder-workspace/.derivedData/Build/Products/Debug/NIOPosix.appintents --target-triple arm64-apple-macos12.0 --binary-file /Users/admin/builder/spi-builder-workspace/.derivedData/Build/Products/Debug/NIOPosix.o --dependency-file /Users/admin/builder/spi-builder-workspace/.derivedData/Build/Intermediates.noindex/swift-nio.build/Debug/NIOPosix-t.build/Objects-normal/arm64/NIOPosix_dependency_info.dat --stringsdata-file /Users/admin/builder/spi-builder-workspace/.derivedData/Build/Intermediates.noindex/swift-nio.build/Debug/NIOPosix-t.build/Objects-normal/arm64/ExtractedAppShortcutsMetadata.stringsdata --source-file-list /Users/admin/builder/spi-builder-workspace/.derivedData/Build/Intermediates.noindex/swift-nio.build/Debug/NIOPosix-t.build/Objects-normal/arm64/NIOPosix.SwiftFileList --metadata-file-list /Users/admin/builder/spi-builder-workspace/.derivedData/Build/Intermediates.noindex/swift-nio.build/Debug/NIOPosix-t.build/NIOPosix.DependencyMetadataFileList --static-metadata-file-list /Users/admin/builder/spi-builder-workspace/.derivedData/Build/Intermediates.noindex/swift-nio.build/Debug/NIOPosix-t.build/NIOPosix.DependencyStaticMetadataFileList --swift-const-vals-list /Users/admin/builder/spi-builder-workspace/.derivedData/Build/Intermediates.noindex/swift-nio.build/Debug/NIOPosix-t.build/Objects-normal/arm64/NIOPosix.SwiftConstValuesFileList --force --compile-time-extraction --deployment-aware-processing --no-app-shortcuts-localization
2026-09-21 11:12:10.999 appintentsmetadataprocessor[2134:7989] Starting appintentsmetadataprocessor export
2026-09-21 11:12:11.067 appintentsmetadataprocessor[2134:7989] Extracted no relevant App Intents symbols, skipping writing output
SwiftDriverJobDiscovery normal arm64 Compiling PosixPort.swift, SSLCallbacks.swift, SSLCertificate.swift, SSLCertificateExtensions.swift (in target 'NIOSSL' from project 'swift-nio-ssl')
SwiftDriver\ Compilation NIOSSL normal arm64 com.apple.xcode.tools.swift.compiler (in target 'NIOSSL' from project 'swift-nio-ssl')
cd /Users/admin/builder/spi-builder-workspace/.swiftpm/xcode
builtin-Swift-Compilation -- /Applications/Xcode-27.0.0-Release.Candidate.app/Contents/Developer/Toolchains/XcodeDefault.xctoolchain/usr/bin/swiftc -parse-as-library -module-name NIOSSL -Onone @/Users/admin/builder/spi-builder-workspace/.derivedData/Build/Intermediates.noindex/swift-nio-ssl.build/Debug/NIOSSL-t.build/Objects-normal/arm64/NIOSSL.SwiftFileList -DSWIFT_PACKAGE -DDEBUG -DSWIFT_MODULE_RESOURCE_BUNDLE_AVAILABLE -Xcc -fmodule-map-file\=/Users/admin/builder/spi-builder-workspace/.dependencies/checkouts/swift-atomics/Sources/_AtomicsShims/include/module.modulemap -Xcc -fmodule-map-file\=/Users/admin/builder/spi-builder-workspace/.derivedData/Build/Intermediates.noindex/GeneratedModuleMaps/CNIOPosix.modulemap -Xcc -fmodule-map-file\=/Users/admin/builder/spi-builder-workspace/.derivedData/Build/Intermediates.noindex/GeneratedModuleMaps/CNIOWASI.modulemap -Xcc -fmodule-map-file\=/Users/admin/builder/spi-builder-workspace/.dependencies/checkouts/swift-nio/Sources/CNIOWindows/include/module.modulemap -Xcc -fmodule-map-file\=/Users/admin/builder/spi-builder-workspace/.derivedData/Build/Intermediates.noindex/GeneratedModuleMaps/CNIOLinux.modulemap -Xcc -fmodule-map-file\=/Users/admin/builder/spi-builder-workspace/.derivedData/Build/Intermediates.noindex/GeneratedModuleMaps/CNIODarwin.modulemap -Xcc -fmodule-map-file\=/Users/admin/builder/spi-builder-workspace/.derivedData/Build/Intermediates.noindex/GeneratedModuleMaps/CNIOFreeBSD.modulemap -Xcc -fmodule-map-file\=/Users/admin/builder/spi-builder-workspace/.derivedData/Build/Intermediates.noindex/GeneratedModuleMaps/CNIOOpenBSD.modulemap -Xcc -fmodule-map-file\=/Users/admin/builder/spi-builder-workspace/.derivedData/Build/Intermediates.noindex/GeneratedModuleMaps/CNIOAtomics.modulemap -Xcc -fmodule-map-file\=/Users/admin/builder/spi-builder-workspace/.derivedData/Build/Intermediates.noindex/GeneratedModuleMaps/CNIOBoringSSLShims.modulemap -Xcc -fmodule-map-file\=/Users/admin/builder/spi-builder-workspace/.dependencies/checkouts/swift-nio-ssl/Sources/CNIOBoringSSL/include/module.modulemap -DXcode -enable-upcoming-feature MemberImportVisibility -plugin-path /Applications/Xcode-27.0.0-Release.Candidate.app/Contents/Developer/Toolchains/XcodeDefault.xctoolchain/usr/lib/swift/host/plugins/testing -enable-experimental-feature DebugDescriptionMacro -sdk /Applications/Xcode-27.0.0-Release.Candidate.app/Contents/Developer/Platforms/MacOSX.platform/Developer/SDKs/MacOSX27.0.sdk -target arm64-apple-macos12.0 -g -module-cache-path /Users/admin/builder/spi-builder-workspace/.derivedData/ModuleCache.noindex -Xfrontend -serialize-debugging-options -profile-coverage-mapping -profile-generate -enable-testing -suppress-warnings -index-store-path /Users/admin/builder/spi-builder-workspace/.derivedData/Index.noindex/DataStore -Xcc -D_LIBCPP_HARDENING_MODE\=_LIBCPP_HARDENING_MODE_DEBUG -swift-version 6 -I /Users/admin/builder/spi-builder-workspace/.derivedData/Build/Products/Debug -Isystem /Applications/Xcode-27.0.0-Release.Candidate.app/Contents/Developer/Platforms/MacOSX.platform/Developer/usr/lib -F /Users/admin/builder/spi-builder-workspace/.derivedData/Build/Products/Debug/PackageFrameworks -F /Users/admin/builder/spi-builder-workspace/.derivedData/Build/Products/Debug -F /Applications/Xcode-27.0.0-Release.Candidate.app/Contents/Developer/Platforms/MacOSX.platform/Developer/Library/Frameworks -c -j10 -enable-batch-mode -incremental -Xcc -ivfsstatcache -Xcc /Users/admin/builder/spi-builder-workspace/.derivedData/SDKStatCaches.noindex/macosx27.0-26A425-e829b21a6f8c9b70876ba0858053c0446a22442a12e9d48fe1a705f55a1adfc4.sdkstatcache -output-file-map /Users/admin/builder/spi-builder-workspace/.derivedData/Build/Intermediates.noindex/swift-nio-ssl.build/Debug/NIOSSL-t.build/Objects-normal/arm64/NIOSSL-OutputFileMap.json -save-temps -no-color-diagnostics -explicit-module-build -module-cache-path /Users/admin/builder/spi-builder-workspace/.derivedData/Build/Intermediates.noindex/SwiftExplicitPrecompiledModules -clang-scanner-module-cache-path /Users/admin/builder/spi-builder-workspace/.derivedData/ModuleCache.noindex -sdk-module-cache-path /Users/admin/builder/spi-builder-workspace/.derivedData/SDKExplicitPrecompiledModules -emit-dependencies -emit-module -emit-module-path /Users/admin/builder/spi-builder-workspace/.derivedData/Build/Intermediates.noindex/swift-nio-ssl.build/Debug/NIOSSL-t.build/Objects-normal/arm64/NIOSSL.swiftmodule -serialize-diagnostics -dependency-scan-serialize-diagnostics-path /Users/admin/builder/spi-builder-workspace/.derivedData/Build/Intermediates.noindex/swift-nio-ssl.build/Debug/NIOSSL-t.build/Objects-normal/arm64/NIOSSL-dependency-scan.dia -user-module-version 2.37.5 -validate-clang-modules-once -clang-build-session-file /Users/admin/builder/spi-builder-workspace/.derivedData/ModuleCache.noindex/Session.modulevalidation -Xcc -fmodules-prune-interval\=86400 -Xcc -fmodules-prune-after\=345600 -package-name swift_nio_ssl -emit-const-values -const-gather-protocols-list /Users/admin/builder/spi-builder-workspace/.derivedData/Build/Intermediates.noindex/swift-nio-ssl.build/Debug/NIOSSL-t.build/Objects-normal/arm64/NIOSSL_const_extract_protocols.json -Xcc -I/Users/admin/builder/spi-builder-workspace/.dependencies/checkouts/swift-atomics/Sources/_AtomicsShims/include -Xcc -I/Users/admin/builder/spi-builder-workspace/.dependencies/checkouts/swift-nio/Sources/CNIOPosix/include -Xcc -I/Users/admin/builder/spi-builder-workspace/.dependencies/checkouts/swift-nio/Sources/CNIOWASI/include -Xcc -I/Users/admin/builder/spi-builder-workspace/.dependencies/checkouts/swift-nio/Sources/CNIOWindows/include -Xcc -I/Users/admin/builder/spi-builder-workspace/.dependencies/checkouts/swift-nio/Sources/CNIOLinux/include -Xcc -I/Users/admin/builder/spi-builder-workspace/.dependencies/checkouts/swift-nio/Sources/CNIODarwin/include -Xcc -I/Users/admin/builder/spi-builder-workspace/.dependencies/checkouts/swift-nio/Sources/CNIOFreeBSD/include -Xcc -I/Users/admin/builder/spi-builder-workspace/.dependencies/checkouts/swift-nio/Sources/CNIOOpenBSD/include -Xcc -I/Users/admin/builder/spi-builder-workspace/.dependencies/checkouts/swift-nio/Sources/CNIOAtomics/include -Xcc -I/Users/admin/builder/spi-builder-workspace/.dependencies/checkouts/swift-nio-ssl/Sources/CNIOBoringSSLShims/include -Xcc -I/Users/admin/builder/spi-builder-workspace/.dependencies/checkouts/swift-nio-ssl/Sources/CNIOBoringSSL/include -Xcc -I/Users/admin/builder/spi-builder-workspace/.derivedData/Build/Products/Debug/include -Xcc -I/Users/admin/builder/spi-builder-workspace/.derivedData/Build/Intermediates.noindex/swift-nio-ssl.build/Debug/NIOSSL-t.build/DerivedSources-normal/arm64 -Xcc -I/Users/admin/builder/spi-builder-workspace/.derivedData/Build/Intermediates.noindex/swift-nio-ssl.build/Debug/NIOSSL-t.build/DerivedSources/arm64 -Xcc -I/Users/admin/builder/spi-builder-workspace/.derivedData/Build/Intermediates.noindex/swift-nio-ssl.build/Debug/NIOSSL-t.build/DerivedSources -Xcc -DSWIFT_PACKAGE -Xcc -DDEBUG\=1 -emit-objc-header -emit-objc-header-path /Users/admin/builder/spi-builder-workspace/.derivedData/Build/Intermediates.noindex/swift-nio-ssl.build/Debug/NIOSSL-t.build/Objects-normal/arm64/NIOSSL-Swift.h -working-directory /Users/admin/builder/spi-builder-workspace/.swiftpm/xcode -experimental-emit-module-separately -disable-cmo
Ld /Users/admin/builder/spi-builder-workspace/.derivedData/Build/Products/Debug/NIO.o normal (in target 'NIO' from project 'swift-nio')
cd /Users/admin/builder/spi-builder-workspace/.dependencies/checkouts/swift-nio
/Applications/Xcode-27.0.0-Release.Candidate.app/Contents/Developer/Toolchains/XcodeDefault.xctoolchain/usr/bin/clang -Xlinker -reproducible -target arm64-apple-macos12.0 -r -isysroot /Applications/Xcode-27.0.0-Release.Candidate.app/Contents/Developer/Platforms/MacOSX.platform/Developer/SDKs/MacOSX27.0.sdk -O0 -w -Xlinker -no_warn_duplicate_libraries -F/Users/admin/builder/spi-builder-workspace/.derivedData/Build/Intermediates.noindex/EagerLinkingTBDs/Debug -F/Users/admin/builder/spi-builder-workspace/.derivedData/Build/Products/Debug/PackageFrameworks -F/Users/admin/builder/spi-builder-workspace/.derivedData/Build/Products/Debug -iframework /Applications/Xcode-27.0.0-Release.Candidate.app/Contents/Developer/Platforms/MacOSX.platform/Developer/Library/Frameworks -filelist /Users/admin/builder/spi-builder-workspace/.derivedData/Build/Intermediates.noindex/swift-nio.build/Debug/NIO-t.build/Objects-normal/arm64/NIO.LinkFileList -nostdlib -Xlinker -object_path_lto -Xlinker /Users/admin/builder/spi-builder-workspace/.derivedData/Build/Intermediates.noindex/swift-nio.build/Debug/NIO-t.build/Objects-normal/arm64/NIO_lto.o -Xlinker -no_deduplicate -Xlinker -debug_variant -Xlinker -dependency_info -Xlinker /Users/admin/builder/spi-builder-workspace/.derivedData/Build/Intermediates.noindex/swift-nio.build/Debug/NIO-t.build/Objects-normal/arm64/NIO_dependency_info.dat -fobjc-link-runtime -L/Applications/Xcode-27.0.0-Release.Candidate.app/Contents/Developer/Toolchains/XcodeDefault.xctoolchain/usr/lib/swift/macosx -L/usr/lib/swift -Xlinker -add_ast_path -Xlinker /Users/admin/builder/spi-builder-workspace/.derivedData/Build/Intermediates.noindex/swift-nio.build/Debug/NIO-t.build/Objects-normal/arm64/NIO.swiftmodule -o /Users/admin/builder/spi-builder-workspace/.derivedData/Build/Products/Debug/NIO.o
ExtractAppIntentsMetadata (in target 'NIO' from project 'swift-nio')
cd /Users/admin/builder/spi-builder-workspace/.dependencies/checkouts/swift-nio
/Applications/Xcode-27.0.0-Release.Candidate.app/Contents/Developer/Toolchains/XcodeDefault.xctoolchain/usr/bin/appintentsmetadataprocessor --toolchain-dir /var/run/com.apple.security.cryptexd/mnt/com.apple.MobileAsset.MetalToolchain-v27.1.266.1.0WPtq8/Metal.xctoolchain --module-name NIO --sdk-root /Applications/Xcode-27.0.0-Release.Candidate.app/Contents/Developer/Platforms/MacOSX.platform/Developer/SDKs/MacOSX27.0.sdk --xcode-version 27A266a --platform-family macOS --deployment-target 12.0 --bundle-identifier swift-nio.NIO --output /Users/admin/builder/spi-builder-workspace/.derivedData/Build/Products/Debug/NIO.appintents --target-triple arm64-apple-macos12.0 --binary-file /Users/admin/builder/spi-builder-workspace/.derivedData/Build/Products/Debug/NIO.o --dependency-file /Users/admin/builder/spi-builder-workspace/.derivedData/Build/Intermediates.noindex/swift-nio.build/Debug/NIO-t.build/Objects-normal/arm64/NIO_dependency_info.dat --stringsdata-file /Users/admin/builder/spi-builder-workspace/.derivedData/Build/Intermediates.noindex/swift-nio.build/Debug/NIO-t.build/Objects-normal/arm64/ExtractedAppShortcutsMetadata.stringsdata --source-file-list /Users/admin/builder/spi-builder-workspace/.derivedData/Build/Intermediates.noindex/swift-nio.build/Debug/NIO-t.build/Objects-normal/arm64/NIO.SwiftFileList --metadata-file-list /Users/admin/builder/spi-builder-workspace/.derivedData/Build/Intermediates.noindex/swift-nio.build/Debug/NIO-t.build/NIO.DependencyMetadataFileList --static-metadata-file-list /Users/admin/builder/spi-builder-workspace/.derivedData/Build/Intermediates.noindex/swift-nio.build/Debug/NIO-t.build/NIO.DependencyStaticMetadataFileList --swift-const-vals-list /Users/admin/builder/spi-builder-workspace/.derivedData/Build/Intermediates.noindex/swift-nio.build/Debug/NIO-t.build/Objects-normal/arm64/NIO.SwiftConstValuesFileList --force --compile-time-extraction --deployment-aware-processing --no-app-shortcuts-localization
2026-09-21 11:12:11.107 appintentsmetadataprocessor[2137:8004] Starting appintentsmetadataprocessor export
2026-09-21 11:12:11.170 appintentsmetadataprocessor[2137:8004] Extracted no relevant App Intents symbols, skipping writing output
SwiftExplicitDependencyGeneratePcm arm64 /Users/admin/builder/spi-builder-workspace/.derivedData/SDKExplicitPrecompiledModules/_SwiftConcurrencyShims-7TUDYDJSEW5UUEHCFZRE3CFDA.pcm
SwiftExplicitDependencyGeneratePcm arm64 /Users/admin/builder/spi-builder-workspace/.derivedData/SDKExplicitPrecompiledModules/SwiftShims-9UKSOTB7DQQ1K83SB0FJZBY7Y.pcm
SwiftExplicitDependencyGeneratePcm arm64 /Users/admin/builder/spi-builder-workspace/.derivedData/SDKExplicitPrecompiledModules/ptrcheck-CGYLHCV690XBPRLZQX7DTO6LN.pcm
SwiftExplicitDependencyGeneratePcm arm64 /Users/admin/builder/spi-builder-workspace/.derivedData/Build/Intermediates.noindex/SwiftExplicitPrecompiledModules/CNIOLinux-2GIB6PIC2GBP60TM88R3CPMJK.pcm
SwiftExplicitDependencyGeneratePcm arm64 /Users/admin/builder/spi-builder-workspace/.derivedData/SDKExplicitPrecompiledModules/_AvailabilityInternal-548W54K3UYZ89JSVCIIVTA6FQ.pcm
SwiftExplicitDependencyGeneratePcm arm64 /Users/admin/builder/spi-builder-workspace/.derivedData/SDKExplicitPrecompiledModules/_Builtin_stdalign-8Z6ZFKYLAMP16A1PE43UF9Q62.pcm
SwiftExplicitDependencyGeneratePcm arm64 /Users/admin/builder/spi-builder-workspace/.derivedData/SDKExplicitPrecompiledModules/CxxShim-7O7W476RMPDHAB0U0ACN4OGV1.pcm
SwiftExplicitDependencyGeneratePcm arm64 /Users/admin/builder/spi-builder-workspace/.derivedData/SDKExplicitPrecompiledModules/_Builtin_float-3S2A5OL3JB47N4JY24KJYRMUR.pcm
SwiftExplicitDependencyGeneratePcm arm64 /Users/admin/builder/spi-builder-workspace/.derivedData/SDKExplicitPrecompiledModules/_Builtin_stddef-E1SLET1EAMT3W0ZULCJ5HGMQZ.pcm
SwiftExplicitDependencyGeneratePcm arm64 /Users/admin/builder/spi-builder-workspace/.derivedData/Build/Intermediates.noindex/SwiftExplicitPrecompiledModules/CNIOOpenBSD-4BGGEJOEUXF5BOL3J7MEI86YO.pcm
SwiftExplicitDependencyGeneratePcm arm64 /Users/admin/builder/spi-builder-workspace/.derivedData/SDKExplicitPrecompiledModules/_Builtin_stdarg-AOJLSWFNYHDQD1K14DLS3WCHJ.pcm
SwiftExplicitDependencyGeneratePcm arm64 /Users/admin/builder/spi-builder-workspace/.derivedData/SDKExplicitPrecompiledModules/ptrauth-7XC69IXM497FZ37U5VAG2KPE4.pcm
SwiftExplicitDependencyGeneratePcm arm64 /Users/admin/builder/spi-builder-workspace/.derivedData/Build/Intermediates.noindex/SwiftExplicitPrecompiledModules/CNIOWindows-6CFIDS0I5LDQIXX4KGWRRWYZ4.pcm
SwiftExplicitDependencyGeneratePcm arm64 /Users/admin/builder/spi-builder-workspace/.derivedData/SDKExplicitPrecompiledModules/_Builtin_stdbool-4VJ7R0S6Z0WKCN5M410PGKRG.pcm
SwiftExplicitDependencyGeneratePcm arm64 /Users/admin/builder/spi-builder-workspace/.derivedData/SDKExplicitPrecompiledModules/_DarwinFoundation1-2L2T10PSG9AYMFSAP3JZYY3C8.pcm
Ld /Users/admin/builder/spi-builder-workspace/.derivedData/Build/Products/Debug/NIOTLS.o normal (in target 'NIOTLS' from project 'swift-nio')
cd /Users/admin/builder/spi-builder-workspace/.dependencies/checkouts/swift-nio
/Applications/Xcode-27.0.0-Release.Candidate.app/Contents/Developer/Toolchains/XcodeDefault.xctoolchain/usr/bin/clang -Xlinker -reproducible -target arm64-apple-macos12.0 -r -isysroot /Applications/Xcode-27.0.0-Release.Candidate.app/Contents/Developer/Platforms/MacOSX.platform/Developer/SDKs/MacOSX27.0.sdk -O0 -w -Xlinker -no_warn_duplicate_libraries -F/Users/admin/builder/spi-builder-workspace/.derivedData/Build/Intermediates.noindex/EagerLinkingTBDs/Debug -F/Users/admin/builder/spi-builder-workspace/.derivedData/Build/Products/Debug/PackageFrameworks -F/Users/admin/builder/spi-builder-workspace/.derivedData/Build/Products/Debug -iframework /Applications/Xcode-27.0.0-Release.Candidate.app/Contents/Developer/Platforms/MacOSX.platform/Developer/Library/Frameworks -filelist /Users/admin/builder/spi-builder-workspace/.derivedData/Build/Intermediates.noindex/swift-nio.build/Debug/NIOTLS-t.build/Objects-normal/arm64/NIOTLS.LinkFileList -nostdlib -Xlinker -object_path_lto -Xlinker /Users/admin/builder/spi-builder-workspace/.derivedData/Build/Intermediates.noindex/swift-nio.build/Debug/NIOTLS-t.build/Objects-normal/arm64/NIOTLS_lto.o -Xlinker -no_deduplicate -Xlinker -debug_variant -Xlinker -dependency_info -Xlinker /Users/admin/builder/spi-builder-workspace/.derivedData/Build/Intermediates.noindex/swift-nio.build/Debug/NIOTLS-t.build/Objects-normal/arm64/NIOTLS_dependency_info.dat -fobjc-link-runtime -L/Applications/Xcode-27.0.0-Release.Candidate.app/Contents/Developer/Toolchains/XcodeDefault.xctoolchain/usr/lib/swift/macosx -L/usr/lib/swift -Xlinker -add_ast_path -Xlinker /Users/admin/builder/spi-builder-workspace/.derivedData/Build/Intermediates.noindex/swift-nio.build/Debug/NIOTLS-t.build/Objects-normal/arm64/NIOTLS.swiftmodule -o /Users/admin/builder/spi-builder-workspace/.derivedData/Build/Products/Debug/NIOTLS.o
SwiftExplicitDependencyCompileModuleFromInterface arm64 /Users/admin/builder/spi-builder-workspace/.derivedData/SDKExplicitPrecompiledModules/Cxx-1AOH3RMD7HV5I.swiftmodule
ExtractAppIntentsMetadata (in target 'NIOTLS' from project 'swift-nio')
cd /Users/admin/builder/spi-builder-workspace/.dependencies/checkouts/swift-nio
/Applications/Xcode-27.0.0-Release.Candidate.app/Contents/Developer/Toolchains/XcodeDefault.xctoolchain/usr/bin/appintentsmetadataprocessor --toolchain-dir /var/run/com.apple.security.cryptexd/mnt/com.apple.MobileAsset.MetalToolchain-v27.1.266.1.0WPtq8/Metal.xctoolchain --module-name NIOTLS --sdk-root /Applications/Xcode-27.0.0-Release.Candidate.app/Contents/Developer/Platforms/MacOSX.platform/Developer/SDKs/MacOSX27.0.sdk --xcode-version 27A266a --platform-family macOS --deployment-target 12.0 --bundle-identifier swift-nio.NIOTLS --output /Users/admin/builder/spi-builder-workspace/.derivedData/Build/Products/Debug/NIOTLS.appintents --target-triple arm64-apple-macos12.0 --binary-file /Users/admin/builder/spi-builder-workspace/.derivedData/Build/Products/Debug/NIOTLS.o --dependency-file /Users/admin/builder/spi-builder-workspace/.derivedData/Build/Intermediates.noindex/swift-nio.build/Debug/NIOTLS-t.build/Objects-normal/arm64/NIOTLS_dependency_info.dat --stringsdata-file /Users/admin/builder/spi-builder-workspace/.derivedData/Build/Intermediates.noindex/swift-nio.build/Debug/NIOTLS-t.build/Objects-normal/arm64/ExtractedAppShortcutsMetadata.stringsdata --source-file-list /Users/admin/builder/spi-builder-workspace/.derivedData/Build/Intermediates.noindex/swift-nio.build/Debug/NIOTLS-t.build/Objects-normal/arm64/NIOTLS.SwiftFileList --metadata-file-list /Users/admin/builder/spi-builder-workspace/.derivedData/Build/Intermediates.noindex/swift-nio.build/Debug/NIOTLS-t.build/NIOTLS.DependencyMetadataFileList --static-metadata-file-list /Users/admin/builder/spi-builder-workspace/.derivedData/Build/Intermediates.noindex/swift-nio.build/Debug/NIOTLS-t.build/NIOTLS.DependencyStaticMetadataFileList --swift-const-vals-list /Users/admin/builder/spi-builder-workspace/.derivedData/Build/Intermediates.noindex/swift-nio.build/Debug/NIOTLS-t.build/Objects-normal/arm64/NIOTLS.SwiftConstValuesFileList --force --compile-time-extraction --deployment-aware-processing --no-app-shortcuts-localization
2026-09-21 11:12:11.268 appintentsmetadataprocessor[2156:8051] Starting appintentsmetadataprocessor export
2026-09-21 11:12:11.336 appintentsmetadataprocessor[2156:8051] Extracted no relevant App Intents symbols, skipping writing output
SwiftExplicitDependencyGeneratePcm arm64 /Users/admin/builder/spi-builder-workspace/.derivedData/SDKExplicitPrecompiledModules/std_fenv_h-B3C7US42MC2JNE6KOXRZPUWV6.pcm
SwiftExplicitDependencyGeneratePcm arm64 /Users/admin/builder/spi-builder-workspace/.derivedData/SDKExplicitPrecompiledModules/std_errno_h-BD2UMTM9YKF6757CD6HID9G5R.pcm
SwiftExplicitDependencyGeneratePcm arm64 /Users/admin/builder/spi-builder-workspace/.derivedData/SDKExplicitPrecompiledModules/_Builtin_limits-BXVZMK5J8EX53F0652GFME9YZ.pcm
SwiftExplicitDependencyGeneratePcm arm64 /Users/admin/builder/spi-builder-workspace/.derivedData/SDKExplicitPrecompiledModules/_DarwinFoundation2-2J1VDHI8P0AXY7DB994U857DX.pcm
Ld /Users/admin/builder/spi-builder-workspace/.derivedData/Build/Products/Debug/NIOSSL.o normal (in target 'NIOSSL' from project 'swift-nio-ssl')
cd /Users/admin/builder/spi-builder-workspace/.dependencies/checkouts/swift-nio-ssl
/Applications/Xcode-27.0.0-Release.Candidate.app/Contents/Developer/Toolchains/XcodeDefault.xctoolchain/usr/bin/clang -Xlinker -reproducible -target arm64-apple-macos12.0 -r -isysroot /Applications/Xcode-27.0.0-Release.Candidate.app/Contents/Developer/Platforms/MacOSX.platform/Developer/SDKs/MacOSX27.0.sdk -O0 -w -Xlinker -no_warn_duplicate_libraries -F/Users/admin/builder/spi-builder-workspace/.derivedData/Build/Intermediates.noindex/EagerLinkingTBDs/Debug -F/Users/admin/builder/spi-builder-workspace/.derivedData/Build/Products/Debug/PackageFrameworks -F/Users/admin/builder/spi-builder-workspace/.derivedData/Build/Products/Debug -iframework /Applications/Xcode-27.0.0-Release.Candidate.app/Contents/Developer/Platforms/MacOSX.platform/Developer/Library/Frameworks -filelist /Users/admin/builder/spi-builder-workspace/.derivedData/Build/Intermediates.noindex/swift-nio-ssl.build/Debug/NIOSSL-t.build/Objects-normal/arm64/NIOSSL.LinkFileList -nostdlib -Xlinker -object_path_lto -Xlinker /Users/admin/builder/spi-builder-workspace/.derivedData/Build/Intermediates.noindex/swift-nio-ssl.build/Debug/NIOSSL-t.build/Objects-normal/arm64/NIOSSL_lto.o -Xlinker -no_deduplicate -Xlinker -debug_variant -Xlinker -dependency_info -Xlinker /Users/admin/builder/spi-builder-workspace/.derivedData/Build/Intermediates.noindex/swift-nio-ssl.build/Debug/NIOSSL-t.build/Objects-normal/arm64/NIOSSL_dependency_info.dat -fobjc-link-runtime -L/Applications/Xcode-27.0.0-Release.Candidate.app/Contents/Developer/Toolchains/XcodeDefault.xctoolchain/usr/lib/swift/macosx -L/usr/lib/swift -Xlinker -add_ast_path -Xlinker /Users/admin/builder/spi-builder-workspace/.derivedData/Build/Intermediates.noindex/swift-nio-ssl.build/Debug/NIOSSL-t.build/Objects-normal/arm64/NIOSSL.swiftmodule -o /Users/admin/builder/spi-builder-workspace/.derivedData/Build/Products/Debug/NIOSSL.o
ExtractAppIntentsMetadata (in target 'NIOSSL' from project 'swift-nio-ssl')
cd /Users/admin/builder/spi-builder-workspace/.dependencies/checkouts/swift-nio-ssl
/Applications/Xcode-27.0.0-Release.Candidate.app/Contents/Developer/Toolchains/XcodeDefault.xctoolchain/usr/bin/appintentsmetadataprocessor --toolchain-dir /var/run/com.apple.security.cryptexd/mnt/com.apple.MobileAsset.MetalToolchain-v27.1.266.1.0WPtq8/Metal.xctoolchain --module-name NIOSSL --sdk-root /Applications/Xcode-27.0.0-Release.Candidate.app/Contents/Developer/Platforms/MacOSX.platform/Developer/SDKs/MacOSX27.0.sdk --xcode-version 27A266a --platform-family macOS --deployment-target 12.0 --bundle-identifier swift-nio-ssl.NIOSSL --output /Users/admin/builder/spi-builder-workspace/.derivedData/Build/Products/Debug/NIOSSL.appintents --target-triple arm64-apple-macos12.0 --binary-file /Users/admin/builder/spi-builder-workspace/.derivedData/Build/Products/Debug/NIOSSL.o --dependency-file /Users/admin/builder/spi-builder-workspace/.derivedData/Build/Intermediates.noindex/swift-nio-ssl.build/Debug/NIOSSL-t.build/Objects-normal/arm64/NIOSSL_dependency_info.dat --stringsdata-file /Users/admin/builder/spi-builder-workspace/.derivedData/Build/Intermediates.noindex/swift-nio-ssl.build/Debug/NIOSSL-t.build/Objects-normal/arm64/ExtractedAppShortcutsMetadata.stringsdata --source-file-list /Users/admin/builder/spi-builder-workspace/.derivedData/Build/Intermediates.noindex/swift-nio-ssl.build/Debug/NIOSSL-t.build/Objects-normal/arm64/NIOSSL.SwiftFileList --metadata-file-list /Users/admin/builder/spi-builder-workspace/.derivedData/Build/Intermediates.noindex/swift-nio-ssl.build/Debug/NIOSSL-t.build/NIOSSL.DependencyMetadataFileList --static-metadata-file-list /Users/admin/builder/spi-builder-workspace/.derivedData/Build/Intermediates.noindex/swift-nio-ssl.build/Debug/NIOSSL-t.build/NIOSSL.DependencyStaticMetadataFileList --swift-const-vals-list /Users/admin/builder/spi-builder-workspace/.derivedData/Build/Intermediates.noindex/swift-nio-ssl.build/Debug/NIOSSL-t.build/Objects-normal/arm64/NIOSSL.SwiftConstValuesFileList --force --compile-time-extraction --deployment-aware-processing --no-app-shortcuts-localization
2026-09-21 11:12:11.394 appintentsmetadataprocessor[2163:8074] Starting appintentsmetadataprocessor export
2026-09-21 11:12:11.465 appintentsmetadataprocessor[2163:8074] Extracted no relevant App Intents symbols, skipping writing output
SwiftExplicitDependencyGeneratePcm arm64 /Users/admin/builder/spi-builder-workspace/.derivedData/SDKExplicitPrecompiledModules/_Builtin_stdint-BD2VS8K1C17OV1M6Y0SSSEUOY.pcm
SwiftExplicitDependencyGeneratePcm arm64 /Users/admin/builder/spi-builder-workspace/.derivedData/SDKExplicitPrecompiledModules/xlocale-CIHKGCNCKI0QOT9WP2D034WAK.pcm
SwiftExplicitDependencyGeneratePcm arm64 /Users/admin/builder/spi-builder-workspace/.derivedData/SDKExplicitPrecompiledModules/std_ctype_h-CKEORT04BGAOUXQV0Q3GAMSS8.pcm
SwiftExplicitDependencyGeneratePcm arm64 /Users/admin/builder/spi-builder-workspace/.derivedData/SDKExplicitPrecompiledModules/sys_types-3J9YAAPM0QBIHRUNBP02HVG8T.pcm
SwiftExplicitDependencyGeneratePcm arm64 /Users/admin/builder/spi-builder-workspace/.derivedData/SDKExplicitPrecompiledModules/std_string_h-6HU7VEFT8RZTRR6V7EIJZIZFJ.pcm
SwiftExplicitDependencyGeneratePcm arm64 /Users/admin/builder/spi-builder-workspace/.derivedData/SDKExplicitPrecompiledModules/std_stdint_h-CCWLIS14CI219DJX6D643UKAQ.pcm
SwiftExplicitDependencyGeneratePcm arm64 /Users/admin/builder/spi-builder-workspace/.derivedData/SDKExplicitPrecompiledModules/string_h-ENAV0FJEZQT6UVBWDKWIWPTA8.pcm
Ld /Users/admin/builder/spi-builder-workspace/.derivedData/Build/Products/Debug/CAgoraDynamicKey.o normal (in target 'CAgoraDynamicKey' from project 'agora-dynamic-key-swift')
cd /Users/admin/builder/spi-builder-workspace
/Applications/Xcode-27.0.0-Release.Candidate.app/Contents/Developer/Toolchains/XcodeDefault.xctoolchain/usr/bin/clang++ -Xlinker -reproducible -target arm64-apple-macos12.0 -r -isysroot /Applications/Xcode-27.0.0-Release.Candidate.app/Contents/Developer/Platforms/MacOSX.platform/Developer/SDKs/MacOSX27.0.sdk -O0 -Xlinker -no_warn_duplicate_libraries -F/Users/admin/builder/spi-builder-workspace/.derivedData/Build/Intermediates.noindex/EagerLinkingTBDs/Debug -F/Users/admin/builder/spi-builder-workspace/.derivedData/Build/Products/Debug/PackageFrameworks -F/Users/admin/builder/spi-builder-workspace/.derivedData/Build/Products/Debug -iframework /Applications/Xcode-27.0.0-Release.Candidate.app/Contents/Developer/Platforms/MacOSX.platform/Developer/Library/Frameworks -filelist /Users/admin/builder/spi-builder-workspace/.derivedData/Build/Intermediates.noindex/agora-dynamic-key-swift.build/Debug/CAgoraDynamicKey-t.build/Objects-normal/arm64/CAgoraDynamicKey.LinkFileList -nostdlib -Xlinker -object_path_lto -Xlinker /Users/admin/builder/spi-builder-workspace/.derivedData/Build/Intermediates.noindex/agora-dynamic-key-swift.build/Debug/CAgoraDynamicKey-t.build/Objects-normal/arm64/CAgoraDynamicKey_lto.o -Xlinker -no_deduplicate -Xlinker -debug_variant -Xlinker -dependency_info -Xlinker /Users/admin/builder/spi-builder-workspace/.derivedData/Build/Intermediates.noindex/agora-dynamic-key-swift.build/Debug/CAgoraDynamicKey-t.build/Objects-normal/arm64/CAgoraDynamicKey_dependency_info.dat -o /Users/admin/builder/spi-builder-workspace/.derivedData/Build/Products/Debug/CAgoraDynamicKey.o
SwiftExplicitDependencyGeneratePcm arm64 /Users/admin/builder/spi-builder-workspace/.derivedData/SDKExplicitPrecompiledModules/_DarwinFoundation3-D2SBNBELE9UT62YO5WRMYMLOD.pcm
SwiftExplicitDependencyGeneratePcm arm64 /Users/admin/builder/spi-builder-workspace/.derivedData/Build/Intermediates.noindex/SwiftExplicitPrecompiledModules/_AtomicsShims-BY8M9UBPDPYWO2BKQTLB8OUNS.pcm
SwiftExplicitDependencyGeneratePcm arm64 /Users/admin/builder/spi-builder-workspace/.derivedData/SDKExplicitPrecompiledModules/libDER-4OSLQYNJTSQ4MJ2AWBF8HNSVM.pcm
SwiftExplicitDependencyGeneratePcm arm64 /Users/admin/builder/spi-builder-workspace/.derivedData/SDKExplicitPrecompiledModules/std_core-CTP3NC0773H8GWK1PTBDJEHC8.pcm
SwiftExplicitDependencyGeneratePcm arm64 /Users/admin/builder/spi-builder-workspace/.derivedData/Build/Intermediates.noindex/SwiftExplicitPrecompiledModules/CNIOAtomics-6JQ0YTXTNII0JOJ0HZSPOLSM.pcm
SwiftExplicitDependencyGeneratePcm arm64 /Users/admin/builder/spi-builder-workspace/.derivedData/SDKExplicitPrecompiledModules/std_wctype_h-D3X5VEHCI2FXAQU30WZTHDG4M.pcm
SwiftExplicitDependencyGeneratePcm arm64 /Users/admin/builder/spi-builder-workspace/.derivedData/SDKExplicitPrecompiledModules/zlib-A8EGU4YLAO9KHVDL9MQQZLNE7.pcm
SwiftExplicitDependencyGeneratePcm arm64 /Users/admin/builder/spi-builder-workspace/.derivedData/SDKExplicitPrecompiledModules/_Builtin_inttypes-BT2PMJQMPS8H7YQDSHTREHAH2.pcm
SwiftExplicitDependencyGeneratePcm arm64 /Users/admin/builder/spi-builder-workspace/.derivedData/SDKExplicitPrecompiledModules/std_private_mbstate_t-62FG8LD63LZH6HXP9L1FJ55WM.pcm
SwiftExplicitDependencyGeneratePcm arm64 /Users/admin/builder/spi-builder-workspace/.derivedData/SDKExplicitPrecompiledModules/std_math_h-BACQC4EYT5ETK32BT21NR739P.pcm
SwiftExplicitDependencyGeneratePcm arm64 /Users/admin/builder/spi-builder-workspace/.derivedData/SDKExplicitPrecompiledModules/std_inttypes_h-1Z049UG5QBSS7F9A7MKXML3X2.pcm
SwiftExplicitDependencyGeneratePcm arm64 /Users/admin/builder/spi-builder-workspace/.derivedData/SDKExplicitPrecompiledModules/std_uchar_h-6RPPMZAXZUIAU1OH02HV1JLCA.pcm
SwiftExplicitDependencyGeneratePcm arm64 /Users/admin/builder/spi-builder-workspace/.derivedData/SDKExplicitPrecompiledModules/Darwin-9B2YNUEW9QN7EPDP7Y47GE2HJ.pcm
SwiftExplicitDependencyGeneratePcm arm64 /Users/admin/builder/spi-builder-workspace/.derivedData/Build/Intermediates.noindex/SwiftExplicitPrecompiledModules/CNIOPosix-7I1IBO2ZV7SP9V3F5XY7LHTOF.pcm
SwiftExplicitDependencyGeneratePcm arm64 /Users/admin/builder/spi-builder-workspace/.derivedData/Build/Intermediates.noindex/SwiftExplicitPrecompiledModules/std-4R0RZOE4B9KDW7WQ0NUVV8PQF.pcm
SwiftExplicitDependencyGeneratePcm arm64 /Users/admin/builder/spi-builder-workspace/.derivedData/Build/Intermediates.noindex/SwiftExplicitPrecompiledModules/CNIODarwin-BQ3PXPMXU1DU9M1QUEH14RES2.pcm
SwiftExplicitDependencyGeneratePcm arm64 /Users/admin/builder/spi-builder-workspace/.derivedData/SDKExplicitPrecompiledModules/launch-Z2JKSK7EOW2R795BPIUIL44Z.pcm
SwiftExplicitDependencyGeneratePcm arm64 /Users/admin/builder/spi-builder-workspace/.derivedData/SDKExplicitPrecompiledModules/libkern-AES91M6EJIPBF1GO32AFP3Y5F.pcm
SwiftExplicitDependencyGeneratePcm arm64 /Users/admin/builder/spi-builder-workspace/.derivedData/SDKExplicitPrecompiledModules/MachO-7INJY30GIPAHBIQDR4MXEXQ3U.pcm
SwiftExplicitDependencyGeneratePcm arm64 /Users/admin/builder/spi-builder-workspace/.derivedData/SDKExplicitPrecompiledModules/ObjectiveC-3ZN56BFESDUXQV7LC8CGAAVQK.pcm
SwiftExplicitDependencyGeneratePcm arm64 /Users/admin/builder/spi-builder-workspace/.derivedData/SDKExplicitPrecompiledModules/os_object-1JEU7WCWTQZ3F4RI7ZRQLUU80.pcm
SwiftExplicitDependencyGeneratePcm arm64 /Users/admin/builder/spi-builder-workspace/.derivedData/SDKExplicitPrecompiledModules/os_workgroup-66P2N6YLJJ4MDPM9QNVVJP4QN.pcm
SwiftExplicitDependencyGeneratePcm arm64 /Users/admin/builder/spi-builder-workspace/.derivedData/SDKExplicitPrecompiledModules/Dispatch-54AEQF8FQURH9ZQDIW0TLIUZ5.pcm
SwiftExplicitDependencyGeneratePcm arm64 /Users/admin/builder/spi-builder-workspace/.derivedData/SDKExplicitPrecompiledModules/CoreFoundation-8XXNI8H3SFLMT18U0E8MJOYYZ.pcm
SwiftExplicitDependencyGeneratePcm arm64 /Users/admin/builder/spi-builder-workspace/.derivedData/SDKExplicitPrecompiledModules/XPC-CELUFKHZ9GIGP9R5BR1TSS10R.pcm
SwiftExplicitDependencyGeneratePcm arm64 /Users/admin/builder/spi-builder-workspace/.derivedData/SDKExplicitPrecompiledModules/CFNetwork-4E6DFJC8BW4EBAGEKNW7FCAIW.pcm
SwiftExplicitDependencyGeneratePcm arm64 /Users/admin/builder/spi-builder-workspace/.derivedData/SDKExplicitPrecompiledModules/Security-1I8Z4BW90793907JGY8XGWTAO.pcm
SwiftExplicitDependencyGeneratePcm arm64 /Users/admin/builder/spi-builder-workspace/.derivedData/SDKExplicitPrecompiledModules/IOKit-77UQHBBIA38VX9KFN53XFD04O.pcm
SwiftExplicitDependencyGeneratePcm arm64 /Users/admin/builder/spi-builder-workspace/.derivedData/SDKExplicitPrecompiledModules/DiskArbitration-9NR2YQM3WEB4L135NHNZZRVDT.pcm
SwiftExplicitDependencyGeneratePcm arm64 /Users/admin/builder/spi-builder-workspace/.derivedData/SDKExplicitPrecompiledModules/CoreServices-BQ5WF8WMBPNRY2CCAGCCOSAAQ.pcm
SwiftExplicitDependencyGeneratePcm arm64 /Users/admin/builder/spi-builder-workspace/.derivedData/SDKExplicitPrecompiledModules/CxxStdlibShim-UDCQQPG2YSDWJ1F2JMEWNOZ6.pcm
SwiftExplicitDependencyGeneratePcm arm64 /Users/admin/builder/spi-builder-workspace/.derivedData/Build/Intermediates.noindex/SwiftExplicitPrecompiledModules/CNIOBoringSSL-5WJN3E6GKBA9OFL4QTLZ7EZ8K.pcm
<module-includes>:1:9: note: in file included from <module-includes>:1:
1 | #import "CNIOBoringSSL.h"
| `- note: in file included from <module-includes>:1:
2 |
/Users/admin/builder/spi-builder-workspace/.dependencies/checkouts/swift-nio-ssl/Sources/CNIOBoringSSL/include/CNIOBoringSSL.h:55:10: note: in file included from /Users/admin/builder/spi-builder-workspace/.dependencies/checkouts/swift-nio-ssl/Sources/CNIOBoringSSL/include/CNIOBoringSSL.h:55:
53 | #include "CNIOBoringSSL_mlkem.h"
54 | #include "CNIOBoringSSL_obj_mac.h"
55 | #include "CNIOBoringSSL_objects.h"
| `- note: in file included from /Users/admin/builder/spi-builder-workspace/.dependencies/checkouts/swift-nio-ssl/Sources/CNIOBoringSSL/include/CNIOBoringSSL.h:55:
56 | #include "CNIOBoringSSL_opensslv.h"
57 | #include "CNIOBoringSSL_ossl_typ.h"
/Users/admin/builder/spi-builder-workspace/.dependencies/checkouts/swift-nio-ssl/Sources/CNIOBoringSSL/include/CNIOBoringSSL_objects.h:18:10: note: in file included from /Users/admin/builder/spi-builder-workspace/.dependencies/checkouts/swift-nio-ssl/Sources/CNIOBoringSSL/include/CNIOBoringSSL_objects.h:18:
16 | OpenSSL easier. */
17 |
18 | #include "CNIOBoringSSL_obj.h"
| `- note: in file included from /Users/admin/builder/spi-builder-workspace/.dependencies/checkouts/swift-nio-ssl/Sources/CNIOBoringSSL/include/CNIOBoringSSL_objects.h:18:
19 |
/Users/admin/builder/spi-builder-workspace/.dependencies/checkouts/swift-nio-ssl/Sources/CNIOBoringSSL/include/CNIOBoringSSL_obj.h:15:10: note: in file included from /Users/admin/builder/spi-builder-workspace/.dependencies/checkouts/swift-nio-ssl/Sources/CNIOBoringSSL/include/CNIOBoringSSL_obj.h:15:
13 | #include "CNIOBoringSSL_base.h"
14 |
15 | #include "CNIOBoringSSL_bytestring.h"
| `- note: in file included from /Users/admin/builder/spi-builder-workspace/.dependencies/checkouts/swift-nio-ssl/Sources/CNIOBoringSSL/include/CNIOBoringSSL_obj.h:15:
16 | #include "CNIOBoringSSL_nid.h" // IWYU pragma: export
17 |
/Users/admin/builder/spi-builder-workspace/.dependencies/checkouts/swift-nio-ssl/Sources/CNIOBoringSSL/include/CNIOBoringSSL_bytestring.h:20:10: note: in file included from /Users/admin/builder/spi-builder-workspace/.dependencies/checkouts/swift-nio-ssl/Sources/CNIOBoringSSL/include/CNIOBoringSSL_bytestring.h:20:
18 | #include "CNIOBoringSSL_base.h"
19 |
20 | #include "CNIOBoringSSL_span.h"
| `- note: in file included from /Users/admin/builder/spi-builder-workspace/.dependencies/checkouts/swift-nio-ssl/Sources/CNIOBoringSSL/include/CNIOBoringSSL_bytestring.h:20:
21 | #include <time.h>
22 |
/Users/admin/builder/spi-builder-workspace/.dependencies/checkouts/swift-nio-ssl/Sources/CNIOBoringSSL/include/CNIOBoringSSL_span.h:74:10: error: no template named 'is_convertible_v' in namespace 'std'; did you mean 'is_convertible'?
72 | template <typename C, typename T>
73 | using EnableIfContainer = std::enable_if_t<
74 | std::is_convertible_v<decltype(std::declval<C>().data()), T *> &&
| `- error: no template named 'is_convertible_v' in namespace 'std'; did you mean 'is_convertible'?
75 | std::is_integral_v<decltype(std::declval<C>().size())>>;
76 |
/Applications/Xcode-27.0.0-Release.Candidate.app/Contents/Developer/Platforms/MacOSX.platform/Developer/SDKs/MacOSX27.0.sdk/usr/include/c++/v1/__type_traits/is_convertible.h:22:35: note: 'is_convertible' declared here
20 |
21 | template <class _T1, class _T2>
22 | struct _LIBCPP_NO_SPECIALIZATIONS is_convertible : integral_constant<bool, __is_convertible(_T1, _T2)> {};
| `- note: 'is_convertible' declared here
23 |
24 | #if _LIBCPP_STD_VER >= 17
<module-includes>:1:9: note: in file included from <module-includes>:1:
1 | #import "CNIOBoringSSL.h"
| `- note: in file included from <module-includes>:1:
2 |
/Users/admin/builder/spi-builder-workspace/.dependencies/checkouts/swift-nio-ssl/Sources/CNIOBoringSSL/include/CNIOBoringSSL.h:55:10: note: in file included from /Users/admin/builder/spi-builder-workspace/.dependencies/checkouts/swift-nio-ssl/Sources/CNIOBoringSSL/include/CNIOBoringSSL.h:55:
53 | #include "CNIOBoringSSL_mlkem.h"
54 | #include "CNIOBoringSSL_obj_mac.h"
55 | #include "CNIOBoringSSL_objects.h"
| `- note: in file included from /Users/admin/builder/spi-builder-workspace/.dependencies/checkouts/swift-nio-ssl/Sources/CNIOBoringSSL/include/CNIOBoringSSL.h:55:
56 | #include "CNIOBoringSSL_opensslv.h"
57 | #include "CNIOBoringSSL_ossl_typ.h"
/Users/admin/builder/spi-builder-workspace/.dependencies/checkouts/swift-nio-ssl/Sources/CNIOBoringSSL/include/CNIOBoringSSL_objects.h:18:10: note: in file included from /Users/admin/builder/spi-builder-workspace/.dependencies/checkouts/swift-nio-ssl/Sources/CNIOBoringSSL/include/CNIOBoringSSL_objects.h:18:
16 | OpenSSL easier. */
17 |
18 | #include "CNIOBoringSSL_obj.h"
| `- note: in file included from /Users/admin/builder/spi-builder-workspace/.dependencies/checkouts/swift-nio-ssl/Sources/CNIOBoringSSL/include/CNIOBoringSSL_objects.h:18:
19 |
/Users/admin/builder/spi-builder-workspace/.dependencies/checkouts/swift-nio-ssl/Sources/CNIOBoringSSL/include/CNIOBoringSSL_obj.h:15:10: note: in file included from /Users/admin/builder/spi-builder-workspace/.dependencies/checkouts/swift-nio-ssl/Sources/CNIOBoringSSL/include/CNIOBoringSSL_obj.h:15:
13 | #include "CNIOBoringSSL_base.h"
14 |
15 | #include "CNIOBoringSSL_bytestring.h"
| `- note: in file included from /Users/admin/builder/spi-builder-workspace/.dependencies/checkouts/swift-nio-ssl/Sources/CNIOBoringSSL/include/CNIOBoringSSL_obj.h:15:
16 | #include "CNIOBoringSSL_nid.h" // IWYU pragma: export
17 |
/Users/admin/builder/spi-builder-workspace/.dependencies/checkouts/swift-nio-ssl/Sources/CNIOBoringSSL/include/CNIOBoringSSL_bytestring.h:20:10: note: in file included from /Users/admin/builder/spi-builder-workspace/.dependencies/checkouts/swift-nio-ssl/Sources/CNIOBoringSSL/include/CNIOBoringSSL_bytestring.h:20:
18 | #include "CNIOBoringSSL_base.h"
19 |
20 | #include "CNIOBoringSSL_span.h"
| `- note: in file included from /Users/admin/builder/spi-builder-workspace/.dependencies/checkouts/swift-nio-ssl/Sources/CNIOBoringSSL/include/CNIOBoringSSL_bytestring.h:20:
21 | #include <time.h>
22 |
/Users/admin/builder/spi-builder-workspace/.dependencies/checkouts/swift-nio-ssl/Sources/CNIOBoringSSL/include/CNIOBoringSSL_span.h:75:10: error: no template named 'is_integral_v' in namespace 'std'; did you mean 'is_integral'?
73 | using EnableIfContainer = std::enable_if_t<
74 | std::is_convertible_v<decltype(std::declval<C>().data()), T *> &&
75 | std::is_integral_v<decltype(std::declval<C>().size())>>;
| `- error: no template named 'is_integral_v' in namespace 'std'; did you mean 'is_integral'?
76 |
77 | } // namespace internal
/Applications/Xcode-27.0.0-Release.Candidate.app/Contents/Developer/Platforms/MacOSX.platform/Developer/SDKs/MacOSX27.0.sdk/usr/include/c++/v1/__type_traits/is_integral.h:25:35: note: 'is_integral' declared here
23 |
24 | template <class _Tp>
25 | struct _LIBCPP_NO_SPECIALIZATIONS is_integral : _BoolConstant<__is_integral(_Tp)> {};
| `- note: 'is_integral' declared here
26 |
27 | # if _LIBCPP_STD_VER >= 17
<module-includes>:1:9: note: in file included from <module-includes>:1:
1 | #import "CNIOBoringSSL.h"
| `- note: in file included from <module-includes>:1:
2 |
/Users/admin/builder/spi-builder-workspace/.dependencies/checkouts/swift-nio-ssl/Sources/CNIOBoringSSL/include/CNIOBoringSSL.h:55:10: note: in file included from /Users/admin/builder/spi-builder-workspace/.dependencies/checkouts/swift-nio-ssl/Sources/CNIOBoringSSL/include/CNIOBoringSSL.h:55:
53 | #include "CNIOBoringSSL_mlkem.h"
54 | #include "CNIOBoringSSL_obj_mac.h"
55 | #include "CNIOBoringSSL_objects.h"
| `- note: in file included from /Users/admin/builder/spi-builder-workspace/.dependencies/checkouts/swift-nio-ssl/Sources/CNIOBoringSSL/include/CNIOBoringSSL.h:55:
56 | #include "CNIOBoringSSL_opensslv.h"
57 | #include "CNIOBoringSSL_ossl_typ.h"
/Users/admin/builder/spi-builder-workspace/.dependencies/checkouts/swift-nio-ssl/Sources/CNIOBoringSSL/include/CNIOBoringSSL_objects.h:18:10: note: in file included from /Users/admin/builder/spi-builder-workspace/.dependencies/checkouts/swift-nio-ssl/Sources/CNIOBoringSSL/include/CNIOBoringSSL_objects.h:18:
16 | OpenSSL easier. */
17 |
18 | #include "CNIOBoringSSL_obj.h"
| `- note: in file included from /Users/admin/builder/spi-builder-workspace/.dependencies/checkouts/swift-nio-ssl/Sources/CNIOBoringSSL/include/CNIOBoringSSL_objects.h:18:
19 |
/Users/admin/builder/spi-builder-workspace/.dependencies/checkouts/swift-nio-ssl/Sources/CNIOBoringSSL/include/CNIOBoringSSL_obj.h:15:10: note: in file included from /Users/admin/builder/spi-builder-workspace/.dependencies/checkouts/swift-nio-ssl/Sources/CNIOBoringSSL/include/CNIOBoringSSL_obj.h:15:
13 | #include "CNIOBoringSSL_base.h"
14 |
15 | #include "CNIOBoringSSL_bytestring.h"
| `- note: in file included from /Users/admin/builder/spi-builder-workspace/.dependencies/checkouts/swift-nio-ssl/Sources/CNIOBoringSSL/include/CNIOBoringSSL_obj.h:15:
16 | #include "CNIOBoringSSL_nid.h" // IWYU pragma: export
17 |
/Users/admin/builder/spi-builder-workspace/.dependencies/checkouts/swift-nio-ssl/Sources/CNIOBoringSSL/include/CNIOBoringSSL_bytestring.h:20:10: note: in file included from /Users/admin/builder/spi-builder-workspace/.dependencies/checkouts/swift-nio-ssl/Sources/CNIOBoringSSL/include/CNIOBoringSSL_bytestring.h:20:
18 | #include "CNIOBoringSSL_base.h"
19 |
20 | #include "CNIOBoringSSL_span.h"
| `- note: in file included from /Users/admin/builder/spi-builder-workspace/.dependencies/checkouts/swift-nio-ssl/Sources/CNIOBoringSSL/include/CNIOBoringSSL_bytestring.h:20:
21 | #include <time.h>
22 |
/Users/admin/builder/spi-builder-workspace/.dependencies/checkouts/swift-nio-ssl/Sources/CNIOBoringSSL/include/CNIOBoringSSL_span.h:75:58: error: expected '>'
71 | // a Span<T> by checking for data() and size() member functions.
72 | template <typename C, typename T>
73 | using EnableIfContainer = std::enable_if_t<
| `- note: to match this '<'
74 | std::is_convertible_v<decltype(std::declval<C>().data()), T *> &&
75 | std::is_integral_v<decltype(std::declval<C>().size())>>;
| `- error: expected '>'
76 |
77 | } // namespace internal
<module-includes>:1:9: note: in file included from <module-includes>:1:
1 | #import "CNIOBoringSSL.h"
| `- note: in file included from <module-includes>:1:
2 |
/Users/admin/builder/spi-builder-workspace/.dependencies/checkouts/swift-nio-ssl/Sources/CNIOBoringSSL/include/CNIOBoringSSL.h:55:10: note: in file included from /Users/admin/builder/spi-builder-workspace/.dependencies/checkouts/swift-nio-ssl/Sources/CNIOBoringSSL/include/CNIOBoringSSL.h:55:
53 | #include "CNIOBoringSSL_mlkem.h"
54 | #include "CNIOBoringSSL_obj_mac.h"
55 | #include "CNIOBoringSSL_objects.h"
| `- note: in file included from /Users/admin/builder/spi-builder-workspace/.dependencies/checkouts/swift-nio-ssl/Sources/CNIOBoringSSL/include/CNIOBoringSSL.h:55:
56 | #include "CNIOBoringSSL_opensslv.h"
57 | #include "CNIOBoringSSL_ossl_typ.h"
/Users/admin/builder/spi-builder-workspace/.dependencies/checkouts/swift-nio-ssl/Sources/CNIOBoringSSL/include/CNIOBoringSSL_objects.h:18:10: note: in file included from /Users/admin/builder/spi-builder-workspace/.dependencies/checkouts/swift-nio-ssl/Sources/CNIOBoringSSL/include/CNIOBoringSSL_objects.h:18:
16 | OpenSSL easier. */
17 |
18 | #include "CNIOBoringSSL_obj.h"
| `- note: in file included from /Users/admin/builder/spi-builder-workspace/.dependencies/checkouts/swift-nio-ssl/Sources/CNIOBoringSSL/include/CNIOBoringSSL_objects.h:18:
19 |
/Users/admin/builder/spi-builder-workspace/.dependencies/checkouts/swift-nio-ssl/Sources/CNIOBoringSSL/include/CNIOBoringSSL_obj.h:15:10: note: in file included from /Users/admin/builder/spi-builder-workspace/.dependencies/checkouts/swift-nio-ssl/Sources/CNIOBoringSSL/include/CNIOBoringSSL_obj.h:15:
13 | #include "CNIOBoringSSL_base.h"
14 |
15 | #include "CNIOBoringSSL_bytestring.h"
| `- note: in file included from /Users/admin/builder/spi-builder-workspace/.dependencies/checkouts/swift-nio-ssl/Sources/CNIOBoringSSL/include/CNIOBoringSSL_obj.h:15:
16 | #include "CNIOBoringSSL_nid.h" // IWYU pragma: export
17 |
/Users/admin/builder/spi-builder-workspace/.dependencies/checkouts/swift-nio-ssl/Sources/CNIOBoringSSL/include/CNIOBoringSSL_bytestring.h:20:10: note: in file included from /Users/admin/builder/spi-builder-workspace/.dependencies/checkouts/swift-nio-ssl/Sources/CNIOBoringSSL/include/CNIOBoringSSL_bytestring.h:20:
18 | #include "CNIOBoringSSL_base.h"
19 |
20 | #include "CNIOBoringSSL_span.h"
| `- note: in file included from /Users/admin/builder/spi-builder-workspace/.dependencies/checkouts/swift-nio-ssl/Sources/CNIOBoringSSL/include/CNIOBoringSSL_bytestring.h:20:
21 | #include <time.h>
22 |
/Users/admin/builder/spi-builder-workspace/.dependencies/checkouts/swift-nio-ssl/Sources/CNIOBoringSSL/include/CNIOBoringSSL_span.h:75:10: error: expected ';' after alias declaration
73 | using EnableIfContainer = std::enable_if_t<
74 | std::is_convertible_v<decltype(std::declval<C>().data()), T *> &&
75 | std::is_integral_v<decltype(std::declval<C>().size())>>;
| `- error: expected ';' after alias declaration
76 |
77 | } // namespace internal
<module-includes>:1:9: note: in file included from <module-includes>:1:
1 | #import "CNIOBoringSSL.h"
| `- note: in file included from <module-includes>:1:
2 |
/Users/admin/builder/spi-builder-workspace/.dependencies/checkouts/swift-nio-ssl/Sources/CNIOBoringSSL/include/CNIOBoringSSL.h:55:10: note: in file included from /Users/admin/builder/spi-builder-workspace/.dependencies/checkouts/swift-nio-ssl/Sources/CNIOBoringSSL/include/CNIOBoringSSL.h:55:
53 | #include "CNIOBoringSSL_mlkem.h"
54 | #include "CNIOBoringSSL_obj_mac.h"
55 | #include "CNIOBoringSSL_objects.h"
| `- note: in file included from /Users/admin/builder/spi-builder-workspace/.dependencies/checkouts/swift-nio-ssl/Sources/CNIOBoringSSL/include/CNIOBoringSSL.h:55:
56 | #include "CNIOBoringSSL_opensslv.h"
57 | #include "CNIOBoringSSL_ossl_typ.h"
/Users/admin/builder/spi-builder-workspace/.dependencies/checkouts/swift-nio-ssl/Sources/CNIOBoringSSL/include/CNIOBoringSSL_objects.h:18:10: note: in file included from /Users/admin/builder/spi-builder-workspace/.dependencies/checkouts/swift-nio-ssl/Sources/CNIOBoringSSL/include/CNIOBoringSSL_objects.h:18:
16 | OpenSSL easier. */
17 |
18 | #include "CNIOBoringSSL_obj.h"
| `- note: in file included from /Users/admin/builder/spi-builder-workspace/.dependencies/checkouts/swift-nio-ssl/Sources/CNIOBoringSSL/include/CNIOBoringSSL_objects.h:18:
19 |
/Users/admin/builder/spi-builder-workspace/.dependencies/checkouts/swift-nio-ssl/Sources/CNIOBoringSSL/include/CNIOBoringSSL_obj.h:15:10: note: in file included from /Users/admin/builder/spi-builder-workspace/.dependencies/checkouts/swift-nio-ssl/Sources/CNIOBoringSSL/include/CNIOBoringSSL_obj.h:15:
13 | #include "CNIOBoringSSL_base.h"
14 |
15 | #include "CNIOBoringSSL_bytestring.h"
| `- note: in file included from /Users/admin/builder/spi-builder-workspace/.dependencies/checkouts/swift-nio-ssl/Sources/CNIOBoringSSL/include/CNIOBoringSSL_obj.h:15:
16 | #include "CNIOBoringSSL_nid.h" // IWYU pragma: export
17 |
/Users/admin/builder/spi-builder-workspace/.dependencies/checkouts/swift-nio-ssl/Sources/CNIOBoringSSL/include/CNIOBoringSSL_bytestring.h:20:10: note: in file included from /Users/admin/builder/spi-builder-workspace/.dependencies/checkouts/swift-nio-ssl/Sources/CNIOBoringSSL/include/CNIOBoringSSL_bytestring.h:20:
18 | #include "CNIOBoringSSL_base.h"
19 |
20 | #include "CNIOBoringSSL_span.h"
| `- note: in file included from /Users/admin/builder/spi-builder-workspace/.dependencies/checkouts/swift-nio-ssl/Sources/CNIOBoringSSL/include/CNIOBoringSSL_bytestring.h:20:
21 | #include <time.h>
22 |
/Users/admin/builder/spi-builder-workspace/.dependencies/checkouts/swift-nio-ssl/Sources/CNIOBoringSSL/include/CNIOBoringSSL_span.h:132:46: error: no template named 'EnableIfContainer' in namespace 'bssl::internal'
130 | constexpr Span(T (&array)[N]) : Span(array, N) {}
131 |
132 | template <typename C, typename = internal::EnableIfContainer<C, T>,
| `- error: no template named 'EnableIfContainer' in namespace 'bssl::internal'
133 | typename = std::enable_if_t<std::is_const<T>::value, C>>
134 | constexpr Span(const C &container)
<module-includes>:1:9: note: in file included from <module-includes>:1:
1 | #import "CNIOBoringSSL.h"
| `- note: in file included from <module-includes>:1:
2 |
/Users/admin/builder/spi-builder-workspace/.dependencies/checkouts/swift-nio-ssl/Sources/CNIOBoringSSL/include/CNIOBoringSSL.h:55:10: note: in file included from /Users/admin/builder/spi-builder-workspace/.dependencies/checkouts/swift-nio-ssl/Sources/CNIOBoringSSL/include/CNIOBoringSSL.h:55:
53 | #include "CNIOBoringSSL_mlkem.h"
54 | #include "CNIOBoringSSL_obj_mac.h"
55 | #include "CNIOBoringSSL_objects.h"
| `- note: in file included from /Users/admin/builder/spi-builder-workspace/.dependencies/checkouts/swift-nio-ssl/Sources/CNIOBoringSSL/include/CNIOBoringSSL.h:55:
56 | #include "CNIOBoringSSL_opensslv.h"
57 | #include "CNIOBoringSSL_ossl_typ.h"
/Users/admin/builder/spi-builder-workspace/.dependencies/checkouts/swift-nio-ssl/Sources/CNIOBoringSSL/include/CNIOBoringSSL_objects.h:18:10: note: in file included from /Users/admin/builder/spi-builder-workspace/.dependencies/checkouts/swift-nio-ssl/Sources/CNIOBoringSSL/include/CNIOBoringSSL_objects.h:18:
16 | OpenSSL easier. */
17 |
18 | #include "CNIOBoringSSL_obj.h"
| `- note: in file included from /Users/admin/builder/spi-builder-workspace/.dependencies/checkouts/swift-nio-ssl/Sources/CNIOBoringSSL/include/CNIOBoringSSL_objects.h:18:
19 |
/Users/admin/builder/spi-builder-workspace/.dependencies/checkouts/swift-nio-ssl/Sources/CNIOBoringSSL/include/CNIOBoringSSL_obj.h:15:10: note: in file included from /Users/admin/builder/spi-builder-workspace/.dependencies/checkouts/swift-nio-ssl/Sources/CNIOBoringSSL/include/CNIOBoringSSL_obj.h:15:
13 | #include "CNIOBoringSSL_base.h"
14 |
15 | #include "CNIOBoringSSL_bytestring.h"
| `- note: in file included from /Users/admin/builder/spi-builder-workspace/.dependencies/checkouts/swift-nio-ssl/Sources/CNIOBoringSSL/include/CNIOBoringSSL_obj.h:15:
16 | #include "CNIOBoringSSL_nid.h" // IWYU pragma: export
17 |
/Users/admin/builder/spi-builder-workspace/.dependencies/checkouts/swift-nio-ssl/Sources/CNIOBoringSSL/include/CNIOBoringSSL_bytestring.h:20:10: note: in file included from /Users/admin/builder/spi-builder-workspace/.dependencies/checkouts/swift-nio-ssl/Sources/CNIOBoringSSL/include/CNIOBoringSSL_bytestring.h:20:
18 | #include "CNIOBoringSSL_base.h"
19 |
20 | #include "CNIOBoringSSL_span.h"
| `- note: in file included from /Users/admin/builder/spi-builder-workspace/.dependencies/checkouts/swift-nio-ssl/Sources/CNIOBoringSSL/include/CNIOBoringSSL_bytestring.h:20:
21 | #include <time.h>
22 |
/Users/admin/builder/spi-builder-workspace/.dependencies/checkouts/swift-nio-ssl/Sources/CNIOBoringSSL/include/CNIOBoringSSL_span.h:137:46: error: no template named 'EnableIfContainer' in namespace 'bssl::internal'
135 | : data_(container.data()), size_(container.size()) {}
136 |
137 | template <typename C, typename = internal::EnableIfContainer<C, T>,
| `- error: no template named 'EnableIfContainer' in namespace 'bssl::internal'
138 | typename = std::enable_if_t<!std::is_const<T>::value, C>>
139 | constexpr explicit Span(C &container)
<module-includes>:1:9: note: in file included from <module-includes>:1:
1 | #import "CNIOBoringSSL.h"
| `- note: in file included from <module-includes>:1:
2 |
/Users/admin/builder/spi-builder-workspace/.dependencies/checkouts/swift-nio-ssl/Sources/CNIOBoringSSL/include/CNIOBoringSSL.h:55:10: note: in file included from /Users/admin/builder/spi-builder-workspace/.dependencies/checkouts/swift-nio-ssl/Sources/CNIOBoringSSL/include/CNIOBoringSSL.h:55:
53 | #include "CNIOBoringSSL_mlkem.h"
54 | #include "CNIOBoringSSL_obj_mac.h"
55 | #include "CNIOBoringSSL_objects.h"
| `- note: in file included from /Users/admin/builder/spi-builder-workspace/.dependencies/checkouts/swift-nio-ssl/Sources/CNIOBoringSSL/include/CNIOBoringSSL.h:55:
56 | #include "CNIOBoringSSL_opensslv.h"
57 | #include "CNIOBoringSSL_ossl_typ.h"
/Users/admin/builder/spi-builder-workspace/.dependencies/checkouts/swift-nio-ssl/Sources/CNIOBoringSSL/include/CNIOBoringSSL_objects.h:18:10: note: in file included from /Users/admin/builder/spi-builder-workspace/.dependencies/checkouts/swift-nio-ssl/Sources/CNIOBoringSSL/include/CNIOBoringSSL_objects.h:18:
16 | OpenSSL easier. */
17 |
18 | #include "CNIOBoringSSL_obj.h"
| `- note: in file included from /Users/admin/builder/spi-builder-workspace/.dependencies/checkouts/swift-nio-ssl/Sources/CNIOBoringSSL/include/CNIOBoringSSL_objects.h:18:
19 |
/Users/admin/builder/spi-builder-workspace/.dependencies/checkouts/swift-nio-ssl/Sources/CNIOBoringSSL/include/CNIOBoringSSL_obj.h:15:10: note: in file included from /Users/admin/builder/spi-builder-workspace/.dependencies/checkouts/swift-nio-ssl/Sources/CNIOBoringSSL/include/CNIOBoringSSL_obj.h:15:
13 | #include "CNIOBoringSSL_base.h"
14 |
15 | #include "CNIOBoringSSL_bytestring.h"
| `- note: in file included from /Users/admin/builder/spi-builder-workspace/.dependencies/checkouts/swift-nio-ssl/Sources/CNIOBoringSSL/include/CNIOBoringSSL_obj.h:15:
16 | #include "CNIOBoringSSL_nid.h" // IWYU pragma: export
17 |
/Users/admin/builder/spi-builder-workspace/.dependencies/checkouts/swift-nio-ssl/Sources/CNIOBoringSSL/include/CNIOBoringSSL_bytestring.h:20:10: note: in file included from /Users/admin/builder/spi-builder-workspace/.dependencies/checkouts/swift-nio-ssl/Sources/CNIOBoringSSL/include/CNIOBoringSSL_bytestring.h:20:
18 | #include "CNIOBoringSSL_base.h"
19 |
20 | #include "CNIOBoringSSL_span.h"
| `- note: in file included from /Users/admin/builder/spi-builder-workspace/.dependencies/checkouts/swift-nio-ssl/Sources/CNIOBoringSSL/include/CNIOBoringSSL_bytestring.h:20:
21 | #include <time.h>
22 |
/Users/admin/builder/spi-builder-workspace/.dependencies/checkouts/swift-nio-ssl/Sources/CNIOBoringSSL/include/CNIOBoringSSL_span.h:207:1: error: a type specifier is required for all declarations
205 |
206 | template <typename T>
207 | Span(T *, size_t) -> Span<T>;
| `- error: a type specifier is required for all declarations
208 | template <typename T, size_t size>
209 | Span(T (&array)[size]) -> Span<T>;
<module-includes>:1:9: note: in file included from <module-includes>:1:
1 | #import "CNIOBoringSSL.h"
| `- note: in file included from <module-includes>:1:
2 |
/Users/admin/builder/spi-builder-workspace/.dependencies/checkouts/swift-nio-ssl/Sources/CNIOBoringSSL/include/CNIOBoringSSL.h:55:10: note: in file included from /Users/admin/builder/spi-builder-workspace/.dependencies/checkouts/swift-nio-ssl/Sources/CNIOBoringSSL/include/CNIOBoringSSL.h:55:
53 | #include "CNIOBoringSSL_mlkem.h"
54 | #include "CNIOBoringSSL_obj_mac.h"
55 | #include "CNIOBoringSSL_objects.h"
| `- note: in file included from /Users/admin/builder/spi-builder-workspace/.dependencies/checkouts/swift-nio-ssl/Sources/CNIOBoringSSL/include/CNIOBoringSSL.h:55:
56 | #include "CNIOBoringSSL_opensslv.h"
57 | #include "CNIOBoringSSL_ossl_typ.h"
/Users/admin/builder/spi-builder-workspace/.dependencies/checkouts/swift-nio-ssl/Sources/CNIOBoringSSL/include/CNIOBoringSSL_objects.h:18:10: note: in file included from /Users/admin/builder/spi-builder-workspace/.dependencies/checkouts/swift-nio-ssl/Sources/CNIOBoringSSL/include/CNIOBoringSSL_objects.h:18:
16 | OpenSSL easier. */
17 |
18 | #include "CNIOBoringSSL_obj.h"
| `- note: in file included from /Users/admin/builder/spi-builder-workspace/.dependencies/checkouts/swift-nio-ssl/Sources/CNIOBoringSSL/include/CNIOBoringSSL_objects.h:18:
19 |
/Users/admin/builder/spi-builder-workspace/.dependencies/checkouts/swift-nio-ssl/Sources/CNIOBoringSSL/include/CNIOBoringSSL_obj.h:15:10: note: in file included from /Users/admin/builder/spi-builder-workspace/.dependencies/checkouts/swift-nio-ssl/Sources/CNIOBoringSSL/include/CNIOBoringSSL_obj.h:15:
13 | #include "CNIOBoringSSL_base.h"
14 |
15 | #include "CNIOBoringSSL_bytestring.h"
| `- note: in file included from /Users/admin/builder/spi-builder-workspace/.dependencies/checkouts/swift-nio-ssl/Sources/CNIOBoringSSL/include/CNIOBoringSSL_obj.h:15:
16 | #include "CNIOBoringSSL_nid.h" // IWYU pragma: export
17 |
/Users/admin/builder/spi-builder-workspace/.dependencies/checkouts/swift-nio-ssl/Sources/CNIOBoringSSL/include/CNIOBoringSSL_bytestring.h:20:10: note: in file included from /Users/admin/builder/spi-builder-workspace/.dependencies/checkouts/swift-nio-ssl/Sources/CNIOBoringSSL/include/CNIOBoringSSL_bytestring.h:20:
18 | #include "CNIOBoringSSL_base.h"
19 |
20 | #include "CNIOBoringSSL_span.h"
| `- note: in file included from /Users/admin/builder/spi-builder-workspace/.dependencies/checkouts/swift-nio-ssl/Sources/CNIOBoringSSL/include/CNIOBoringSSL_bytestring.h:20:
21 | #include <time.h>
22 |
/Users/admin/builder/spi-builder-workspace/.dependencies/checkouts/swift-nio-ssl/Sources/CNIOBoringSSL/include/CNIOBoringSSL_span.h:209:1: error: a type specifier is required for all declarations
207 | Span(T *, size_t) -> Span<T>;
208 | template <typename T, size_t size>
209 | Span(T (&array)[size]) -> Span<T>;
| `- error: a type specifier is required for all declarations
210 | template <
211 | typename C,
<module-includes>:1:9: note: in file included from <module-includes>:1:
1 | #import "CNIOBoringSSL.h"
| `- note: in file included from <module-includes>:1:
2 |
/Users/admin/builder/spi-builder-workspace/.dependencies/checkouts/swift-nio-ssl/Sources/CNIOBoringSSL/include/CNIOBoringSSL.h:55:10: note: in file included from /Users/admin/builder/spi-builder-workspace/.dependencies/checkouts/swift-nio-ssl/Sources/CNIOBoringSSL/include/CNIOBoringSSL.h:55:
53 | #include "CNIOBoringSSL_mlkem.h"
54 | #include "CNIOBoringSSL_obj_mac.h"
55 | #include "CNIOBoringSSL_objects.h"
| `- note: in file included from /Users/admin/builder/spi-builder-workspace/.dependencies/checkouts/swift-nio-ssl/Sources/CNIOBoringSSL/include/CNIOBoringSSL.h:55:
56 | #include "CNIOBoringSSL_opensslv.h"
57 | #include "CNIOBoringSSL_ossl_typ.h"
/Users/admin/builder/spi-builder-workspace/.dependencies/checkouts/swift-nio-ssl/Sources/CNIOBoringSSL/include/CNIOBoringSSL_objects.h:18:10: note: in file included from /Users/admin/builder/spi-builder-workspace/.dependencies/checkouts/swift-nio-ssl/Sources/CNIOBoringSSL/include/CNIOBoringSSL_objects.h:18:
16 | OpenSSL easier. */
17 |
18 | #include "CNIOBoringSSL_obj.h"
| `- note: in file included from /Users/admin/builder/spi-builder-workspace/.dependencies/checkouts/swift-nio-ssl/Sources/CNIOBoringSSL/include/CNIOBoringSSL_objects.h:18:
19 |
/Users/admin/builder/spi-builder-workspace/.dependencies/checkouts/swift-nio-ssl/Sources/CNIOBoringSSL/include/CNIOBoringSSL_obj.h:15:10: note: in file included from /Users/admin/builder/spi-builder-workspace/.dependencies/checkouts/swift-nio-ssl/Sources/CNIOBoringSSL/include/CNIOBoringSSL_obj.h:15:
13 | #include "CNIOBoringSSL_base.h"
14 |
15 | #include "CNIOBoringSSL_bytestring.h"
| `- note: in file included from /Users/admin/builder/spi-builder-workspace/.dependencies/checkouts/swift-nio-ssl/Sources/CNIOBoringSSL/include/CNIOBoringSSL_obj.h:15:
16 | #include "CNIOBoringSSL_nid.h" // IWYU pragma: export
17 |
/Users/admin/builder/spi-builder-workspace/.dependencies/checkouts/swift-nio-ssl/Sources/CNIOBoringSSL/include/CNIOBoringSSL_bytestring.h:20:10: note: in file included from /Users/admin/builder/spi-builder-workspace/.dependencies/checkouts/swift-nio-ssl/Sources/CNIOBoringSSL/include/CNIOBoringSSL_bytestring.h:20:
18 | #include "CNIOBoringSSL_base.h"
19 |
20 | #include "CNIOBoringSSL_span.h"
| `- note: in file included from /Users/admin/builder/spi-builder-workspace/.dependencies/checkouts/swift-nio-ssl/Sources/CNIOBoringSSL/include/CNIOBoringSSL_bytestring.h:20:
21 | #include <time.h>
22 |
/Users/admin/builder/spi-builder-workspace/.dependencies/checkouts/swift-nio-ssl/Sources/CNIOBoringSSL/include/CNIOBoringSSL_span.h:213:26: error: no template named 'EnableIfContainer' in namespace 'bssl::internal'
211 | typename C,
212 | typename T = std::remove_pointer_t<decltype(std::declval<C>().data())>,
213 | typename = internal::EnableIfContainer<C, T>>
| `- error: no template named 'EnableIfContainer' in namespace 'bssl::internal'
214 | Span(C &) -> Span<T>;
215 |
<module-includes>:1:9: note: in file included from <module-includes>:1:
1 | #import "CNIOBoringSSL.h"
| `- note: in file included from <module-includes>:1:
2 |
/Users/admin/builder/spi-builder-workspace/.dependencies/checkouts/swift-nio-ssl/Sources/CNIOBoringSSL/include/CNIOBoringSSL.h:55:10: note: in file included from /Users/admin/builder/spi-builder-workspace/.dependencies/checkouts/swift-nio-ssl/Sources/CNIOBoringSSL/include/CNIOBoringSSL.h:55:
53 | #include "CNIOBoringSSL_mlkem.h"
54 | #include "CNIOBoringSSL_obj_mac.h"
55 | #include "CNIOBoringSSL_objects.h"
| `- note: in file included from /Users/admin/builder/spi-builder-workspace/.dependencies/checkouts/swift-nio-ssl/Sources/CNIOBoringSSL/include/CNIOBoringSSL.h:55:
56 | #include "CNIOBoringSSL_opensslv.h"
57 | #include "CNIOBoringSSL_ossl_typ.h"
/Users/admin/builder/spi-builder-workspace/.dependencies/checkouts/swift-nio-ssl/Sources/CNIOBoringSSL/include/CNIOBoringSSL_objects.h:18:10: note: in file included from /Users/admin/builder/spi-builder-workspace/.dependencies/checkouts/swift-nio-ssl/Sources/CNIOBoringSSL/include/CNIOBoringSSL_objects.h:18:
16 | OpenSSL easier. */
17 |
18 | #include "CNIOBoringSSL_obj.h"
| `- note: in file included from /Users/admin/builder/spi-builder-workspace/.dependencies/checkouts/swift-nio-ssl/Sources/CNIOBoringSSL/include/CNIOBoringSSL_objects.h:18:
19 |
/Users/admin/builder/spi-builder-workspace/.dependencies/checkouts/swift-nio-ssl/Sources/CNIOBoringSSL/include/CNIOBoringSSL_obj.h:15:10: note: in file included from /Users/admin/builder/spi-builder-workspace/.dependencies/checkouts/swift-nio-ssl/Sources/CNIOBoringSSL/include/CNIOBoringSSL_obj.h:15:
13 | #include "CNIOBoringSSL_base.h"
14 |
15 | #include "CNIOBoringSSL_bytestring.h"
| `- note: in file included from /Users/admin/builder/spi-builder-workspace/.dependencies/checkouts/swift-nio-ssl/Sources/CNIOBoringSSL/include/CNIOBoringSSL_obj.h:15:
16 | #include "CNIOBoringSSL_nid.h" // IWYU pragma: export
17 |
/Users/admin/builder/spi-builder-workspace/.dependencies/checkouts/swift-nio-ssl/Sources/CNIOBoringSSL/include/CNIOBoringSSL_bytestring.h:20:10: note: in file included from /Users/admin/builder/spi-builder-workspace/.dependencies/checkouts/swift-nio-ssl/Sources/CNIOBoringSSL/include/CNIOBoringSSL_bytestring.h:20:
18 | #include "CNIOBoringSSL_base.h"
19 |
20 | #include "CNIOBoringSSL_span.h"
| `- note: in file included from /Users/admin/builder/spi-builder-workspace/.dependencies/checkouts/swift-nio-ssl/Sources/CNIOBoringSSL/include/CNIOBoringSSL_bytestring.h:20:
21 | #include <time.h>
22 |
/Users/admin/builder/spi-builder-workspace/.dependencies/checkouts/swift-nio-ssl/Sources/CNIOBoringSSL/include/CNIOBoringSSL_span.h:214:1: error: a type specifier is required for all declarations
212 | typename T = std::remove_pointer_t<decltype(std::declval<C>().data())>,
213 | typename = internal::EnableIfContainer<C, T>>
214 | Span(C &) -> Span<T>;
| `- error: a type specifier is required for all declarations
215 |
216 | template <typename T>
<module-includes>:1:9: note: in file included from <module-includes>:1:
1 | #import "CNIOBoringSSL.h"
| `- note: in file included from <module-includes>:1:
2 |
/Users/admin/builder/spi-builder-workspace/.dependencies/checkouts/swift-nio-ssl/Sources/CNIOBoringSSL/include/CNIOBoringSSL.h:55:10: note: in file included from /Users/admin/builder/spi-builder-workspace/.dependencies/checkouts/swift-nio-ssl/Sources/CNIOBoringSSL/include/CNIOBoringSSL.h:55:
53 | #include "CNIOBoringSSL_mlkem.h"
54 | #include "CNIOBoringSSL_obj_mac.h"
55 | #include "CNIOBoringSSL_objects.h"
| `- note: in file included from /Users/admin/builder/spi-builder-workspace/.dependencies/checkouts/swift-nio-ssl/Sources/CNIOBoringSSL/include/CNIOBoringSSL.h:55:
56 | #include "CNIOBoringSSL_opensslv.h"
57 | #include "CNIOBoringSSL_ossl_typ.h"
/Users/admin/builder/spi-builder-workspace/.dependencies/checkouts/swift-nio-ssl/Sources/CNIOBoringSSL/include/CNIOBoringSSL_objects.h:18:10: note: in file included from /Users/admin/builder/spi-builder-workspace/.dependencies/checkouts/swift-nio-ssl/Sources/CNIOBoringSSL/include/CNIOBoringSSL_objects.h:18:
16 | OpenSSL easier. */
17 |
18 | #include "CNIOBoringSSL_obj.h"
| `- note: in file included from /Users/admin/builder/spi-builder-workspace/.dependencies/checkouts/swift-nio-ssl/Sources/CNIOBoringSSL/include/CNIOBoringSSL_objects.h:18:
19 |
/Users/admin/builder/spi-builder-workspace/.dependencies/checkouts/swift-nio-ssl/Sources/CNIOBoringSSL/include/CNIOBoringSSL_obj.h:15:10: note: in file included from /Users/admin/builder/spi-builder-workspace/.dependencies/checkouts/swift-nio-ssl/Sources/CNIOBoringSSL/include/CNIOBoringSSL_obj.h:15:
13 | #include "CNIOBoringSSL_base.h"
14 |
15 | #include "CNIOBoringSSL_bytestring.h"
| `- note: in file included from /Users/admin/builder/spi-builder-workspace/.dependencies/checkouts/swift-nio-ssl/Sources/CNIOBoringSSL/include/CNIOBoringSSL_obj.h:15:
16 | #include "CNIOBoringSSL_nid.h" // IWYU pragma: export
17 |
11 errors generated.
/Users/admin/builder/spi-builder-workspace/.dependencies/checkouts/swift-nio-ssl/Sources/CNIOBoringSSL/include/CNIOBoringSSL_bytestring.h:48:61: error: use of class template 'bssl::Span' requires template arguments
46 | cbs_st(bssl::Span<const uint8_t> span)
47 | : data(span.data()), len(span.size()) {}
48 | operator bssl::Span<const uint8_t>() const { return bssl::Span(data, len); }
| `- error: use of class template 'bssl::Span' requires template arguments
49 |
50 | // Defining any constructors requires we explicitly default the others.
/Users/admin/builder/spi-builder-workspace/.dependencies/checkouts/swift-nio-ssl/Sources/CNIOBoringSSL/include/CNIOBoringSSL_span.h:111:7: note: template is declared here
109 | // a reference or pointer to a container or array.
110 | template <typename T>
111 | class Span : private internal::SpanBase<const T> {
| `- note: template is declared here
112 | public:
113 | static const size_t npos = static_cast<size_t>(-1);
<unknown>:0: error: failed to emit precompiled module '/Users/admin/builder/spi-builder-workspace/.derivedData/Build/Intermediates.noindex/SwiftExplicitPrecompiledModules/CNIOBoringSSL-5WJN3E6GKBA9OFL4QTLZ7EZ8K.pcm' for module map '/Users/admin/builder/spi-builder-workspace/.dependencies/checkouts/swift-nio-ssl/Sources/CNIOBoringSSL/include/module.modulemap'
Failed frontend command:
/Applications/Xcode-27.0.0-Release.Candidate.app/Contents/Developer/Toolchains/XcodeDefault.xctoolchain/usr/bin/swift-frontend -frontend -emit-pcm -module-name CNIOBoringSSL -o /Users/admin/builder/spi-builder-workspace/.derivedData/Build/Intermediates.noindex/SwiftExplicitPrecompiledModules/CNIOBoringSSL-5WJN3E6GKBA9OFL4QTLZ7EZ8K.pcm -direct-clang-cc1-module-build /Users/admin/builder/spi-builder-workspace/.dependencies/checkouts/swift-nio-ssl/Sources/CNIOBoringSSL/include/module.modulemap -sdk /Applications/Xcode-27.0.0-Release.Candidate.app/Contents/Developer/Platforms/MacOSX.platform/Developer/SDKs/MacOSX27.0.sdk -target arm64-apple-macos12.0 -clang-target arm64-apple-macos27.0 -Xcc -cc1 -Xcc -fansi-escape-codes -Xcc -ferror-limit -Xcc 19 -Xcc -Wdeprecated-objc-isa-usage -Xcc -Werror\=deprecated-objc-isa-usage -Xcc -Werror\=implicit-function-declaration -Xcc -Wno-elaborated-enum-base -Xcc -Wno-error\=allocator-wrappers -Xcc -fmodule-map-file\=/Applications/Xcode-27.0.0-Release.Candidate.app/Contents/Developer/Platforms/MacOSX.platform/Developer/SDKs/MacOSX27.0.sdk/usr/include/c++/v1/module.modulemap -Xcc -fmodule-map-file\=/Applications/Xcode-27.0.0-Release.Candidate.app/Contents/Developer/Toolchains/XcodeDefault.xctoolchain/usr/lib/swift/clang/include/module.modulemap -Xcc -fmodule-map-file\=/Applications/Xcode-27.0.0-Release.Candidate.app/Contents/Developer/Platforms/MacOSX.platform/Developer/SDKs/MacOSX27.0.sdk/usr/include/Darwin.modulemap -Xcc -fmodule-map-file\=/Applications/Xcode-27.0.0-Release.Candidate.app/Contents/Developer/Platforms/MacOSX.platform/Developer/SDKs/MacOSX27.0.sdk/usr/include/DarwinFoundation2.modulemap -Xcc -fmodule-map-file\=/Applications/Xcode-27.0.0-Release.Candidate.app/Contents/Developer/Platforms/MacOSX.platform/Developer/SDKs/MacOSX27.0.sdk/usr/include/DarwinFoundation3.modulemap -Xcc -fmodule-map-file\=/Applications/Xcode-27.0.0-Release.Candidate.app/Contents/Developer/Platforms/MacOSX.platform/Developer/SDKs/MacOSX27.0.sdk/usr/include/DarwinFoundation1.modulemap -Xcc -disable-free -Xcc -finclude-tree-preserve-pch-path -Xcc -emit-module -Xcc -x -Xcc objective-c++ -Xcc /Users/admin/builder/spi-builder-workspace/.dependencies/checkouts/swift-nio-ssl/Sources/CNIOBoringSSL/include/module.modulemap -Xcc -target-abi -Xcc darwinpcs -Xcc -target-cpu -Xcc apple-m1 -Xcc -target-feature -Xcc +v8.5a -Xcc -target-feature -Xcc +aes -Xcc -target-feature -Xcc +altnzcv -Xcc -target-feature -Xcc +ccdp -Xcc -target-feature -Xcc +ccpp -Xcc -target-feature -Xcc +complxnum -Xcc -target-feature -Xcc +crc -Xcc -target-feature -Xcc +dotprod -Xcc -target-feature -Xcc +flagm -Xcc -target-feature -Xcc +fp-armv8 -Xcc -target-feature -Xcc +fp16fml -Xcc -target-feature -Xcc +fptoint -Xcc -target-feature -Xcc +fullfp16 -Xcc -target-feature -Xcc +jsconv -Xcc -target-feature -Xcc +lse -Xcc -target-feature -Xcc +neon -Xcc -target-feature -Xcc +pauth -Xcc -target-feature -Xcc +perfmon -Xcc -target-feature -Xcc +predres -Xcc -target-feature -Xcc +ras -Xcc -target-feature -Xcc +rcpc -Xcc -target-feature -Xcc +rdm -Xcc -target-feature -Xcc +sb -Xcc -target-feature -Xcc +sha2 -Xcc -target-feature -Xcc +sha3 -Xcc -target-feature -Xcc +specrestrict -Xcc -target-feature -Xcc +ssbs -Xcc -triple -Xcc arm64-apple-macosx27.0.0 -Xcc -target-linker-version -Xcc 1166.2 -Xcc -target-sdk-version\=27.0 -Xcc -fmodules-validate-system-headers -Xcc -fno-modules-prune-non-affecting-module-map-files -Xcc -fno-modulemap-allow-subdirectory-search -Xcc -isysroot -Xcc /Applications/Xcode-27.0.0-Release.Candidate.app/Contents/Developer/Platforms/MacOSX.platform/Developer/SDKs/MacOSX27.0.sdk -Xcc -resource-dir -Xcc /Applications/Xcode-27.0.0-Release.Candidate.app/Contents/Developer/Toolchains/XcodeDefault.xctoolchain/usr/lib/swift/clang -Xcc -fmodule-format\=obj -Xcc -fmodule-file\=Darwin\=/Users/admin/builder/spi-builder-workspace/.derivedData/SDKExplicitPrecompiledModules/Darwin-9B2YNUEW9QN7EPDP7Y47GE2HJ.pcm -Xcc -fmodule-file\=_Builtin_stdarg\=/Users/admin/builder/spi-builder-workspace/.derivedData/SDKExplicitPrecompiledModules/_Builtin_stdarg-AOJLSWFNYHDQD1K14DLS3WCHJ.pcm -Xcc -fmodule-file\=_Builtin_stddef\=/Users/admin/builder/spi-builder-workspace/.derivedData/SDKExplicitPrecompiledModules/_Builtin_stddef-E1SLET1EAMT3W0ZULCJ5HGMQZ.pcm -Xcc -fmodule-file\=_DarwinFoundation1\=/Users/admin/builder/spi-builder-workspace/.derivedData/SDKExplicitPrecompiledModules/_DarwinFoundation1-2L2T10PSG9AYMFSAP3JZYY3C8.pcm -Xcc -fmodule-file\=_DarwinFoundation2\=/Users/admin/builder/spi-builder-workspace/.derivedData/SDKExplicitPrecompiledModules/_DarwinFoundation2-2J1VDHI8P0AXY7DB994U857DX.pcm -Xcc -fmodule-file\=_DarwinFoundation3\=/Users/admin/builder/spi-builder-workspace/.derivedData/SDKExplicitPrecompiledModules/_DarwinFoundation3-D2SBNBELE9UT62YO5WRMYMLOD.pcm -Xcc -fmodule-file\=std\=/Users/admin/builder/spi-builder-workspace/.derivedData/Build/Intermediates.noindex/SwiftExplicitPrecompiledModules/std-4R0RZOE4B9KDW7WQ0NUVV8PQF.pcm -Xcc -fmodule-file\=std_core\=/Users/admin/builder/spi-builder-workspace/.derivedData/SDKExplicitPrecompiledModules/std_core-CTP3NC0773H8GWK1PTBDJEHC8.pcm -Xcc -fmodule-file\=std_stdint_h\=/Users/admin/builder/spi-builder-workspace/.derivedData/SDKExplicitPrecompiledModules/std_stdint_h-CCWLIS14CI219DJX6D643UKAQ.pcm -Xcc -I -Xcc /Users/admin/builder/spi-builder-workspace/.dependencies/checkouts/swift-nio-ssl/Sources/CNIOBoringSSL/include -Xcc -isystem -Xcc /Applications/Xcode-27.0.0-Release.Candidate.app/Contents/Developer/Platforms/MacOSX.platform/Developer/SDKs/MacOSX27.0.sdk/usr/include/c++/v1 -Xcc -isystem -Xcc /Applications/Xcode-27.0.0-Release.Candidate.app/Contents/Developer/Toolchains/XcodeDefault.xctoolchain/usr/lib/swift/clang/include -Xcc -internal-externc-isystem -Xcc /Applications/Xcode-27.0.0-Release.Candidate.app/Contents/Developer/Platforms/MacOSX.platform/Developer/SDKs/MacOSX27.0.sdk/usr/include -Xcc -ivfsstatcache -Xcc /Users/admin/builder/spi-builder-workspace/.derivedData/SDKStatCaches.noindex/macosx27.0-26A425-e829b21a6f8c9b70876ba0858053c0446a22442a12e9d48fe1a705f55a1adfc4.sdkstatcache -Xcc -fapinotes-swift-version\=6 -Xcc -iapinotes-modules -Xcc /Applications/Xcode-27.0.0-Release.Candidate.app/Contents/Developer/Platforms/MacOSX.platform/Developer/SDKs/MacOSX27.0.sdk/usr/lib/swift/apinotes -Xcc -iapinotes-modules -Xcc /Applications/Xcode-27.0.0-Release.Candidate.app/Contents/Developer/Toolchains/XcodeDefault.xctoolchain/usr/lib/swift/apinotes -Xcc -std\=c++14 -Xcc -fexperimental-late-parse-attributes -Xcc -fapinotes-modules -Xcc -fexperimental-bounds-safety-attributes -Xcc -fcxx-exceptions -Xcc -fexceptions -Xcc -fskip-odr-check-in-gmf -Xcc -fmodules -Xcc -fmodule-name\=CNIOBoringSSL -Xcc -fmodules-search-all -Xcc -fno-implicit-modules -Xcc -fretain-comments-from-system-headers -Xcc -fobjc-exceptions -Xcc -fno-sized-deallocation -Xcc -fmax-type-align\=16 -Xcc -fstack-check -Xcc -fmodule-feature -Xcc swift -Xcc -fno-odr-hash-protocols -Xcc -pic-level -Xcc 2 -Xcc -disable-objc-default-synthesize-properties -Xcc -stack-protector -Xcc 1 -Xcc -fbracket-depth -Xcc 256 -Xcc -fdeprecated-macro -Xcc -fexperimental-max-bitint-width\=128 -Xcc -fobjc-runtime\=macosx-27.0.0 -Xcc -fobjc-arc -Xcc -fobjc-runtime-has-weak -Xcc -fobjc-weak -Xcc -fgnuc-version\=4.2.1 -Xcc -fblocks -Xcc -fno-convergent-functions -Xcc -ffp-contract\=off -Xcc -fclang-abi-compat\=4.0 -Xcc -fno-experimental-relative-c++-abi-vtables -Xcc -fno-file-reproducible -Xcc -clang-vendor-feature\=+disableNonDependentMemberExprInCurrentInstantiation -Xcc -clang-vendor-feature\=+enableAggressiveVLAFolding -Xcc -clang-vendor-feature\=+revert09abecef7bbf -Xcc -clang-vendor-feature\=+thisNoAlignAttr -Xcc -clang-vendor-feature\=+thisNoNullAttr -Xcc -clang-vendor-feature\=+disableAtImportPrivateFrameworkInImplementationError -Xcc -O0 -Xcc -fcommon -Xcc -fdwarf2-cfi-asm -Xcc -fno-sanitize-address-use-odr-indicator -Xcc -fno-sanitize-memory-param-retval -Xcc -fmerge-all-constants -Xcc -fno-verbose-asm -Xcc -fregister-global-dtors-with-atexit -Xcc -fno-use-init-array -Xcc -funique-basic-block-section-names -Xcc -gno-structor-decl-linkage-names -Xcc -dwarf-version\=5 -Xcc -debugger-tuning\=lldb -Xcc -llvm-verify-each -Xcc -dwarf-ext-refs -Xcc -no-struct-path-tbaa -Xcc -fexperimental-assignment-tracking\=disabled -Xcc -no-enable-noundef-analysis -Xcc -stack-protector-buffer-size -Xcc 0 -Xcc -debug-info-kind\=standalone -Xcc -fno-loop-interchange -Xcc -save-temps\=obj -Xcc -fdiagnostics-hotness-threshold\=0 -Xcc -fdiagnostics-misexpect-tolerance\=0 -Xcc -fobjc-arc-cxxlib\=libc++ -Xcc -D -Xcc DEBUG\=1 -Xcc -D -Xcc SWIFT_CLASS_EXTRA\= -Xcc -D -Xcc SWIFT_PACKAGE -Xcc -D -Xcc SWIFT_SDK_OVERLAY2_SCENEKIT_EPOCH\=3 -Xcc -D -Xcc SWIFT_SDK_OVERLAY_APPKIT_EPOCH\=2 -Xcc -D -Xcc SWIFT_SDK_OVERLAY_COREGRAPHICS_EPOCH\=0 -Xcc -D -Xcc SWIFT_SDK_OVERLAY_COREIMAGE_EPOCH\=2 -Xcc -D -Xcc SWIFT_SDK_OVERLAY_DISPATCH_EPOCH\=2 -Xcc -D -Xcc SWIFT_SDK_OVERLAY_FOUNDATION_EPOCH\=8 -Xcc -D -Xcc SWIFT_SDK_OVERLAY_GAMEPLAYKIT_EPOCH\=1 -Xcc -D -Xcc SWIFT_SDK_OVERLAY_PTHREAD_EPOCH\=1 -Xcc -D -Xcc SWIFT_SDK_OVERLAY_SPRITEKIT_EPOCH\=1 -Xcc -D -Xcc SWIFT_SDK_OVERLAY_UIKIT_EPOCH\=2 -Xcc -D -Xcc _ISO646_H_ -Xcc -D -Xcc _LIBCPP_HARDENING_MODE\=_LIBCPP_HARDENING_MODE_DEBUG -Xcc -D -Xcc __ISO646_H -Xcc -D -Xcc __SWIFT_ATTR_SUPPORTS_SENDABLE_DECLS\=1 -Xcc -D -Xcc __SWIFT_ATTR_SUPPORTS_SENDING\=1 -Xcc -D -Xcc __SWIFT_COMPILER_VERSION\=6004000034001 -Xcc -D -Xcc __swift__\=60400 -Xcc -fdefine-target-os-macros -Xcc -module-file-deps\=direct -Xcc -fdepfile-entry\=/Applications/Xcode-27.0.0-Release.Candidate.app/Contents/Developer/Platforms/MacOSX.platform/Developer/SDKs/MacOSX27.0.sdk/SDKSettings.json
SwiftExplicitDependencyCompileModuleFromInterface arm64 /Users/admin/builder/spi-builder-workspace/.derivedData/SDKExplicitPrecompiledModules/CxxStdlib-3MNM0H1KH7Y8C.swiftmodule
SwiftExplicitDependencyGeneratePcm arm64 /Users/admin/builder/spi-builder-workspace/.derivedData/SDKExplicitPrecompiledModules/Foundation-EPF1J31CCOCODZ3AO0IHGKXNM.pcm
PruneExplicitPrecompiledModules /Users/admin/builder/spi-builder-workspace/.derivedData/SDKExplicitPrecompiledModules
PruneExplicitPrecompiledModules /Users/admin/builder/spi-builder-workspace/.derivedData/Build/Intermediates.noindex/ExplicitPrecompiledModules
PruneExplicitPrecompiledModules /Users/admin/builder/spi-builder-workspace/.derivedData/Build/Intermediates.noindex/SwiftExplicitPrecompiledModules
2026-09-21 11:11:40.032 xcodebuild[885:5199] [MT] IDERunDestination: Supported platforms for the buildables in the current scheme is empty.
--- xcodebuild: WARNING: Using the first of multiple matching destinations:
{ platform:macOS, arch:arm64, id:bb9bf638845dc0f6c3d53cdb29ef9067bfa98bab, name:My Mac }
{ platform:macOS, arch:arm64, variant:Mac Catalyst, id:bb9bf638845dc0f6c3d53cdb29ef9067bfa98bab, name:My Mac }
{ platform:macOS, arch:arm64, variant:DriverKit, id:bb9bf638845dc0f6c3d53cdb29ef9067bfa98bab, name:My Mac }
{ platform:macOS, arch:arm64, variant:Designed for [iPad,iPhone], id:bb9bf638845dc0f6c3d53cdb29ef9067bfa98bab, name:My Mac }
** BUILD FAILED **
The following build commands failed:
SwiftExplicitDependencyGeneratePcm arm64 /Users/admin/builder/spi-builder-workspace/.derivedData/Build/Intermediates.noindex/SwiftExplicitPrecompiledModules/CNIOBoringSSL-5WJN3E6GKBA9OFL4QTLZ7EZ8K.pcm
Building workspace agora-dynamic-key-swift with scheme agora-dynamic-key-swift
(2 failures)
Command line invocation:
/Applications/Xcode-27.0.0-Release.Candidate.app/Contents/Developer/usr/bin/xcodebuild -IDEClonedSourcePackagesDirPathOverride=/Users/admin/builder/spi-builder-workspace/.dependencies -resolvePackageDependencies
Resolve Package Graph
Resolved source packages:
swift-nio-ssl: https://github.com/apple/swift-nio-ssl @ 2.37.5
swift-system: https://github.com/apple/swift-system.git @ 1.8.1
agora-dynamic-key-swift: /Users/admin/builder/spi-builder-workspace
swift-nio: https://github.com/apple/swift-nio @ 2.103.0
swift-collections: https://github.com/apple/swift-collections.git @ 1.6.0
swift-atomics: https://github.com/apple/swift-atomics.git @ 1.3.1
resolved source packages: swift-nio-ssl, swift-system, agora-dynamic-key-swift, swift-nio, swift-collections, swift-atomics
2026-09-21 11:12:15.173 xcodebuild[2207:8208] [MT] IDERunDestination: Supported platforms for the buildables in the current scheme is empty.
{
"cxx_language_standard" : "c++14",
"dependencies" : [
{
"identity" : "swift-nio",
"requirement" : {
"range" : [
{
"lower_bound" : "2.0.0",
"upper_bound" : "3.0.0"
}
]
},
"type" : "sourceControl",
"url" : "https://github.com/apple/swift-nio"
},
{
"identity" : "swift-nio-ssl",
"requirement" : {
"range" : [
{
"lower_bound" : "2.21.0",
"upper_bound" : "3.0.0"
}
]
},
"type" : "sourceControl",
"url" : "https://github.com/apple/swift-nio-ssl"
}
],
"manifest_display_name" : "agora-dynamic-key-swift",
"name" : "agora-dynamic-key-swift",
"path" : "/Users/admin/builder/spi-builder-workspace",
"platforms" : [
],
"products" : [
{
"name" : "AgoraDynamicKey",
"targets" : [
"AgoraDynamicKey"
],
"type" : {
"library" : [
"automatic"
]
}
}
],
"targets" : [
{
"c99name" : "CAgoraDynamicKey",
"module_type" : "ClangTarget",
"name" : "CAgoraDynamicKey",
"path" : "Sources/CAgoraDynamicKey",
"product_dependencies" : [
"NIOSSL"
],
"product_memberships" : [
"AgoraDynamicKey"
],
"sources" : [
"include/testing/AccessToken2CInterface.cpp",
"libAgoraDynamicKey/DynamicKey/AgoraDynamicKey/cpp/src/md5/md5.cpp"
],
"type" : "library"
},
{
"c99name" : "AgoraDynamicKeyTests",
"module_type" : "SwiftTarget",
"name" : "AgoraDynamicKeyTests",
"path" : "Tests/AgoraDynamicKeyTests",
"product_dependencies" : [
"NIO"
],
"sources" : [
"ChatTokenBuilderTests.swift",
"RtcTokenBuilderTests.swift",
"RtmTokenBuilderTests.swift",
"StringTests.swift",
"TestConstant.swift",
"TimeAmountTests.swift",
"UserRoleTests.swift"
],
"target_dependencies" : [
"AgoraDynamicKey",
"CAgoraDynamicKey"
],
"type" : "test"
},
{
"c99name" : "AgoraDynamicKey",
"module_type" : "SwiftTarget",
"name" : "AgoraDynamicKey",
"path" : "Sources/AgoraDynamicKey",
"product_dependencies" : [
"NIO"
],
"product_memberships" : [
"AgoraDynamicKey"
],
"sources" : [
"ChatTokenBuilder.swift",
"Extensions/String-Extension.swift",
"Extensions/TimeAmount-Extension.swift",
"RtcTokenBuilder.swift",
"RtmTokenBuilder.swift",
"UserRole.swift"
],
"target_dependencies" : [
"CAgoraDynamicKey"
],
"type" : "library"
}
],
"tools_version" : "6.0"
}
{
"workspace" : {
"name" : "agora-dynamic-key-swift",
"schemes" : [
"agora-dynamic-key-swift"
]
}
}
2026-09-21 11:12:17.208 xcodebuild[2215:8277] [MT] IDERunDestination: Supported platforms for the buildables in the current scheme is empty.
Running build ...
env DEVELOPER_DIR=/Applications/Xcode-27.0.0-Release.Candidate.app xcrun xcodebuild -IDEClonedSourcePackagesDirPathOverride=$PWD/.dependencies -skipMacroValidation -skipPackagePluginValidation -derivedDataPath $PWD/.derivedData build -scheme agora-dynamic-key-swift -destination platform=macOS,arch=arm64
Command line invocation:
/Applications/Xcode-27.0.0-Release.Candidate.app/Contents/Developer/usr/bin/xcodebuild -IDEClonedSourcePackagesDirPathOverride=/Users/admin/builder/spi-builder-workspace/.dependencies -skipMacroValidation -skipPackagePluginValidation -derivedDataPath /Users/admin/builder/spi-builder-workspace/.derivedData build -scheme agora-dynamic-key-swift -destination platform=macOS,arch=arm64
Resolve Package Graph
Resolved source packages:
swift-nio: https://github.com/apple/swift-nio @ 2.103.0
swift-nio-ssl: https://github.com/apple/swift-nio-ssl @ 2.37.5
swift-atomics: https://github.com/apple/swift-atomics.git @ 1.3.1
swift-system: https://github.com/apple/swift-system.git @ 1.8.1
swift-collections: https://github.com/apple/swift-collections.git @ 1.6.0
agora-dynamic-key-swift: /Users/admin/builder/spi-builder-workspace
ComputePackagePrebuildTargetDependencyGraph
Prepare packages
CreateBuildRequest
SendProjectDescription
CreateBuildOperation
ComputeTargetDependencyGraph
note: Building targets in dependency order
note: Target dependency graph (36 targets)
Target 'AgoraDynamicKey-product' in project 'agora-dynamic-key-swift'
➜ Explicit dependency on target 'AgoraDynamicKey' in project 'agora-dynamic-key-swift'
➜ Explicit dependency on target 'CAgoraDynamicKey' in project 'agora-dynamic-key-swift'
➜ Explicit dependency on target 'NIOSSL-product' in project 'swift-nio-ssl'
➜ Explicit dependency on target 'NIO-product' in project 'swift-nio'
Target 'AgoraDynamicKey' in project 'agora-dynamic-key-swift'
➜ Explicit dependency on target 'CAgoraDynamicKey' in project 'agora-dynamic-key-swift'
➜ Explicit dependency on target 'NIOSSL-product' in project 'swift-nio-ssl'
➜ Explicit dependency on target 'NIO-product' in project 'swift-nio'
Target 'CAgoraDynamicKey' in project 'agora-dynamic-key-swift'
➜ Explicit dependency on target 'NIOSSL-product' in project 'swift-nio-ssl'
Target 'NIOSSL-product' in project 'swift-nio-ssl'
➜ Explicit dependency on target 'NIOSSL' in project 'swift-nio-ssl'
➜ Explicit dependency on target 'swift-nio-ssl_NIOSSL' in project 'swift-nio-ssl'
➜ Explicit dependency on target 'CNIOBoringSSL' in project 'swift-nio-ssl'
➜ Explicit dependency on target 'CNIOBoringSSLShims' in project 'swift-nio-ssl'
➜ Explicit dependency on target 'NIO-product' in project 'swift-nio'
➜ Explicit dependency on target 'NIOCore-product' in project 'swift-nio'
➜ Explicit dependency on target 'NIOConcurrencyHelpers-product' in project 'swift-nio'
➜ Explicit dependency on target 'NIOTLS-product' in project 'swift-nio'
Target 'NIOSSL' in project 'swift-nio-ssl'
➜ Explicit dependency on target 'swift-nio-ssl_NIOSSL' in project 'swift-nio-ssl'
➜ Explicit dependency on target 'CNIOBoringSSL' in project 'swift-nio-ssl'
➜ Explicit dependency on target 'CNIOBoringSSLShims' in project 'swift-nio-ssl'
➜ Explicit dependency on target 'NIO-product' in project 'swift-nio'
➜ Explicit dependency on target 'NIOCore-product' in project 'swift-nio'
➜ Explicit dependency on target 'NIOConcurrencyHelpers-product' in project 'swift-nio'
➜ Explicit dependency on target 'NIOTLS-product' in project 'swift-nio'
Target 'NIOTLS-product' in project 'swift-nio'
➜ Explicit dependency on target 'NIOTLS' in project 'swift-nio'
➜ Explicit dependency on target 'CNIOAtomics' in project 'swift-nio'
➜ Explicit dependency on target 'NIOConcurrencyHelpers' in project 'swift-nio'
➜ Explicit dependency on target '_NIOBase64' in project 'swift-nio'
➜ Explicit dependency on target 'CNIOOpenBSD' in project 'swift-nio'
➜ Explicit dependency on target 'CNIOFreeBSD' in project 'swift-nio'
➜ Explicit dependency on target 'CNIODarwin' in project 'swift-nio'
➜ Explicit dependency on target 'CNIOLinux' in project 'swift-nio'
➜ Explicit dependency on target 'CNIOWindows' in project 'swift-nio'
➜ Explicit dependency on target 'CNIOWASI' in project 'swift-nio'
➜ Explicit dependency on target '_NIODataStructures' in project 'swift-nio'
➜ Explicit dependency on target 'NIOCore' in project 'swift-nio'
➜ Explicit dependency on target 'NIOEmbedded' in project 'swift-nio'
➜ Explicit dependency on target 'CNIOPosix' in project 'swift-nio'
➜ Explicit dependency on target 'NIOPosix' in project 'swift-nio'
➜ Explicit dependency on target 'NIO' in project 'swift-nio'
➜ Explicit dependency on target 'DequeModule-product' in project 'swift-collections'
➜ Explicit dependency on target 'Atomics-product' in project 'swift-atomics'
Target 'NIOTLS' in project 'swift-nio'
➜ Explicit dependency on target 'CNIOAtomics' in project 'swift-nio'
➜ Explicit dependency on target 'NIOConcurrencyHelpers' in project 'swift-nio'
➜ Explicit dependency on target '_NIOBase64' in project 'swift-nio'
➜ Explicit dependency on target 'CNIOOpenBSD' in project 'swift-nio'
➜ Explicit dependency on target 'CNIOFreeBSD' in project 'swift-nio'
➜ Explicit dependency on target 'CNIODarwin' in project 'swift-nio'
➜ Explicit dependency on target 'CNIOLinux' in project 'swift-nio'
➜ Explicit dependency on target 'CNIOWindows' in project 'swift-nio'
➜ Explicit dependency on target 'CNIOWASI' in project 'swift-nio'
➜ Explicit dependency on target '_NIODataStructures' in project 'swift-nio'
➜ Explicit dependency on target 'NIOCore' in project 'swift-nio'
➜ Explicit dependency on target 'NIOEmbedded' in project 'swift-nio'
➜ Explicit dependency on target 'CNIOPosix' in project 'swift-nio'
➜ Explicit dependency on target 'NIOPosix' in project 'swift-nio'
➜ Explicit dependency on target 'NIO' in project 'swift-nio'
➜ Explicit dependency on target 'DequeModule-product' in project 'swift-collections'
➜ Explicit dependency on target 'Atomics-product' in project 'swift-atomics'
Target 'NIOConcurrencyHelpers-product' in project 'swift-nio'
➜ Explicit dependency on target 'NIOConcurrencyHelpers' in project 'swift-nio'
➜ Explicit dependency on target 'CNIOAtomics' in project 'swift-nio'
Target 'NIOCore-product' in project 'swift-nio'
➜ Explicit dependency on target 'NIOCore' in project 'swift-nio'
➜ Explicit dependency on target 'CNIOAtomics' in project 'swift-nio'
➜ Explicit dependency on target 'NIOConcurrencyHelpers' in project 'swift-nio'
➜ Explicit dependency on target '_NIOBase64' in project 'swift-nio'
➜ Explicit dependency on target 'CNIOOpenBSD' in project 'swift-nio'
➜ Explicit dependency on target 'CNIOFreeBSD' in project 'swift-nio'
➜ Explicit dependency on target 'CNIODarwin' in project 'swift-nio'
➜ Explicit dependency on target 'CNIOLinux' in project 'swift-nio'
➜ Explicit dependency on target 'CNIOWindows' in project 'swift-nio'
➜ Explicit dependency on target 'CNIOWASI' in project 'swift-nio'
➜ Explicit dependency on target '_NIODataStructures' in project 'swift-nio'
➜ Explicit dependency on target 'DequeModule-product' in project 'swift-collections'
➜ Explicit dependency on target 'Atomics-product' in project 'swift-atomics'
Target 'NIO-product' in project 'swift-nio'
➜ Explicit dependency on target 'NIO' in project 'swift-nio'
➜ Explicit dependency on target 'CNIOAtomics' in project 'swift-nio'
➜ Explicit dependency on target 'NIOConcurrencyHelpers' in project 'swift-nio'
➜ Explicit dependency on target '_NIOBase64' in project 'swift-nio'
➜ Explicit dependency on target 'CNIOOpenBSD' in project 'swift-nio'
➜ Explicit dependency on target 'CNIOFreeBSD' in project 'swift-nio'
➜ Explicit dependency on target 'CNIODarwin' in project 'swift-nio'
➜ Explicit dependency on target 'CNIOLinux' in project 'swift-nio'
➜ Explicit dependency on target 'CNIOWindows' in project 'swift-nio'
➜ Explicit dependency on target 'CNIOWASI' in project 'swift-nio'
➜ Explicit dependency on target '_NIODataStructures' in project 'swift-nio'
➜ Explicit dependency on target 'NIOCore' in project 'swift-nio'
➜ Explicit dependency on target 'NIOEmbedded' in project 'swift-nio'
➜ Explicit dependency on target 'CNIOPosix' in project 'swift-nio'
➜ Explicit dependency on target 'NIOPosix' in project 'swift-nio'
➜ Explicit dependency on target 'DequeModule-product' in project 'swift-collections'
➜ Explicit dependency on target 'Atomics-product' in project 'swift-atomics'
Target 'NIO' in project 'swift-nio'
➜ Explicit dependency on target 'CNIOAtomics' in project 'swift-nio'
➜ Explicit dependency on target 'NIOConcurrencyHelpers' in project 'swift-nio'
➜ Explicit dependency on target '_NIOBase64' in project 'swift-nio'
➜ Explicit dependency on target 'CNIOOpenBSD' in project 'swift-nio'
➜ Explicit dependency on target 'CNIOFreeBSD' in project 'swift-nio'
➜ Explicit dependency on target 'CNIODarwin' in project 'swift-nio'
➜ Explicit dependency on target 'CNIOLinux' in project 'swift-nio'
➜ Explicit dependency on target 'CNIOWindows' in project 'swift-nio'
➜ Explicit dependency on target 'CNIOWASI' in project 'swift-nio'
➜ Explicit dependency on target '_NIODataStructures' in project 'swift-nio'
➜ Explicit dependency on target 'NIOCore' in project 'swift-nio'
➜ Explicit dependency on target 'NIOEmbedded' in project 'swift-nio'
➜ Explicit dependency on target 'CNIOPosix' in project 'swift-nio'
➜ Explicit dependency on target 'NIOPosix' in project 'swift-nio'
➜ Explicit dependency on target 'DequeModule-product' in project 'swift-collections'
➜ Explicit dependency on target 'Atomics-product' in project 'swift-atomics'
Target 'NIOPosix' in project 'swift-nio'
➜ Explicit dependency on target 'swift-nio_NIOPosix' in project 'swift-nio'
➜ Explicit dependency on target 'CNIOOpenBSD' in project 'swift-nio'
➜ Explicit dependency on target 'CNIOLinux' in project 'swift-nio'
➜ Explicit dependency on target 'CNIODarwin' in project 'swift-nio'
➜ Explicit dependency on target 'CNIOWindows' in project 'swift-nio'
➜ Explicit dependency on target 'CNIOAtomics' in project 'swift-nio'
➜ Explicit dependency on target 'NIOConcurrencyHelpers' in project 'swift-nio'
➜ Explicit dependency on target '_NIOBase64' in project 'swift-nio'
➜ Explicit dependency on target 'CNIOFreeBSD' in project 'swift-nio'
➜ Explicit dependency on target 'CNIOWASI' in project 'swift-nio'
➜ Explicit dependency on target '_NIODataStructures' in project 'swift-nio'
➜ Explicit dependency on target 'NIOCore' in project 'swift-nio'
➜ Explicit dependency on target 'CNIOPosix' in project 'swift-nio'
➜ Explicit dependency on target 'DequeModule-product' in project 'swift-collections'
➜ Explicit dependency on target 'Atomics-product' in project 'swift-atomics'
Target 'swift-nio_NIOPosix' in project 'swift-nio' (no dependencies)
Target 'CNIOPosix' in project 'swift-nio' (no dependencies)
Target 'NIOEmbedded' in project 'swift-nio'
➜ Explicit dependency on target 'CNIOAtomics' in project 'swift-nio'
➜ Explicit dependency on target 'NIOConcurrencyHelpers' in project 'swift-nio'
➜ Explicit dependency on target '_NIOBase64' in project 'swift-nio'
➜ Explicit dependency on target 'CNIOOpenBSD' in project 'swift-nio'
➜ Explicit dependency on target 'CNIOFreeBSD' in project 'swift-nio'
➜ Explicit dependency on target 'CNIODarwin' in project 'swift-nio'
➜ Explicit dependency on target 'CNIOLinux' in project 'swift-nio'
➜ Explicit dependency on target 'CNIOWindows' in project 'swift-nio'
➜ Explicit dependency on target 'CNIOWASI' in project 'swift-nio'
➜ Explicit dependency on target '_NIODataStructures' in project 'swift-nio'
➜ Explicit dependency on target 'NIOCore' in project 'swift-nio'
➜ Explicit dependency on target 'DequeModule-product' in project 'swift-collections'
➜ Explicit dependency on target 'Atomics-product' in project 'swift-atomics'
Target 'NIOCore' in project 'swift-nio'
➜ Explicit dependency on target 'CNIOAtomics' in project 'swift-nio'
➜ Explicit dependency on target 'NIOConcurrencyHelpers' in project 'swift-nio'
➜ Explicit dependency on target '_NIOBase64' in project 'swift-nio'
➜ Explicit dependency on target 'CNIOOpenBSD' in project 'swift-nio'
➜ Explicit dependency on target 'CNIOFreeBSD' in project 'swift-nio'
➜ Explicit dependency on target 'CNIODarwin' in project 'swift-nio'
➜ Explicit dependency on target 'CNIOLinux' in project 'swift-nio'
➜ Explicit dependency on target 'CNIOWindows' in project 'swift-nio'
➜ Explicit dependency on target 'CNIOWASI' in project 'swift-nio'
➜ Explicit dependency on target '_NIODataStructures' in project 'swift-nio'
➜ Explicit dependency on target 'DequeModule-product' in project 'swift-collections'
➜ Explicit dependency on target 'Atomics-product' in project 'swift-atomics'
Target 'Atomics-product' in project 'swift-atomics'
➜ Explicit dependency on target 'Atomics' in project 'swift-atomics'
➜ Explicit dependency on target '_AtomicsShims' in project 'swift-atomics'
Target 'Atomics' in project 'swift-atomics'
➜ Explicit dependency on target '_AtomicsShims' in project 'swift-atomics'
Target '_AtomicsShims' in project 'swift-atomics' (no dependencies)
Target 'DequeModule-product' in project 'swift-collections'
➜ Explicit dependency on target 'DequeModule' in project 'swift-collections'
➜ Explicit dependency on target 'InternalCollectionsUtilities' in project 'swift-collections'
➜ Explicit dependency on target 'ContainersPreview' in project 'swift-collections'
Target 'DequeModule' in project 'swift-collections'
➜ Explicit dependency on target 'InternalCollectionsUtilities' in project 'swift-collections'
➜ Explicit dependency on target 'ContainersPreview' in project 'swift-collections'
Target 'ContainersPreview' in project 'swift-collections'
➜ Explicit dependency on target 'InternalCollectionsUtilities' in project 'swift-collections'
Target 'InternalCollectionsUtilities' in project 'swift-collections' (no dependencies)
Target '_NIODataStructures' in project 'swift-nio' (no dependencies)
Target 'CNIOWASI' in project 'swift-nio' (no dependencies)
Target 'CNIOWindows' in project 'swift-nio' (no dependencies)
Target 'CNIOLinux' in project 'swift-nio' (no dependencies)
Target 'CNIODarwin' in project 'swift-nio' (no dependencies)
Target 'CNIOFreeBSD' in project 'swift-nio' (no dependencies)
Target 'CNIOOpenBSD' in project 'swift-nio' (no dependencies)
Target '_NIOBase64' in project 'swift-nio' (no dependencies)
Target 'NIOConcurrencyHelpers' in project 'swift-nio'
➜ Explicit dependency on target 'CNIOAtomics' in project 'swift-nio'
Target 'CNIOAtomics' in project 'swift-nio' (no dependencies)
Target 'CNIOBoringSSLShims' in project 'swift-nio-ssl'
➜ Explicit dependency on target 'CNIOBoringSSL' in project 'swift-nio-ssl'
Target 'CNIOBoringSSL' in project 'swift-nio-ssl' (no dependencies)
Target 'swift-nio-ssl_NIOSSL' in project 'swift-nio-ssl' (no dependencies)
GatherProvisioningInputs
CreateBuildDescription
ClangStatCache /Applications/Xcode-27.0.0-Release.Candidate.app/Contents/Developer/Toolchains/XcodeDefault.xctoolchain/usr/bin/clang-stat-cache /Applications/Xcode-27.0.0-Release.Candidate.app/Contents/Developer/Platforms/MacOSX.platform/Developer/SDKs/MacOSX27.0.sdk /Users/admin/builder/spi-builder-workspace/.derivedData/SDKStatCaches.noindex/macosx27.0-26A425-e829b21a6f8c9b70876ba0858053c0446a22442a12e9d48fe1a705f55a1adfc4.sdkstatcache
cd /Users/admin/builder/spi-builder-workspace/.swiftpm/xcode
/Applications/Xcode-27.0.0-Release.Candidate.app/Contents/Developer/Toolchains/XcodeDefault.xctoolchain/usr/bin/clang-stat-cache /Applications/Xcode-27.0.0-Release.Candidate.app/Contents/Developer/Platforms/MacOSX.platform/Developer/SDKs/MacOSX27.0.sdk -o /Users/admin/builder/spi-builder-workspace/.derivedData/SDKStatCaches.noindex/macosx27.0-26A425-e829b21a6f8c9b70876ba0858053c0446a22442a12e9d48fe1a705f55a1adfc4.sdkstatcache
SwiftDriver AgoraDynamicKey normal arm64 com.apple.xcode.tools.swift.compiler (in target 'AgoraDynamicKey' from project 'agora-dynamic-key-swift')
cd /Users/admin/builder/spi-builder-workspace/.swiftpm/xcode
builtin-SwiftDriver -- /Applications/Xcode-27.0.0-Release.Candidate.app/Contents/Developer/Toolchains/XcodeDefault.xctoolchain/usr/bin/swiftc -parse-as-library -module-name AgoraDynamicKey -Onone @/Users/admin/builder/spi-builder-workspace/.derivedData/Build/Intermediates.noindex/agora-dynamic-key-swift.build/Debug/AgoraDynamicKey-t.build/Objects-normal/arm64/AgoraDynamicKey.SwiftFileList -DSWIFT_PACKAGE -DDEBUG -DSWIFT_MODULE_RESOURCE_BUNDLE_UNAVAILABLE -Xcc -fmodule-map-file\=/Users/admin/builder/spi-builder-workspace/.derivedData/Build/Intermediates.noindex/GeneratedModuleMaps/CNIOBoringSSLShims.modulemap -Xcc -fmodule-map-file\=/Users/admin/builder/spi-builder-workspace/.dependencies/checkouts/swift-nio-ssl/Sources/CNIOBoringSSL/include/module.modulemap -Xcc -fmodule-map-file\=/Users/admin/builder/spi-builder-workspace/.dependencies/checkouts/swift-atomics/Sources/_AtomicsShims/include/module.modulemap -Xcc -fmodule-map-file\=/Users/admin/builder/spi-builder-workspace/.derivedData/Build/Intermediates.noindex/GeneratedModuleMaps/CNIOPosix.modulemap -Xcc -fmodule-map-file\=/Users/admin/builder/spi-builder-workspace/.derivedData/Build/Intermediates.noindex/GeneratedModuleMaps/CNIOWASI.modulemap -Xcc -fmodule-map-file\=/Users/admin/builder/spi-builder-workspace/.dependencies/checkouts/swift-nio/Sources/CNIOWindows/include/module.modulemap -Xcc -fmodule-map-file\=/Users/admin/builder/spi-builder-workspace/.derivedData/Build/Intermediates.noindex/GeneratedModuleMaps/CNIOLinux.modulemap -Xcc -fmodule-map-file\=/Users/admin/builder/spi-builder-workspace/.derivedData/Build/Intermediates.noindex/GeneratedModuleMaps/CNIODarwin.modulemap -Xcc -fmodule-map-file\=/Users/admin/builder/spi-builder-workspace/.derivedData/Build/Intermediates.noindex/GeneratedModuleMaps/CNIOFreeBSD.modulemap -Xcc -fmodule-map-file\=/Users/admin/builder/spi-builder-workspace/.derivedData/Build/Intermediates.noindex/GeneratedModuleMaps/CNIOOpenBSD.modulemap -Xcc -fmodule-map-file\=/Users/admin/builder/spi-builder-workspace/.derivedData/Build/Intermediates.noindex/GeneratedModuleMaps/CNIOAtomics.modulemap -Xcc -fmodule-map-file\=/Users/admin/builder/spi-builder-workspace/.derivedData/Build/Intermediates.noindex/GeneratedModuleMaps/CAgoraDynamicKey.modulemap -DXcode -cxx-interoperability-mode\=default -Xcc -std\=c++14 -plugin-path /Applications/Xcode-27.0.0-Release.Candidate.app/Contents/Developer/Toolchains/XcodeDefault.xctoolchain/usr/lib/swift/host/plugins/testing -enable-experimental-feature DebugDescriptionMacro -sdk /Applications/Xcode-27.0.0-Release.Candidate.app/Contents/Developer/Platforms/MacOSX.platform/Developer/SDKs/MacOSX27.0.sdk -target arm64-apple-macos12.0 -g -module-cache-path /Users/admin/builder/spi-builder-workspace/.derivedData/ModuleCache.noindex -Xfrontend -serialize-debugging-options -profile-coverage-mapping -profile-generate -enable-testing -index-store-path /Users/admin/builder/spi-builder-workspace/.derivedData/Index.noindex/DataStore -Xcc -D_LIBCPP_HARDENING_MODE\=_LIBCPP_HARDENING_MODE_DEBUG -swift-version 6 -I /Users/admin/builder/spi-builder-workspace/.derivedData/Build/Products/Debug -Isystem /Applications/Xcode-27.0.0-Release.Candidate.app/Contents/Developer/Platforms/MacOSX.platform/Developer/usr/lib -F /Users/admin/builder/spi-builder-workspace/.derivedData/Build/Products/Debug/PackageFrameworks -F /Users/admin/builder/spi-builder-workspace/.derivedData/Build/Products/Debug -F /Applications/Xcode-27.0.0-Release.Candidate.app/Contents/Developer/Platforms/MacOSX.platform/Developer/Library/Frameworks -c -j10 -enable-batch-mode -incremental -Xcc -ivfsstatcache -Xcc /Users/admin/builder/spi-builder-workspace/.derivedData/SDKStatCaches.noindex/macosx27.0-26A425-e829b21a6f8c9b70876ba0858053c0446a22442a12e9d48fe1a705f55a1adfc4.sdkstatcache -output-file-map /Users/admin/builder/spi-builder-workspace/.derivedData/Build/Intermediates.noindex/agora-dynamic-key-swift.build/Debug/AgoraDynamicKey-t.build/Objects-normal/arm64/AgoraDynamicKey-OutputFileMap.json -save-temps -no-color-diagnostics -explicit-module-build -module-cache-path /Users/admin/builder/spi-builder-workspace/.derivedData/Build/Intermediates.noindex/SwiftExplicitPrecompiledModules -clang-scanner-module-cache-path /Users/admin/builder/spi-builder-workspace/.derivedData/ModuleCache.noindex -sdk-module-cache-path /Users/admin/builder/spi-builder-workspace/.derivedData/SDKExplicitPrecompiledModules -emit-dependencies -emit-module -emit-module-path /Users/admin/builder/spi-builder-workspace/.derivedData/Build/Intermediates.noindex/agora-dynamic-key-swift.build/Debug/AgoraDynamicKey-t.build/Objects-normal/arm64/AgoraDynamicKey.swiftmodule -serialize-diagnostics -dependency-scan-serialize-diagnostics-path /Users/admin/builder/spi-builder-workspace/.derivedData/Build/Intermediates.noindex/agora-dynamic-key-swift.build/Debug/AgoraDynamicKey-t.build/Objects-normal/arm64/AgoraDynamicKey-dependency-scan.dia -validate-clang-modules-once -clang-build-session-file /Users/admin/builder/spi-builder-workspace/.derivedData/ModuleCache.noindex/Session.modulevalidation -Xcc -fmodules-prune-interval\=86400 -Xcc -fmodules-prune-after\=345600 -package-name spi_builder_workspace -emit-const-values -const-gather-protocols-list /Users/admin/builder/spi-builder-workspace/.derivedData/Build/Intermediates.noindex/agora-dynamic-key-swift.build/Debug/AgoraDynamicKey-t.build/Objects-normal/arm64/AgoraDynamicKey_const_extract_protocols.json -Xcc -I/Users/admin/builder/spi-builder-workspace/.dependencies/checkouts/swift-nio-ssl/Sources/CNIOBoringSSLShims/include -Xcc -I/Users/admin/builder/spi-builder-workspace/.dependencies/checkouts/swift-nio-ssl/Sources/CNIOBoringSSL/include -Xcc -I/Users/admin/builder/spi-builder-workspace/.dependencies/checkouts/swift-atomics/Sources/_AtomicsShims/include -Xcc -I/Users/admin/builder/spi-builder-workspace/.dependencies/checkouts/swift-nio/Sources/CNIOPosix/include -Xcc -I/Users/admin/builder/spi-builder-workspace/.dependencies/checkouts/swift-nio/Sources/CNIOWASI/include -Xcc -I/Users/admin/builder/spi-builder-workspace/.dependencies/checkouts/swift-nio/Sources/CNIOWindows/include -Xcc -I/Users/admin/builder/spi-builder-workspace/.dependencies/checkouts/swift-nio/Sources/CNIOLinux/include -Xcc -I/Users/admin/builder/spi-builder-workspace/.dependencies/checkouts/swift-nio/Sources/CNIODarwin/include -Xcc -I/Users/admin/builder/spi-builder-workspace/.dependencies/checkouts/swift-nio/Sources/CNIOFreeBSD/include -Xcc -I/Users/admin/builder/spi-builder-workspace/.dependencies/checkouts/swift-nio/Sources/CNIOOpenBSD/include -Xcc -I/Users/admin/builder/spi-builder-workspace/.dependencies/checkouts/swift-nio/Sources/CNIOAtomics/include -Xcc -I/Users/admin/builder/spi-builder-workspace/Sources/CAgoraDynamicKey/include -Xcc -I/Users/admin/builder/spi-builder-workspace/.derivedData/Build/Products/Debug/include -Xcc -I/Users/admin/builder/spi-builder-workspace/.derivedData/Build/Intermediates.noindex/agora-dynamic-key-swift.build/Debug/AgoraDynamicKey-t.build/DerivedSources-normal/arm64 -Xcc -I/Users/admin/builder/spi-builder-workspace/.derivedData/Build/Intermediates.noindex/agora-dynamic-key-swift.build/Debug/AgoraDynamicKey-t.build/DerivedSources/arm64 -Xcc -I/Users/admin/builder/spi-builder-workspace/.derivedData/Build/Intermediates.noindex/agora-dynamic-key-swift.build/Debug/AgoraDynamicKey-t.build/DerivedSources -Xcc -DSWIFT_PACKAGE -Xcc -DDEBUG\=1 -emit-objc-header -emit-objc-header-path /Users/admin/builder/spi-builder-workspace/.derivedData/Build/Intermediates.noindex/agora-dynamic-key-swift.build/Debug/AgoraDynamicKey-t.build/Objects-normal/arm64/AgoraDynamicKey-Swift.h -working-directory /Users/admin/builder/spi-builder-workspace/.swiftpm/xcode -experimental-emit-module-separately -disable-cmo
SwiftExplicitDependencyGeneratePcm arm64 /Users/admin/builder/spi-builder-workspace/.derivedData/Build/Intermediates.noindex/SwiftExplicitPrecompiledModules/CNIOBoringSSL-5WJN3E6GKBA9OFL4QTLZ7EZ8K.pcm
<module-includes>:1:9: note: in file included from <module-includes>:1:
1 | #import "CNIOBoringSSL.h"
| `- note: in file included from <module-includes>:1:
2 |
/Users/admin/builder/spi-builder-workspace/.dependencies/checkouts/swift-nio-ssl/Sources/CNIOBoringSSL/include/CNIOBoringSSL.h:55:10: note: in file included from /Users/admin/builder/spi-builder-workspace/.dependencies/checkouts/swift-nio-ssl/Sources/CNIOBoringSSL/include/CNIOBoringSSL.h:55:
53 | #include "CNIOBoringSSL_mlkem.h"
54 | #include "CNIOBoringSSL_obj_mac.h"
55 | #include "CNIOBoringSSL_objects.h"
| `- note: in file included from /Users/admin/builder/spi-builder-workspace/.dependencies/checkouts/swift-nio-ssl/Sources/CNIOBoringSSL/include/CNIOBoringSSL.h:55:
56 | #include "CNIOBoringSSL_opensslv.h"
57 | #include "CNIOBoringSSL_ossl_typ.h"
/Users/admin/builder/spi-builder-workspace/.dependencies/checkouts/swift-nio-ssl/Sources/CNIOBoringSSL/include/CNIOBoringSSL_objects.h:18:10: note: in file included from /Users/admin/builder/spi-builder-workspace/.dependencies/checkouts/swift-nio-ssl/Sources/CNIOBoringSSL/include/CNIOBoringSSL_objects.h:18:
16 | OpenSSL easier. */
17 |
18 | #include "CNIOBoringSSL_obj.h"
| `- note: in file included from /Users/admin/builder/spi-builder-workspace/.dependencies/checkouts/swift-nio-ssl/Sources/CNIOBoringSSL/include/CNIOBoringSSL_objects.h:18:
19 |
/Users/admin/builder/spi-builder-workspace/.dependencies/checkouts/swift-nio-ssl/Sources/CNIOBoringSSL/include/CNIOBoringSSL_obj.h:15:10: note: in file included from /Users/admin/builder/spi-builder-workspace/.dependencies/checkouts/swift-nio-ssl/Sources/CNIOBoringSSL/include/CNIOBoringSSL_obj.h:15:
13 | #include "CNIOBoringSSL_base.h"
14 |
15 | #include "CNIOBoringSSL_bytestring.h"
| `- note: in file included from /Users/admin/builder/spi-builder-workspace/.dependencies/checkouts/swift-nio-ssl/Sources/CNIOBoringSSL/include/CNIOBoringSSL_obj.h:15:
16 | #include "CNIOBoringSSL_nid.h" // IWYU pragma: export
17 |
/Users/admin/builder/spi-builder-workspace/.dependencies/checkouts/swift-nio-ssl/Sources/CNIOBoringSSL/include/CNIOBoringSSL_bytestring.h:20:10: note: in file included from /Users/admin/builder/spi-builder-workspace/.dependencies/checkouts/swift-nio-ssl/Sources/CNIOBoringSSL/include/CNIOBoringSSL_bytestring.h:20:
18 | #include "CNIOBoringSSL_base.h"
19 |
20 | #include "CNIOBoringSSL_span.h"
| `- note: in file included from /Users/admin/builder/spi-builder-workspace/.dependencies/checkouts/swift-nio-ssl/Sources/CNIOBoringSSL/include/CNIOBoringSSL_bytestring.h:20:
21 | #include <time.h>
22 |
/Users/admin/builder/spi-builder-workspace/.dependencies/checkouts/swift-nio-ssl/Sources/CNIOBoringSSL/include/CNIOBoringSSL_span.h:74:10: error: no template named 'is_convertible_v' in namespace 'std'; did you mean 'is_convertible'?
72 | template <typename C, typename T>
73 | using EnableIfContainer = std::enable_if_t<
74 | std::is_convertible_v<decltype(std::declval<C>().data()), T *> &&
| `- error: no template named 'is_convertible_v' in namespace 'std'; did you mean 'is_convertible'?
75 | std::is_integral_v<decltype(std::declval<C>().size())>>;
76 |
/Applications/Xcode-27.0.0-Release.Candidate.app/Contents/Developer/Platforms/MacOSX.platform/Developer/SDKs/MacOSX27.0.sdk/usr/include/c++/v1/__type_traits/is_convertible.h:22:35: note: 'is_convertible' declared here
20 |
21 | template <class _T1, class _T2>
22 | struct _LIBCPP_NO_SPECIALIZATIONS is_convertible : integral_constant<bool, __is_convertible(_T1, _T2)> {};
| `- note: 'is_convertible' declared here
23 |
24 | #if _LIBCPP_STD_VER >= 17
<module-includes>:1:9: note: in file included from <module-includes>:1:
1 | #import "CNIOBoringSSL.h"
| `- note: in file included from <module-includes>:1:
2 |
/Users/admin/builder/spi-builder-workspace/.dependencies/checkouts/swift-nio-ssl/Sources/CNIOBoringSSL/include/CNIOBoringSSL.h:55:10: note: in file included from /Users/admin/builder/spi-builder-workspace/.dependencies/checkouts/swift-nio-ssl/Sources/CNIOBoringSSL/include/CNIOBoringSSL.h:55:
53 | #include "CNIOBoringSSL_mlkem.h"
54 | #include "CNIOBoringSSL_obj_mac.h"
55 | #include "CNIOBoringSSL_objects.h"
| `- note: in file included from /Users/admin/builder/spi-builder-workspace/.dependencies/checkouts/swift-nio-ssl/Sources/CNIOBoringSSL/include/CNIOBoringSSL.h:55:
56 | #include "CNIOBoringSSL_opensslv.h"
57 | #include "CNIOBoringSSL_ossl_typ.h"
/Users/admin/builder/spi-builder-workspace/.dependencies/checkouts/swift-nio-ssl/Sources/CNIOBoringSSL/include/CNIOBoringSSL_objects.h:18:10: note: in file included from /Users/admin/builder/spi-builder-workspace/.dependencies/checkouts/swift-nio-ssl/Sources/CNIOBoringSSL/include/CNIOBoringSSL_objects.h:18:
16 | OpenSSL easier. */
17 |
18 | #include "CNIOBoringSSL_obj.h"
| `- note: in file included from /Users/admin/builder/spi-builder-workspace/.dependencies/checkouts/swift-nio-ssl/Sources/CNIOBoringSSL/include/CNIOBoringSSL_objects.h:18:
19 |
/Users/admin/builder/spi-builder-workspace/.dependencies/checkouts/swift-nio-ssl/Sources/CNIOBoringSSL/include/CNIOBoringSSL_obj.h:15:10: note: in file included from /Users/admin/builder/spi-builder-workspace/.dependencies/checkouts/swift-nio-ssl/Sources/CNIOBoringSSL/include/CNIOBoringSSL_obj.h:15:
13 | #include "CNIOBoringSSL_base.h"
14 |
15 | #include "CNIOBoringSSL_bytestring.h"
| `- note: in file included from /Users/admin/builder/spi-builder-workspace/.dependencies/checkouts/swift-nio-ssl/Sources/CNIOBoringSSL/include/CNIOBoringSSL_obj.h:15:
16 | #include "CNIOBoringSSL_nid.h" // IWYU pragma: export
17 |
/Users/admin/builder/spi-builder-workspace/.dependencies/checkouts/swift-nio-ssl/Sources/CNIOBoringSSL/include/CNIOBoringSSL_bytestring.h:20:10: note: in file included from /Users/admin/builder/spi-builder-workspace/.dependencies/checkouts/swift-nio-ssl/Sources/CNIOBoringSSL/include/CNIOBoringSSL_bytestring.h:20:
18 | #include "CNIOBoringSSL_base.h"
19 |
20 | #include "CNIOBoringSSL_span.h"
| `- note: in file included from /Users/admin/builder/spi-builder-workspace/.dependencies/checkouts/swift-nio-ssl/Sources/CNIOBoringSSL/include/CNIOBoringSSL_bytestring.h:20:
21 | #include <time.h>
22 |
/Users/admin/builder/spi-builder-workspace/.dependencies/checkouts/swift-nio-ssl/Sources/CNIOBoringSSL/include/CNIOBoringSSL_span.h:75:10: error: no template named 'is_integral_v' in namespace 'std'; did you mean 'is_integral'?
73 | using EnableIfContainer = std::enable_if_t<
74 | std::is_convertible_v<decltype(std::declval<C>().data()), T *> &&
75 | std::is_integral_v<decltype(std::declval<C>().size())>>;
| `- error: no template named 'is_integral_v' in namespace 'std'; did you mean 'is_integral'?
76 |
77 | } // namespace internal
/Applications/Xcode-27.0.0-Release.Candidate.app/Contents/Developer/Platforms/MacOSX.platform/Developer/SDKs/MacOSX27.0.sdk/usr/include/c++/v1/__type_traits/is_integral.h:25:35: note: 'is_integral' declared here
23 |
24 | template <class _Tp>
25 | struct _LIBCPP_NO_SPECIALIZATIONS is_integral : _BoolConstant<__is_integral(_Tp)> {};
| `- note: 'is_integral' declared here
26 |
27 | # if _LIBCPP_STD_VER >= 17
<module-includes>:1:9: note: in file included from <module-includes>:1:
1 | #import "CNIOBoringSSL.h"
| `- note: in file included from <module-includes>:1:
2 |
/Users/admin/builder/spi-builder-workspace/.dependencies/checkouts/swift-nio-ssl/Sources/CNIOBoringSSL/include/CNIOBoringSSL.h:55:10: note: in file included from /Users/admin/builder/spi-builder-workspace/.dependencies/checkouts/swift-nio-ssl/Sources/CNIOBoringSSL/include/CNIOBoringSSL.h:55:
53 | #include "CNIOBoringSSL_mlkem.h"
54 | #include "CNIOBoringSSL_obj_mac.h"
55 | #include "CNIOBoringSSL_objects.h"
| `- note: in file included from /Users/admin/builder/spi-builder-workspace/.dependencies/checkouts/swift-nio-ssl/Sources/CNIOBoringSSL/include/CNIOBoringSSL.h:55:
56 | #include "CNIOBoringSSL_opensslv.h"
57 | #include "CNIOBoringSSL_ossl_typ.h"
/Users/admin/builder/spi-builder-workspace/.dependencies/checkouts/swift-nio-ssl/Sources/CNIOBoringSSL/include/CNIOBoringSSL_objects.h:18:10: note: in file included from /Users/admin/builder/spi-builder-workspace/.dependencies/checkouts/swift-nio-ssl/Sources/CNIOBoringSSL/include/CNIOBoringSSL_objects.h:18:
16 | OpenSSL easier. */
17 |
18 | #include "CNIOBoringSSL_obj.h"
| `- note: in file included from /Users/admin/builder/spi-builder-workspace/.dependencies/checkouts/swift-nio-ssl/Sources/CNIOBoringSSL/include/CNIOBoringSSL_objects.h:18:
19 |
/Users/admin/builder/spi-builder-workspace/.dependencies/checkouts/swift-nio-ssl/Sources/CNIOBoringSSL/include/CNIOBoringSSL_obj.h:15:10: note: in file included from /Users/admin/builder/spi-builder-workspace/.dependencies/checkouts/swift-nio-ssl/Sources/CNIOBoringSSL/include/CNIOBoringSSL_obj.h:15:
13 | #include "CNIOBoringSSL_base.h"
14 |
15 | #include "CNIOBoringSSL_bytestring.h"
| `- note: in file included from /Users/admin/builder/spi-builder-workspace/.dependencies/checkouts/swift-nio-ssl/Sources/CNIOBoringSSL/include/CNIOBoringSSL_obj.h:15:
16 | #include "CNIOBoringSSL_nid.h" // IWYU pragma: export
17 |
/Users/admin/builder/spi-builder-workspace/.dependencies/checkouts/swift-nio-ssl/Sources/CNIOBoringSSL/include/CNIOBoringSSL_bytestring.h:20:10: note: in file included from /Users/admin/builder/spi-builder-workspace/.dependencies/checkouts/swift-nio-ssl/Sources/CNIOBoringSSL/include/CNIOBoringSSL_bytestring.h:20:
18 | #include "CNIOBoringSSL_base.h"
19 |
20 | #include "CNIOBoringSSL_span.h"
| `- note: in file included from /Users/admin/builder/spi-builder-workspace/.dependencies/checkouts/swift-nio-ssl/Sources/CNIOBoringSSL/include/CNIOBoringSSL_bytestring.h:20:
21 | #include <time.h>
22 |
/Users/admin/builder/spi-builder-workspace/.dependencies/checkouts/swift-nio-ssl/Sources/CNIOBoringSSL/include/CNIOBoringSSL_span.h:75:58: error: expected '>'
71 | // a Span<T> by checking for data() and size() member functions.
72 | template <typename C, typename T>
73 | using EnableIfContainer = std::enable_if_t<
| `- note: to match this '<'
74 | std::is_convertible_v<decltype(std::declval<C>().data()), T *> &&
75 | std::is_integral_v<decltype(std::declval<C>().size())>>;
| `- error: expected '>'
76 |
77 | } // namespace internal
<module-includes>:1:9: note: in file included from <module-includes>:1:
1 | #import "CNIOBoringSSL.h"
| `- note: in file included from <module-includes>:1:
2 |
/Users/admin/builder/spi-builder-workspace/.dependencies/checkouts/swift-nio-ssl/Sources/CNIOBoringSSL/include/CNIOBoringSSL.h:55:10: note: in file included from /Users/admin/builder/spi-builder-workspace/.dependencies/checkouts/swift-nio-ssl/Sources/CNIOBoringSSL/include/CNIOBoringSSL.h:55:
53 | #include "CNIOBoringSSL_mlkem.h"
54 | #include "CNIOBoringSSL_obj_mac.h"
55 | #include "CNIOBoringSSL_objects.h"
| `- note: in file included from /Users/admin/builder/spi-builder-workspace/.dependencies/checkouts/swift-nio-ssl/Sources/CNIOBoringSSL/include/CNIOBoringSSL.h:55:
56 | #include "CNIOBoringSSL_opensslv.h"
57 | #include "CNIOBoringSSL_ossl_typ.h"
/Users/admin/builder/spi-builder-workspace/.dependencies/checkouts/swift-nio-ssl/Sources/CNIOBoringSSL/include/CNIOBoringSSL_objects.h:18:10: note: in file included from /Users/admin/builder/spi-builder-workspace/.dependencies/checkouts/swift-nio-ssl/Sources/CNIOBoringSSL/include/CNIOBoringSSL_objects.h:18:
16 | OpenSSL easier. */
17 |
18 | #include "CNIOBoringSSL_obj.h"
| `- note: in file included from /Users/admin/builder/spi-builder-workspace/.dependencies/checkouts/swift-nio-ssl/Sources/CNIOBoringSSL/include/CNIOBoringSSL_objects.h:18:
19 |
/Users/admin/builder/spi-builder-workspace/.dependencies/checkouts/swift-nio-ssl/Sources/CNIOBoringSSL/include/CNIOBoringSSL_obj.h:15:10: note: in file included from /Users/admin/builder/spi-builder-workspace/.dependencies/checkouts/swift-nio-ssl/Sources/CNIOBoringSSL/include/CNIOBoringSSL_obj.h:15:
13 | #include "CNIOBoringSSL_base.h"
14 |
15 | #include "CNIOBoringSSL_bytestring.h"
| `- note: in file included from /Users/admin/builder/spi-builder-workspace/.dependencies/checkouts/swift-nio-ssl/Sources/CNIOBoringSSL/include/CNIOBoringSSL_obj.h:15:
16 | #include "CNIOBoringSSL_nid.h" // IWYU pragma: export
17 |
/Users/admin/builder/spi-builder-workspace/.dependencies/checkouts/swift-nio-ssl/Sources/CNIOBoringSSL/include/CNIOBoringSSL_bytestring.h:20:10: note: in file included from /Users/admin/builder/spi-builder-workspace/.dependencies/checkouts/swift-nio-ssl/Sources/CNIOBoringSSL/include/CNIOBoringSSL_bytestring.h:20:
18 | #include "CNIOBoringSSL_base.h"
19 |
20 | #include "CNIOBoringSSL_span.h"
| `- note: in file included from /Users/admin/builder/spi-builder-workspace/.dependencies/checkouts/swift-nio-ssl/Sources/CNIOBoringSSL/include/CNIOBoringSSL_bytestring.h:20:
21 | #include <time.h>
22 |
/Users/admin/builder/spi-builder-workspace/.dependencies/checkouts/swift-nio-ssl/Sources/CNIOBoringSSL/include/CNIOBoringSSL_span.h:75:10: error: expected ';' after alias declaration
73 | using EnableIfContainer = std::enable_if_t<
74 | std::is_convertible_v<decltype(std::declval<C>().data()), T *> &&
75 | std::is_integral_v<decltype(std::declval<C>().size())>>;
| `- error: expected ';' after alias declaration
76 |
77 | } // namespace internal
<module-includes>:1:9: note: in file included from <module-includes>:1:
1 | #import "CNIOBoringSSL.h"
| `- note: in file included from <module-includes>:1:
2 |
/Users/admin/builder/spi-builder-workspace/.dependencies/checkouts/swift-nio-ssl/Sources/CNIOBoringSSL/include/CNIOBoringSSL.h:55:10: note: in file included from /Users/admin/builder/spi-builder-workspace/.dependencies/checkouts/swift-nio-ssl/Sources/CNIOBoringSSL/include/CNIOBoringSSL.h:55:
53 | #include "CNIOBoringSSL_mlkem.h"
54 | #include "CNIOBoringSSL_obj_mac.h"
55 | #include "CNIOBoringSSL_objects.h"
| `- note: in file included from /Users/admin/builder/spi-builder-workspace/.dependencies/checkouts/swift-nio-ssl/Sources/CNIOBoringSSL/include/CNIOBoringSSL.h:55:
56 | #include "CNIOBoringSSL_opensslv.h"
57 | #include "CNIOBoringSSL_ossl_typ.h"
/Users/admin/builder/spi-builder-workspace/.dependencies/checkouts/swift-nio-ssl/Sources/CNIOBoringSSL/include/CNIOBoringSSL_objects.h:18:10: note: in file included from /Users/admin/builder/spi-builder-workspace/.dependencies/checkouts/swift-nio-ssl/Sources/CNIOBoringSSL/include/CNIOBoringSSL_objects.h:18:
16 | OpenSSL easier. */
17 |
18 | #include "CNIOBoringSSL_obj.h"
| `- note: in file included from /Users/admin/builder/spi-builder-workspace/.dependencies/checkouts/swift-nio-ssl/Sources/CNIOBoringSSL/include/CNIOBoringSSL_objects.h:18:
19 |
/Users/admin/builder/spi-builder-workspace/.dependencies/checkouts/swift-nio-ssl/Sources/CNIOBoringSSL/include/CNIOBoringSSL_obj.h:15:10: note: in file included from /Users/admin/builder/spi-builder-workspace/.dependencies/checkouts/swift-nio-ssl/Sources/CNIOBoringSSL/include/CNIOBoringSSL_obj.h:15:
13 | #include "CNIOBoringSSL_base.h"
14 |
15 | #include "CNIOBoringSSL_bytestring.h"
| `- note: in file included from /Users/admin/builder/spi-builder-workspace/.dependencies/checkouts/swift-nio-ssl/Sources/CNIOBoringSSL/include/CNIOBoringSSL_obj.h:15:
16 | #include "CNIOBoringSSL_nid.h" // IWYU pragma: export
17 |
/Users/admin/builder/spi-builder-workspace/.dependencies/checkouts/swift-nio-ssl/Sources/CNIOBoringSSL/include/CNIOBoringSSL_bytestring.h:20:10: note: in file included from /Users/admin/builder/spi-builder-workspace/.dependencies/checkouts/swift-nio-ssl/Sources/CNIOBoringSSL/include/CNIOBoringSSL_bytestring.h:20:
18 | #include "CNIOBoringSSL_base.h"
19 |
20 | #include "CNIOBoringSSL_span.h"
| `- note: in file included from /Users/admin/builder/spi-builder-workspace/.dependencies/checkouts/swift-nio-ssl/Sources/CNIOBoringSSL/include/CNIOBoringSSL_bytestring.h:20:
21 | #include <time.h>
22 |
/Users/admin/builder/spi-builder-workspace/.dependencies/checkouts/swift-nio-ssl/Sources/CNIOBoringSSL/include/CNIOBoringSSL_span.h:132:46: error: no template named 'EnableIfContainer' in namespace 'bssl::internal'
130 | constexpr Span(T (&array)[N]) : Span(array, N) {}
131 |
132 | template <typename C, typename = internal::EnableIfContainer<C, T>,
| `- error: no template named 'EnableIfContainer' in namespace 'bssl::internal'
133 | typename = std::enable_if_t<std::is_const<T>::value, C>>
134 | constexpr Span(const C &container)
<module-includes>:1:9: note: in file included from <module-includes>:1:
1 | #import "CNIOBoringSSL.h"
| `- note: in file included from <module-includes>:1:
2 |
/Users/admin/builder/spi-builder-workspace/.dependencies/checkouts/swift-nio-ssl/Sources/CNIOBoringSSL/include/CNIOBoringSSL.h:55:10: note: in file included from /Users/admin/builder/spi-builder-workspace/.dependencies/checkouts/swift-nio-ssl/Sources/CNIOBoringSSL/include/CNIOBoringSSL.h:55:
53 | #include "CNIOBoringSSL_mlkem.h"
54 | #include "CNIOBoringSSL_obj_mac.h"
55 | #include "CNIOBoringSSL_objects.h"
| `- note: in file included from /Users/admin/builder/spi-builder-workspace/.dependencies/checkouts/swift-nio-ssl/Sources/CNIOBoringSSL/include/CNIOBoringSSL.h:55:
56 | #include "CNIOBoringSSL_opensslv.h"
57 | #include "CNIOBoringSSL_ossl_typ.h"
/Users/admin/builder/spi-builder-workspace/.dependencies/checkouts/swift-nio-ssl/Sources/CNIOBoringSSL/include/CNIOBoringSSL_objects.h:18:10: note: in file included from /Users/admin/builder/spi-builder-workspace/.dependencies/checkouts/swift-nio-ssl/Sources/CNIOBoringSSL/include/CNIOBoringSSL_objects.h:18:
16 | OpenSSL easier. */
17 |
18 | #include "CNIOBoringSSL_obj.h"
| `- note: in file included from /Users/admin/builder/spi-builder-workspace/.dependencies/checkouts/swift-nio-ssl/Sources/CNIOBoringSSL/include/CNIOBoringSSL_objects.h:18:
19 |
/Users/admin/builder/spi-builder-workspace/.dependencies/checkouts/swift-nio-ssl/Sources/CNIOBoringSSL/include/CNIOBoringSSL_obj.h:15:10: note: in file included from /Users/admin/builder/spi-builder-workspace/.dependencies/checkouts/swift-nio-ssl/Sources/CNIOBoringSSL/include/CNIOBoringSSL_obj.h:15:
13 | #include "CNIOBoringSSL_base.h"
14 |
15 | #include "CNIOBoringSSL_bytestring.h"
| `- note: in file included from /Users/admin/builder/spi-builder-workspace/.dependencies/checkouts/swift-nio-ssl/Sources/CNIOBoringSSL/include/CNIOBoringSSL_obj.h:15:
16 | #include "CNIOBoringSSL_nid.h" // IWYU pragma: export
17 |
/Users/admin/builder/spi-builder-workspace/.dependencies/checkouts/swift-nio-ssl/Sources/CNIOBoringSSL/include/CNIOBoringSSL_bytestring.h:20:10: note: in file included from /Users/admin/builder/spi-builder-workspace/.dependencies/checkouts/swift-nio-ssl/Sources/CNIOBoringSSL/include/CNIOBoringSSL_bytestring.h:20:
18 | #include "CNIOBoringSSL_base.h"
19 |
20 | #include "CNIOBoringSSL_span.h"
| `- note: in file included from /Users/admin/builder/spi-builder-workspace/.dependencies/checkouts/swift-nio-ssl/Sources/CNIOBoringSSL/include/CNIOBoringSSL_bytestring.h:20:
21 | #include <time.h>
22 |
/Users/admin/builder/spi-builder-workspace/.dependencies/checkouts/swift-nio-ssl/Sources/CNIOBoringSSL/include/CNIOBoringSSL_span.h:137:46: error: no template named 'EnableIfContainer' in namespace 'bssl::internal'
135 | : data_(container.data()), size_(container.size()) {}
136 |
137 | template <typename C, typename = internal::EnableIfContainer<C, T>,
| `- error: no template named 'EnableIfContainer' in namespace 'bssl::internal'
138 | typename = std::enable_if_t<!std::is_const<T>::value, C>>
139 | constexpr explicit Span(C &container)
<module-includes>:1:9: note: in file included from <module-includes>:1:
1 | #import "CNIOBoringSSL.h"
| `- note: in file included from <module-includes>:1:
2 |
/Users/admin/builder/spi-builder-workspace/.dependencies/checkouts/swift-nio-ssl/Sources/CNIOBoringSSL/include/CNIOBoringSSL.h:55:10: note: in file included from /Users/admin/builder/spi-builder-workspace/.dependencies/checkouts/swift-nio-ssl/Sources/CNIOBoringSSL/include/CNIOBoringSSL.h:55:
53 | #include "CNIOBoringSSL_mlkem.h"
54 | #include "CNIOBoringSSL_obj_mac.h"
55 | #include "CNIOBoringSSL_objects.h"
| `- note: in file included from /Users/admin/builder/spi-builder-workspace/.dependencies/checkouts/swift-nio-ssl/Sources/CNIOBoringSSL/include/CNIOBoringSSL.h:55:
56 | #include "CNIOBoringSSL_opensslv.h"
57 | #include "CNIOBoringSSL_ossl_typ.h"
/Users/admin/builder/spi-builder-workspace/.dependencies/checkouts/swift-nio-ssl/Sources/CNIOBoringSSL/include/CNIOBoringSSL_objects.h:18:10: note: in file included from /Users/admin/builder/spi-builder-workspace/.dependencies/checkouts/swift-nio-ssl/Sources/CNIOBoringSSL/include/CNIOBoringSSL_objects.h:18:
16 | OpenSSL easier. */
17 |
18 | #include "CNIOBoringSSL_obj.h"
| `- note: in file included from /Users/admin/builder/spi-builder-workspace/.dependencies/checkouts/swift-nio-ssl/Sources/CNIOBoringSSL/include/CNIOBoringSSL_objects.h:18:
19 |
/Users/admin/builder/spi-builder-workspace/.dependencies/checkouts/swift-nio-ssl/Sources/CNIOBoringSSL/include/CNIOBoringSSL_obj.h:15:10: note: in file included from /Users/admin/builder/spi-builder-workspace/.dependencies/checkouts/swift-nio-ssl/Sources/CNIOBoringSSL/include/CNIOBoringSSL_obj.h:15:
13 | #include "CNIOBoringSSL_base.h"
14 |
15 | #include "CNIOBoringSSL_bytestring.h"
| `- note: in file included from /Users/admin/builder/spi-builder-workspace/.dependencies/checkouts/swift-nio-ssl/Sources/CNIOBoringSSL/include/CNIOBoringSSL_obj.h:15:
16 | #include "CNIOBoringSSL_nid.h" // IWYU pragma: export
17 |
/Users/admin/builder/spi-builder-workspace/.dependencies/checkouts/swift-nio-ssl/Sources/CNIOBoringSSL/include/CNIOBoringSSL_bytestring.h:20:10: note: in file included from /Users/admin/builder/spi-builder-workspace/.dependencies/checkouts/swift-nio-ssl/Sources/CNIOBoringSSL/include/CNIOBoringSSL_bytestring.h:20:
18 | #include "CNIOBoringSSL_base.h"
19 |
20 | #include "CNIOBoringSSL_span.h"
| `- note: in file included from /Users/admin/builder/spi-builder-workspace/.dependencies/checkouts/swift-nio-ssl/Sources/CNIOBoringSSL/include/CNIOBoringSSL_bytestring.h:20:
21 | #include <time.h>
22 |
/Users/admin/builder/spi-builder-workspace/.dependencies/checkouts/swift-nio-ssl/Sources/CNIOBoringSSL/include/CNIOBoringSSL_span.h:207:1: error: a type specifier is required for all declarations
205 |
206 | template <typename T>
207 | Span(T *, size_t) -> Span<T>;
| `- error: a type specifier is required for all declarations
208 | template <typename T, size_t size>
209 | Span(T (&array)[size]) -> Span<T>;
<module-includes>:1:9: note: in file included from <module-includes>:1:
1 | #import "CNIOBoringSSL.h"
| `- note: in file included from <module-includes>:1:
2 |
/Users/admin/builder/spi-builder-workspace/.dependencies/checkouts/swift-nio-ssl/Sources/CNIOBoringSSL/include/CNIOBoringSSL.h:55:10: note: in file included from /Users/admin/builder/spi-builder-workspace/.dependencies/checkouts/swift-nio-ssl/Sources/CNIOBoringSSL/include/CNIOBoringSSL.h:55:
53 | #include "CNIOBoringSSL_mlkem.h"
54 | #include "CNIOBoringSSL_obj_mac.h"
55 | #include "CNIOBoringSSL_objects.h"
| `- note: in file included from /Users/admin/builder/spi-builder-workspace/.dependencies/checkouts/swift-nio-ssl/Sources/CNIOBoringSSL/include/CNIOBoringSSL.h:55:
56 | #include "CNIOBoringSSL_opensslv.h"
57 | #include "CNIOBoringSSL_ossl_typ.h"
/Users/admin/builder/spi-builder-workspace/.dependencies/checkouts/swift-nio-ssl/Sources/CNIOBoringSSL/include/CNIOBoringSSL_objects.h:18:10: note: in file included from /Users/admin/builder/spi-builder-workspace/.dependencies/checkouts/swift-nio-ssl/Sources/CNIOBoringSSL/include/CNIOBoringSSL_objects.h:18:
16 | OpenSSL easier. */
17 |
18 | #include "CNIOBoringSSL_obj.h"
| `- note: in file included from /Users/admin/builder/spi-builder-workspace/.dependencies/checkouts/swift-nio-ssl/Sources/CNIOBoringSSL/include/CNIOBoringSSL_objects.h:18:
19 |
/Users/admin/builder/spi-builder-workspace/.dependencies/checkouts/swift-nio-ssl/Sources/CNIOBoringSSL/include/CNIOBoringSSL_obj.h:15:10: note: in file included from /Users/admin/builder/spi-builder-workspace/.dependencies/checkouts/swift-nio-ssl/Sources/CNIOBoringSSL/include/CNIOBoringSSL_obj.h:15:
13 | #include "CNIOBoringSSL_base.h"
14 |
15 | #include "CNIOBoringSSL_bytestring.h"
| `- note: in file included from /Users/admin/builder/spi-builder-workspace/.dependencies/checkouts/swift-nio-ssl/Sources/CNIOBoringSSL/include/CNIOBoringSSL_obj.h:15:
16 | #include "CNIOBoringSSL_nid.h" // IWYU pragma: export
17 |
/Users/admin/builder/spi-builder-workspace/.dependencies/checkouts/swift-nio-ssl/Sources/CNIOBoringSSL/include/CNIOBoringSSL_bytestring.h:20:10: note: in file included from /Users/admin/builder/spi-builder-workspace/.dependencies/checkouts/swift-nio-ssl/Sources/CNIOBoringSSL/include/CNIOBoringSSL_bytestring.h:20:
18 | #include "CNIOBoringSSL_base.h"
19 |
20 | #include "CNIOBoringSSL_span.h"
| `- note: in file included from /Users/admin/builder/spi-builder-workspace/.dependencies/checkouts/swift-nio-ssl/Sources/CNIOBoringSSL/include/CNIOBoringSSL_bytestring.h:20:
21 | #include <time.h>
22 |
/Users/admin/builder/spi-builder-workspace/.dependencies/checkouts/swift-nio-ssl/Sources/CNIOBoringSSL/include/CNIOBoringSSL_span.h:209:1: error: a type specifier is required for all declarations
207 | Span(T *, size_t) -> Span<T>;
208 | template <typename T, size_t size>
209 | Span(T (&array)[size]) -> Span<T>;
| `- error: a type specifier is required for all declarations
210 | template <
211 | typename C,
<module-includes>:1:9: note: in file included from <module-includes>:1:
1 | #import "CNIOBoringSSL.h"
| `- note: in file included from <module-includes>:1:
2 |
/Users/admin/builder/spi-builder-workspace/.dependencies/checkouts/swift-nio-ssl/Sources/CNIOBoringSSL/include/CNIOBoringSSL.h:55:10: note: in file included from /Users/admin/builder/spi-builder-workspace/.dependencies/checkouts/swift-nio-ssl/Sources/CNIOBoringSSL/include/CNIOBoringSSL.h:55:
53 | #include "CNIOBoringSSL_mlkem.h"
54 | #include "CNIOBoringSSL_obj_mac.h"
55 | #include "CNIOBoringSSL_objects.h"
| `- note: in file included from /Users/admin/builder/spi-builder-workspace/.dependencies/checkouts/swift-nio-ssl/Sources/CNIOBoringSSL/include/CNIOBoringSSL.h:55:
56 | #include "CNIOBoringSSL_opensslv.h"
57 | #include "CNIOBoringSSL_ossl_typ.h"
/Users/admin/builder/spi-builder-workspace/.dependencies/checkouts/swift-nio-ssl/Sources/CNIOBoringSSL/include/CNIOBoringSSL_objects.h:18:10: note: in file included from /Users/admin/builder/spi-builder-workspace/.dependencies/checkouts/swift-nio-ssl/Sources/CNIOBoringSSL/include/CNIOBoringSSL_objects.h:18:
16 | OpenSSL easier. */
17 |
18 | #include "CNIOBoringSSL_obj.h"
| `- note: in file included from /Users/admin/builder/spi-builder-workspace/.dependencies/checkouts/swift-nio-ssl/Sources/CNIOBoringSSL/include/CNIOBoringSSL_objects.h:18:
19 |
/Users/admin/builder/spi-builder-workspace/.dependencies/checkouts/swift-nio-ssl/Sources/CNIOBoringSSL/include/CNIOBoringSSL_obj.h:15:10: note: in file included from /Users/admin/builder/spi-builder-workspace/.dependencies/checkouts/swift-nio-ssl/Sources/CNIOBoringSSL/include/CNIOBoringSSL_obj.h:15:
13 | #include "CNIOBoringSSL_base.h"
14 |
15 | #include "CNIOBoringSSL_bytestring.h"
| `- note: in file included from /Users/admin/builder/spi-builder-workspace/.dependencies/checkouts/swift-nio-ssl/Sources/CNIOBoringSSL/include/CNIOBoringSSL_obj.h:15:
16 | #include "CNIOBoringSSL_nid.h" // IWYU pragma: export
17 |
/Users/admin/builder/spi-builder-workspace/.dependencies/checkouts/swift-nio-ssl/Sources/CNIOBoringSSL/include/CNIOBoringSSL_bytestring.h:20:10: note: in file included from /Users/admin/builder/spi-builder-workspace/.dependencies/checkouts/swift-nio-ssl/Sources/CNIOBoringSSL/include/CNIOBoringSSL_bytestring.h:20:
18 | #include "CNIOBoringSSL_base.h"
19 |
20 | #include "CNIOBoringSSL_span.h"
| `- note: in file included from /Users/admin/builder/spi-builder-workspace/.dependencies/checkouts/swift-nio-ssl/Sources/CNIOBoringSSL/include/CNIOBoringSSL_bytestring.h:20:
21 | #include <time.h>
22 |
/Users/admin/builder/spi-builder-workspace/.dependencies/checkouts/swift-nio-ssl/Sources/CNIOBoringSSL/include/CNIOBoringSSL_span.h:213:26: error: no template named 'EnableIfContainer' in namespace 'bssl::internal'
211 | typename C,
212 | typename T = std::remove_pointer_t<decltype(std::declval<C>().data())>,
213 | typename = internal::EnableIfContainer<C, T>>
| `- error: no template named 'EnableIfContainer' in namespace 'bssl::internal'
214 | Span(C &) -> Span<T>;
215 |
<module-includes>:1:9: note: in file included from <module-includes>:1:
1 | #import "CNIOBoringSSL.h"
| `- note: in file included from <module-includes>:1:
2 |
/Users/admin/builder/spi-builder-workspace/.dependencies/checkouts/swift-nio-ssl/Sources/CNIOBoringSSL/include/CNIOBoringSSL.h:55:10: note: in file included from /Users/admin/builder/spi-builder-workspace/.dependencies/checkouts/swift-nio-ssl/Sources/CNIOBoringSSL/include/CNIOBoringSSL.h:55:
53 | #include "CNIOBoringSSL_mlkem.h"
54 | #include "CNIOBoringSSL_obj_mac.h"
55 | #include "CNIOBoringSSL_objects.h"
| `- note: in file included from /Users/admin/builder/spi-builder-workspace/.dependencies/checkouts/swift-nio-ssl/Sources/CNIOBoringSSL/include/CNIOBoringSSL.h:55:
56 | #include "CNIOBoringSSL_opensslv.h"
57 | #include "CNIOBoringSSL_ossl_typ.h"
/Users/admin/builder/spi-builder-workspace/.dependencies/checkouts/swift-nio-ssl/Sources/CNIOBoringSSL/include/CNIOBoringSSL_objects.h:18:10: note: in file included from /Users/admin/builder/spi-builder-workspace/.dependencies/checkouts/swift-nio-ssl/Sources/CNIOBoringSSL/include/CNIOBoringSSL_objects.h:18:
16 | OpenSSL easier. */
17 |
18 | #include "CNIOBoringSSL_obj.h"
| `- note: in file included from /Users/admin/builder/spi-builder-workspace/.dependencies/checkouts/swift-nio-ssl/Sources/CNIOBoringSSL/include/CNIOBoringSSL_objects.h:18:
19 |
/Users/admin/builder/spi-builder-workspace/.dependencies/checkouts/swift-nio-ssl/Sources/CNIOBoringSSL/include/CNIOBoringSSL_obj.h:15:10: note: in file included from /Users/admin/builder/spi-builder-workspace/.dependencies/checkouts/swift-nio-ssl/Sources/CNIOBoringSSL/include/CNIOBoringSSL_obj.h:15:
13 | #include "CNIOBoringSSL_base.h"
14 |
15 | #include "CNIOBoringSSL_bytestring.h"
| `- note: in file included from /Users/admin/builder/spi-builder-workspace/.dependencies/checkouts/swift-nio-ssl/Sources/CNIOBoringSSL/include/CNIOBoringSSL_obj.h:15:
16 | #include "CNIOBoringSSL_nid.h" // IWYU pragma: export
17 |
/Users/admin/builder/spi-builder-workspace/.dependencies/checkouts/swift-nio-ssl/Sources/CNIOBoringSSL/include/CNIOBoringSSL_bytestring.h:20:10: note: in file included from /Users/admin/builder/spi-builder-workspace/.dependencies/checkouts/swift-nio-ssl/Sources/CNIOBoringSSL/include/CNIOBoringSSL_bytestring.h:20:
18 | #include "CNIOBoringSSL_base.h"
19 |
20 | #include "CNIOBoringSSL_span.h"
| `- note: in file included from /Users/admin/builder/spi-builder-workspace/.dependencies/checkouts/swift-nio-ssl/Sources/CNIOBoringSSL/include/CNIOBoringSSL_bytestring.h:20:
21 | #include <time.h>
22 |
/Users/admin/builder/spi-builder-workspace/.dependencies/checkouts/swift-nio-ssl/Sources/CNIOBoringSSL/include/CNIOBoringSSL_span.h:214:1: error: a type specifier is required for all declarations
212 | typename T = std::remove_pointer_t<decltype(std::declval<C>().data())>,
213 | typename = internal::EnableIfContainer<C, T>>
214 | Span(C &) -> Span<T>;
| `- error: a type specifier is required for all declarations
215 |
216 | template <typename T>
<module-includes>:1:9: note: in file included from <module-includes>:1:
1 | #import "CNIOBoringSSL.h"
| `- note: in file included from <module-includes>:1:
2 |
/Users/admin/builder/spi-builder-workspace/.dependencies/checkouts/swift-nio-ssl/Sources/CNIOBoringSSL/include/CNIOBoringSSL.h:55:10: note: in file included from /Users/admin/builder/spi-builder-workspace/.dependencies/checkouts/swift-nio-ssl/Sources/CNIOBoringSSL/include/CNIOBoringSSL.h:55:
53 | #include "CNIOBoringSSL_mlkem.h"
54 | #include "CNIOBoringSSL_obj_mac.h"
55 | #include "CNIOBoringSSL_objects.h"
| `- note: in file included from /Users/admin/builder/spi-builder-workspace/.dependencies/checkouts/swift-nio-ssl/Sources/CNIOBoringSSL/include/CNIOBoringSSL.h:55:
56 | #include "CNIOBoringSSL_opensslv.h"
57 | #include "CNIOBoringSSL_ossl_typ.h"
/Users/admin/builder/spi-builder-workspace/.dependencies/checkouts/swift-nio-ssl/Sources/CNIOBoringSSL/include/CNIOBoringSSL_objects.h:18:10: note: in file included from /Users/admin/builder/spi-builder-workspace/.dependencies/checkouts/swift-nio-ssl/Sources/CNIOBoringSSL/include/CNIOBoringSSL_objects.h:18:
16 | OpenSSL easier. */
17 |
18 | #include "CNIOBoringSSL_obj.h"
| `- note: in file included from /Users/admin/builder/spi-builder-workspace/.dependencies/checkouts/swift-nio-ssl/Sources/CNIOBoringSSL/include/CNIOBoringSSL_objects.h:18:
19 |
/Users/admin/builder/spi-builder-workspace/.dependencies/checkouts/swift-nio-ssl/Sources/CNIOBoringSSL/include/CNIOBoringSSL_obj.h:15:10: note: in file included from /Users/admin/builder/spi-builder-workspace/.dependencies/checkouts/swift-nio-ssl/Sources/CNIOBoringSSL/include/CNIOBoringSSL_obj.h:15:
13 | #include "CNIOBoringSSL_base.h"
14 |
15 | #include "CNIOBoringSSL_bytestring.h"
| `- note: in file included from /Users/admin/builder/spi-builder-workspace/.dependencies/checkouts/swift-nio-ssl/Sources/CNIOBoringSSL/include/CNIOBoringSSL_obj.h:15:
16 | #include "CNIOBoringSSL_nid.h" // IWYU pragma: export
17 |
11 errors generated.
/Users/admin/builder/spi-builder-workspace/.dependencies/checkouts/swift-nio-ssl/Sources/CNIOBoringSSL/include/CNIOBoringSSL_bytestring.h:48:61: error: use of class template 'bssl::Span' requires template arguments
46 | cbs_st(bssl::Span<const uint8_t> span)
47 | : data(span.data()), len(span.size()) {}
48 | operator bssl::Span<const uint8_t>() const { return bssl::Span(data, len); }
| `- error: use of class template 'bssl::Span' requires template arguments
49 |
50 | // Defining any constructors requires we explicitly default the others.
/Users/admin/builder/spi-builder-workspace/.dependencies/checkouts/swift-nio-ssl/Sources/CNIOBoringSSL/include/CNIOBoringSSL_span.h:111:7: note: template is declared here
109 | // a reference or pointer to a container or array.
110 | template <typename T>
111 | class Span : private internal::SpanBase<const T> {
| `- note: template is declared here
112 | public:
113 | static const size_t npos = static_cast<size_t>(-1);
<unknown>:0: error: failed to emit precompiled module '/Users/admin/builder/spi-builder-workspace/.derivedData/Build/Intermediates.noindex/SwiftExplicitPrecompiledModules/CNIOBoringSSL-5WJN3E6GKBA9OFL4QTLZ7EZ8K.pcm' for module map '/Users/admin/builder/spi-builder-workspace/.dependencies/checkouts/swift-nio-ssl/Sources/CNIOBoringSSL/include/module.modulemap'
Failed frontend command:
/Applications/Xcode-27.0.0-Release.Candidate.app/Contents/Developer/Toolchains/XcodeDefault.xctoolchain/usr/bin/swift-frontend -frontend -emit-pcm -module-name CNIOBoringSSL -o /Users/admin/builder/spi-builder-workspace/.derivedData/Build/Intermediates.noindex/SwiftExplicitPrecompiledModules/CNIOBoringSSL-5WJN3E6GKBA9OFL4QTLZ7EZ8K.pcm -direct-clang-cc1-module-build /Users/admin/builder/spi-builder-workspace/.dependencies/checkouts/swift-nio-ssl/Sources/CNIOBoringSSL/include/module.modulemap -sdk /Applications/Xcode-27.0.0-Release.Candidate.app/Contents/Developer/Platforms/MacOSX.platform/Developer/SDKs/MacOSX27.0.sdk -target arm64-apple-macos12.0 -clang-target arm64-apple-macos27.0 -Xcc -cc1 -Xcc -fansi-escape-codes -Xcc -ferror-limit -Xcc 19 -Xcc -Wdeprecated-objc-isa-usage -Xcc -Werror\=deprecated-objc-isa-usage -Xcc -Werror\=implicit-function-declaration -Xcc -Wno-elaborated-enum-base -Xcc -Wno-error\=allocator-wrappers -Xcc -fmodule-map-file\=/Applications/Xcode-27.0.0-Release.Candidate.app/Contents/Developer/Platforms/MacOSX.platform/Developer/SDKs/MacOSX27.0.sdk/usr/include/c++/v1/module.modulemap -Xcc -fmodule-map-file\=/Applications/Xcode-27.0.0-Release.Candidate.app/Contents/Developer/Toolchains/XcodeDefault.xctoolchain/usr/lib/swift/clang/include/module.modulemap -Xcc -fmodule-map-file\=/Applications/Xcode-27.0.0-Release.Candidate.app/Contents/Developer/Platforms/MacOSX.platform/Developer/SDKs/MacOSX27.0.sdk/usr/include/Darwin.modulemap -Xcc -fmodule-map-file\=/Applications/Xcode-27.0.0-Release.Candidate.app/Contents/Developer/Platforms/MacOSX.platform/Developer/SDKs/MacOSX27.0.sdk/usr/include/DarwinFoundation2.modulemap -Xcc -fmodule-map-file\=/Applications/Xcode-27.0.0-Release.Candidate.app/Contents/Developer/Platforms/MacOSX.platform/Developer/SDKs/MacOSX27.0.sdk/usr/include/DarwinFoundation3.modulemap -Xcc -fmodule-map-file\=/Applications/Xcode-27.0.0-Release.Candidate.app/Contents/Developer/Platforms/MacOSX.platform/Developer/SDKs/MacOSX27.0.sdk/usr/include/DarwinFoundation1.modulemap -Xcc -disable-free -Xcc -finclude-tree-preserve-pch-path -Xcc -emit-module -Xcc -x -Xcc objective-c++ -Xcc /Users/admin/builder/spi-builder-workspace/.dependencies/checkouts/swift-nio-ssl/Sources/CNIOBoringSSL/include/module.modulemap -Xcc -target-abi -Xcc darwinpcs -Xcc -target-cpu -Xcc apple-m1 -Xcc -target-feature -Xcc +v8.5a -Xcc -target-feature -Xcc +aes -Xcc -target-feature -Xcc +altnzcv -Xcc -target-feature -Xcc +ccdp -Xcc -target-feature -Xcc +ccpp -Xcc -target-feature -Xcc +complxnum -Xcc -target-feature -Xcc +crc -Xcc -target-feature -Xcc +dotprod -Xcc -target-feature -Xcc +flagm -Xcc -target-feature -Xcc +fp-armv8 -Xcc -target-feature -Xcc +fp16fml -Xcc -target-feature -Xcc +fptoint -Xcc -target-feature -Xcc +fullfp16 -Xcc -target-feature -Xcc +jsconv -Xcc -target-feature -Xcc +lse -Xcc -target-feature -Xcc +neon -Xcc -target-feature -Xcc +pauth -Xcc -target-feature -Xcc +perfmon -Xcc -target-feature -Xcc +predres -Xcc -target-feature -Xcc +ras -Xcc -target-feature -Xcc +rcpc -Xcc -target-feature -Xcc +rdm -Xcc -target-feature -Xcc +sb -Xcc -target-feature -Xcc +sha2 -Xcc -target-feature -Xcc +sha3 -Xcc -target-feature -Xcc +specrestrict -Xcc -target-feature -Xcc +ssbs -Xcc -triple -Xcc arm64-apple-macosx27.0.0 -Xcc -target-linker-version -Xcc 1166.2 -Xcc -target-sdk-version\=27.0 -Xcc -fmodules-validate-system-headers -Xcc -fno-modules-prune-non-affecting-module-map-files -Xcc -fno-modulemap-allow-subdirectory-search -Xcc -isysroot -Xcc /Applications/Xcode-27.0.0-Release.Candidate.app/Contents/Developer/Platforms/MacOSX.platform/Developer/SDKs/MacOSX27.0.sdk -Xcc -resource-dir -Xcc /Applications/Xcode-27.0.0-Release.Candidate.app/Contents/Developer/Toolchains/XcodeDefault.xctoolchain/usr/lib/swift/clang -Xcc -fmodule-format\=obj -Xcc -fmodule-file\=Darwin\=/Users/admin/builder/spi-builder-workspace/.derivedData/SDKExplicitPrecompiledModules/Darwin-9B2YNUEW9QN7EPDP7Y47GE2HJ.pcm -Xcc -fmodule-file\=_Builtin_stdarg\=/Users/admin/builder/spi-builder-workspace/.derivedData/SDKExplicitPrecompiledModules/_Builtin_stdarg-AOJLSWFNYHDQD1K14DLS3WCHJ.pcm -Xcc -fmodule-file\=_Builtin_stddef\=/Users/admin/builder/spi-builder-workspace/.derivedData/SDKExplicitPrecompiledModules/_Builtin_stddef-E1SLET1EAMT3W0ZULCJ5HGMQZ.pcm -Xcc -fmodule-file\=_DarwinFoundation1\=/Users/admin/builder/spi-builder-workspace/.derivedData/SDKExplicitPrecompiledModules/_DarwinFoundation1-2L2T10PSG9AYMFSAP3JZYY3C8.pcm -Xcc -fmodule-file\=_DarwinFoundation2\=/Users/admin/builder/spi-builder-workspace/.derivedData/SDKExplicitPrecompiledModules/_DarwinFoundation2-2J1VDHI8P0AXY7DB994U857DX.pcm -Xcc -fmodule-file\=_DarwinFoundation3\=/Users/admin/builder/spi-builder-workspace/.derivedData/SDKExplicitPrecompiledModules/_DarwinFoundation3-D2SBNBELE9UT62YO5WRMYMLOD.pcm -Xcc -fmodule-file\=std\=/Users/admin/builder/spi-builder-workspace/.derivedData/Build/Intermediates.noindex/SwiftExplicitPrecompiledModules/std-4R0RZOE4B9KDW7WQ0NUVV8PQF.pcm -Xcc -fmodule-file\=std_core\=/Users/admin/builder/spi-builder-workspace/.derivedData/SDKExplicitPrecompiledModules/std_core-CTP3NC0773H8GWK1PTBDJEHC8.pcm -Xcc -fmodule-file\=std_stdint_h\=/Users/admin/builder/spi-builder-workspace/.derivedData/SDKExplicitPrecompiledModules/std_stdint_h-CCWLIS14CI219DJX6D643UKAQ.pcm -Xcc -I -Xcc /Users/admin/builder/spi-builder-workspace/.dependencies/checkouts/swift-nio-ssl/Sources/CNIOBoringSSL/include -Xcc -isystem -Xcc /Applications/Xcode-27.0.0-Release.Candidate.app/Contents/Developer/Platforms/MacOSX.platform/Developer/SDKs/MacOSX27.0.sdk/usr/include/c++/v1 -Xcc -isystem -Xcc /Applications/Xcode-27.0.0-Release.Candidate.app/Contents/Developer/Toolchains/XcodeDefault.xctoolchain/usr/lib/swift/clang/include -Xcc -internal-externc-isystem -Xcc /Applications/Xcode-27.0.0-Release.Candidate.app/Contents/Developer/Platforms/MacOSX.platform/Developer/SDKs/MacOSX27.0.sdk/usr/include -Xcc -ivfsstatcache -Xcc /Users/admin/builder/spi-builder-workspace/.derivedData/SDKStatCaches.noindex/macosx27.0-26A425-e829b21a6f8c9b70876ba0858053c0446a22442a12e9d48fe1a705f55a1adfc4.sdkstatcache -Xcc -fapinotes-swift-version\=6 -Xcc -iapinotes-modules -Xcc /Applications/Xcode-27.0.0-Release.Candidate.app/Contents/Developer/Platforms/MacOSX.platform/Developer/SDKs/MacOSX27.0.sdk/usr/lib/swift/apinotes -Xcc -iapinotes-modules -Xcc /Applications/Xcode-27.0.0-Release.Candidate.app/Contents/Developer/Toolchains/XcodeDefault.xctoolchain/usr/lib/swift/apinotes -Xcc -std\=c++14 -Xcc -fexperimental-late-parse-attributes -Xcc -fapinotes-modules -Xcc -fexperimental-bounds-safety-attributes -Xcc -fcxx-exceptions -Xcc -fexceptions -Xcc -fskip-odr-check-in-gmf -Xcc -fmodules -Xcc -fmodule-name\=CNIOBoringSSL -Xcc -fmodules-search-all -Xcc -fno-implicit-modules -Xcc -fretain-comments-from-system-headers -Xcc -fobjc-exceptions -Xcc -fno-sized-deallocation -Xcc -fmax-type-align\=16 -Xcc -fstack-check -Xcc -fmodule-feature -Xcc swift -Xcc -fno-odr-hash-protocols -Xcc -pic-level -Xcc 2 -Xcc -disable-objc-default-synthesize-properties -Xcc -stack-protector -Xcc 1 -Xcc -fbracket-depth -Xcc 256 -Xcc -fdeprecated-macro -Xcc -fexperimental-max-bitint-width\=128 -Xcc -fobjc-runtime\=macosx-27.0.0 -Xcc -fobjc-arc -Xcc -fobjc-runtime-has-weak -Xcc -fobjc-weak -Xcc -fgnuc-version\=4.2.1 -Xcc -fblocks -Xcc -fno-convergent-functions -Xcc -ffp-contract\=off -Xcc -fclang-abi-compat\=4.0 -Xcc -fno-experimental-relative-c++-abi-vtables -Xcc -fno-file-reproducible -Xcc -clang-vendor-feature\=+disableNonDependentMemberExprInCurrentInstantiation -Xcc -clang-vendor-feature\=+enableAggressiveVLAFolding -Xcc -clang-vendor-feature\=+revert09abecef7bbf -Xcc -clang-vendor-feature\=+thisNoAlignAttr -Xcc -clang-vendor-feature\=+thisNoNullAttr -Xcc -clang-vendor-feature\=+disableAtImportPrivateFrameworkInImplementationError -Xcc -O0 -Xcc -fcommon -Xcc -fdwarf2-cfi-asm -Xcc -fno-sanitize-address-use-odr-indicator -Xcc -fno-sanitize-memory-param-retval -Xcc -fmerge-all-constants -Xcc -fno-verbose-asm -Xcc -fregister-global-dtors-with-atexit -Xcc -fno-use-init-array -Xcc -funique-basic-block-section-names -Xcc -gno-structor-decl-linkage-names -Xcc -dwarf-version\=5 -Xcc -debugger-tuning\=lldb -Xcc -llvm-verify-each -Xcc -dwarf-ext-refs -Xcc -no-struct-path-tbaa -Xcc -fexperimental-assignment-tracking\=disabled -Xcc -no-enable-noundef-analysis -Xcc -stack-protector-buffer-size -Xcc 0 -Xcc -debug-info-kind\=standalone -Xcc -fno-loop-interchange -Xcc -save-temps\=obj -Xcc -fdiagnostics-hotness-threshold\=0 -Xcc -fdiagnostics-misexpect-tolerance\=0 -Xcc -fobjc-arc-cxxlib\=libc++ -Xcc -D -Xcc DEBUG\=1 -Xcc -D -Xcc SWIFT_CLASS_EXTRA\= -Xcc -D -Xcc SWIFT_PACKAGE -Xcc -D -Xcc SWIFT_SDK_OVERLAY2_SCENEKIT_EPOCH\=3 -Xcc -D -Xcc SWIFT_SDK_OVERLAY_APPKIT_EPOCH\=2 -Xcc -D -Xcc SWIFT_SDK_OVERLAY_COREGRAPHICS_EPOCH\=0 -Xcc -D -Xcc SWIFT_SDK_OVERLAY_COREIMAGE_EPOCH\=2 -Xcc -D -Xcc SWIFT_SDK_OVERLAY_DISPATCH_EPOCH\=2 -Xcc -D -Xcc SWIFT_SDK_OVERLAY_FOUNDATION_EPOCH\=8 -Xcc -D -Xcc SWIFT_SDK_OVERLAY_GAMEPLAYKIT_EPOCH\=1 -Xcc -D -Xcc SWIFT_SDK_OVERLAY_PTHREAD_EPOCH\=1 -Xcc -D -Xcc SWIFT_SDK_OVERLAY_SPRITEKIT_EPOCH\=1 -Xcc -D -Xcc SWIFT_SDK_OVERLAY_UIKIT_EPOCH\=2 -Xcc -D -Xcc _ISO646_H_ -Xcc -D -Xcc _LIBCPP_HARDENING_MODE\=_LIBCPP_HARDENING_MODE_DEBUG -Xcc -D -Xcc __ISO646_H -Xcc -D -Xcc __SWIFT_ATTR_SUPPORTS_SENDABLE_DECLS\=1 -Xcc -D -Xcc __SWIFT_ATTR_SUPPORTS_SENDING\=1 -Xcc -D -Xcc __SWIFT_COMPILER_VERSION\=6004000034001 -Xcc -D -Xcc __swift__\=60400 -Xcc -fdefine-target-os-macros -Xcc -module-file-deps\=direct -Xcc -fdepfile-entry\=/Applications/Xcode-27.0.0-Release.Candidate.app/Contents/Developer/Platforms/MacOSX.platform/Developer/SDKs/MacOSX27.0.sdk/SDKSettings.json
SwiftExplicitDependencyGeneratePcm arm64 /Users/admin/builder/spi-builder-workspace/.derivedData/SDKExplicitPrecompiledModules/Foundation-EPF1J31CCOCODZ3AO0IHGKXNM.pcm
SwiftExplicitDependencyCompileModuleFromInterface arm64 /Users/admin/builder/spi-builder-workspace/.derivedData/SDKExplicitPrecompiledModules/CxxStdlib-3MNM0H1KH7Y8C.swiftmodule
PruneExplicitPrecompiledModules /Users/admin/builder/spi-builder-workspace/.derivedData/Build/Intermediates.noindex/ExplicitPrecompiledModules
PruneExplicitPrecompiledModules /Users/admin/builder/spi-builder-workspace/.derivedData/Build/Intermediates.noindex/SwiftExplicitPrecompiledModules
PruneExplicitPrecompiledModules /Users/admin/builder/spi-builder-workspace/.derivedData/SDKExplicitPrecompiledModules
2026-09-21 11:12:18.864 xcodebuild[2216:8303] [MT] IDERunDestination: Supported platforms for the buildables in the current scheme is empty.
--- xcodebuild: WARNING: Using the first of multiple matching destinations:
{ platform:macOS, arch:arm64, id:bb9bf638845dc0f6c3d53cdb29ef9067bfa98bab, name:My Mac }
{ platform:macOS, arch:arm64, variant:Mac Catalyst, id:bb9bf638845dc0f6c3d53cdb29ef9067bfa98bab, name:My Mac }
{ platform:macOS, arch:arm64, variant:DriverKit, id:bb9bf638845dc0f6c3d53cdb29ef9067bfa98bab, name:My Mac }
{ platform:macOS, arch:arm64, variant:Designed for [iPad,iPhone], id:bb9bf638845dc0f6c3d53cdb29ef9067bfa98bab, name:My Mac }
** BUILD FAILED **
The following build commands failed:
SwiftExplicitDependencyGeneratePcm arm64 /Users/admin/builder/spi-builder-workspace/.derivedData/Build/Intermediates.noindex/SwiftExplicitPrecompiledModules/CNIOBoringSSL-5WJN3E6GKBA9OFL4QTLZ7EZ8K.pcm
Building workspace agora-dynamic-key-swift with scheme agora-dynamic-key-swift
(2 failures)
BUILD FAILURE 6.4 macosXcodebuild