Build Information
Failed to build InAppSafariKit, reference 1.0.0 (f44ab1), with Swift 6.4 for macOS (Xcode) using Xcode 27.0 on 24 Sep 2026 22:15:50 UTC.
Build Command
env DEVELOPER_DIR=/Applications/Xcode-27.0.0-Release.Candidate.app xcrun xcodebuild -IDEClonedSourcePackagesDirPathOverride=$PWD/.dependencies -skipMacroValidation -skipPackagePluginValidation -derivedDataPath $PWD/.derivedData build -scheme InAppSafariKit -destination platform=macOS,arch=arm64Build Log
========================================
RunAll
========================================
Builder version: 5.1.0
Interrupt handler set up.
========================================
Checkout
========================================
Clone URL: https://github.com/vistar941/InAppSafariKit.git
Reference: 1.0.0
Initialized empty Git repository in /Users/admin/builder/spi-builder-workspace/.git/
From https://github.com/vistar941/InAppSafariKit
* tag 1.0.0 -> FETCH_HEAD
HEAD is now at f44ab11 fix
Cloned https://github.com/vistar941/InAppSafariKit.git
Revision (git rev-parse @):
f44ab1110f1d94f238f021f677a0b13f14f40aad
SUCCESS checkout https://github.com/vistar941/InAppSafariKit.git at 1.0.0
========================================
Build
========================================
Selected platform: macosXcodebuild
Swift version: 6.4
Building package at path: $PWD
https://github.com/vistar941/InAppSafariKit.git
Command line invocation:
/Applications/Xcode-27.0.0-Release.Candidate.app/Contents/Developer/usr/bin/xcodebuild -IDEClonedSourcePackagesDirPathOverride=/Users/admin/builder/spi-builder-workspace/.dependencies -resolvePackageDependencies
Resolve Package Graph
Resolve Package Graph
Resolved source packages:
InAppSafariKit: /Users/admin/builder/spi-builder-workspace
resolved source packages: InAppSafariKit
2026-09-24 18:15:04.715 xcodebuild[529:3013] [MT] IDERunDestination: Supported platforms for the buildables in the current scheme is empty.
{
"dependencies" : [
],
"manifest_display_name" : "InAppSafariKit",
"name" : "InAppSafariKit",
"path" : "/Users/admin/builder/spi-builder-workspace",
"platforms" : [
{
"name" : "ios",
"version" : "15.0"
}
],
"products" : [
{
"name" : "InAppSafariKit",
"targets" : [
"InAppSafariKit"
],
"type" : {
"library" : [
"automatic"
]
}
}
],
"targets" : [
{
"c99name" : "InAppSafariKitTests",
"module_type" : "SwiftTarget",
"name" : "InAppSafariKitTests",
"path" : "Tests/InAppSafariKitTests",
"sources" : [
"InAppSafariKitTests.swift"
],
"target_dependencies" : [
"InAppSafariKit"
],
"type" : "test"
},
{
"c99name" : "InAppSafariKit",
"module_type" : "SwiftTarget",
"name" : "InAppSafariKit",
"path" : "Sources/InAppSafariKit",
"product_memberships" : [
"InAppSafariKit"
],
"sources" : [
"OpenURLInAppSafariModifier.swift"
],
"type" : "library"
}
],
"tools_version" : "6.0"
}
{
"workspace" : {
"name" : "InAppSafariKit",
"schemes" : [
"InAppSafariKit"
]
}
}
2026-09-24 18:15:36.934 xcodebuild[626:3819] [MT] IDERunDestination: Supported platforms for the buildables in the current scheme is empty.
Running build ...
env DEVELOPER_DIR=/Applications/Xcode-27.0.0-Release.Candidate.app xcrun xcodebuild -IDEClonedSourcePackagesDirPathOverride=$PWD/.dependencies -skipMacroValidation -skipPackagePluginValidation -derivedDataPath $PWD/.derivedData build -scheme InAppSafariKit -destination platform=macOS,arch=arm64
Command line invocation:
/Applications/Xcode-27.0.0-Release.Candidate.app/Contents/Developer/usr/bin/xcodebuild -IDEClonedSourcePackagesDirPathOverride=/Users/admin/builder/spi-builder-workspace/.dependencies -skipMacroValidation -skipPackagePluginValidation -derivedDataPath /Users/admin/builder/spi-builder-workspace/.derivedData build -scheme InAppSafariKit -destination platform=macOS,arch=arm64
Resolve Package Graph
Resolved source packages:
InAppSafariKit: /Users/admin/builder/spi-builder-workspace
ComputePackagePrebuildTargetDependencyGraph
Prepare packages
CreateBuildRequest
SendProjectDescription
CreateBuildOperation
ComputeTargetDependencyGraph
note: Building targets in dependency order
note: Target dependency graph (2 targets)
Target 'InAppSafariKit-product' in project 'InAppSafariKit'
➜ Explicit dependency on target 'InAppSafariKit' in project 'InAppSafariKit'
Target 'InAppSafariKit' in project 'InAppSafariKit' (no dependencies)
GatherProvisioningInputs
CreateBuildDescription
ExecuteExternalTool /Applications/Xcode-27.0.0-Release.Candidate.app/Contents/Developer/Toolchains/XcodeDefault.xctoolchain/usr/bin/clang -v -E -dM -isysroot /Applications/Xcode-27.0.0-Release.Candidate.app/Contents/Developer/Platforms/MacOSX.platform/Developer/SDKs/MacOSX27.0.sdk -x c -c /dev/null
ExecuteExternalTool /Applications/Xcode-27.0.0-Release.Candidate.app/Contents/Developer/Toolchains/XcodeDefault.xctoolchain/usr/bin/swiftc --version
ExecuteExternalTool /Applications/Xcode-27.0.0-Release.Candidate.app/Contents/Developer/Toolchains/XcodeDefault.xctoolchain/usr/bin/ld -version_details
Build description signature: 27e60f67adfd700db1194c13815872f2
Build description path: /Users/admin/builder/spi-builder-workspace/.derivedData/Build/Intermediates.noindex/XCBuildData/27e60f67adfd700db1194c13815872f2.xcbuilddata
CreateBuildDirectory /Users/admin/builder/spi-builder-workspace/.derivedData/SDKExplicitPrecompiledModules
cd /Users/admin/builder/spi-builder-workspace/.swiftpm/xcode
builtin-create-build-directory /Users/admin/builder/spi-builder-workspace/.derivedData/SDKExplicitPrecompiledModules
CreateBuildDirectory /Users/admin/builder/spi-builder-workspace/.derivedData/ModuleCache.noindex
cd /Users/admin/builder/spi-builder-workspace/.swiftpm/xcode
builtin-create-build-directory /Users/admin/builder/spi-builder-workspace/.derivedData/ModuleCache.noindex
CreateBuildDirectory /Users/admin/builder/spi-builder-workspace/.derivedData/Build/Products
cd /Users/admin/builder/spi-builder-workspace/.swiftpm/xcode
builtin-create-build-directory /Users/admin/builder/spi-builder-workspace/.derivedData/Build/Products
CreateBuildDirectory /Users/admin/builder/spi-builder-workspace/.derivedData/Build/Intermediates.noindex
cd /Users/admin/builder/spi-builder-workspace/.swiftpm/xcode
builtin-create-build-directory /Users/admin/builder/spi-builder-workspace/.derivedData/Build/Intermediates.noindex
CreateBuildDirectory /Users/admin/builder/spi-builder-workspace/.derivedData/CompilationCache.noindex
cd /Users/admin/builder/spi-builder-workspace/.swiftpm/xcode
builtin-create-build-directory /Users/admin/builder/spi-builder-workspace/.derivedData/CompilationCache.noindex
ClangStatCache /Applications/Xcode-27.0.0-Release.Candidate.app/Contents/Developer/Toolchains/XcodeDefault.xctoolchain/usr/bin/clang-stat-cache /Applications/Xcode-27.0.0-Release.Candidate.app/Contents/Developer/Platforms/MacOSX.platform/Developer/SDKs/MacOSX27.0.sdk /Users/admin/builder/spi-builder-workspace/.derivedData/SDKStatCaches.noindex/macosx27.0-26A425-e829b21a6f8c9b70876ba0858053c0446a22442a12e9d48fe1a705f55a1adfc4.sdkstatcache
cd /Users/admin/builder/spi-builder-workspace/.swiftpm/xcode
/Applications/Xcode-27.0.0-Release.Candidate.app/Contents/Developer/Toolchains/XcodeDefault.xctoolchain/usr/bin/clang-stat-cache /Applications/Xcode-27.0.0-Release.Candidate.app/Contents/Developer/Platforms/MacOSX.platform/Developer/SDKs/MacOSX27.0.sdk -o /Users/admin/builder/spi-builder-workspace/.derivedData/SDKStatCaches.noindex/macosx27.0-26A425-e829b21a6f8c9b70876ba0858053c0446a22442a12e9d48fe1a705f55a1adfc4.sdkstatcache
CreateBuildDirectory /Users/admin/builder/spi-builder-workspace/.derivedData/Build/Intermediates.noindex/SwiftExplicitPrecompiledModules
cd /Users/admin/builder/spi-builder-workspace/.swiftpm/xcode
builtin-create-build-directory /Users/admin/builder/spi-builder-workspace/.derivedData/Build/Intermediates.noindex/SwiftExplicitPrecompiledModules
CreateBuildDirectory /Users/admin/builder/spi-builder-workspace/.derivedData/Build/Intermediates.noindex/PrecompiledHeaders
cd /Users/admin/builder/spi-builder-workspace/.swiftpm/xcode
builtin-create-build-directory /Users/admin/builder/spi-builder-workspace/.derivedData/Build/Intermediates.noindex/PrecompiledHeaders
CreateBuildDirectory /Users/admin/builder/spi-builder-workspace/.derivedData/Build/Intermediates.noindex/ExplicitPrecompiledModules
cd /Users/admin/builder/spi-builder-workspace/.swiftpm/xcode
builtin-create-build-directory /Users/admin/builder/spi-builder-workspace/.derivedData/Build/Intermediates.noindex/ExplicitPrecompiledModules
CreateBuildDirectory /Users/admin/builder/spi-builder-workspace/.derivedData/Build/Intermediates.noindex/EagerLinkingTBDs/Debug
cd /Users/admin/builder/spi-builder-workspace/.swiftpm/xcode
builtin-create-build-directory /Users/admin/builder/spi-builder-workspace/.derivedData/Build/Intermediates.noindex/EagerLinkingTBDs/Debug
CreateBuildDirectory /Users/admin/builder/spi-builder-workspace/.derivedData/Build/Products/Debug
cd /Users/admin/builder/spi-builder-workspace/.swiftpm/xcode
builtin-create-build-directory /Users/admin/builder/spi-builder-workspace/.derivedData/Build/Products/Debug
CreateBuildDirectory /Users/admin/builder/spi-builder-workspace/.derivedData/Build/Products/Debug/PackageFrameworks
cd /Users/admin/builder/spi-builder-workspace/.swiftpm/xcode
builtin-create-build-directory /Users/admin/builder/spi-builder-workspace/.derivedData/Build/Products/Debug/PackageFrameworks
WriteAuxiliaryFile /Users/admin/builder/spi-builder-workspace/.derivedData/Build/Intermediates.noindex/InAppSafariKit.build/Debug/InAppSafariKit-t.build/InAppSafariKit.modulemap (in target 'InAppSafariKit' from project 'InAppSafariKit')
cd /Users/admin/builder/spi-builder-workspace
write-file /Users/admin/builder/spi-builder-workspace/.derivedData/Build/Intermediates.noindex/InAppSafariKit.build/Debug/InAppSafariKit-t.build/InAppSafariKit.modulemap
WriteAuxiliaryFile /Users/admin/builder/spi-builder-workspace/.derivedData/Build/Intermediates.noindex/InAppSafariKit.build/Debug/InAppSafariKit-t.build/InAppSafariKit.DependencyStaticMetadataFileList (in target 'InAppSafariKit' from project 'InAppSafariKit')
cd /Users/admin/builder/spi-builder-workspace
write-file /Users/admin/builder/spi-builder-workspace/.derivedData/Build/Intermediates.noindex/InAppSafariKit.build/Debug/InAppSafariKit-t.build/InAppSafariKit.DependencyStaticMetadataFileList
WriteAuxiliaryFile /Users/admin/builder/spi-builder-workspace/.derivedData/Build/Intermediates.noindex/InAppSafariKit.build/Debug/InAppSafariKit-t.build/InAppSafariKit.DependencyMetadataFileList (in target 'InAppSafariKit' from project 'InAppSafariKit')
cd /Users/admin/builder/spi-builder-workspace
write-file /Users/admin/builder/spi-builder-workspace/.derivedData/Build/Intermediates.noindex/InAppSafariKit.build/Debug/InAppSafariKit-t.build/InAppSafariKit.DependencyMetadataFileList
WriteAuxiliaryFile /Users/admin/builder/spi-builder-workspace/.derivedData/Build/Intermediates.noindex/InAppSafariKit.build/Debug/InAppSafariKit-t.build/Objects-normal/arm64/InAppSafariKit_const_extract_protocols.json (in target 'InAppSafariKit' from project 'InAppSafariKit')
cd /Users/admin/builder/spi-builder-workspace
write-file /Users/admin/builder/spi-builder-workspace/.derivedData/Build/Intermediates.noindex/InAppSafariKit.build/Debug/InAppSafariKit-t.build/Objects-normal/arm64/InAppSafariKit_const_extract_protocols.json
WriteAuxiliaryFile /Users/admin/builder/spi-builder-workspace/.derivedData/Build/Intermediates.noindex/InAppSafariKit.build/Debug/InAppSafariKit-t.build/Objects-normal/arm64/InAppSafariKit-OutputFileMap.json (in target 'InAppSafariKit' from project 'InAppSafariKit')
cd /Users/admin/builder/spi-builder-workspace
write-file /Users/admin/builder/spi-builder-workspace/.derivedData/Build/Intermediates.noindex/InAppSafariKit.build/Debug/InAppSafariKit-t.build/Objects-normal/arm64/InAppSafariKit-OutputFileMap.json
WriteAuxiliaryFile /Users/admin/builder/spi-builder-workspace/.derivedData/Build/Intermediates.noindex/InAppSafariKit.build/Debug/InAppSafariKit-t.build/Objects-normal/arm64/InAppSafariKit.LinkFileList (in target 'InAppSafariKit' from project 'InAppSafariKit')
cd /Users/admin/builder/spi-builder-workspace
write-file /Users/admin/builder/spi-builder-workspace/.derivedData/Build/Intermediates.noindex/InAppSafariKit.build/Debug/InAppSafariKit-t.build/Objects-normal/arm64/InAppSafariKit.LinkFileList
WriteAuxiliaryFile /Users/admin/builder/spi-builder-workspace/.derivedData/Build/Intermediates.noindex/InAppSafariKit.build/Debug/InAppSafariKit-t.build/Objects-normal/arm64/InAppSafariKit.SwiftConstValuesFileList (in target 'InAppSafariKit' from project 'InAppSafariKit')
cd /Users/admin/builder/spi-builder-workspace
write-file /Users/admin/builder/spi-builder-workspace/.derivedData/Build/Intermediates.noindex/InAppSafariKit.build/Debug/InAppSafariKit-t.build/Objects-normal/arm64/InAppSafariKit.SwiftConstValuesFileList
WriteAuxiliaryFile /Users/admin/builder/spi-builder-workspace/.derivedData/Build/Intermediates.noindex/InAppSafariKit.build/Debug/InAppSafariKit-t.build/Objects-normal/arm64/InAppSafariKit.SwiftFileList (in target 'InAppSafariKit' from project 'InAppSafariKit')
cd /Users/admin/builder/spi-builder-workspace
write-file /Users/admin/builder/spi-builder-workspace/.derivedData/Build/Intermediates.noindex/InAppSafariKit.build/Debug/InAppSafariKit-t.build/Objects-normal/arm64/InAppSafariKit.SwiftFileList
Copy /Users/admin/builder/spi-builder-workspace/.derivedData/Build/Intermediates.noindex/GeneratedModuleMaps/InAppSafariKit.modulemap /Users/admin/builder/spi-builder-workspace/.derivedData/Build/Intermediates.noindex/InAppSafariKit.build/Debug/InAppSafariKit-t.build/InAppSafariKit.modulemap (in target 'InAppSafariKit' from project 'InAppSafariKit')
cd /Users/admin/builder/spi-builder-workspace
builtin-copy -exclude .DS_Store -exclude CVS -exclude .svn -exclude .git -exclude .hg -resolve-src-symlinks /Users/admin/builder/spi-builder-workspace/.derivedData/Build/Intermediates.noindex/InAppSafariKit.build/Debug/InAppSafariKit-t.build/InAppSafariKit.modulemap /Users/admin/builder/spi-builder-workspace/.derivedData/Build/Intermediates.noindex/GeneratedModuleMaps
SwiftDriver InAppSafariKit normal arm64 com.apple.xcode.tools.swift.compiler (in target 'InAppSafariKit' from project 'InAppSafariKit')
cd /Users/admin/builder/spi-builder-workspace/.swiftpm/xcode
builtin-SwiftDriver -- /Applications/Xcode-27.0.0-Release.Candidate.app/Contents/Developer/Toolchains/XcodeDefault.xctoolchain/usr/bin/swiftc -parse-as-library -module-name InAppSafariKit -Onone @/Users/admin/builder/spi-builder-workspace/.derivedData/Build/Intermediates.noindex/InAppSafariKit.build/Debug/InAppSafariKit-t.build/Objects-normal/arm64/InAppSafariKit.SwiftFileList -DSWIFT_PACKAGE -DDEBUG -DSWIFT_MODULE_RESOURCE_BUNDLE_UNAVAILABLE -DXcode -plugin-path /Applications/Xcode-27.0.0-Release.Candidate.app/Contents/Developer/Toolchains/XcodeDefault.xctoolchain/usr/lib/swift/host/plugins/testing -enable-experimental-feature DebugDescriptionMacro -sdk /Applications/Xcode-27.0.0-Release.Candidate.app/Contents/Developer/Platforms/MacOSX.platform/Developer/SDKs/MacOSX27.0.sdk -target arm64-apple-macos12.0 -g -module-cache-path /Users/admin/builder/spi-builder-workspace/.derivedData/ModuleCache.noindex -Xfrontend -serialize-debugging-options -profile-coverage-mapping -profile-generate -enable-testing -index-store-path /Users/admin/builder/spi-builder-workspace/.derivedData/Index.noindex/DataStore -Xcc -D_LIBCPP_HARDENING_MODE\=_LIBCPP_HARDENING_MODE_DEBUG -swift-version 6 -I /Users/admin/builder/spi-builder-workspace/.derivedData/Build/Products/Debug -Isystem /Applications/Xcode-27.0.0-Release.Candidate.app/Contents/Developer/Platforms/MacOSX.platform/Developer/usr/lib -F /Users/admin/builder/spi-builder-workspace/.derivedData/Build/Products/Debug -F /Applications/Xcode-27.0.0-Release.Candidate.app/Contents/Developer/Platforms/MacOSX.platform/Developer/Library/Frameworks -c -j10 -enable-batch-mode -incremental -Xcc -ivfsstatcache -Xcc /Users/admin/builder/spi-builder-workspace/.derivedData/SDKStatCaches.noindex/macosx27.0-26A425-e829b21a6f8c9b70876ba0858053c0446a22442a12e9d48fe1a705f55a1adfc4.sdkstatcache -output-file-map /Users/admin/builder/spi-builder-workspace/.derivedData/Build/Intermediates.noindex/InAppSafariKit.build/Debug/InAppSafariKit-t.build/Objects-normal/arm64/InAppSafariKit-OutputFileMap.json -save-temps -no-color-diagnostics -explicit-module-build -module-cache-path /Users/admin/builder/spi-builder-workspace/.derivedData/Build/Intermediates.noindex/SwiftExplicitPrecompiledModules -clang-scanner-module-cache-path /Users/admin/builder/spi-builder-workspace/.derivedData/ModuleCache.noindex -sdk-module-cache-path /Users/admin/builder/spi-builder-workspace/.derivedData/SDKExplicitPrecompiledModules -emit-dependencies -emit-module -emit-module-path /Users/admin/builder/spi-builder-workspace/.derivedData/Build/Intermediates.noindex/InAppSafariKit.build/Debug/InAppSafariKit-t.build/Objects-normal/arm64/InAppSafariKit.swiftmodule -serialize-diagnostics -dependency-scan-serialize-diagnostics-path /Users/admin/builder/spi-builder-workspace/.derivedData/Build/Intermediates.noindex/InAppSafariKit.build/Debug/InAppSafariKit-t.build/Objects-normal/arm64/InAppSafariKit-dependency-scan.dia -validate-clang-modules-once -clang-build-session-file /Users/admin/builder/spi-builder-workspace/.derivedData/ModuleCache.noindex/Session.modulevalidation -Xcc -fmodules-prune-interval\=86400 -Xcc -fmodules-prune-after\=345600 -package-name spi_builder_workspace -emit-const-values -const-gather-protocols-list /Users/admin/builder/spi-builder-workspace/.derivedData/Build/Intermediates.noindex/InAppSafariKit.build/Debug/InAppSafariKit-t.build/Objects-normal/arm64/InAppSafariKit_const_extract_protocols.json -Xcc -I/Users/admin/builder/spi-builder-workspace/.derivedData/Build/Products/Debug/include -Xcc -I/Users/admin/builder/spi-builder-workspace/.derivedData/Build/Intermediates.noindex/InAppSafariKit.build/Debug/InAppSafariKit-t.build/DerivedSources-normal/arm64 -Xcc -I/Users/admin/builder/spi-builder-workspace/.derivedData/Build/Intermediates.noindex/InAppSafariKit.build/Debug/InAppSafariKit-t.build/DerivedSources/arm64 -Xcc -I/Users/admin/builder/spi-builder-workspace/.derivedData/Build/Intermediates.noindex/InAppSafariKit.build/Debug/InAppSafariKit-t.build/DerivedSources -Xcc -DSWIFT_PACKAGE -Xcc -DDEBUG\=1 -emit-objc-header -emit-objc-header-path /Users/admin/builder/spi-builder-workspace/.derivedData/Build/Intermediates.noindex/InAppSafariKit.build/Debug/InAppSafariKit-t.build/Objects-normal/arm64/InAppSafariKit-Swift.h -working-directory /Users/admin/builder/spi-builder-workspace/.swiftpm/xcode -experimental-emit-module-separately -disable-cmo
SwiftExplicitDependencyGeneratePcm arm64 /Users/admin/builder/spi-builder-workspace/.derivedData/SDKExplicitPrecompiledModules/_SwiftConcurrencyShims-11TYQJH3GW4GGN6M952RT44S2.pcm
SwiftExplicitDependencyGeneratePcm arm64 /Users/admin/builder/spi-builder-workspace/.derivedData/SDKExplicitPrecompiledModules/_AvailabilityInternal-5OQ8S18SKM02L42PKV6U5ZAWA.pcm
SwiftExplicitDependencyGeneratePcm arm64 /Users/admin/builder/spi-builder-workspace/.derivedData/SDKExplicitPrecompiledModules/SwiftShims-8117TUG7HSOLBQL517OWAROM7.pcm
SwiftExplicitDependencyGeneratePcm arm64 /Users/admin/builder/spi-builder-workspace/.derivedData/SDKExplicitPrecompiledModules/_Builtin_float-EXGUO4XEWWSRONNTP4II1R3BM.pcm
SwiftExplicitDependencyGeneratePcm arm64 /Users/admin/builder/spi-builder-workspace/.derivedData/SDKExplicitPrecompiledModules/ptrcheck-7F7OST5MV9OHXZMCIL2H6FYAO.pcm
SwiftExplicitDependencyGeneratePcm arm64 /Users/admin/builder/spi-builder-workspace/.derivedData/SDKExplicitPrecompiledModules/ptrauth-7VGYQCV549PIPP0FHI45MYEXG.pcm
SwiftExplicitDependencyGeneratePcm arm64 /Users/admin/builder/spi-builder-workspace/.derivedData/SDKExplicitPrecompiledModules/_Builtin_stdarg-DVP6W0QP66W8E74TX0GQAIEFM.pcm
SwiftExplicitDependencyGeneratePcm arm64 /Users/admin/builder/spi-builder-workspace/.derivedData/SDKExplicitPrecompiledModules/_Builtin_stdbool-8V6HC39D8H2ZKW3GSD1KJ09A9.pcm
SwiftExplicitDependencyGeneratePcm arm64 /Users/admin/builder/spi-builder-workspace/.derivedData/SDKExplicitPrecompiledModules/DeveloperToolsSupport-1MJKJIVFEOCVMYG93RTR2K39.pcm
SwiftExplicitDependencyGeneratePcm arm64 /Users/admin/builder/spi-builder-workspace/.derivedData/SDKExplicitPrecompiledModules/_Builtin_stddef-BRQYWAPA5F9I3AGC7LZEIAIGS.pcm
SwiftExplicitDependencyGeneratePcm arm64 /Users/admin/builder/spi-builder-workspace/.derivedData/SDKExplicitPrecompiledModules/_DarwinFoundation1-CEB668520FVMM3FPLUP3ZX3DP.pcm
SwiftExplicitDependencyGeneratePcm arm64 /Users/admin/builder/spi-builder-workspace/.derivedData/SDKExplicitPrecompiledModules/_Builtin_limits-HXF6WMF65IXTY4LB9YQRPDVS.pcm
SwiftExplicitDependencyGeneratePcm arm64 /Users/admin/builder/spi-builder-workspace/.derivedData/SDKExplicitPrecompiledModules/_DarwinFoundation2-8A4UVIA5QLD0UNZXBQYRW6KN7.pcm
SwiftExplicitDependencyGeneratePcm arm64 /Users/admin/builder/spi-builder-workspace/.derivedData/SDKExplicitPrecompiledModules/string_h-6TIYHCG4O23ZFSK467Q1J0323.pcm
SwiftExplicitDependencyGeneratePcm arm64 /Users/admin/builder/spi-builder-workspace/.derivedData/SDKExplicitPrecompiledModules/sys_types-8B5WBGNKQGP8VGVHGXXFAVHM4.pcm
SwiftExplicitDependencyGeneratePcm arm64 /Users/admin/builder/spi-builder-workspace/.derivedData/SDKExplicitPrecompiledModules/_Builtin_stdint-1OD4P9W70NM45YK5V1IH8JOXR.pcm
SwiftExplicitDependencyGeneratePcm arm64 /Users/admin/builder/spi-builder-workspace/.derivedData/SDKExplicitPrecompiledModules/_Builtin_tgmath-ESXYZN2NTH330WG65ZHZCVA1F.pcm
SwiftExplicitDependencyGeneratePcm arm64 /Users/admin/builder/spi-builder-workspace/.derivedData/SDKExplicitPrecompiledModules/_Builtin_intrinsics-47EDOVQXH14WGC2TNDLNE4H8H.pcm
SwiftExplicitDependencyGeneratePcm arm64 /Users/admin/builder/spi-builder-workspace/.derivedData/SDKExplicitPrecompiledModules/libDER-9VW90WXB13JUMGRN6F5ZRJXU0.pcm
SwiftExplicitDependencyGeneratePcm arm64 /Users/admin/builder/spi-builder-workspace/.derivedData/SDKExplicitPrecompiledModules/_Builtin_stdatomic-1R9WVHFT4FALJXANBPLNOQ734.pcm
SwiftExplicitDependencyGeneratePcm arm64 /Users/admin/builder/spi-builder-workspace/.derivedData/SDKExplicitPrecompiledModules/_DarwinFoundation3-DNXKXFFQ8MRLRO9KQN10R21I0.pcm
SwiftExplicitDependencyGeneratePcm arm64 /Users/admin/builder/spi-builder-workspace/.derivedData/SDKExplicitPrecompiledModules/_Builtin_inttypes-489CMR9E9YGXYB1ZU4Y2FSN2V.pcm
SwiftExplicitDependencyGeneratePcm arm64 /Users/admin/builder/spi-builder-workspace/.derivedData/SDKExplicitPrecompiledModules/Darwin-4SSYTF9FPWUAJVNBQDXTH3HIS.pcm
SwiftExplicitDependencyGeneratePcm arm64 /Users/admin/builder/spi-builder-workspace/.derivedData/SDKExplicitPrecompiledModules/simd-69ZS7HAMHG2KDSH3WC09AYARP.pcm
SwiftExplicitDependencyGeneratePcm arm64 /Users/admin/builder/spi-builder-workspace/.derivedData/SDKExplicitPrecompiledModules/libkern-DC5VSWS0W4A07Q7BUF7Q8VYMV.pcm
SwiftExplicitDependencyGeneratePcm arm64 /Users/admin/builder/spi-builder-workspace/.derivedData/SDKExplicitPrecompiledModules/MachO-4D0HJWYC59S7APTHBHDUKR7KJ.pcm
SwiftExplicitDependencyGeneratePcm arm64 /Users/admin/builder/spi-builder-workspace/.derivedData/SDKExplicitPrecompiledModules/launch-EFXL3YL04KHGWJLOU1XU768V7.pcm
SwiftExplicitDependencyGeneratePcm arm64 /Users/admin/builder/spi-builder-workspace/.derivedData/SDKExplicitPrecompiledModules/CUPS-1ZA2VX6NJ9HSLUZMN3J9CZ8WH.pcm
SwiftExplicitDependencyGeneratePcm arm64 /Users/admin/builder/spi-builder-workspace/.derivedData/SDKExplicitPrecompiledModules/ObjectiveC-5UUM8AH9LJRERY99K1GUBURMO.pcm
SwiftExplicitDependencyGeneratePcm arm64 /Users/admin/builder/spi-builder-workspace/.derivedData/SDKExplicitPrecompiledModules/Spatial-62AM7A4GCIZSL4GA3PG89YZC9.pcm
SwiftExplicitDependencyGeneratePcm arm64 /Users/admin/builder/spi-builder-workspace/.derivedData/SDKExplicitPrecompiledModules/os_object-BTDIN6QZYDLDQ14FCV3ILP969.pcm
SwiftExplicitDependencyGeneratePcm arm64 /Users/admin/builder/spi-builder-workspace/.derivedData/SDKExplicitPrecompiledModules/os_workgroup-5KW4GI1VTT4BL3CP7IBC3MXQT.pcm
SwiftExplicitDependencyGeneratePcm arm64 /Users/admin/builder/spi-builder-workspace/.derivedData/SDKExplicitPrecompiledModules/Dispatch-6G7SC7DNRDQILDZM7AA5CBO9R.pcm
SwiftExplicitDependencyGeneratePcm arm64 /Users/admin/builder/spi-builder-workspace/.derivedData/SDKExplicitPrecompiledModules/CoreFoundation-DM89H54DP422N6SIFFXP5XPSQ.pcm
SwiftExplicitDependencyGeneratePcm arm64 /Users/admin/builder/spi-builder-workspace/.derivedData/SDKExplicitPrecompiledModules/XPC-BCOQO9UGC7BBHCJY0IGQSWASH.pcm
SwiftExplicitDependencyGeneratePcm arm64 /Users/admin/builder/spi-builder-workspace/.derivedData/SDKExplicitPrecompiledModules/os-C7U69HZXFHL69YJDFLWT0U3FZ.pcm
SwiftExplicitDependencyGeneratePcm arm64 /Users/admin/builder/spi-builder-workspace/.derivedData/SDKExplicitPrecompiledModules/IOKit-CEDFRGTVIVCLLLHYJXGM0PFVL.pcm
SwiftExplicitDependencyGeneratePcm arm64 /Users/admin/builder/spi-builder-workspace/.derivedData/SDKExplicitPrecompiledModules/Security-9SU97HPC9MZ0C0LR3CKCOZQAP.pcm
SwiftExplicitDependencyGeneratePcm arm64 /Users/admin/builder/spi-builder-workspace/.derivedData/SDKExplicitPrecompiledModules/CFNetwork-1WQZZ3LJFUKBFXPPIBIBOWVLB.pcm
SwiftExplicitDependencyGeneratePcm arm64 /Users/admin/builder/spi-builder-workspace/.derivedData/SDKExplicitPrecompiledModules/ColorSync-2HYXTYOH77DFC39T5Q8SOQDAC.pcm
SwiftExplicitDependencyGeneratePcm arm64 /Users/admin/builder/spi-builder-workspace/.derivedData/SDKExplicitPrecompiledModules/CoreAudioTypes-1CX3AQ7NWCPJJKJZAOMEUEHIM.pcm
SwiftExplicitDependencyGeneratePcm arm64 /Users/admin/builder/spi-builder-workspace/.derivedData/SDKExplicitPrecompiledModules/DiskArbitration-32YV8CK2DX7VR3YJCQJ2LRQBO.pcm
SwiftExplicitDependencyGeneratePcm arm64 /Users/admin/builder/spi-builder-workspace/.derivedData/SDKExplicitPrecompiledModules/CoreGraphics-CMQNI1EEW43ZI97R5YJX1IPHZ.pcm
SwiftExplicitDependencyGeneratePcm arm64 /Users/admin/builder/spi-builder-workspace/.derivedData/SDKExplicitPrecompiledModules/CoreServices-C4V7JAU987T6ELRKRI0FAGTZQ.pcm
SwiftExplicitDependencyGeneratePcm arm64 /Users/admin/builder/spi-builder-workspace/.derivedData/SDKExplicitPrecompiledModules/ImageIO-6ENZ489YMQHAXZ219JEZF1X5L.pcm
SwiftExplicitDependencyGeneratePcm arm64 /Users/admin/builder/spi-builder-workspace/.derivedData/SDKExplicitPrecompiledModules/CoreText-BEV0LYYSPSU1DYA5GU5ISF5D7.pcm
SwiftExplicitDependencyGeneratePcm arm64 /Users/admin/builder/spi-builder-workspace/.derivedData/SDKExplicitPrecompiledModules/Foundation-3KHMOXHUOEX7MI4E04DWEG25Z.pcm
SwiftExplicitDependencyGeneratePcm arm64 /Users/admin/builder/spi-builder-workspace/.derivedData/SDKExplicitPrecompiledModules/IOSurface-4Q32HDW4K350WR630YIIMV9EG.pcm
SwiftExplicitDependencyGeneratePcm arm64 /Users/admin/builder/spi-builder-workspace/.derivedData/SDKExplicitPrecompiledModules/ApplicationServices-BO31UW2LY8YWE2PXALQSZ2GDH.pcm
SwiftExplicitDependencyGeneratePcm arm64 /Users/admin/builder/spi-builder-workspace/.derivedData/SDKExplicitPrecompiledModules/Accessibility-AX0NO6PFYHH1KBV1EQZLJ8VY4.pcm
SwiftExplicitDependencyGeneratePcm arm64 /Users/admin/builder/spi-builder-workspace/.derivedData/SDKExplicitPrecompiledModules/CoreData-7AHAZHOZFYVGC8AEAEW7UONYH.pcm
SwiftExplicitDependencyGeneratePcm arm64 /Users/admin/builder/spi-builder-workspace/.derivedData/SDKExplicitPrecompiledModules/DataDetection-6SBESQXWU8BZ2T53B5K5RFDCN.pcm
SwiftExplicitDependencyGeneratePcm arm64 /Users/admin/builder/spi-builder-workspace/.derivedData/SDKExplicitPrecompiledModules/OSLog-DNA8KCBYX02UANA3SZWSGA9FK.pcm
SwiftExplicitDependencyGeneratePcm arm64 /Users/admin/builder/spi-builder-workspace/.derivedData/SDKExplicitPrecompiledModules/UniformTypeIdentifiers-6NDBDVQ68S18YF9RX0ITE5UKU.pcm
SwiftExplicitDependencyGeneratePcm arm64 /Users/admin/builder/spi-builder-workspace/.derivedData/SDKExplicitPrecompiledModules/CoreAudio-4EHOOJOUZ7C8FLQK9MY3L6G05.pcm
SwiftExplicitDependencyGeneratePcm arm64 /Users/admin/builder/spi-builder-workspace/.derivedData/SDKExplicitPrecompiledModules/CoreTransferable-FWKNEWDY3O6HRHDM5KD8EE3L.pcm
SwiftExplicitDependencyGeneratePcm arm64 /Users/admin/builder/spi-builder-workspace/.derivedData/SDKExplicitPrecompiledModules/Symbols-5THJQKH3WIYX84I28X5ZVDEFQ.pcm
SwiftExplicitDependencyGeneratePcm arm64 /Users/admin/builder/spi-builder-workspace/.derivedData/SDKExplicitPrecompiledModules/Metal-F24CJVXGLAYYGFPU2P93FKCDI.pcm
SwiftExplicitDependencyGeneratePcm arm64 /Users/admin/builder/spi-builder-workspace/.derivedData/SDKExplicitPrecompiledModules/OpenGL-1HNA0E7TU5D1BT5W6TFAEZ9PV.pcm
SwiftExplicitDependencyGeneratePcm arm64 /Users/admin/builder/spi-builder-workspace/.derivedData/SDKExplicitPrecompiledModules/CoreVideo-2I4PJ9ANJG82E8LAI4FQ2BCF2.pcm
SwiftExplicitDependencyGeneratePcm arm64 /Users/admin/builder/spi-builder-workspace/.derivedData/SDKExplicitPrecompiledModules/QuartzCore-C0GLZ4FW076FUCWD767XWGGNX.pcm
SwiftExplicitDependencyGeneratePcm arm64 /Users/admin/builder/spi-builder-workspace/.derivedData/SDKExplicitPrecompiledModules/CoreMedia-CS96U86NGWI58TNL453BBKZKL.pcm
SwiftExplicitDependencyGeneratePcm arm64 /Users/admin/builder/spi-builder-workspace/.derivedData/SDKExplicitPrecompiledModules/CoreImage-5ZIBOBQABVVPBMXRV2Q3QUAVF.pcm
SwiftExplicitDependencyGeneratePcm arm64 /Users/admin/builder/spi-builder-workspace/.derivedData/SDKExplicitPrecompiledModules/SwiftUICore-2CIPJK2QNQA3TREUCNAIPUWNP.pcm
SwiftExplicitDependencyGeneratePcm arm64 /Users/admin/builder/spi-builder-workspace/.derivedData/SDKExplicitPrecompiledModules/AppKit-EZCRIJUMAU40UJMBJPQ6MNKKL.pcm
SwiftExplicitDependencyGeneratePcm arm64 /Users/admin/builder/spi-builder-workspace/.derivedData/SDKExplicitPrecompiledModules/SwiftUI-MD9JCHSBSCG6XVJ7MTKUBVLD.pcm
SwiftExplicitDependencyGeneratePcm arm64 /Users/admin/builder/spi-builder-workspace/.derivedData/SDKExplicitPrecompiledModules/SafariServices-DXAKQFD96BJJHZD7BTLJ6YHA5.pcm
SwiftEmitModule normal arm64 Emitting\ module\ for\ InAppSafariKit (in target 'InAppSafariKit' from project 'InAppSafariKit')
/Users/admin/builder/spi-builder-workspace/Sources/InAppSafariKit/OpenURLInAppSafariModifier.swift:53:29: error: cannot find type 'SFSafariViewController' in scope
51 | entersReaderIfAvailable: Bool = false,
52 | barCollapsingEnabled: Bool = true,
53 | dismissButtonStyle: SFSafariViewController.DismissButtonStyle = .done,
| `- error: cannot find type 'SFSafariViewController' in scope
54 | preferredBarTintColor: UIColor? = nil,
55 | preferredControlTintColor: UIColor? = nil,
/Users/admin/builder/spi-builder-workspace/Sources/InAppSafariKit/OpenURLInAppSafariModifier.swift:54:32: error: cannot find type 'UIColor' in scope
52 | barCollapsingEnabled: Bool = true,
53 | dismissButtonStyle: SFSafariViewController.DismissButtonStyle = .done,
54 | preferredBarTintColor: UIColor? = nil,
| `- error: cannot find type 'UIColor' in scope
55 | preferredControlTintColor: UIColor? = nil,
56 | modalPresentationStyle: UIModalPresentationStyle = .fullScreen
/Users/admin/builder/spi-builder-workspace/Sources/InAppSafariKit/OpenURLInAppSafariModifier.swift:55:36: error: cannot find type 'UIColor' in scope
53 | dismissButtonStyle: SFSafariViewController.DismissButtonStyle = .done,
54 | preferredBarTintColor: UIColor? = nil,
55 | preferredControlTintColor: UIColor? = nil,
| `- error: cannot find type 'UIColor' in scope
56 | modalPresentationStyle: UIModalPresentationStyle = .fullScreen
57 | ) {
/Users/admin/builder/spi-builder-workspace/Sources/InAppSafariKit/OpenURLInAppSafariModifier.swift:56:33: error: cannot find type 'UIModalPresentationStyle' in scope
54 | preferredBarTintColor: UIColor? = nil,
55 | preferredControlTintColor: UIColor? = nil,
56 | modalPresentationStyle: UIModalPresentationStyle = .fullScreen
| `- error: cannot find type 'UIModalPresentationStyle' in scope
57 | ) {
58 | self.entersReaderIfAvailable = entersReaderIfAvailable
/Users/admin/builder/spi-builder-workspace/Sources/InAppSafariKit/OpenURLInAppSafariModifier.swift:12:6: error: generic parameter 'Value' could not be inferred
10 |
11 | struct OpenURLInAppSafariModifier: ViewModifier {
12 | @Environment(\.customSafariStyle) private var style
| `- error: generic parameter 'Value' could not be inferred
13 | let entersReaderIfAvailable: Bool?
14 | let barCollapsingEnabled: Bool?
/Users/admin/builder/spi-builder-workspace/Sources/InAppSafariKit/OpenURLInAppSafariModifier.swift:12:18: error: cannot convert value of type 'KeyPath<Root, Value>' to expected argument type 'Value.Type'
10 |
11 | struct OpenURLInAppSafariModifier: ViewModifier {
12 | @Environment(\.customSafariStyle) private var style
| `- error: cannot convert value of type 'KeyPath<Root, Value>' to expected argument type 'Value.Type'
13 | let entersReaderIfAvailable: Bool?
14 | let barCollapsingEnabled: Bool?
/Users/admin/builder/spi-builder-workspace/Sources/InAppSafariKit/OpenURLInAppSafariModifier.swift:12:18: error: cannot infer key path type from context; consider explicitly specifying a root type
10 |
11 | struct OpenURLInAppSafariModifier: ViewModifier {
12 | @Environment(\.customSafariStyle) private var style
| `- error: cannot infer key path type from context; consider explicitly specifying a root type
13 | let entersReaderIfAvailable: Bool?
14 | let barCollapsingEnabled: Bool?
/Users/admin/builder/spi-builder-workspace/Sources/InAppSafariKit/OpenURLInAppSafariModifier.swift:15:29: error: cannot find type 'SFSafariViewController' in scope
13 | let entersReaderIfAvailable: Bool?
14 | let barCollapsingEnabled: Bool?
15 | let dismissButtonStyle: SFSafariViewController.DismissButtonStyle?
| `- error: cannot find type 'SFSafariViewController' in scope
16 | let preferredBarTintColor: UIColor?
17 | let preferredControlTintColor: UIColor?
/Users/admin/builder/spi-builder-workspace/Sources/InAppSafariKit/OpenURLInAppSafariModifier.swift:16:32: error: cannot find type 'UIColor' in scope
14 | let barCollapsingEnabled: Bool?
15 | let dismissButtonStyle: SFSafariViewController.DismissButtonStyle?
16 | let preferredBarTintColor: UIColor?
| `- error: cannot find type 'UIColor' in scope
17 | let preferredControlTintColor: UIColor?
18 | let modalPresentationStyle: UIModalPresentationStyle?
/Users/admin/builder/spi-builder-workspace/Sources/InAppSafariKit/OpenURLInAppSafariModifier.swift:17:36: error: cannot find type 'UIColor' in scope
15 | let dismissButtonStyle: SFSafariViewController.DismissButtonStyle?
16 | let preferredBarTintColor: UIColor?
17 | let preferredControlTintColor: UIColor?
| `- error: cannot find type 'UIColor' in scope
18 | let modalPresentationStyle: UIModalPresentationStyle?
19 |
/Users/admin/builder/spi-builder-workspace/Sources/InAppSafariKit/OpenURLInAppSafariModifier.swift:18:33: error: cannot find type 'UIModalPresentationStyle' in scope
16 | let preferredBarTintColor: UIColor?
17 | let preferredControlTintColor: UIColor?
18 | let modalPresentationStyle: UIModalPresentationStyle?
| `- error: cannot find type 'UIModalPresentationStyle' in scope
19 |
20 | func body(content: Content) -> some View {
/Users/admin/builder/spi-builder-workspace/Sources/InAppSafariKit/OpenURLInAppSafariModifier.swift:45:36: error: cannot find type 'SFSafariViewController' in scope
43 | public var entersReaderIfAvailable: Bool
44 | public var barCollapsingEnabled: Bool
45 | public var dismissButtonStyle: SFSafariViewController.DismissButtonStyle
| `- error: cannot find type 'SFSafariViewController' in scope
46 | public var preferredBarTintColor: UIColor?
47 | public var preferredControlTintColor: UIColor?
/Users/admin/builder/spi-builder-workspace/Sources/InAppSafariKit/OpenURLInAppSafariModifier.swift:46:39: error: cannot find type 'UIColor' in scope
44 | public var barCollapsingEnabled: Bool
45 | public var dismissButtonStyle: SFSafariViewController.DismissButtonStyle
46 | public var preferredBarTintColor: UIColor?
| `- error: cannot find type 'UIColor' in scope
47 | public var preferredControlTintColor: UIColor?
48 | public var modalPresentationStyle: UIModalPresentationStyle
/Users/admin/builder/spi-builder-workspace/Sources/InAppSafariKit/OpenURLInAppSafariModifier.swift:47:43: error: cannot find type 'UIColor' in scope
45 | public var dismissButtonStyle: SFSafariViewController.DismissButtonStyle
46 | public var preferredBarTintColor: UIColor?
47 | public var preferredControlTintColor: UIColor?
| `- error: cannot find type 'UIColor' in scope
48 | public var modalPresentationStyle: UIModalPresentationStyle
49 |
/Users/admin/builder/spi-builder-workspace/Sources/InAppSafariKit/OpenURLInAppSafariModifier.swift:48:40: error: cannot find type 'UIModalPresentationStyle' in scope
46 | public var preferredBarTintColor: UIColor?
47 | public var preferredControlTintColor: UIColor?
48 | public var modalPresentationStyle: UIModalPresentationStyle
| `- error: cannot find type 'UIModalPresentationStyle' in scope
49 |
50 | public init(
macro expansion @Entry:1:16: error: type 'EnvironmentValues.__Key_customSafariStyle' does not conform to protocol 'EnvironmentKey'
`- /Users/admin/builder/spi-builder-workspace/Sources/InAppSafariKit/OpenURLInAppSafariModifier.swift:69:62: note: expanded code originates here
67 |
68 | extension EnvironmentValues {
69 | @Entry public var customSafariStyle = CustomSafariStyle()
| |- note: in expansion of macro 'Entry' on property 'customSafariStyle' here
| `- note: in expansion of macro 'Entry' on property 'customSafariStyle' here
+--- macro expansion @Entry ----------------------------------------
|1 | private struct __Key_customSafariStyle: SwiftUICore.EnvironmentKey {
| | |- error: type 'EnvironmentValues.__Key_customSafariStyle' does not conform to protocol 'EnvironmentKey'
| | `- note: add stubs for conformance
|2 | @SwiftUICore.__EntryDefaultValue
|3 | static var defaultValue = CustomSafariStyle()
+-------------------------------------------------------------------
70 | }
71 |
SwiftUI.EnvironmentKey.Value:2:16: note: protocol requires nested type 'Value'
1 | protocol EnvironmentKey {
2 | associatedtype Value}
| `- note: protocol requires nested type 'Value'
3 |
/Users/admin/builder/spi-builder-workspace/Sources/InAppSafariKit/OpenURLInAppSafariModifier.swift:84:29: error: cannot find type 'SFSafariViewController' in scope
82 | entersReaderIfAvailable: Bool? = nil,
83 | barCollapsingEnabled: Bool? = nil,
84 | dismissButtonStyle: SFSafariViewController.DismissButtonStyle? = nil,
| `- error: cannot find type 'SFSafariViewController' in scope
85 | preferredBarTintColor: UIColor? = nil,
86 | preferredControlTintColor: UIColor? = nil,
/Users/admin/builder/spi-builder-workspace/Sources/InAppSafariKit/OpenURLInAppSafariModifier.swift:85:32: error: cannot find type 'UIColor' in scope
83 | barCollapsingEnabled: Bool? = nil,
84 | dismissButtonStyle: SFSafariViewController.DismissButtonStyle? = nil,
85 | preferredBarTintColor: UIColor? = nil,
| `- error: cannot find type 'UIColor' in scope
86 | preferredControlTintColor: UIColor? = nil,
87 | modalPresentationStyle: UIModalPresentationStyle? = nil
SwiftCompile normal arm64 (in target 'InAppSafariKit' from project 'InAppSafariKit')
cd /Users/admin/builder/spi-builder-workspace/.swiftpm/xcode
/Users/admin/builder/spi-builder-workspace/Sources/InAppSafariKit/OpenURLInAppSafariModifier.swift:86:36: error: cannot find type 'UIColor' in scope
84 | dismissButtonStyle: SFSafariViewController.DismissButtonStyle? = nil,
85 | preferredBarTintColor: UIColor? = nil,
86 | preferredControlTintColor: UIColor? = nil,
| `- error: cannot find type 'UIColor' in scope
87 | modalPresentationStyle: UIModalPresentationStyle? = nil
88 | ) -> some View {
/Users/admin/builder/spi-builder-workspace/Sources/InAppSafariKit/OpenURLInAppSafariModifier.swift:87:33: error: cannot find type 'UIModalPresentationStyle' in scope
85 | preferredBarTintColor: UIColor? = nil,
86 | preferredControlTintColor: UIColor? = nil,
87 | modalPresentationStyle: UIModalPresentationStyle? = nil
| `- error: cannot find type 'UIModalPresentationStyle' in scope
88 | ) -> some View {
89 | return modifier(OpenURLInAppSafariModifier(
/Users/admin/builder/spi-builder-workspace/Sources/InAppSafariKit/OpenURLInAppSafariModifier.swift:100:11: error: cannot find type 'UIApplication' in scope
98 | }
99 |
100 | extension UIApplication {
| `- error: cannot find type 'UIApplication' in scope
101 | internal var firstKeyWindow: UIWindow? {
102 | return UIApplication.shared.connectedScenes
Failed frontend command:
/Applications/Xcode-27.0.0-Release.Candidate.app/Contents/Developer/Toolchains/XcodeDefault.xctoolchain/usr/bin/swift-frontend -frontend -emit-module -experimental-skip-non-inlinable-function-bodies-without-types /Users/admin/builder/spi-builder-workspace/Sources/InAppSafariKit/OpenURLInAppSafariModifier.swift -target arm64-apple-macos12.0 -disable-cross-import-overlay-search -load-resolved-plugin /Applications/Xcode-27.0.0-Release.Candidate.app/Contents/Developer/Platforms/MacOSX.platform/Developer/usr/lib/swift/host/plugins/libFoundationMacros.dylib\#/Applications/Xcode-27.0.0-Release.Candidate.app/Contents/Developer/Platforms/MacOSX.platform/Developer/usr/bin/swift-plugin-server\#FoundationMacros -load-resolved-plugin /Applications/Xcode-27.0.0-Release.Candidate.app/Contents/Developer/Platforms/MacOSX.platform/Developer/usr/lib/swift/host/plugins/libObservationMacros.dylib\#/Applications/Xcode-27.0.0-Release.Candidate.app/Contents/Developer/Platforms/MacOSX.platform/Developer/usr/bin/swift-plugin-server\#ObservationMacros -load-resolved-plugin /Applications/Xcode-27.0.0-Release.Candidate.app/Contents/Developer/Platforms/MacOSX.platform/Developer/usr/lib/swift/host/plugins/libPreviewsMacros.dylib\#/Applications/Xcode-27.0.0-Release.Candidate.app/Contents/Developer/Platforms/MacOSX.platform/Developer/usr/bin/swift-plugin-server\#PreviewsMacros -load-resolved-plugin /Applications/Xcode-27.0.0-Release.Candidate.app/Contents/Developer/Platforms/MacOSX.platform/Developer/usr/lib/swift/host/plugins/libSwiftMacros.dylib\#/Applications/Xcode-27.0.0-Release.Candidate.app/Contents/Developer/Platforms/MacOSX.platform/Developer/usr/bin/swift-plugin-server\#SwiftMacros -load-resolved-plugin /Applications/Xcode-27.0.0-Release.Candidate.app/Contents/Developer/Platforms/MacOSX.platform/Developer/usr/lib/swift/host/plugins/libSwiftUIMacros.dylib\#/Applications/Xcode-27.0.0-Release.Candidate.app/Contents/Developer/Platforms/MacOSX.platform/Developer/usr/bin/swift-plugin-server\#SwiftUIMacros -disable-implicit-swift-modules -Xcc -fno-implicit-modules -Xcc -fno-implicit-module-maps -explicit-swift-module-map-file /Users/admin/builder/spi-builder-workspace/.derivedData/Build/Intermediates.noindex/InAppSafariKit.build/Debug/InAppSafariKit-t.build/Objects-normal/arm64/InAppSafariKit-dependencies-1.json -Xllvm -aarch64-use-tbi -enable-objc-interop -stack-check -sdk /Applications/Xcode-27.0.0-Release.Candidate.app/Contents/Developer/Platforms/MacOSX.platform/Developer/SDKs/MacOSX27.0.sdk -I /Users/admin/builder/spi-builder-workspace/.derivedData/Build/Products/Debug -Isystem /Applications/Xcode-27.0.0-Release.Candidate.app/Contents/Developer/Platforms/MacOSX.platform/Developer/usr/lib -F /Users/admin/builder/spi-builder-workspace/.derivedData/Build/Products/Debug -F /Applications/Xcode-27.0.0-Release.Candidate.app/Contents/Developer/Platforms/MacOSX.platform/Developer/Library/Frameworks -module-cache-path /Users/admin/builder/spi-builder-workspace/.derivedData/Build/Intermediates.noindex/SwiftExplicitPrecompiledModules -no-color-diagnostics -Xcc -fno-color-diagnostics -enable-testing -g -debug-info-format\=dwarf -dwarf-version\=4 -profile-generate -profile-coverage-mapping -swift-version 6 -Onone -D SWIFT_PACKAGE -D DEBUG -D SWIFT_MODULE_RESOURCE_BUNDLE_UNAVAILABLE -D Xcode -serialize-debugging-options -enable-experimental-feature DebugDescriptionMacro -empty-abi-descriptor -validate-clang-modules-once -clang-build-session-file /Users/admin/builder/spi-builder-workspace/.derivedData/ModuleCache.noindex/Session.modulevalidation -Xcc -working-directory -Xcc /Users/admin/builder/spi-builder-workspace/.swiftpm/xcode -enable-anonymous-context-mangled-names -file-compilation-dir /Users/admin/builder/spi-builder-workspace/.swiftpm/xcode -Xcc -D_LIBCPP_HARDENING_MODE\=_LIBCPP_HARDENING_MODE_DEBUG -Xcc -ivfsstatcache -Xcc /Users/admin/builder/spi-builder-workspace/.derivedData/SDKStatCaches.noindex/macosx27.0-26A425-e829b21a6f8c9b70876ba0858053c0446a22442a12e9d48fe1a705f55a1adfc4.sdkstatcache -Xcc -fmodules-prune-interval\=86400 -Xcc -fmodules-prune-after\=345600 -Xcc -I/Users/admin/builder/spi-builder-workspace/.derivedData/Build/Products/Debug/include -Xcc -I/Users/admin/builder/spi-builder-workspace/.derivedData/Build/Intermediates.noindex/InAppSafariKit.build/Debug/InAppSafariKit-t.build/DerivedSources-normal/arm64 -Xcc -I/Users/admin/builder/spi-builder-workspace/.derivedData/Build/Intermediates.noindex/InAppSafariKit.build/Debug/InAppSafariKit-t.build/DerivedSources/arm64 -Xcc -I/Users/admin/builder/spi-builder-workspace/.derivedData/Build/Intermediates.noindex/InAppSafariKit.build/Debug/InAppSafariKit-t.build/DerivedSources -Xcc -DSWIFT_PACKAGE -Xcc -DDEBUG\=1 -no-auto-bridging-header-chaining -module-name InAppSafariKit -package-name spi_builder_workspace -const-gather-protocols-file /Users/admin/builder/spi-builder-workspace/.derivedData/Build/Intermediates.noindex/InAppSafariKit.build/Debug/InAppSafariKit-t.build/Objects-normal/arm64/InAppSafariKit_const_extract_protocols.json -disable-clang-spi -clang-target arm64-apple-macos27.0 -target-sdk-version 27.0 -target-sdk-name macosx27.0 -in-process-plugin-server-path /Applications/Xcode-27.0.0-Release.Candidate.app/Contents/Developer/Toolchains/XcodeDefault.xctoolchain/usr/lib/swift/host/libSwiftInProcPluginServer.dylib -emit-module-doc-path /Users/admin/builder/spi-builder-workspace/.derivedData/Build/Intermediates.noindex/InAppSafariKit.build/Debug/InAppSafariKit-t.build/Objects-normal/arm64/InAppSafariKit.swiftdoc -emit-module-source-info-path /Users/admin/builder/spi-builder-workspace/.derivedData/Build/Intermediates.noindex/InAppSafariKit.build/Debug/InAppSafariKit-t.build/Objects-normal/arm64/InAppSafariKit.swiftsourceinfo -emit-objc-header-path /Users/admin/builder/spi-builder-workspace/.derivedData/Build/Intermediates.noindex/InAppSafariKit.build/Debug/InAppSafariKit-t.build/Objects-normal/arm64/InAppSafariKit-Swift.h -serialize-diagnostics-path /Users/admin/builder/spi-builder-workspace/.derivedData/Build/Intermediates.noindex/InAppSafariKit.build/Debug/InAppSafariKit-t.build/Objects-normal/arm64/InAppSafariKit-primary-emit-module.dia -emit-dependencies-path /Users/admin/builder/spi-builder-workspace/.derivedData/Build/Intermediates.noindex/InAppSafariKit.build/Debug/InAppSafariKit-t.build/Objects-normal/arm64/InAppSafariKit-primary-emit-module.d -parse-as-library -o /Users/admin/builder/spi-builder-workspace/.derivedData/Build/Intermediates.noindex/InAppSafariKit.build/Debug/InAppSafariKit-t.build/Objects-normal/arm64/InAppSafariKit.swiftmodule -emit-abi-descriptor-path /Users/admin/builder/spi-builder-workspace/.derivedData/Build/Intermediates.noindex/InAppSafariKit.build/Debug/InAppSafariKit-t.build/Objects-normal/arm64/InAppSafariKit.abi.json
SwiftCompile normal arm64 Compiling\ OpenURLInAppSafariModifier.swift /Users/admin/builder/spi-builder-workspace/Sources/InAppSafariKit/OpenURLInAppSafariModifier.swift (in target 'InAppSafariKit' from project 'InAppSafariKit')
/Users/admin/builder/spi-builder-workspace/Sources/InAppSafariKit/OpenURLInAppSafariModifier.swift:53:29: error: cannot find type 'SFSafariViewController' in scope
51 | entersReaderIfAvailable: Bool = false,
52 | barCollapsingEnabled: Bool = true,
53 | dismissButtonStyle: SFSafariViewController.DismissButtonStyle = .done,
| `- error: cannot find type 'SFSafariViewController' in scope
54 | preferredBarTintColor: UIColor? = nil,
55 | preferredControlTintColor: UIColor? = nil,
/Users/admin/builder/spi-builder-workspace/Sources/InAppSafariKit/OpenURLInAppSafariModifier.swift:54:32: error: cannot find type 'UIColor' in scope
52 | barCollapsingEnabled: Bool = true,
53 | dismissButtonStyle: SFSafariViewController.DismissButtonStyle = .done,
54 | preferredBarTintColor: UIColor? = nil,
| `- error: cannot find type 'UIColor' in scope
55 | preferredControlTintColor: UIColor? = nil,
56 | modalPresentationStyle: UIModalPresentationStyle = .fullScreen
/Users/admin/builder/spi-builder-workspace/Sources/InAppSafariKit/OpenURLInAppSafariModifier.swift:55:36: error: cannot find type 'UIColor' in scope
53 | dismissButtonStyle: SFSafariViewController.DismissButtonStyle = .done,
54 | preferredBarTintColor: UIColor? = nil,
55 | preferredControlTintColor: UIColor? = nil,
| `- error: cannot find type 'UIColor' in scope
56 | modalPresentationStyle: UIModalPresentationStyle = .fullScreen
57 | ) {
/Users/admin/builder/spi-builder-workspace/Sources/InAppSafariKit/OpenURLInAppSafariModifier.swift:56:33: error: cannot find type 'UIModalPresentationStyle' in scope
54 | preferredBarTintColor: UIColor? = nil,
55 | preferredControlTintColor: UIColor? = nil,
56 | modalPresentationStyle: UIModalPresentationStyle = .fullScreen
| `- error: cannot find type 'UIModalPresentationStyle' in scope
57 | ) {
58 | self.entersReaderIfAvailable = entersReaderIfAvailable
/Users/admin/builder/spi-builder-workspace/Sources/InAppSafariKit/OpenURLInAppSafariModifier.swift:12:6: error: generic parameter 'Value' could not be inferred
10 |
11 | struct OpenURLInAppSafariModifier: ViewModifier {
12 | @Environment(\.customSafariStyle) private var style
| `- error: generic parameter 'Value' could not be inferred
13 | let entersReaderIfAvailable: Bool?
14 | let barCollapsingEnabled: Bool?
/Users/admin/builder/spi-builder-workspace/Sources/InAppSafariKit/OpenURLInAppSafariModifier.swift:12:18: error: cannot convert value of type 'KeyPath<Root, Value>' to expected argument type 'Value.Type'
10 |
11 | struct OpenURLInAppSafariModifier: ViewModifier {
12 | @Environment(\.customSafariStyle) private var style
| `- error: cannot convert value of type 'KeyPath<Root, Value>' to expected argument type 'Value.Type'
13 | let entersReaderIfAvailable: Bool?
14 | let barCollapsingEnabled: Bool?
/Users/admin/builder/spi-builder-workspace/Sources/InAppSafariKit/OpenURLInAppSafariModifier.swift:12:18: error: cannot infer key path type from context; consider explicitly specifying a root type
10 |
11 | struct OpenURLInAppSafariModifier: ViewModifier {
12 | @Environment(\.customSafariStyle) private var style
| `- error: cannot infer key path type from context; consider explicitly specifying a root type
13 | let entersReaderIfAvailable: Bool?
14 | let barCollapsingEnabled: Bool?
/Users/admin/builder/spi-builder-workspace/Sources/InAppSafariKit/OpenURLInAppSafariModifier.swift:15:29: error: cannot find type 'SFSafariViewController' in scope
13 | let entersReaderIfAvailable: Bool?
14 | let barCollapsingEnabled: Bool?
15 | let dismissButtonStyle: SFSafariViewController.DismissButtonStyle?
| `- error: cannot find type 'SFSafariViewController' in scope
16 | let preferredBarTintColor: UIColor?
17 | let preferredControlTintColor: UIColor?
/Users/admin/builder/spi-builder-workspace/Sources/InAppSafariKit/OpenURLInAppSafariModifier.swift:16:32: error: cannot find type 'UIColor' in scope
14 | let barCollapsingEnabled: Bool?
15 | let dismissButtonStyle: SFSafariViewController.DismissButtonStyle?
16 | let preferredBarTintColor: UIColor?
| `- error: cannot find type 'UIColor' in scope
17 | let preferredControlTintColor: UIColor?
18 | let modalPresentationStyle: UIModalPresentationStyle?
/Users/admin/builder/spi-builder-workspace/Sources/InAppSafariKit/OpenURLInAppSafariModifier.swift:17:36: error: cannot find type 'UIColor' in scope
15 | let dismissButtonStyle: SFSafariViewController.DismissButtonStyle?
16 | let preferredBarTintColor: UIColor?
17 | let preferredControlTintColor: UIColor?
| `- error: cannot find type 'UIColor' in scope
18 | let modalPresentationStyle: UIModalPresentationStyle?
19 |
/Users/admin/builder/spi-builder-workspace/Sources/InAppSafariKit/OpenURLInAppSafariModifier.swift:18:33: error: cannot find type 'UIModalPresentationStyle' in scope
16 | let preferredBarTintColor: UIColor?
17 | let preferredControlTintColor: UIColor?
18 | let modalPresentationStyle: UIModalPresentationStyle?
| `- error: cannot find type 'UIModalPresentationStyle' in scope
19 |
20 | func body(content: Content) -> some View {
/Users/admin/builder/spi-builder-workspace/Sources/InAppSafariKit/OpenURLInAppSafariModifier.swift:45:36: error: cannot find type 'SFSafariViewController' in scope
43 | public var entersReaderIfAvailable: Bool
44 | public var barCollapsingEnabled: Bool
45 | public var dismissButtonStyle: SFSafariViewController.DismissButtonStyle
| `- error: cannot find type 'SFSafariViewController' in scope
46 | public var preferredBarTintColor: UIColor?
47 | public var preferredControlTintColor: UIColor?
/Users/admin/builder/spi-builder-workspace/Sources/InAppSafariKit/OpenURLInAppSafariModifier.swift:46:39: error: cannot find type 'UIColor' in scope
44 | public var barCollapsingEnabled: Bool
45 | public var dismissButtonStyle: SFSafariViewController.DismissButtonStyle
46 | public var preferredBarTintColor: UIColor?
| `- error: cannot find type 'UIColor' in scope
47 | public var preferredControlTintColor: UIColor?
48 | public var modalPresentationStyle: UIModalPresentationStyle
/Users/admin/builder/spi-builder-workspace/Sources/InAppSafariKit/OpenURLInAppSafariModifier.swift:47:43: error: cannot find type 'UIColor' in scope
45 | public var dismissButtonStyle: SFSafariViewController.DismissButtonStyle
46 | public var preferredBarTintColor: UIColor?
47 | public var preferredControlTintColor: UIColor?
| `- error: cannot find type 'UIColor' in scope
48 | public var modalPresentationStyle: UIModalPresentationStyle
49 |
/Users/admin/builder/spi-builder-workspace/Sources/InAppSafariKit/OpenURLInAppSafariModifier.swift:48:40: error: cannot find type 'UIModalPresentationStyle' in scope
46 | public var preferredBarTintColor: UIColor?
47 | public var preferredControlTintColor: UIColor?
48 | public var modalPresentationStyle: UIModalPresentationStyle
| `- error: cannot find type 'UIModalPresentationStyle' in scope
49 |
50 | public init(
macro expansion @Entry:1:16: error: type 'EnvironmentValues.__Key_customSafariStyle' does not conform to protocol 'EnvironmentKey'
`- /Users/admin/builder/spi-builder-workspace/Sources/InAppSafariKit/OpenURLInAppSafariModifier.swift:69:62: note: expanded code originates here
67 |
68 | extension EnvironmentValues {
69 | @Entry public var customSafariStyle = CustomSafariStyle()
| `- note: in expansion of macro 'Entry' on property 'customSafariStyle' here
+--- macro expansion @Entry ----------------------------------------
|1 | private struct __Key_customSafariStyle: SwiftUICore.EnvironmentKey {
| | `- error: type 'EnvironmentValues.__Key_customSafariStyle' does not conform to protocol 'EnvironmentKey'
|2 | @SwiftUICore.__EntryDefaultValue
|3 | static var defaultValue = CustomSafariStyle()
+-------------------------------------------------------------------
70 | }
71 |
macro expansion @Entry:1:16: error: type 'EnvironmentValues.__Key_customSafariStyle' does not conform to protocol 'EnvironmentKey'
`- /Users/admin/builder/spi-builder-workspace/Sources/InAppSafariKit/OpenURLInAppSafariModifier.swift:69:62: note: expanded code originates here
67 |
68 | extension EnvironmentValues {
69 | @Entry public var customSafariStyle = CustomSafariStyle()
| |- note: in expansion of macro 'Entry' on property 'customSafariStyle' here
| `- note: in expansion of macro 'Entry' on property 'customSafariStyle' here
+--- macro expansion @Entry ----------------------------------------
|1 | private struct __Key_customSafariStyle: SwiftUICore.EnvironmentKey {
| | |- error: type 'EnvironmentValues.__Key_customSafariStyle' does not conform to protocol 'EnvironmentKey'
| | `- note: add stubs for conformance
|2 | @SwiftUICore.__EntryDefaultValue
|3 | static var defaultValue = CustomSafariStyle()
+-------------------------------------------------------------------
70 | }
71 |
SwiftUI.EnvironmentKey.Value:2:16: note: protocol requires nested type 'Value'
1 | protocol EnvironmentKey {
2 | associatedtype Value}
| `- note: protocol requires nested type 'Value'
3 |
SwiftCompile normal arm64 /Users/admin/builder/spi-builder-workspace/Sources/InAppSafariKit/OpenURLInAppSafariModifier.swift (in target 'InAppSafariKit' from project 'InAppSafariKit')
cd /Users/admin/builder/spi-builder-workspace/.swiftpm/xcode
builtin-SwiftPerFileCompile OpenURLInAppSafariModifier.swift
/Users/admin/builder/spi-builder-workspace/Sources/InAppSafariKit/OpenURLInAppSafariModifier.swift:84:29: error: cannot find type 'SFSafariViewController' in scope
82 | entersReaderIfAvailable: Bool? = nil,
83 | barCollapsingEnabled: Bool? = nil,
84 | dismissButtonStyle: SFSafariViewController.DismissButtonStyle? = nil,
| `- error: cannot find type 'SFSafariViewController' in scope
85 | preferredBarTintColor: UIColor? = nil,
86 | preferredControlTintColor: UIColor? = nil,
/Users/admin/builder/spi-builder-workspace/Sources/InAppSafariKit/OpenURLInAppSafariModifier.swift:85:32: error: cannot find type 'UIColor' in scope
83 | barCollapsingEnabled: Bool? = nil,
84 | dismissButtonStyle: SFSafariViewController.DismissButtonStyle? = nil,
85 | preferredBarTintColor: UIColor? = nil,
| `- error: cannot find type 'UIColor' in scope
86 | preferredControlTintColor: UIColor? = nil,
87 | modalPresentationStyle: UIModalPresentationStyle? = nil
/Users/admin/builder/spi-builder-workspace/Sources/InAppSafariKit/OpenURLInAppSafariModifier.swift:86:36: error: cannot find type 'UIColor' in scope
84 | dismissButtonStyle: SFSafariViewController.DismissButtonStyle? = nil,
85 | preferredBarTintColor: UIColor? = nil,
86 | preferredControlTintColor: UIColor? = nil,
| `- error: cannot find type 'UIColor' in scope
87 | modalPresentationStyle: UIModalPresentationStyle? = nil
88 | ) -> some View {
/Users/admin/builder/spi-builder-workspace/Sources/InAppSafariKit/OpenURLInAppSafariModifier.swift:87:33: error: cannot find type 'UIModalPresentationStyle' in scope
85 | preferredBarTintColor: UIColor? = nil,
86 | preferredControlTintColor: UIColor? = nil,
87 | modalPresentationStyle: UIModalPresentationStyle? = nil
| `- error: cannot find type 'UIModalPresentationStyle' in scope
88 | ) -> some View {
89 | return modifier(OpenURLInAppSafariModifier(
PruneExplicitPrecompiledModules /Users/admin/builder/spi-builder-workspace/.derivedData/Build/Intermediates.noindex/SwiftExplicitPrecompiledModules
PruneExplicitPrecompiledModules /Users/admin/builder/spi-builder-workspace/.derivedData/Build/Intermediates.noindex/ExplicitPrecompiledModules
PruneExplicitPrecompiledModules /Users/admin/builder/spi-builder-workspace/.derivedData/SDKExplicitPrecompiledModules
2026-09-24 18:15:38.444 xcodebuild[627:3863] [MT] IDERunDestination: Supported platforms for the buildables in the current scheme is empty.
--- xcodebuild: WARNING: Using the first of multiple matching destinations:
{ platform:macOS, arch:arm64, id:45c73c9185ce11e57dc944f477cf35a84fb8a1b5, name:My Mac }
{ platform:macOS, arch:arm64, variant:Mac Catalyst, id:45c73c9185ce11e57dc944f477cf35a84fb8a1b5, name:My Mac }
{ platform:macOS, arch:arm64, variant:DriverKit, id:45c73c9185ce11e57dc944f477cf35a84fb8a1b5, name:My Mac }
{ platform:macOS, arch:arm64, variant:Designed for [iPad,iPhone], id:45c73c9185ce11e57dc944f477cf35a84fb8a1b5, name:My Mac }
** BUILD FAILED **
The following build commands failed:
SwiftCompile normal arm64 (in target 'InAppSafariKit' from project 'InAppSafariKit')
SwiftEmitModule normal arm64 Emitting\ module\ for\ InAppSafariKit (in target 'InAppSafariKit' from project 'InAppSafariKit')
Building workspace InAppSafariKit with scheme InAppSafariKit
(3 failures)
Command line invocation:
/Applications/Xcode-27.0.0-Release.Candidate.app/Contents/Developer/usr/bin/xcodebuild -IDEClonedSourcePackagesDirPathOverride=/Users/admin/builder/spi-builder-workspace/.dependencies -resolvePackageDependencies
Resolve Package Graph
Resolved source packages:
InAppSafariKit: /Users/admin/builder/spi-builder-workspace
resolved source packages: InAppSafariKit
2026-09-24 18:15:47.146 xcodebuild[745:4450] [MT] IDERunDestination: Supported platforms for the buildables in the current scheme is empty.
{
"dependencies" : [
],
"manifest_display_name" : "InAppSafariKit",
"name" : "InAppSafariKit",
"path" : "/Users/admin/builder/spi-builder-workspace",
"platforms" : [
{
"name" : "ios",
"version" : "15.0"
}
],
"products" : [
{
"name" : "InAppSafariKit",
"targets" : [
"InAppSafariKit"
],
"type" : {
"library" : [
"automatic"
]
}
}
],
"targets" : [
{
"c99name" : "InAppSafariKitTests",
"module_type" : "SwiftTarget",
"name" : "InAppSafariKitTests",
"path" : "Tests/InAppSafariKitTests",
"sources" : [
"InAppSafariKitTests.swift"
],
"target_dependencies" : [
"InAppSafariKit"
],
"type" : "test"
},
{
"c99name" : "InAppSafariKit",
"module_type" : "SwiftTarget",
"name" : "InAppSafariKit",
"path" : "Sources/InAppSafariKit",
"product_memberships" : [
"InAppSafariKit"
],
"sources" : [
"OpenURLInAppSafariModifier.swift"
],
"type" : "library"
}
],
"tools_version" : "6.0"
}
{
"workspace" : {
"name" : "InAppSafariKit",
"schemes" : [
"InAppSafariKit"
]
}
}
2026-09-24 18:15:48.374 xcodebuild[753:4517] [MT] IDERunDestination: Supported platforms for the buildables in the current scheme is empty.
Running build ...
env DEVELOPER_DIR=/Applications/Xcode-27.0.0-Release.Candidate.app xcrun xcodebuild -IDEClonedSourcePackagesDirPathOverride=$PWD/.dependencies -skipMacroValidation -skipPackagePluginValidation -derivedDataPath $PWD/.derivedData build -scheme InAppSafariKit -destination platform=macOS,arch=arm64
Command line invocation:
/Applications/Xcode-27.0.0-Release.Candidate.app/Contents/Developer/usr/bin/xcodebuild -IDEClonedSourcePackagesDirPathOverride=/Users/admin/builder/spi-builder-workspace/.dependencies -skipMacroValidation -skipPackagePluginValidation -derivedDataPath /Users/admin/builder/spi-builder-workspace/.derivedData build -scheme InAppSafariKit -destination platform=macOS,arch=arm64
Resolve Package Graph
Resolved source packages:
InAppSafariKit: /Users/admin/builder/spi-builder-workspace
ComputePackagePrebuildTargetDependencyGraph
Prepare packages
CreateBuildRequest
SendProjectDescription
CreateBuildOperation
ComputeTargetDependencyGraph
note: Building targets in dependency order
note: Target dependency graph (2 targets)
Target 'InAppSafariKit-product' in project 'InAppSafariKit'
➜ Explicit dependency on target 'InAppSafariKit' in project 'InAppSafariKit'
Target 'InAppSafariKit' in project 'InAppSafariKit' (no dependencies)
GatherProvisioningInputs
CreateBuildDescription
ClangStatCache /Applications/Xcode-27.0.0-Release.Candidate.app/Contents/Developer/Toolchains/XcodeDefault.xctoolchain/usr/bin/clang-stat-cache /Applications/Xcode-27.0.0-Release.Candidate.app/Contents/Developer/Platforms/MacOSX.platform/Developer/SDKs/MacOSX27.0.sdk /Users/admin/builder/spi-builder-workspace/.derivedData/SDKStatCaches.noindex/macosx27.0-26A425-e829b21a6f8c9b70876ba0858053c0446a22442a12e9d48fe1a705f55a1adfc4.sdkstatcache
cd /Users/admin/builder/spi-builder-workspace/.swiftpm/xcode
/Applications/Xcode-27.0.0-Release.Candidate.app/Contents/Developer/Toolchains/XcodeDefault.xctoolchain/usr/bin/clang-stat-cache /Applications/Xcode-27.0.0-Release.Candidate.app/Contents/Developer/Platforms/MacOSX.platform/Developer/SDKs/MacOSX27.0.sdk -o /Users/admin/builder/spi-builder-workspace/.derivedData/SDKStatCaches.noindex/macosx27.0-26A425-e829b21a6f8c9b70876ba0858053c0446a22442a12e9d48fe1a705f55a1adfc4.sdkstatcache
SwiftDriver InAppSafariKit normal arm64 com.apple.xcode.tools.swift.compiler (in target 'InAppSafariKit' from project 'InAppSafariKit')
cd /Users/admin/builder/spi-builder-workspace/.swiftpm/xcode
builtin-SwiftDriver -- /Applications/Xcode-27.0.0-Release.Candidate.app/Contents/Developer/Toolchains/XcodeDefault.xctoolchain/usr/bin/swiftc -parse-as-library -module-name InAppSafariKit -Onone @/Users/admin/builder/spi-builder-workspace/.derivedData/Build/Intermediates.noindex/InAppSafariKit.build/Debug/InAppSafariKit-t.build/Objects-normal/arm64/InAppSafariKit.SwiftFileList -DSWIFT_PACKAGE -DDEBUG -DSWIFT_MODULE_RESOURCE_BUNDLE_UNAVAILABLE -DXcode -plugin-path /Applications/Xcode-27.0.0-Release.Candidate.app/Contents/Developer/Toolchains/XcodeDefault.xctoolchain/usr/lib/swift/host/plugins/testing -enable-experimental-feature DebugDescriptionMacro -sdk /Applications/Xcode-27.0.0-Release.Candidate.app/Contents/Developer/Platforms/MacOSX.platform/Developer/SDKs/MacOSX27.0.sdk -target arm64-apple-macos12.0 -g -module-cache-path /Users/admin/builder/spi-builder-workspace/.derivedData/ModuleCache.noindex -Xfrontend -serialize-debugging-options -profile-coverage-mapping -profile-generate -enable-testing -index-store-path /Users/admin/builder/spi-builder-workspace/.derivedData/Index.noindex/DataStore -Xcc -D_LIBCPP_HARDENING_MODE\=_LIBCPP_HARDENING_MODE_DEBUG -swift-version 6 -I /Users/admin/builder/spi-builder-workspace/.derivedData/Build/Products/Debug -Isystem /Applications/Xcode-27.0.0-Release.Candidate.app/Contents/Developer/Platforms/MacOSX.platform/Developer/usr/lib -F /Users/admin/builder/spi-builder-workspace/.derivedData/Build/Products/Debug -F /Applications/Xcode-27.0.0-Release.Candidate.app/Contents/Developer/Platforms/MacOSX.platform/Developer/Library/Frameworks -c -j10 -enable-batch-mode -incremental -Xcc -ivfsstatcache -Xcc /Users/admin/builder/spi-builder-workspace/.derivedData/SDKStatCaches.noindex/macosx27.0-26A425-e829b21a6f8c9b70876ba0858053c0446a22442a12e9d48fe1a705f55a1adfc4.sdkstatcache -output-file-map /Users/admin/builder/spi-builder-workspace/.derivedData/Build/Intermediates.noindex/InAppSafariKit.build/Debug/InAppSafariKit-t.build/Objects-normal/arm64/InAppSafariKit-OutputFileMap.json -save-temps -no-color-diagnostics -explicit-module-build -module-cache-path /Users/admin/builder/spi-builder-workspace/.derivedData/Build/Intermediates.noindex/SwiftExplicitPrecompiledModules -clang-scanner-module-cache-path /Users/admin/builder/spi-builder-workspace/.derivedData/ModuleCache.noindex -sdk-module-cache-path /Users/admin/builder/spi-builder-workspace/.derivedData/SDKExplicitPrecompiledModules -emit-dependencies -emit-module -emit-module-path /Users/admin/builder/spi-builder-workspace/.derivedData/Build/Intermediates.noindex/InAppSafariKit.build/Debug/InAppSafariKit-t.build/Objects-normal/arm64/InAppSafariKit.swiftmodule -serialize-diagnostics -dependency-scan-serialize-diagnostics-path /Users/admin/builder/spi-builder-workspace/.derivedData/Build/Intermediates.noindex/InAppSafariKit.build/Debug/InAppSafariKit-t.build/Objects-normal/arm64/InAppSafariKit-dependency-scan.dia -validate-clang-modules-once -clang-build-session-file /Users/admin/builder/spi-builder-workspace/.derivedData/ModuleCache.noindex/Session.modulevalidation -Xcc -fmodules-prune-interval\=86400 -Xcc -fmodules-prune-after\=345600 -package-name spi_builder_workspace -emit-const-values -const-gather-protocols-list /Users/admin/builder/spi-builder-workspace/.derivedData/Build/Intermediates.noindex/InAppSafariKit.build/Debug/InAppSafariKit-t.build/Objects-normal/arm64/InAppSafariKit_const_extract_protocols.json -Xcc -I/Users/admin/builder/spi-builder-workspace/.derivedData/Build/Products/Debug/include -Xcc -I/Users/admin/builder/spi-builder-workspace/.derivedData/Build/Intermediates.noindex/InAppSafariKit.build/Debug/InAppSafariKit-t.build/DerivedSources-normal/arm64 -Xcc -I/Users/admin/builder/spi-builder-workspace/.derivedData/Build/Intermediates.noindex/InAppSafariKit.build/Debug/InAppSafariKit-t.build/DerivedSources/arm64 -Xcc -I/Users/admin/builder/spi-builder-workspace/.derivedData/Build/Intermediates.noindex/InAppSafariKit.build/Debug/InAppSafariKit-t.build/DerivedSources -Xcc -DSWIFT_PACKAGE -Xcc -DDEBUG\=1 -emit-objc-header -emit-objc-header-path /Users/admin/builder/spi-builder-workspace/.derivedData/Build/Intermediates.noindex/InAppSafariKit.build/Debug/InAppSafariKit-t.build/Objects-normal/arm64/InAppSafariKit-Swift.h -working-directory /Users/admin/builder/spi-builder-workspace/.swiftpm/xcode -experimental-emit-module-separately -disable-cmo
SwiftEmitModule normal arm64 Emitting\ module\ for\ InAppSafariKit (in target 'InAppSafariKit' from project 'InAppSafariKit')
/Users/admin/builder/spi-builder-workspace/Sources/InAppSafariKit/OpenURLInAppSafariModifier.swift:53:29: error: cannot find type 'SFSafariViewController' in scope
51 | entersReaderIfAvailable: Bool = false,
52 | barCollapsingEnabled: Bool = true,
53 | dismissButtonStyle: SFSafariViewController.DismissButtonStyle = .done,
| `- error: cannot find type 'SFSafariViewController' in scope
54 | preferredBarTintColor: UIColor? = nil,
55 | preferredControlTintColor: UIColor? = nil,
/Users/admin/builder/spi-builder-workspace/Sources/InAppSafariKit/OpenURLInAppSafariModifier.swift:54:32: error: cannot find type 'UIColor' in scope
52 | barCollapsingEnabled: Bool = true,
53 | dismissButtonStyle: SFSafariViewController.DismissButtonStyle = .done,
54 | preferredBarTintColor: UIColor? = nil,
| `- error: cannot find type 'UIColor' in scope
55 | preferredControlTintColor: UIColor? = nil,
56 | modalPresentationStyle: UIModalPresentationStyle = .fullScreen
/Users/admin/builder/spi-builder-workspace/Sources/InAppSafariKit/OpenURLInAppSafariModifier.swift:55:36: error: cannot find type 'UIColor' in scope
53 | dismissButtonStyle: SFSafariViewController.DismissButtonStyle = .done,
54 | preferredBarTintColor: UIColor? = nil,
55 | preferredControlTintColor: UIColor? = nil,
| `- error: cannot find type 'UIColor' in scope
56 | modalPresentationStyle: UIModalPresentationStyle = .fullScreen
57 | ) {
/Users/admin/builder/spi-builder-workspace/Sources/InAppSafariKit/OpenURLInAppSafariModifier.swift:56:33: error: cannot find type 'UIModalPresentationStyle' in scope
54 | preferredBarTintColor: UIColor? = nil,
55 | preferredControlTintColor: UIColor? = nil,
56 | modalPresentationStyle: UIModalPresentationStyle = .fullScreen
| `- error: cannot find type 'UIModalPresentationStyle' in scope
57 | ) {
58 | self.entersReaderIfAvailable = entersReaderIfAvailable
/Users/admin/builder/spi-builder-workspace/Sources/InAppSafariKit/OpenURLInAppSafariModifier.swift:12:6: error: generic parameter 'Value' could not be inferred
10 |
11 | struct OpenURLInAppSafariModifier: ViewModifier {
12 | @Environment(\.customSafariStyle) private var style
| `- error: generic parameter 'Value' could not be inferred
13 | let entersReaderIfAvailable: Bool?
14 | let barCollapsingEnabled: Bool?
/Users/admin/builder/spi-builder-workspace/Sources/InAppSafariKit/OpenURLInAppSafariModifier.swift:12:18: error: cannot convert value of type 'KeyPath<Root, Value>' to expected argument type 'Value.Type'
10 |
11 | struct OpenURLInAppSafariModifier: ViewModifier {
12 | @Environment(\.customSafariStyle) private var style
| `- error: cannot convert value of type 'KeyPath<Root, Value>' to expected argument type 'Value.Type'
13 | let entersReaderIfAvailable: Bool?
14 | let barCollapsingEnabled: Bool?
/Users/admin/builder/spi-builder-workspace/Sources/InAppSafariKit/OpenURLInAppSafariModifier.swift:12:18: error: cannot infer key path type from context; consider explicitly specifying a root type
10 |
11 | struct OpenURLInAppSafariModifier: ViewModifier {
12 | @Environment(\.customSafariStyle) private var style
| `- error: cannot infer key path type from context; consider explicitly specifying a root type
13 | let entersReaderIfAvailable: Bool?
14 | let barCollapsingEnabled: Bool?
/Users/admin/builder/spi-builder-workspace/Sources/InAppSafariKit/OpenURLInAppSafariModifier.swift:15:29: error: cannot find type 'SFSafariViewController' in scope
13 | let entersReaderIfAvailable: Bool?
14 | let barCollapsingEnabled: Bool?
15 | let dismissButtonStyle: SFSafariViewController.DismissButtonStyle?
| `- error: cannot find type 'SFSafariViewController' in scope
16 | let preferredBarTintColor: UIColor?
17 | let preferredControlTintColor: UIColor?
/Users/admin/builder/spi-builder-workspace/Sources/InAppSafariKit/OpenURLInAppSafariModifier.swift:16:32: error: cannot find type 'UIColor' in scope
14 | let barCollapsingEnabled: Bool?
15 | let dismissButtonStyle: SFSafariViewController.DismissButtonStyle?
16 | let preferredBarTintColor: UIColor?
| `- error: cannot find type 'UIColor' in scope
17 | let preferredControlTintColor: UIColor?
18 | let modalPresentationStyle: UIModalPresentationStyle?
/Users/admin/builder/spi-builder-workspace/Sources/InAppSafariKit/OpenURLInAppSafariModifier.swift:17:36: error: cannot find type 'UIColor' in scope
15 | let dismissButtonStyle: SFSafariViewController.DismissButtonStyle?
16 | let preferredBarTintColor: UIColor?
17 | let preferredControlTintColor: UIColor?
| `- error: cannot find type 'UIColor' in scope
18 | let modalPresentationStyle: UIModalPresentationStyle?
19 |
/Users/admin/builder/spi-builder-workspace/Sources/InAppSafariKit/OpenURLInAppSafariModifier.swift:18:33: error: cannot find type 'UIModalPresentationStyle' in scope
16 | let preferredBarTintColor: UIColor?
17 | let preferredControlTintColor: UIColor?
18 | let modalPresentationStyle: UIModalPresentationStyle?
| `- error: cannot find type 'UIModalPresentationStyle' in scope
19 |
20 | func body(content: Content) -> some View {
/Users/admin/builder/spi-builder-workspace/Sources/InAppSafariKit/OpenURLInAppSafariModifier.swift:45:36: error: cannot find type 'SFSafariViewController' in scope
43 | public var entersReaderIfAvailable: Bool
44 | public var barCollapsingEnabled: Bool
45 | public var dismissButtonStyle: SFSafariViewController.DismissButtonStyle
| `- error: cannot find type 'SFSafariViewController' in scope
46 | public var preferredBarTintColor: UIColor?
47 | public var preferredControlTintColor: UIColor?
/Users/admin/builder/spi-builder-workspace/Sources/InAppSafariKit/OpenURLInAppSafariModifier.swift:46:39: error: cannot find type 'UIColor' in scope
44 | public var barCollapsingEnabled: Bool
45 | public var dismissButtonStyle: SFSafariViewController.DismissButtonStyle
46 | public var preferredBarTintColor: UIColor?
| `- error: cannot find type 'UIColor' in scope
47 | public var preferredControlTintColor: UIColor?
48 | public var modalPresentationStyle: UIModalPresentationStyle
/Users/admin/builder/spi-builder-workspace/Sources/InAppSafariKit/OpenURLInAppSafariModifier.swift:47:43: error: cannot find type 'UIColor' in scope
45 | public var dismissButtonStyle: SFSafariViewController.DismissButtonStyle
46 | public var preferredBarTintColor: UIColor?
47 | public var preferredControlTintColor: UIColor?
| `- error: cannot find type 'UIColor' in scope
48 | public var modalPresentationStyle: UIModalPresentationStyle
49 |
/Users/admin/builder/spi-builder-workspace/Sources/InAppSafariKit/OpenURLInAppSafariModifier.swift:48:40: error: cannot find type 'UIModalPresentationStyle' in scope
46 | public var preferredBarTintColor: UIColor?
47 | public var preferredControlTintColor: UIColor?
48 | public var modalPresentationStyle: UIModalPresentationStyle
| `- error: cannot find type 'UIModalPresentationStyle' in scope
49 |
50 | public init(
macro expansion @Entry:1:16: error: type 'EnvironmentValues.__Key_customSafariStyle' does not conform to protocol 'EnvironmentKey'
`- /Users/admin/builder/spi-builder-workspace/Sources/InAppSafariKit/OpenURLInAppSafariModifier.swift:69:62: note: expanded code originates here
67 |
68 | extension EnvironmentValues {
69 | @Entry public var customSafariStyle = CustomSafariStyle()
| |- note: in expansion of macro 'Entry' on property 'customSafariStyle' here
| `- note: in expansion of macro 'Entry' on property 'customSafariStyle' here
+--- macro expansion @Entry ----------------------------------------
|1 | private struct __Key_customSafariStyle: SwiftUICore.EnvironmentKey {
| | |- error: type 'EnvironmentValues.__Key_customSafariStyle' does not conform to protocol 'EnvironmentKey'
| | `- note: add stubs for conformance
|2 | @SwiftUICore.__EntryDefaultValue
|3 | static var defaultValue = CustomSafariStyle()
+-------------------------------------------------------------------
70 | }
71 |
SwiftUI.EnvironmentKey.Value:2:16: note: protocol requires nested type 'Value'
1 | protocol EnvironmentKey {
2 | associatedtype Value}
| `- note: protocol requires nested type 'Value'
3 |
/Users/admin/builder/spi-builder-workspace/Sources/InAppSafariKit/OpenURLInAppSafariModifier.swift:84:29: error: cannot find type 'SFSafariViewController' in scope
82 | entersReaderIfAvailable: Bool? = nil,
83 | barCollapsingEnabled: Bool? = nil,
84 | dismissButtonStyle: SFSafariViewController.DismissButtonStyle? = nil,
| `- error: cannot find type 'SFSafariViewController' in scope
85 | preferredBarTintColor: UIColor? = nil,
86 | preferredControlTintColor: UIColor? = nil,
/Users/admin/builder/spi-builder-workspace/Sources/InAppSafariKit/OpenURLInAppSafariModifier.swift:85:32: error: cannot find type 'UIColor' in scope
83 | barCollapsingEnabled: Bool? = nil,
84 | dismissButtonStyle: SFSafariViewController.DismissButtonStyle? = nil,
85 | preferredBarTintColor: UIColor? = nil,
| `- error: cannot find type 'UIColor' in scope
86 | preferredControlTintColor: UIColor? = nil,
87 | modalPresentationStyle: UIModalPresentationStyle? = nil
SwiftCompile normal arm64 (in target 'InAppSafariKit' from project 'InAppSafariKit')
cd /Users/admin/builder/spi-builder-workspace/.swiftpm/xcode
/Users/admin/builder/spi-builder-workspace/Sources/InAppSafariKit/OpenURLInAppSafariModifier.swift:86:36: error: cannot find type 'UIColor' in scope
84 | dismissButtonStyle: SFSafariViewController.DismissButtonStyle? = nil,
85 | preferredBarTintColor: UIColor? = nil,
86 | preferredControlTintColor: UIColor? = nil,
| `- error: cannot find type 'UIColor' in scope
87 | modalPresentationStyle: UIModalPresentationStyle? = nil
88 | ) -> some View {
/Users/admin/builder/spi-builder-workspace/Sources/InAppSafariKit/OpenURLInAppSafariModifier.swift:87:33: error: cannot find type 'UIModalPresentationStyle' in scope
85 | preferredBarTintColor: UIColor? = nil,
86 | preferredControlTintColor: UIColor? = nil,
87 | modalPresentationStyle: UIModalPresentationStyle? = nil
| `- error: cannot find type 'UIModalPresentationStyle' in scope
88 | ) -> some View {
89 | return modifier(OpenURLInAppSafariModifier(
/Users/admin/builder/spi-builder-workspace/Sources/InAppSafariKit/OpenURLInAppSafariModifier.swift:100:11: error: cannot find type 'UIApplication' in scope
98 | }
99 |
100 | extension UIApplication {
| `- error: cannot find type 'UIApplication' in scope
101 | internal var firstKeyWindow: UIWindow? {
102 | return UIApplication.shared.connectedScenes
Failed frontend command:
/Applications/Xcode-27.0.0-Release.Candidate.app/Contents/Developer/Toolchains/XcodeDefault.xctoolchain/usr/bin/swift-frontend -frontend -emit-module -experimental-skip-non-inlinable-function-bodies-without-types /Users/admin/builder/spi-builder-workspace/Sources/InAppSafariKit/OpenURLInAppSafariModifier.swift -target arm64-apple-macos12.0 -disable-cross-import-overlay-search -load-resolved-plugin /Applications/Xcode-27.0.0-Release.Candidate.app/Contents/Developer/Platforms/MacOSX.platform/Developer/usr/lib/swift/host/plugins/libFoundationMacros.dylib\#/Applications/Xcode-27.0.0-Release.Candidate.app/Contents/Developer/Platforms/MacOSX.platform/Developer/usr/bin/swift-plugin-server\#FoundationMacros -load-resolved-plugin /Applications/Xcode-27.0.0-Release.Candidate.app/Contents/Developer/Platforms/MacOSX.platform/Developer/usr/lib/swift/host/plugins/libObservationMacros.dylib\#/Applications/Xcode-27.0.0-Release.Candidate.app/Contents/Developer/Platforms/MacOSX.platform/Developer/usr/bin/swift-plugin-server\#ObservationMacros -load-resolved-plugin /Applications/Xcode-27.0.0-Release.Candidate.app/Contents/Developer/Platforms/MacOSX.platform/Developer/usr/lib/swift/host/plugins/libPreviewsMacros.dylib\#/Applications/Xcode-27.0.0-Release.Candidate.app/Contents/Developer/Platforms/MacOSX.platform/Developer/usr/bin/swift-plugin-server\#PreviewsMacros -load-resolved-plugin /Applications/Xcode-27.0.0-Release.Candidate.app/Contents/Developer/Platforms/MacOSX.platform/Developer/usr/lib/swift/host/plugins/libSwiftMacros.dylib\#/Applications/Xcode-27.0.0-Release.Candidate.app/Contents/Developer/Platforms/MacOSX.platform/Developer/usr/bin/swift-plugin-server\#SwiftMacros -load-resolved-plugin /Applications/Xcode-27.0.0-Release.Candidate.app/Contents/Developer/Platforms/MacOSX.platform/Developer/usr/lib/swift/host/plugins/libSwiftUIMacros.dylib\#/Applications/Xcode-27.0.0-Release.Candidate.app/Contents/Developer/Platforms/MacOSX.platform/Developer/usr/bin/swift-plugin-server\#SwiftUIMacros -disable-implicit-swift-modules -Xcc -fno-implicit-modules -Xcc -fno-implicit-module-maps -explicit-swift-module-map-file /Users/admin/builder/spi-builder-workspace/.derivedData/Build/Intermediates.noindex/InAppSafariKit.build/Debug/InAppSafariKit-t.build/Objects-normal/arm64/InAppSafariKit-dependencies-1.json -Xllvm -aarch64-use-tbi -enable-objc-interop -stack-check -sdk /Applications/Xcode-27.0.0-Release.Candidate.app/Contents/Developer/Platforms/MacOSX.platform/Developer/SDKs/MacOSX27.0.sdk -I /Users/admin/builder/spi-builder-workspace/.derivedData/Build/Products/Debug -Isystem /Applications/Xcode-27.0.0-Release.Candidate.app/Contents/Developer/Platforms/MacOSX.platform/Developer/usr/lib -F /Users/admin/builder/spi-builder-workspace/.derivedData/Build/Products/Debug -F /Applications/Xcode-27.0.0-Release.Candidate.app/Contents/Developer/Platforms/MacOSX.platform/Developer/Library/Frameworks -module-cache-path /Users/admin/builder/spi-builder-workspace/.derivedData/Build/Intermediates.noindex/SwiftExplicitPrecompiledModules -no-color-diagnostics -Xcc -fno-color-diagnostics -enable-testing -g -debug-info-format\=dwarf -dwarf-version\=4 -profile-generate -profile-coverage-mapping -swift-version 6 -Onone -D SWIFT_PACKAGE -D DEBUG -D SWIFT_MODULE_RESOURCE_BUNDLE_UNAVAILABLE -D Xcode -serialize-debugging-options -enable-experimental-feature DebugDescriptionMacro -empty-abi-descriptor -validate-clang-modules-once -clang-build-session-file /Users/admin/builder/spi-builder-workspace/.derivedData/ModuleCache.noindex/Session.modulevalidation -Xcc -working-directory -Xcc /Users/admin/builder/spi-builder-workspace/.swiftpm/xcode -enable-anonymous-context-mangled-names -file-compilation-dir /Users/admin/builder/spi-builder-workspace/.swiftpm/xcode -Xcc -D_LIBCPP_HARDENING_MODE\=_LIBCPP_HARDENING_MODE_DEBUG -Xcc -ivfsstatcache -Xcc /Users/admin/builder/spi-builder-workspace/.derivedData/SDKStatCaches.noindex/macosx27.0-26A425-e829b21a6f8c9b70876ba0858053c0446a22442a12e9d48fe1a705f55a1adfc4.sdkstatcache -Xcc -fmodules-prune-interval\=86400 -Xcc -fmodules-prune-after\=345600 -Xcc -I/Users/admin/builder/spi-builder-workspace/.derivedData/Build/Products/Debug/include -Xcc -I/Users/admin/builder/spi-builder-workspace/.derivedData/Build/Intermediates.noindex/InAppSafariKit.build/Debug/InAppSafariKit-t.build/DerivedSources-normal/arm64 -Xcc -I/Users/admin/builder/spi-builder-workspace/.derivedData/Build/Intermediates.noindex/InAppSafariKit.build/Debug/InAppSafariKit-t.build/DerivedSources/arm64 -Xcc -I/Users/admin/builder/spi-builder-workspace/.derivedData/Build/Intermediates.noindex/InAppSafariKit.build/Debug/InAppSafariKit-t.build/DerivedSources -Xcc -DSWIFT_PACKAGE -Xcc -DDEBUG\=1 -no-auto-bridging-header-chaining -module-name InAppSafariKit -package-name spi_builder_workspace -const-gather-protocols-file /Users/admin/builder/spi-builder-workspace/.derivedData/Build/Intermediates.noindex/InAppSafariKit.build/Debug/InAppSafariKit-t.build/Objects-normal/arm64/InAppSafariKit_const_extract_protocols.json -disable-clang-spi -clang-target arm64-apple-macos27.0 -target-sdk-version 27.0 -target-sdk-name macosx27.0 -in-process-plugin-server-path /Applications/Xcode-27.0.0-Release.Candidate.app/Contents/Developer/Toolchains/XcodeDefault.xctoolchain/usr/lib/swift/host/libSwiftInProcPluginServer.dylib -emit-module-doc-path /Users/admin/builder/spi-builder-workspace/.derivedData/Build/Intermediates.noindex/InAppSafariKit.build/Debug/InAppSafariKit-t.build/Objects-normal/arm64/InAppSafariKit.swiftdoc -emit-module-source-info-path /Users/admin/builder/spi-builder-workspace/.derivedData/Build/Intermediates.noindex/InAppSafariKit.build/Debug/InAppSafariKit-t.build/Objects-normal/arm64/InAppSafariKit.swiftsourceinfo -emit-objc-header-path /Users/admin/builder/spi-builder-workspace/.derivedData/Build/Intermediates.noindex/InAppSafariKit.build/Debug/InAppSafariKit-t.build/Objects-normal/arm64/InAppSafariKit-Swift.h -serialize-diagnostics-path /Users/admin/builder/spi-builder-workspace/.derivedData/Build/Intermediates.noindex/InAppSafariKit.build/Debug/InAppSafariKit-t.build/Objects-normal/arm64/InAppSafariKit-primary-emit-module.dia -emit-dependencies-path /Users/admin/builder/spi-builder-workspace/.derivedData/Build/Intermediates.noindex/InAppSafariKit.build/Debug/InAppSafariKit-t.build/Objects-normal/arm64/InAppSafariKit-primary-emit-module.d -parse-as-library -o /Users/admin/builder/spi-builder-workspace/.derivedData/Build/Intermediates.noindex/InAppSafariKit.build/Debug/InAppSafariKit-t.build/Objects-normal/arm64/InAppSafariKit.swiftmodule -emit-abi-descriptor-path /Users/admin/builder/spi-builder-workspace/.derivedData/Build/Intermediates.noindex/InAppSafariKit.build/Debug/InAppSafariKit-t.build/Objects-normal/arm64/InAppSafariKit.abi.json
SwiftCompile normal arm64 Compiling\ OpenURLInAppSafariModifier.swift /Users/admin/builder/spi-builder-workspace/Sources/InAppSafariKit/OpenURLInAppSafariModifier.swift (in target 'InAppSafariKit' from project 'InAppSafariKit')
/Users/admin/builder/spi-builder-workspace/Sources/InAppSafariKit/OpenURLInAppSafariModifier.swift:53:29: error: cannot find type 'SFSafariViewController' in scope
51 | entersReaderIfAvailable: Bool = false,
52 | barCollapsingEnabled: Bool = true,
53 | dismissButtonStyle: SFSafariViewController.DismissButtonStyle = .done,
| `- error: cannot find type 'SFSafariViewController' in scope
54 | preferredBarTintColor: UIColor? = nil,
55 | preferredControlTintColor: UIColor? = nil,
/Users/admin/builder/spi-builder-workspace/Sources/InAppSafariKit/OpenURLInAppSafariModifier.swift:54:32: error: cannot find type 'UIColor' in scope
52 | barCollapsingEnabled: Bool = true,
53 | dismissButtonStyle: SFSafariViewController.DismissButtonStyle = .done,
54 | preferredBarTintColor: UIColor? = nil,
| `- error: cannot find type 'UIColor' in scope
55 | preferredControlTintColor: UIColor? = nil,
56 | modalPresentationStyle: UIModalPresentationStyle = .fullScreen
/Users/admin/builder/spi-builder-workspace/Sources/InAppSafariKit/OpenURLInAppSafariModifier.swift:55:36: error: cannot find type 'UIColor' in scope
53 | dismissButtonStyle: SFSafariViewController.DismissButtonStyle = .done,
54 | preferredBarTintColor: UIColor? = nil,
55 | preferredControlTintColor: UIColor? = nil,
| `- error: cannot find type 'UIColor' in scope
56 | modalPresentationStyle: UIModalPresentationStyle = .fullScreen
57 | ) {
/Users/admin/builder/spi-builder-workspace/Sources/InAppSafariKit/OpenURLInAppSafariModifier.swift:56:33: error: cannot find type 'UIModalPresentationStyle' in scope
54 | preferredBarTintColor: UIColor? = nil,
55 | preferredControlTintColor: UIColor? = nil,
56 | modalPresentationStyle: UIModalPresentationStyle = .fullScreen
| `- error: cannot find type 'UIModalPresentationStyle' in scope
57 | ) {
58 | self.entersReaderIfAvailable = entersReaderIfAvailable
/Users/admin/builder/spi-builder-workspace/Sources/InAppSafariKit/OpenURLInAppSafariModifier.swift:12:6: error: generic parameter 'Value' could not be inferred
10 |
11 | struct OpenURLInAppSafariModifier: ViewModifier {
12 | @Environment(\.customSafariStyle) private var style
| `- error: generic parameter 'Value' could not be inferred
13 | let entersReaderIfAvailable: Bool?
14 | let barCollapsingEnabled: Bool?
/Users/admin/builder/spi-builder-workspace/Sources/InAppSafariKit/OpenURLInAppSafariModifier.swift:12:18: error: cannot convert value of type 'KeyPath<Root, Value>' to expected argument type 'Value.Type'
10 |
11 | struct OpenURLInAppSafariModifier: ViewModifier {
12 | @Environment(\.customSafariStyle) private var style
| `- error: cannot convert value of type 'KeyPath<Root, Value>' to expected argument type 'Value.Type'
13 | let entersReaderIfAvailable: Bool?
14 | let barCollapsingEnabled: Bool?
/Users/admin/builder/spi-builder-workspace/Sources/InAppSafariKit/OpenURLInAppSafariModifier.swift:12:18: error: cannot infer key path type from context; consider explicitly specifying a root type
10 |
11 | struct OpenURLInAppSafariModifier: ViewModifier {
12 | @Environment(\.customSafariStyle) private var style
| `- error: cannot infer key path type from context; consider explicitly specifying a root type
13 | let entersReaderIfAvailable: Bool?
14 | let barCollapsingEnabled: Bool?
/Users/admin/builder/spi-builder-workspace/Sources/InAppSafariKit/OpenURLInAppSafariModifier.swift:15:29: error: cannot find type 'SFSafariViewController' in scope
13 | let entersReaderIfAvailable: Bool?
14 | let barCollapsingEnabled: Bool?
15 | let dismissButtonStyle: SFSafariViewController.DismissButtonStyle?
| `- error: cannot find type 'SFSafariViewController' in scope
16 | let preferredBarTintColor: UIColor?
17 | let preferredControlTintColor: UIColor?
/Users/admin/builder/spi-builder-workspace/Sources/InAppSafariKit/OpenURLInAppSafariModifier.swift:16:32: error: cannot find type 'UIColor' in scope
14 | let barCollapsingEnabled: Bool?
15 | let dismissButtonStyle: SFSafariViewController.DismissButtonStyle?
16 | let preferredBarTintColor: UIColor?
| `- error: cannot find type 'UIColor' in scope
17 | let preferredControlTintColor: UIColor?
18 | let modalPresentationStyle: UIModalPresentationStyle?
/Users/admin/builder/spi-builder-workspace/Sources/InAppSafariKit/OpenURLInAppSafariModifier.swift:17:36: error: cannot find type 'UIColor' in scope
15 | let dismissButtonStyle: SFSafariViewController.DismissButtonStyle?
16 | let preferredBarTintColor: UIColor?
17 | let preferredControlTintColor: UIColor?
| `- error: cannot find type 'UIColor' in scope
18 | let modalPresentationStyle: UIModalPresentationStyle?
19 |
/Users/admin/builder/spi-builder-workspace/Sources/InAppSafariKit/OpenURLInAppSafariModifier.swift:18:33: error: cannot find type 'UIModalPresentationStyle' in scope
16 | let preferredBarTintColor: UIColor?
17 | let preferredControlTintColor: UIColor?
18 | let modalPresentationStyle: UIModalPresentationStyle?
| `- error: cannot find type 'UIModalPresentationStyle' in scope
19 |
20 | func body(content: Content) -> some View {
/Users/admin/builder/spi-builder-workspace/Sources/InAppSafariKit/OpenURLInAppSafariModifier.swift:45:36: error: cannot find type 'SFSafariViewController' in scope
43 | public var entersReaderIfAvailable: Bool
44 | public var barCollapsingEnabled: Bool
45 | public var dismissButtonStyle: SFSafariViewController.DismissButtonStyle
| `- error: cannot find type 'SFSafariViewController' in scope
46 | public var preferredBarTintColor: UIColor?
47 | public var preferredControlTintColor: UIColor?
/Users/admin/builder/spi-builder-workspace/Sources/InAppSafariKit/OpenURLInAppSafariModifier.swift:46:39: error: cannot find type 'UIColor' in scope
44 | public var barCollapsingEnabled: Bool
45 | public var dismissButtonStyle: SFSafariViewController.DismissButtonStyle
46 | public var preferredBarTintColor: UIColor?
| `- error: cannot find type 'UIColor' in scope
47 | public var preferredControlTintColor: UIColor?
48 | public var modalPresentationStyle: UIModalPresentationStyle
/Users/admin/builder/spi-builder-workspace/Sources/InAppSafariKit/OpenURLInAppSafariModifier.swift:47:43: error: cannot find type 'UIColor' in scope
45 | public var dismissButtonStyle: SFSafariViewController.DismissButtonStyle
46 | public var preferredBarTintColor: UIColor?
47 | public var preferredControlTintColor: UIColor?
| `- error: cannot find type 'UIColor' in scope
48 | public var modalPresentationStyle: UIModalPresentationStyle
49 |
/Users/admin/builder/spi-builder-workspace/Sources/InAppSafariKit/OpenURLInAppSafariModifier.swift:48:40: error: cannot find type 'UIModalPresentationStyle' in scope
46 | public var preferredBarTintColor: UIColor?
47 | public var preferredControlTintColor: UIColor?
48 | public var modalPresentationStyle: UIModalPresentationStyle
| `- error: cannot find type 'UIModalPresentationStyle' in scope
49 |
50 | public init(
macro expansion @Entry:1:16: error: type 'EnvironmentValues.__Key_customSafariStyle' does not conform to protocol 'EnvironmentKey'
`- /Users/admin/builder/spi-builder-workspace/Sources/InAppSafariKit/OpenURLInAppSafariModifier.swift:69:62: note: expanded code originates here
67 |
68 | extension EnvironmentValues {
69 | @Entry public var customSafariStyle = CustomSafariStyle()
| `- note: in expansion of macro 'Entry' on property 'customSafariStyle' here
+--- macro expansion @Entry ----------------------------------------
|1 | private struct __Key_customSafariStyle: SwiftUICore.EnvironmentKey {
| | `- error: type 'EnvironmentValues.__Key_customSafariStyle' does not conform to protocol 'EnvironmentKey'
|2 | @SwiftUICore.__EntryDefaultValue
|3 | static var defaultValue = CustomSafariStyle()
+-------------------------------------------------------------------
70 | }
71 |
macro expansion @Entry:1:16: error: type 'EnvironmentValues.__Key_customSafariStyle' does not conform to protocol 'EnvironmentKey'
`- /Users/admin/builder/spi-builder-workspace/Sources/InAppSafariKit/OpenURLInAppSafariModifier.swift:69:62: note: expanded code originates here
67 |
68 | extension EnvironmentValues {
69 | @Entry public var customSafariStyle = CustomSafariStyle()
| |- note: in expansion of macro 'Entry' on property 'customSafariStyle' here
| `- note: in expansion of macro 'Entry' on property 'customSafariStyle' here
+--- macro expansion @Entry ----------------------------------------
|1 | private struct __Key_customSafariStyle: SwiftUICore.EnvironmentKey {
| | |- error: type 'EnvironmentValues.__Key_customSafariStyle' does not conform to protocol 'EnvironmentKey'
| | `- note: add stubs for conformance
|2 | @SwiftUICore.__EntryDefaultValue
|3 | static var defaultValue = CustomSafariStyle()
+-------------------------------------------------------------------
70 | }
71 |
SwiftUI.EnvironmentKey.Value:2:16: note: protocol requires nested type 'Value'
1 | protocol EnvironmentKey {
2 | associatedtype Value}
| `- note: protocol requires nested type 'Value'
3 |
SwiftCompile normal arm64 /Users/admin/builder/spi-builder-workspace/Sources/InAppSafariKit/OpenURLInAppSafariModifier.swift (in target 'InAppSafariKit' from project 'InAppSafariKit')
cd /Users/admin/builder/spi-builder-workspace/.swiftpm/xcode
builtin-SwiftPerFileCompile OpenURLInAppSafariModifier.swift
/Users/admin/builder/spi-builder-workspace/Sources/InAppSafariKit/OpenURLInAppSafariModifier.swift:84:29: error: cannot find type 'SFSafariViewController' in scope
82 | entersReaderIfAvailable: Bool? = nil,
83 | barCollapsingEnabled: Bool? = nil,
84 | dismissButtonStyle: SFSafariViewController.DismissButtonStyle? = nil,
| `- error: cannot find type 'SFSafariViewController' in scope
85 | preferredBarTintColor: UIColor? = nil,
86 | preferredControlTintColor: UIColor? = nil,
/Users/admin/builder/spi-builder-workspace/Sources/InAppSafariKit/OpenURLInAppSafariModifier.swift:85:32: error: cannot find type 'UIColor' in scope
83 | barCollapsingEnabled: Bool? = nil,
84 | dismissButtonStyle: SFSafariViewController.DismissButtonStyle? = nil,
85 | preferredBarTintColor: UIColor? = nil,
| `- error: cannot find type 'UIColor' in scope
86 | preferredControlTintColor: UIColor? = nil,
87 | modalPresentationStyle: UIModalPresentationStyle? = nil
/Users/admin/builder/spi-builder-workspace/Sources/InAppSafariKit/OpenURLInAppSafariModifier.swift:86:36: error: cannot find type 'UIColor' in scope
84 | dismissButtonStyle: SFSafariViewController.DismissButtonStyle? = nil,
85 | preferredBarTintColor: UIColor? = nil,
86 | preferredControlTintColor: UIColor? = nil,
| `- error: cannot find type 'UIColor' in scope
87 | modalPresentationStyle: UIModalPresentationStyle? = nil
88 | ) -> some View {
/Users/admin/builder/spi-builder-workspace/Sources/InAppSafariKit/OpenURLInAppSafariModifier.swift:87:33: error: cannot find type 'UIModalPresentationStyle' in scope
85 | preferredBarTintColor: UIColor? = nil,
86 | preferredControlTintColor: UIColor? = nil,
87 | modalPresentationStyle: UIModalPresentationStyle? = nil
| `- error: cannot find type 'UIModalPresentationStyle' in scope
88 | ) -> some View {
89 | return modifier(OpenURLInAppSafariModifier(
PruneExplicitPrecompiledModules /Users/admin/builder/spi-builder-workspace/.derivedData/Build/Intermediates.noindex/SwiftExplicitPrecompiledModules
PruneExplicitPrecompiledModules /Users/admin/builder/spi-builder-workspace/.derivedData/Build/Intermediates.noindex/ExplicitPrecompiledModules
PruneExplicitPrecompiledModules /Users/admin/builder/spi-builder-workspace/.derivedData/SDKExplicitPrecompiledModules
2026-09-24 18:15:49.367 xcodebuild[754:4546] [MT] IDERunDestination: Supported platforms for the buildables in the current scheme is empty.
--- xcodebuild: WARNING: Using the first of multiple matching destinations:
{ platform:macOS, arch:arm64, id:45c73c9185ce11e57dc944f477cf35a84fb8a1b5, name:My Mac }
{ platform:macOS, arch:arm64, variant:Mac Catalyst, id:45c73c9185ce11e57dc944f477cf35a84fb8a1b5, name:My Mac }
{ platform:macOS, arch:arm64, variant:DriverKit, id:45c73c9185ce11e57dc944f477cf35a84fb8a1b5, name:My Mac }
{ platform:macOS, arch:arm64, variant:Designed for [iPad,iPhone], id:45c73c9185ce11e57dc944f477cf35a84fb8a1b5, name:My Mac }
** BUILD FAILED **
The following build commands failed:
SwiftCompile normal arm64 (in target 'InAppSafariKit' from project 'InAppSafariKit')
SwiftEmitModule normal arm64 Emitting\ module\ for\ InAppSafariKit (in target 'InAppSafariKit' from project 'InAppSafariKit')
Building workspace InAppSafariKit with scheme InAppSafariKit
(3 failures)
BUILD FAILURE 6.4 macosXcodebuild