Build Information
Failed to build AppAIGateway, reference 1.6.0 (8fd594), with Swift 6.1 for Wasm on 23 Oct 2026 23:12:00 UTC.
Build Command
bash -c docker run --pull=always --rm -v "checkouts-54344846-0":/host -w "$PWD" -e JAVA_HOME="/root/.sdkman/candidates/java/current" -e SPI_BUILD="1" -e SPI_PROCESSING="1" registry.gitlab.com/saguaro1/spi-images:wasm-6.1-latest swift build --swift-sdk wasm32-unknown-wasi 2>&1Build Log
========================================
RunAll
========================================
Builder version: 5.1.3
Interrupt handler set up.
========================================
Checkout
========================================
Clone URL: https://github.com/maxceem/app-ai-gateway-swift.git
Reference: 1.6.0
Initialized empty Git repository in /host/spi-builder-workspace/.git/
hint: Using 'master' as the name for the initial branch. This default branch name
hint: is subject to change. To configure the initial branch name to use in all
hint: of your new repositories, which will suppress this warning, call:
hint:
hint: git config --global init.defaultBranch <name>
hint:
hint: Names commonly chosen instead of 'master' are 'main', 'trunk' and
hint: 'development'. The just-created branch can be renamed via this command:
hint:
hint: git branch -m <name>
From https://github.com/maxceem/app-ai-gateway-swift
* tag 1.6.0 -> FETCH_HEAD
HEAD is now at 8fd5945 Release the Swift package as 1.6.0, signing a custom endpoint's query
Cloned https://github.com/maxceem/app-ai-gateway-swift.git
Revision (git rev-parse @):
8fd5945d9d19f92aa46a2e61326c4d519f8c0dfc
SUCCESS checkout https://github.com/maxceem/app-ai-gateway-swift.git at 1.6.0
========================================
Build
========================================
Selected platform: wasm
Swift version: 6.1
Building package at path: $PWD
https://github.com/maxceem/app-ai-gateway-swift.git
https://github.com/maxceem/app-ai-gateway-swift.git
WARNING: environment variable SUPPRESS_SWIFT_6_FLAGS is not set
Running build ...
bash -c docker run --pull=always --rm -v "checkouts-54344846-0":/host -w "$PWD" -e JAVA_HOME="/root/.sdkman/candidates/java/current" -e SPI_BUILD="1" -e SPI_PROCESSING="1" registry.gitlab.com/saguaro1/spi-images:wasm-6.1-latest swift build --swift-sdk wasm32-unknown-wasi -Xswiftc -Xfrontend -Xswiftc -stats-output-dir -Xswiftc -Xfrontend -Xswiftc .stats -Xswiftc -strict-concurrency=complete -Xswiftc -enable-upcoming-feature -Xswiftc StrictConcurrency -Xswiftc -enable-upcoming-feature -Xswiftc DisableOutwardActorInference -Xswiftc -enable-upcoming-feature -Xswiftc GlobalActorIsolatedTypesUsability -Xswiftc -enable-upcoming-feature -Xswiftc InferSendableFromCaptures 2>&1
wasm-6.1-latest: Pulling from saguaro1/spi-images
Digest: sha256:f257c9b8465670613eb336f6def351d681b1d395aebdb231a45bac980c1f9d3c
Status: Image is up to date for registry.gitlab.com/saguaro1/spi-images:wasm-6.1-latest
Building for debugging...
[0/2] Write sources
[1/2] Write swift-version-24593BA9C3E375BF.txt
[3/7] Compiling AppAIGateway GatewayError.swift
<unknown>:0: warning: upcoming feature 'InferSendableFromCaptures' is already enabled as of Swift version 6
<unknown>:0: warning: upcoming feature 'GlobalActorIsolatedTypesUsability' is already enabled as of Swift version 6
<unknown>:0: warning: upcoming feature 'DisableOutwardActorInference' is already enabled as of Swift version 6
/host/spi-builder-workspace/Sources/AppAIGateway/AppAttestProvider.swift:1:8: error: no such module 'CryptoKit'
1 | import CryptoKit
| `- error: no such module 'CryptoKit'
2 | import Foundation
3 |
[4/7] Compiling AppAIGateway CredentialStore.swift
<unknown>:0: warning: upcoming feature 'InferSendableFromCaptures' is already enabled as of Swift version 6
<unknown>:0: warning: upcoming feature 'GlobalActorIsolatedTypesUsability' is already enabled as of Swift version 6
<unknown>:0: warning: upcoming feature 'DisableOutwardActorInference' is already enabled as of Swift version 6
/host/spi-builder-workspace/Sources/AppAIGateway/AppAttestProvider.swift:1:8: error: no such module 'CryptoKit'
1 | import CryptoKit
| `- error: no such module 'CryptoKit'
2 | import Foundation
3 |
error: emit-module command failed with exit code 1 (use -v to see invocation)
[5/7] Emitting module AppAIGateway
<unknown>:0: warning: upcoming feature 'InferSendableFromCaptures' is already enabled as of Swift version 6
<unknown>:0: warning: upcoming feature 'GlobalActorIsolatedTypesUsability' is already enabled as of Swift version 6
<unknown>:0: warning: upcoming feature 'DisableOutwardActorInference' is already enabled as of Swift version 6
/host/spi-builder-workspace/Sources/AppAIGateway/AppAttestProvider.swift:1:8: error: no such module 'CryptoKit'
1 | import CryptoKit
| `- error: no such module 'CryptoKit'
2 | import Foundation
3 |
[6/7] Compiling AppAIGateway AppAIGatewayClient.swift
<unknown>:0: warning: upcoming feature 'InferSendableFromCaptures' is already enabled as of Swift version 6
<unknown>:0: warning: upcoming feature 'GlobalActorIsolatedTypesUsability' is already enabled as of Swift version 6
<unknown>:0: warning: upcoming feature 'DisableOutwardActorInference' is already enabled as of Swift version 6
/host/spi-builder-workspace/Sources/AppAIGateway/AppAttestProvider.swift:1:8: error: no such module 'CryptoKit'
1 | import CryptoKit
| `- error: no such module 'CryptoKit'
2 | import Foundation
3 |
[7/7] Compiling AppAIGateway AppAttestProvider.swift
<unknown>:0: warning: upcoming feature 'InferSendableFromCaptures' is already enabled as of Swift version 6
<unknown>:0: warning: upcoming feature 'GlobalActorIsolatedTypesUsability' is already enabled as of Swift version 6
<unknown>:0: warning: upcoming feature 'DisableOutwardActorInference' is already enabled as of Swift version 6
/host/spi-builder-workspace/Sources/AppAIGateway/AppAttestProvider.swift:1:8: error: no such module 'CryptoKit'
1 | import CryptoKit
| `- error: no such module 'CryptoKit'
2 | import Foundation
3 |
Running build ...
bash -c docker run --pull=always --rm -v "checkouts-54344846-0":/host -w "$PWD" -e JAVA_HOME="/root/.sdkman/candidates/java/current" -e SPI_BUILD="1" -e SPI_PROCESSING="1" registry.gitlab.com/saguaro1/spi-images:wasm-6.1-latest swift build --swift-sdk wasm32-unknown-wasi 2>&1
wasm-6.1-latest: Pulling from saguaro1/spi-images
Digest: sha256:f257c9b8465670613eb336f6def351d681b1d395aebdb231a45bac980c1f9d3c
Status: Image is up to date for registry.gitlab.com/saguaro1/spi-images:wasm-6.1-latest
[0/1] Planning build
Building for debugging...
[0/1] Write swift-version-24593BA9C3E375BF.txt
[2/6] Compiling AppAIGateway AppAttestProvider.swift
/host/spi-builder-workspace/Sources/AppAIGateway/AppAttestProvider.swift:1:8: error: no such module 'CryptoKit'
1 | import CryptoKit
| `- error: no such module 'CryptoKit'
2 | import Foundation
3 |
[3/6] Compiling AppAIGateway GatewayError.swift
/host/spi-builder-workspace/Sources/AppAIGateway/AppAttestProvider.swift:1:8: error: no such module 'CryptoKit'
1 | import CryptoKit
| `- error: no such module 'CryptoKit'
2 | import Foundation
3 |
[4/6] Compiling AppAIGateway CredentialStore.swift
/host/spi-builder-workspace/Sources/AppAIGateway/AppAttestProvider.swift:1:8: error: no such module 'CryptoKit'
1 | import CryptoKit
| `- error: no such module 'CryptoKit'
2 | import Foundation
3 |
error: emit-module command failed with exit code 1 (use -v to see invocation)
[5/6] Emitting module AppAIGateway
/host/spi-builder-workspace/Sources/AppAIGateway/AppAttestProvider.swift:1:8: error: no such module 'CryptoKit'
1 | import CryptoKit
| `- error: no such module 'CryptoKit'
2 | import Foundation
3 |
[6/6] Compiling AppAIGateway AppAIGatewayClient.swift
/host/spi-builder-workspace/Sources/AppAIGateway/AppAttestProvider.swift:1:8: error: no such module 'CryptoKit'
1 | import CryptoKit
| `- error: no such module 'CryptoKit'
2 | import Foundation
3 |
BUILD FAILURE 6.1 wasm