The Swift Package Index logo.Swift Package Index

Build Information

Failed to build ActionsKit, reference v1.1.0 (3a1a4c), with Swift 6.4 for watchOS using Xcode 27.0 on 15 Sep 2026 21:08:08 UTC.

Build Command

env DEVELOPER_DIR=/Applications/Xcode-27.0.0-Release.Candidate.app xcrun xcodebuild -IDEClonedSourcePackagesDirPathOverride=$PWD/.dependencies -skipMacroValidation -skipPackagePluginValidation -derivedDataPath $PWD/.derivedData build -scheme ActionsKit -destination generic/platform=watchOS

Build Log

SwiftDriverJobDiscovery normal arm64_32 Compiling ChainableResponder.swift (in target 'LoggerKit' from project 'Logger')
SwiftDriver\ Compilation Logger normal arm64 com.apple.xcode.tools.swift.compiler (in target 'Logger' from project 'Logger')
    cd /Users/admin/builder/spi-builder-workspace/.swiftpm/xcode
    builtin-Swift-Compilation -- /Applications/Xcode-27.0.0-Release.Candidate.app/Contents/Developer/Toolchains/XcodeDefault.xctoolchain/usr/bin/swiftc -parse-as-library -module-name Logger -Onone @/Users/admin/builder/spi-builder-workspace/.derivedData/Build/Intermediates.noindex/Logger.build/Debug-watchos/Logger-t.build/Objects-normal/arm64/Logger.SwiftFileList -DSWIFT_PACKAGE -DDEBUG -DSWIFT_MODULE_RESOURCE_BUNDLE_UNAVAILABLE -DXcode -plugin-path /Applications/Xcode-27.0.0-Release.Candidate.app/Contents/Developer/Toolchains/XcodeDefault.xctoolchain/usr/lib/swift/host/plugins/testing -enable-experimental-feature DebugDescriptionMacro -sdk /Applications/Xcode-27.0.0-Release.Candidate.app/Contents/Developer/Platforms/WatchOS.platform/Developer/SDKs/WatchOS27.0.sdk -target arm64-apple-watchos9.0 -g -module-cache-path /Users/admin/builder/spi-builder-workspace/.derivedData/ModuleCache.noindex -Xfrontend -serialize-debugging-options -enable-testing -suppress-warnings -index-store-path /Users/admin/builder/spi-builder-workspace/.derivedData/Index.noindex/DataStore -Xcc -D_LIBCPP_HARDENING_MODE\=_LIBCPP_HARDENING_MODE_DEBUG -swift-version 5 -I /Users/admin/builder/spi-builder-workspace/.derivedData/Build/Products/Debug-watchos -Isystem /Applications/Xcode-27.0.0-Release.Candidate.app/Contents/Developer/Platforms/WatchOS.platform/Developer/usr/lib -F /Users/admin/builder/spi-builder-workspace/.derivedData/Build/Products/Debug-watchos -F /Applications/Xcode-27.0.0-Release.Candidate.app/Contents/Developer/Platforms/WatchOS.platform/Developer/Library/Frameworks -F /Applications/Xcode-27.0.0-Release.Candidate.app/Contents/Developer/Platforms/WatchOS.platform/Developer/SDKs/WatchOS27.0.sdk/Developer/Library/Frameworks -c -j10 -enable-batch-mode -incremental -Xcc -ivfsstatcache -Xcc /Users/admin/builder/spi-builder-workspace/.derivedData/SDKStatCaches.noindex/watchos27.0-24R360-e829b21a6f8c9b70876ba0858053c04477534ef55a1706bf4c1112bbb242f0a2.sdkstatcache -output-file-map /Users/admin/builder/spi-builder-workspace/.derivedData/Build/Intermediates.noindex/Logger.build/Debug-watchos/Logger-t.build/Objects-normal/arm64/Logger-OutputFileMap.json -save-temps -no-color-diagnostics -explicit-module-build -module-cache-path /Users/admin/builder/spi-builder-workspace/.derivedData/Build/Intermediates.noindex/SwiftExplicitPrecompiledModules -clang-scanner-module-cache-path /Users/admin/builder/spi-builder-workspace/.derivedData/ModuleCache.noindex -sdk-module-cache-path /Users/admin/builder/spi-builder-workspace/.derivedData/SDKExplicitPrecompiledModules -emit-dependencies -emit-module -emit-module-path /Users/admin/builder/spi-builder-workspace/.derivedData/Build/Intermediates.noindex/Logger.build/Debug-watchos/Logger-t.build/Objects-normal/arm64/Logger.swiftmodule -serialize-diagnostics -dependency-scan-serialize-diagnostics-path /Users/admin/builder/spi-builder-workspace/.derivedData/Build/Intermediates.noindex/Logger.build/Debug-watchos/Logger-t.build/Objects-normal/arm64/Logger-dependency-scan.dia -validate-clang-modules-once -clang-build-session-file /Users/admin/builder/spi-builder-workspace/.derivedData/ModuleCache.noindex/Session.modulevalidation -Xcc -fmodules-prune-interval\=86400 -Xcc -fmodules-prune-after\=345600 -emit-const-values -const-gather-protocols-list /Users/admin/builder/spi-builder-workspace/.derivedData/Build/Intermediates.noindex/Logger.build/Debug-watchos/Logger-t.build/Objects-normal/arm64/Logger_const_extract_protocols.json -Xcc -I/Users/admin/builder/spi-builder-workspace/.derivedData/Build/Products/Debug-watchos/include -Xcc -I/Users/admin/builder/spi-builder-workspace/.derivedData/Build/Intermediates.noindex/Logger.build/Debug-watchos/Logger-t.build/DerivedSources-normal/arm64 -Xcc -I/Users/admin/builder/spi-builder-workspace/.derivedData/Build/Intermediates.noindex/Logger.build/Debug-watchos/Logger-t.build/DerivedSources/arm64 -Xcc -I/Users/admin/builder/spi-builder-workspace/.derivedData/Build/Intermediates.noindex/Logger.build/Debug-watchos/Logger-t.build/DerivedSources -Xcc -DSWIFT_PACKAGE -Xcc -DDEBUG\=1 -emit-objc-header -emit-objc-header-path /Users/admin/builder/spi-builder-workspace/.derivedData/Build/Intermediates.noindex/Logger.build/Debug-watchos/Logger-t.build/Objects-normal/arm64/Logger-Swift.h -working-directory /Users/admin/builder/spi-builder-workspace/.swiftpm/xcode -experimental-emit-module-separately -disable-cmo
SwiftCompile normal arm64 Compiling\ ActionManager.swift /Users/admin/builder/spi-builder-workspace/.dependencies/checkouts/Actions/Sources/Actions/ActionManager.swift (in target 'Actions' from project 'Actions')
SwiftCompile normal arm64 /Users/admin/builder/spi-builder-workspace/.dependencies/checkouts/Actions/Sources/Actions/ActionManager.swift (in target 'Actions' from project 'Actions')
    cd /Users/admin/builder/spi-builder-workspace/.swiftpm/xcode
    builtin-SwiftPerFileCompile ActionManager.swift
SwiftDriverJobDiscovery normal arm64_32 Compiling LoggerScene.swift (in target 'LoggerKit' from project 'Logger')
SwiftCompile normal arm64_32 Compiling\ ActionIdentification.swift /Users/admin/builder/spi-builder-workspace/.dependencies/checkouts/Actions/Sources/Actions/ActionIdentification.swift (in target 'Actions' from project 'Actions')
SwiftCompile normal arm64_32 /Users/admin/builder/spi-builder-workspace/.dependencies/checkouts/Actions/Sources/Actions/ActionIdentification.swift (in target 'Actions' from project 'Actions')
    cd /Users/admin/builder/spi-builder-workspace/.swiftpm/xcode
    builtin-SwiftPerFileCompile ActionIdentification.swift
Ld /Users/admin/builder/spi-builder-workspace/.derivedData/Build/Intermediates.noindex/Logger.build/Debug-watchos/Logger-t.build/Objects-normal/arm64_32/Binary/Logger.o normal arm64_32 (in target 'Logger' from project 'Logger')
    cd /Users/admin/builder/spi-builder-workspace/.dependencies/checkouts/Logger
    /Applications/Xcode-27.0.0-Release.Candidate.app/Contents/Developer/Toolchains/XcodeDefault.xctoolchain/usr/bin/clang -Xlinker -reproducible -target arm64_32-apple-watchos9.0 -r -isysroot /Applications/Xcode-27.0.0-Release.Candidate.app/Contents/Developer/Platforms/WatchOS.platform/Developer/SDKs/WatchOS27.0.sdk -O0 -w -Xlinker -no_warn_duplicate_libraries -F/Users/admin/builder/spi-builder-workspace/.derivedData/Build/Intermediates.noindex/EagerLinkingTBDs/Debug-watchos -F/Users/admin/builder/spi-builder-workspace/.derivedData/Build/Products/Debug-watchos -iframework /Applications/Xcode-27.0.0-Release.Candidate.app/Contents/Developer/Platforms/WatchOS.platform/Developer/Library/Frameworks -iframework /Applications/Xcode-27.0.0-Release.Candidate.app/Contents/Developer/Platforms/WatchOS.platform/Developer/SDKs/WatchOS27.0.sdk/Developer/Library/Frameworks -filelist /Users/admin/builder/spi-builder-workspace/.derivedData/Build/Intermediates.noindex/Logger.build/Debug-watchos/Logger-t.build/Objects-normal/arm64_32/Logger.LinkFileList -nostdlib -Xlinker -object_path_lto -Xlinker /Users/admin/builder/spi-builder-workspace/.derivedData/Build/Intermediates.noindex/Logger.build/Debug-watchos/Logger-t.build/Objects-normal/arm64_32/Logger_lto.o -Xlinker -no_deduplicate -Xlinker -dependency_info -Xlinker /Users/admin/builder/spi-builder-workspace/.derivedData/Build/Intermediates.noindex/Logger.build/Debug-watchos/Logger-t.build/Objects-normal/arm64_32/Logger_dependency_info.dat -fobjc-link-runtime -L/Applications/Xcode-27.0.0-Release.Candidate.app/Contents/Developer/Toolchains/XcodeDefault.xctoolchain/usr/lib/swift/watchos -L/usr/lib/swift -Xlinker -add_ast_path -Xlinker /Users/admin/builder/spi-builder-workspace/.derivedData/Build/Intermediates.noindex/Logger.build/Debug-watchos/Logger-t.build/Objects-normal/arm64_32/Logger.swiftmodule -o /Users/admin/builder/spi-builder-workspace/.derivedData/Build/Intermediates.noindex/Logger.build/Debug-watchos/Logger-t.build/Objects-normal/arm64_32/Binary/Logger.o
SwiftDriverJobDiscovery normal arm64_32 Compiling LoggerMenu+UIKit.swift (in target 'LoggerKit' from project 'Logger')
Ld /Users/admin/builder/spi-builder-workspace/.derivedData/Build/Intermediates.noindex/Logger.build/Debug-watchos/Logger-t.build/Objects-normal/arm64/Binary/Logger.o normal arm64 (in target 'Logger' from project 'Logger')
    cd /Users/admin/builder/spi-builder-workspace/.dependencies/checkouts/Logger
    /Applications/Xcode-27.0.0-Release.Candidate.app/Contents/Developer/Toolchains/XcodeDefault.xctoolchain/usr/bin/clang -Xlinker -reproducible -target arm64-apple-watchos9.0 -r -isysroot /Applications/Xcode-27.0.0-Release.Candidate.app/Contents/Developer/Platforms/WatchOS.platform/Developer/SDKs/WatchOS27.0.sdk -O0 -w -Xlinker -no_warn_duplicate_libraries -F/Users/admin/builder/spi-builder-workspace/.derivedData/Build/Intermediates.noindex/EagerLinkingTBDs/Debug-watchos -F/Users/admin/builder/spi-builder-workspace/.derivedData/Build/Products/Debug-watchos -iframework /Applications/Xcode-27.0.0-Release.Candidate.app/Contents/Developer/Platforms/WatchOS.platform/Developer/Library/Frameworks -iframework /Applications/Xcode-27.0.0-Release.Candidate.app/Contents/Developer/Platforms/WatchOS.platform/Developer/SDKs/WatchOS27.0.sdk/Developer/Library/Frameworks -filelist /Users/admin/builder/spi-builder-workspace/.derivedData/Build/Intermediates.noindex/Logger.build/Debug-watchos/Logger-t.build/Objects-normal/arm64/Logger.LinkFileList -nostdlib -Xlinker -object_path_lto -Xlinker /Users/admin/builder/spi-builder-workspace/.derivedData/Build/Intermediates.noindex/Logger.build/Debug-watchos/Logger-t.build/Objects-normal/arm64/Logger_lto.o -Xlinker -no_deduplicate -Xlinker -dependency_info -Xlinker /Users/admin/builder/spi-builder-workspace/.derivedData/Build/Intermediates.noindex/Logger.build/Debug-watchos/Logger-t.build/Objects-normal/arm64/Logger_dependency_info.dat -fobjc-link-runtime -L/Applications/Xcode-27.0.0-Release.Candidate.app/Contents/Developer/Toolchains/XcodeDefault.xctoolchain/usr/lib/swift/watchos -L/usr/lib/swift -Xlinker -add_ast_path -Xlinker /Users/admin/builder/spi-builder-workspace/.derivedData/Build/Intermediates.noindex/Logger.build/Debug-watchos/Logger-t.build/Objects-normal/arm64/Logger.swiftmodule -o /Users/admin/builder/spi-builder-workspace/.derivedData/Build/Intermediates.noindex/Logger.build/Debug-watchos/Logger-t.build/Objects-normal/arm64/Binary/Logger.o
SwiftDriverJobDiscovery normal arm64_32 Compiling LoggerApplication+AppKit.swift (in target 'LoggerKit' from project 'Logger')
SwiftCompile normal arm64_32 Compiling\ ActionKey.swift /Users/admin/builder/spi-builder-workspace/.dependencies/checkouts/Actions/Sources/Actions/ActionKey.swift (in target 'Actions' from project 'Actions')
SwiftCompile normal arm64_32 /Users/admin/builder/spi-builder-workspace/.dependencies/checkouts/Actions/Sources/Actions/ActionKey.swift (in target 'Actions' from project 'Actions')
    cd /Users/admin/builder/spi-builder-workspace/.swiftpm/xcode
    builtin-SwiftPerFileCompile ActionKey.swift
SwiftDriverJobDiscovery normal arm64 Compiling String+Localization.swift (in target 'Localization' from project 'Localization')
SwiftCompile normal arm64_32 Compiling\ ActionManager.swift /Users/admin/builder/spi-builder-workspace/.dependencies/checkouts/Actions/Sources/Actions/ActionManager.swift (in target 'Actions' from project 'Actions')
SwiftCompile normal arm64_32 /Users/admin/builder/spi-builder-workspace/.dependencies/checkouts/Actions/Sources/Actions/ActionManager.swift (in target 'Actions' from project 'Actions')
    cd /Users/admin/builder/spi-builder-workspace/.swiftpm/xcode
    builtin-SwiftPerFileCompile ActionManager.swift
SwiftDriverJobDiscovery normal arm64 Compiling LoggerApplication+AppKit.swift (in target 'LoggerKit' from project 'Logger')
SwiftDriver\ Compilation Localization normal arm64 com.apple.xcode.tools.swift.compiler (in target 'Localization' from project 'Localization')
    cd /Users/admin/builder/spi-builder-workspace/.swiftpm/xcode
    builtin-Swift-Compilation -- /Applications/Xcode-27.0.0-Release.Candidate.app/Contents/Developer/Toolchains/XcodeDefault.xctoolchain/usr/bin/swiftc -parse-as-library -module-name Localization -Onone @/Users/admin/builder/spi-builder-workspace/.derivedData/Build/Intermediates.noindex/Localization.build/Debug-watchos/Localization-t.build/Objects-normal/arm64/Localization.SwiftFileList -DSWIFT_PACKAGE -DDEBUG -DSWIFT_MODULE_RESOURCE_BUNDLE_UNAVAILABLE -DXcode -plugin-path /Applications/Xcode-27.0.0-Release.Candidate.app/Contents/Developer/Toolchains/XcodeDefault.xctoolchain/usr/lib/swift/host/plugins/testing -enable-experimental-feature DebugDescriptionMacro -sdk /Applications/Xcode-27.0.0-Release.Candidate.app/Contents/Developer/Platforms/WatchOS.platform/Developer/SDKs/WatchOS27.0.sdk -target arm64-apple-watchos9.0 -g -module-cache-path /Users/admin/builder/spi-builder-workspace/.derivedData/ModuleCache.noindex -Xfrontend -serialize-debugging-options -enable-testing -suppress-warnings -index-store-path /Users/admin/builder/spi-builder-workspace/.derivedData/Index.noindex/DataStore -Xcc -D_LIBCPP_HARDENING_MODE\=_LIBCPP_HARDENING_MODE_DEBUG -swift-version 5 -I /Users/admin/builder/spi-builder-workspace/.derivedData/Build/Products/Debug-watchos -Isystem /Applications/Xcode-27.0.0-Release.Candidate.app/Contents/Developer/Platforms/WatchOS.platform/Developer/usr/lib -F /Users/admin/builder/spi-builder-workspace/.derivedData/Build/Products/Debug-watchos -F /Applications/Xcode-27.0.0-Release.Candidate.app/Contents/Developer/Platforms/WatchOS.platform/Developer/Library/Frameworks -F /Applications/Xcode-27.0.0-Release.Candidate.app/Contents/Developer/Platforms/WatchOS.platform/Developer/SDKs/WatchOS27.0.sdk/Developer/Library/Frameworks -c -j10 -enable-batch-mode -incremental -Xcc -ivfsstatcache -Xcc /Users/admin/builder/spi-builder-workspace/.derivedData/SDKStatCaches.noindex/watchos27.0-24R360-e829b21a6f8c9b70876ba0858053c04477534ef55a1706bf4c1112bbb242f0a2.sdkstatcache -output-file-map /Users/admin/builder/spi-builder-workspace/.derivedData/Build/Intermediates.noindex/Localization.build/Debug-watchos/Localization-t.build/Objects-normal/arm64/Localization-OutputFileMap.json -save-temps -no-color-diagnostics -explicit-module-build -module-cache-path /Users/admin/builder/spi-builder-workspace/.derivedData/Build/Intermediates.noindex/SwiftExplicitPrecompiledModules -clang-scanner-module-cache-path /Users/admin/builder/spi-builder-workspace/.derivedData/ModuleCache.noindex -sdk-module-cache-path /Users/admin/builder/spi-builder-workspace/.derivedData/SDKExplicitPrecompiledModules -emit-dependencies -emit-module -emit-module-path /Users/admin/builder/spi-builder-workspace/.derivedData/Build/Intermediates.noindex/Localization.build/Debug-watchos/Localization-t.build/Objects-normal/arm64/Localization.swiftmodule -serialize-diagnostics -dependency-scan-serialize-diagnostics-path /Users/admin/builder/spi-builder-workspace/.derivedData/Build/Intermediates.noindex/Localization.build/Debug-watchos/Localization-t.build/Objects-normal/arm64/Localization-dependency-scan.dia -validate-clang-modules-once -clang-build-session-file /Users/admin/builder/spi-builder-workspace/.derivedData/ModuleCache.noindex/Session.modulevalidation -Xcc -fmodules-prune-interval\=86400 -Xcc -fmodules-prune-after\=345600 -emit-const-values -const-gather-protocols-list /Users/admin/builder/spi-builder-workspace/.derivedData/Build/Intermediates.noindex/Localization.build/Debug-watchos/Localization-t.build/Objects-normal/arm64/Localization_const_extract_protocols.json -Xcc -I/Users/admin/builder/spi-builder-workspace/.derivedData/Build/Products/Debug-watchos/include -Xcc -I/Users/admin/builder/spi-builder-workspace/.derivedData/Build/Intermediates.noindex/Localization.build/Debug-watchos/Localization-t.build/DerivedSources-normal/arm64 -Xcc -I/Users/admin/builder/spi-builder-workspace/.derivedData/Build/Intermediates.noindex/Localization.build/Debug-watchos/Localization-t.build/DerivedSources/arm64 -Xcc -I/Users/admin/builder/spi-builder-workspace/.derivedData/Build/Intermediates.noindex/Localization.build/Debug-watchos/Localization-t.build/DerivedSources -Xcc -DSWIFT_PACKAGE -Xcc -DDEBUG\=1 -emit-objc-header -emit-objc-header-path /Users/admin/builder/spi-builder-workspace/.derivedData/Build/Intermediates.noindex/Localization.build/Debug-watchos/Localization-t.build/Objects-normal/arm64/Localization-Swift.h -working-directory /Users/admin/builder/spi-builder-workspace/.swiftpm/xcode -experimental-emit-module-separately -disable-cmo
SwiftDriverJobDiscovery normal arm64 Compiling LoggerScene.swift (in target 'LoggerKit' from project 'Logger')
SwiftCompile normal arm64 Compiling\ ActionKey.swift /Users/admin/builder/spi-builder-workspace/.dependencies/checkouts/Actions/Sources/Actions/ActionKey.swift (in target 'Actions' from project 'Actions')
SwiftCompile normal arm64 /Users/admin/builder/spi-builder-workspace/.dependencies/checkouts/Actions/Sources/Actions/ActionKey.swift (in target 'Actions' from project 'Actions')
    cd /Users/admin/builder/spi-builder-workspace/.swiftpm/xcode
    builtin-SwiftPerFileCompile ActionKey.swift
Ld /Users/admin/builder/spi-builder-workspace/.derivedData/Build/Intermediates.noindex/Localization.build/Debug-watchos/Localization-t.build/Objects-normal/arm64/Binary/Localization.o normal arm64 (in target 'Localization' from project 'Localization')
    cd /Users/admin/builder/spi-builder-workspace/.dependencies/checkouts/Localization
    /Applications/Xcode-27.0.0-Release.Candidate.app/Contents/Developer/Toolchains/XcodeDefault.xctoolchain/usr/bin/clang -Xlinker -reproducible -target arm64-apple-watchos9.0 -r -isysroot /Applications/Xcode-27.0.0-Release.Candidate.app/Contents/Developer/Platforms/WatchOS.platform/Developer/SDKs/WatchOS27.0.sdk -O0 -w -Xlinker -no_warn_duplicate_libraries -F/Users/admin/builder/spi-builder-workspace/.derivedData/Build/Intermediates.noindex/EagerLinkingTBDs/Debug-watchos -F/Users/admin/builder/spi-builder-workspace/.derivedData/Build/Products/Debug-watchos -iframework /Applications/Xcode-27.0.0-Release.Candidate.app/Contents/Developer/Platforms/WatchOS.platform/Developer/Library/Frameworks -iframework /Applications/Xcode-27.0.0-Release.Candidate.app/Contents/Developer/Platforms/WatchOS.platform/Developer/SDKs/WatchOS27.0.sdk/Developer/Library/Frameworks -filelist /Users/admin/builder/spi-builder-workspace/.derivedData/Build/Intermediates.noindex/Localization.build/Debug-watchos/Localization-t.build/Objects-normal/arm64/Localization.LinkFileList -nostdlib -Xlinker -object_path_lto -Xlinker /Users/admin/builder/spi-builder-workspace/.derivedData/Build/Intermediates.noindex/Localization.build/Debug-watchos/Localization-t.build/Objects-normal/arm64/Localization_lto.o -Xlinker -no_deduplicate -Xlinker -dependency_info -Xlinker /Users/admin/builder/spi-builder-workspace/.derivedData/Build/Intermediates.noindex/Localization.build/Debug-watchos/Localization-t.build/Objects-normal/arm64/Localization_dependency_info.dat -fobjc-link-runtime -L/Applications/Xcode-27.0.0-Release.Candidate.app/Contents/Developer/Toolchains/XcodeDefault.xctoolchain/usr/lib/swift/watchos -L/usr/lib/swift -Xlinker -add_ast_path -Xlinker /Users/admin/builder/spi-builder-workspace/.derivedData/Build/Intermediates.noindex/Localization.build/Debug-watchos/Localization-t.build/Objects-normal/arm64/Localization.swiftmodule -o /Users/admin/builder/spi-builder-workspace/.derivedData/Build/Intermediates.noindex/Localization.build/Debug-watchos/Localization-t.build/Objects-normal/arm64/Binary/Localization.o
SwiftDriver\ Compilation LoggerKit normal arm64 com.apple.xcode.tools.swift.compiler (in target 'LoggerKit' from project 'Logger')
    cd /Users/admin/builder/spi-builder-workspace/.swiftpm/xcode
    builtin-Swift-Compilation -- /Applications/Xcode-27.0.0-Release.Candidate.app/Contents/Developer/Toolchains/XcodeDefault.xctoolchain/usr/bin/swiftc -parse-as-library -module-name LoggerKit -Onone @/Users/admin/builder/spi-builder-workspace/.derivedData/Build/Intermediates.noindex/Logger.build/Debug-watchos/LoggerKit-t.build/Objects-normal/arm64/LoggerKit.SwiftFileList -DSWIFT_PACKAGE -DDEBUG -DSWIFT_MODULE_RESOURCE_BUNDLE_UNAVAILABLE -DXcode -plugin-path /Applications/Xcode-27.0.0-Release.Candidate.app/Contents/Developer/Toolchains/XcodeDefault.xctoolchain/usr/lib/swift/host/plugins/testing -enable-experimental-feature DebugDescriptionMacro -sdk /Applications/Xcode-27.0.0-Release.Candidate.app/Contents/Developer/Platforms/WatchOS.platform/Developer/SDKs/WatchOS27.0.sdk -target arm64-apple-watchos9.0 -g -module-cache-path /Users/admin/builder/spi-builder-workspace/.derivedData/ModuleCache.noindex -Xfrontend -serialize-debugging-options -enable-testing -suppress-warnings -index-store-path /Users/admin/builder/spi-builder-workspace/.derivedData/Index.noindex/DataStore -Xcc -D_LIBCPP_HARDENING_MODE\=_LIBCPP_HARDENING_MODE_DEBUG -swift-version 5 -I /Users/admin/builder/spi-builder-workspace/.derivedData/Build/Products/Debug-watchos -Isystem /Applications/Xcode-27.0.0-Release.Candidate.app/Contents/Developer/Platforms/WatchOS.platform/Developer/usr/lib -F /Users/admin/builder/spi-builder-workspace/.derivedData/Build/Products/Debug-watchos/PackageFrameworks -F /Users/admin/builder/spi-builder-workspace/.derivedData/Build/Products/Debug-watchos -F /Applications/Xcode-27.0.0-Release.Candidate.app/Contents/Developer/Platforms/WatchOS.platform/Developer/Library/Frameworks -F /Applications/Xcode-27.0.0-Release.Candidate.app/Contents/Developer/Platforms/WatchOS.platform/Developer/SDKs/WatchOS27.0.sdk/Developer/Library/Frameworks -c -j10 -enable-batch-mode -incremental -Xcc -ivfsstatcache -Xcc /Users/admin/builder/spi-builder-workspace/.derivedData/SDKStatCaches.noindex/watchos27.0-24R360-e829b21a6f8c9b70876ba0858053c04477534ef55a1706bf4c1112bbb242f0a2.sdkstatcache -output-file-map /Users/admin/builder/spi-builder-workspace/.derivedData/Build/Intermediates.noindex/Logger.build/Debug-watchos/LoggerKit-t.build/Objects-normal/arm64/LoggerKit-OutputFileMap.json -save-temps -no-color-diagnostics -explicit-module-build -module-cache-path /Users/admin/builder/spi-builder-workspace/.derivedData/Build/Intermediates.noindex/SwiftExplicitPrecompiledModules -clang-scanner-module-cache-path /Users/admin/builder/spi-builder-workspace/.derivedData/ModuleCache.noindex -sdk-module-cache-path /Users/admin/builder/spi-builder-workspace/.derivedData/SDKExplicitPrecompiledModules -emit-dependencies -emit-module -emit-module-path /Users/admin/builder/spi-builder-workspace/.derivedData/Build/Intermediates.noindex/Logger.build/Debug-watchos/LoggerKit-t.build/Objects-normal/arm64/LoggerKit.swiftmodule -serialize-diagnostics -dependency-scan-serialize-diagnostics-path /Users/admin/builder/spi-builder-workspace/.derivedData/Build/Intermediates.noindex/Logger.build/Debug-watchos/LoggerKit-t.build/Objects-normal/arm64/LoggerKit-dependency-scan.dia -validate-clang-modules-once -clang-build-session-file /Users/admin/builder/spi-builder-workspace/.derivedData/ModuleCache.noindex/Session.modulevalidation -Xcc -fmodules-prune-interval\=86400 -Xcc -fmodules-prune-after\=345600 -emit-const-values -const-gather-protocols-list /Users/admin/builder/spi-builder-workspace/.derivedData/Build/Intermediates.noindex/Logger.build/Debug-watchos/LoggerKit-t.build/Objects-normal/arm64/LoggerKit_const_extract_protocols.json -Xcc -I/Users/admin/builder/spi-builder-workspace/.derivedData/Build/Products/Debug-watchos/include -Xcc -I/Users/admin/builder/spi-builder-workspace/.derivedData/Build/Intermediates.noindex/Logger.build/Debug-watchos/LoggerKit-t.build/DerivedSources-normal/arm64 -Xcc -I/Users/admin/builder/spi-builder-workspace/.derivedData/Build/Intermediates.noindex/Logger.build/Debug-watchos/LoggerKit-t.build/DerivedSources/arm64 -Xcc -I/Users/admin/builder/spi-builder-workspace/.derivedData/Build/Intermediates.noindex/Logger.build/Debug-watchos/LoggerKit-t.build/DerivedSources -Xcc -DSWIFT_PACKAGE -Xcc -DDEBUG\=1 -emit-objc-header -emit-objc-header-path /Users/admin/builder/spi-builder-workspace/.derivedData/Build/Intermediates.noindex/Logger.build/Debug-watchos/LoggerKit-t.build/Objects-normal/arm64/LoggerKit-Swift.h -working-directory /Users/admin/builder/spi-builder-workspace/.swiftpm/xcode -experimental-emit-module-separately -disable-cmo
SwiftDriverJobDiscovery normal arm64_32 Compiling LoggerSettingsView.swift (in target 'LoggerKit' from project 'Logger')
SwiftCompile normal arm64_32 Compiling\ Action.swift /Users/admin/builder/spi-builder-workspace/.dependencies/checkouts/Actions/Sources/Actions/Action.swift (in target 'Actions' from project 'Actions')
SwiftCompile normal arm64_32 /Users/admin/builder/spi-builder-workspace/.dependencies/checkouts/Actions/Sources/Actions/Action.swift (in target 'Actions' from project 'Actions')
    cd /Users/admin/builder/spi-builder-workspace/.swiftpm/xcode
    builtin-SwiftPerFileCompile Action.swift
SwiftDriverJobDiscovery normal arm64 Emitting module for Actions (in target 'Actions' from project 'Actions')
SwiftCompile normal arm64 Compiling\ ActionContext.swift /Users/admin/builder/spi-builder-workspace/.dependencies/checkouts/Actions/Sources/Actions/ActionContext.swift (in target 'Actions' from project 'Actions')
SwiftCompile normal arm64 /Users/admin/builder/spi-builder-workspace/.dependencies/checkouts/Actions/Sources/Actions/ActionContext.swift (in target 'Actions' from project 'Actions')
    cd /Users/admin/builder/spi-builder-workspace/.swiftpm/xcode
    builtin-SwiftPerFileCompile ActionContext.swift
SwiftDriver\ Compilation\ Requirements Actions normal arm64 com.apple.xcode.tools.swift.compiler (in target 'Actions' from project 'Actions')
    cd /Users/admin/builder/spi-builder-workspace/.swiftpm/xcode
    builtin-Swift-Compilation-Requirements -- /Applications/Xcode-27.0.0-Release.Candidate.app/Contents/Developer/Toolchains/XcodeDefault.xctoolchain/usr/bin/swiftc -parse-as-library -module-name Actions -Onone @/Users/admin/builder/spi-builder-workspace/.derivedData/Build/Intermediates.noindex/Actions.build/Debug-watchos/Actions-t.build/Objects-normal/arm64/Actions.SwiftFileList -DSWIFT_PACKAGE -DDEBUG -DSWIFT_MODULE_RESOURCE_BUNDLE_UNAVAILABLE -DXcode -plugin-path /Applications/Xcode-27.0.0-Release.Candidate.app/Contents/Developer/Toolchains/XcodeDefault.xctoolchain/usr/lib/swift/host/plugins/testing -enable-experimental-feature DebugDescriptionMacro -sdk /Applications/Xcode-27.0.0-Release.Candidate.app/Contents/Developer/Platforms/WatchOS.platform/Developer/SDKs/WatchOS27.0.sdk -target arm64-apple-watchos9.0 -g -module-cache-path /Users/admin/builder/spi-builder-workspace/.derivedData/ModuleCache.noindex -Xfrontend -serialize-debugging-options -enable-testing -suppress-warnings -index-store-path /Users/admin/builder/spi-builder-workspace/.derivedData/Index.noindex/DataStore -Xcc -D_LIBCPP_HARDENING_MODE\=_LIBCPP_HARDENING_MODE_DEBUG -swift-version 5 -I /Users/admin/builder/spi-builder-workspace/.derivedData/Build/Products/Debug-watchos -Isystem /Applications/Xcode-27.0.0-Release.Candidate.app/Contents/Developer/Platforms/WatchOS.platform/Developer/usr/lib -F /Users/admin/builder/spi-builder-workspace/.derivedData/Build/Products/Debug-watchos/PackageFrameworks -F /Users/admin/builder/spi-builder-workspace/.derivedData/Build/Products/Debug-watchos -F /Applications/Xcode-27.0.0-Release.Candidate.app/Contents/Developer/Platforms/WatchOS.platform/Developer/Library/Frameworks -F /Applications/Xcode-27.0.0-Release.Candidate.app/Contents/Developer/Platforms/WatchOS.platform/Developer/SDKs/WatchOS27.0.sdk/Developer/Library/Frameworks -c -j10 -enable-batch-mode -incremental -Xcc -ivfsstatcache -Xcc /Users/admin/builder/spi-builder-workspace/.derivedData/SDKStatCaches.noindex/watchos27.0-24R360-e829b21a6f8c9b70876ba0858053c04477534ef55a1706bf4c1112bbb242f0a2.sdkstatcache -output-file-map /Users/admin/builder/spi-builder-workspace/.derivedData/Build/Intermediates.noindex/Actions.build/Debug-watchos/Actions-t.build/Objects-normal/arm64/Actions-OutputFileMap.json -save-temps -no-color-diagnostics -explicit-module-build -module-cache-path /Users/admin/builder/spi-builder-workspace/.derivedData/Build/Intermediates.noindex/SwiftExplicitPrecompiledModules -clang-scanner-module-cache-path /Users/admin/builder/spi-builder-workspace/.derivedData/ModuleCache.noindex -sdk-module-cache-path /Users/admin/builder/spi-builder-workspace/.derivedData/SDKExplicitPrecompiledModules -emit-dependencies -emit-module -emit-module-path /Users/admin/builder/spi-builder-workspace/.derivedData/Build/Intermediates.noindex/Actions.build/Debug-watchos/Actions-t.build/Objects-normal/arm64/Actions.swiftmodule -serialize-diagnostics -dependency-scan-serialize-diagnostics-path /Users/admin/builder/spi-builder-workspace/.derivedData/Build/Intermediates.noindex/Actions.build/Debug-watchos/Actions-t.build/Objects-normal/arm64/Actions-dependency-scan.dia -validate-clang-modules-once -clang-build-session-file /Users/admin/builder/spi-builder-workspace/.derivedData/ModuleCache.noindex/Session.modulevalidation -Xcc -fmodules-prune-interval\=86400 -Xcc -fmodules-prune-after\=345600 -emit-const-values -const-gather-protocols-list /Users/admin/builder/spi-builder-workspace/.derivedData/Build/Intermediates.noindex/Actions.build/Debug-watchos/Actions-t.build/Objects-normal/arm64/Actions_const_extract_protocols.json -Xcc -I/Users/admin/builder/spi-builder-workspace/.derivedData/Build/Products/Debug-watchos/include -Xcc -I/Users/admin/builder/spi-builder-workspace/.derivedData/Build/Intermediates.noindex/Actions.build/Debug-watchos/Actions-t.build/DerivedSources-normal/arm64 -Xcc -I/Users/admin/builder/spi-builder-workspace/.derivedData/Build/Intermediates.noindex/Actions.build/Debug-watchos/Actions-t.build/DerivedSources/arm64 -Xcc -I/Users/admin/builder/spi-builder-workspace/.derivedData/Build/Intermediates.noindex/Actions.build/Debug-watchos/Actions-t.build/DerivedSources -Xcc -DSWIFT_PACKAGE -Xcc -DDEBUG\=1 -emit-objc-header -emit-objc-header-path /Users/admin/builder/spi-builder-workspace/.derivedData/Build/Intermediates.noindex/Actions.build/Debug-watchos/Actions-t.build/Objects-normal/arm64/Actions-Swift.h -working-directory /Users/admin/builder/spi-builder-workspace/.swiftpm/xcode -experimental-emit-module-separately -disable-cmo
CreateUniversalBinary /Users/admin/builder/spi-builder-workspace/.derivedData/Build/Products/Debug-watchos/Logger.o normal arm64\ arm64_32 (in target 'Logger' from project 'Logger')
    cd /Users/admin/builder/spi-builder-workspace/.dependencies/checkouts/Logger
    /Applications/Xcode-27.0.0-Release.Candidate.app/Contents/Developer/Toolchains/XcodeDefault.xctoolchain/usr/bin/lipo -create /Users/admin/builder/spi-builder-workspace/.derivedData/Build/Intermediates.noindex/Logger.build/Debug-watchos/Logger-t.build/Objects-normal/arm64/Binary/Logger.o /Users/admin/builder/spi-builder-workspace/.derivedData/Build/Intermediates.noindex/Logger.build/Debug-watchos/Logger-t.build/Objects-normal/arm64_32/Binary/Logger.o -output /Users/admin/builder/spi-builder-workspace/.derivedData/Build/Products/Debug-watchos/Logger.o
SwiftMergeGeneratedHeaders /Users/admin/builder/spi-builder-workspace/.derivedData/Build/Intermediates.noindex/GeneratedModuleMaps-watchos/Actions-Swift.h /Users/admin/builder/spi-builder-workspace/.derivedData/Build/Intermediates.noindex/Actions.build/Debug-watchos/Actions-t.build/Objects-normal/arm64/Actions-Swift.h /Users/admin/builder/spi-builder-workspace/.derivedData/Build/Intermediates.noindex/Actions.build/Debug-watchos/Actions-t.build/Objects-normal/arm64_32/Actions-Swift.h (in target 'Actions' from project 'Actions')
    cd /Users/admin/builder/spi-builder-workspace/.dependencies/checkouts/Actions
    builtin-swiftHeaderTool -arch arm64 /Users/admin/builder/spi-builder-workspace/.derivedData/Build/Intermediates.noindex/Actions.build/Debug-watchos/Actions-t.build/Objects-normal/arm64/Actions-Swift.h -arch arm64_32 /Users/admin/builder/spi-builder-workspace/.derivedData/Build/Intermediates.noindex/Actions.build/Debug-watchos/Actions-t.build/Objects-normal/arm64_32/Actions-Swift.h -o /Users/admin/builder/spi-builder-workspace/.derivedData/Build/Intermediates.noindex/GeneratedModuleMaps-watchos/Actions-Swift.h
SwiftDriverJobDiscovery normal arm64_32 Compiling LoggerApplication.swift (in target 'LoggerKit' from project 'Logger')
Copy /Users/admin/builder/spi-builder-workspace/.derivedData/Build/Products/Debug-watchos/Actions.swiftmodule/arm64-apple-watchos.swiftmodule /Users/admin/builder/spi-builder-workspace/.derivedData/Build/Intermediates.noindex/Actions.build/Debug-watchos/Actions-t.build/Objects-normal/arm64/Actions.swiftmodule (in target 'Actions' from project 'Actions')
    cd /Users/admin/builder/spi-builder-workspace/.dependencies/checkouts/Actions
    builtin-copy -exclude .DS_Store -exclude CVS -exclude .svn -exclude .git -exclude .hg -resolve-src-symlinks -rename /Users/admin/builder/spi-builder-workspace/.derivedData/Build/Intermediates.noindex/Actions.build/Debug-watchos/Actions-t.build/Objects-normal/arm64/Actions.swiftmodule /Users/admin/builder/spi-builder-workspace/.derivedData/Build/Products/Debug-watchos/Actions.swiftmodule/arm64-apple-watchos.swiftmodule
Copy /Users/admin/builder/spi-builder-workspace/.derivedData/Build/Products/Debug-watchos/Actions.swiftmodule/arm64-apple-watchos.swiftdoc /Users/admin/builder/spi-builder-workspace/.derivedData/Build/Intermediates.noindex/Actions.build/Debug-watchos/Actions-t.build/Objects-normal/arm64/Actions.swiftdoc (in target 'Actions' from project 'Actions')
    cd /Users/admin/builder/spi-builder-workspace/.dependencies/checkouts/Actions
    builtin-copy -exclude .DS_Store -exclude CVS -exclude .svn -exclude .git -exclude .hg -resolve-src-symlinks -rename /Users/admin/builder/spi-builder-workspace/.derivedData/Build/Intermediates.noindex/Actions.build/Debug-watchos/Actions-t.build/Objects-normal/arm64/Actions.swiftdoc /Users/admin/builder/spi-builder-workspace/.derivedData/Build/Products/Debug-watchos/Actions.swiftmodule/arm64-apple-watchos.swiftdoc
Copy /Users/admin/builder/spi-builder-workspace/.derivedData/Build/Products/Debug-watchos/Actions.swiftmodule/arm64-apple-watchos.abi.json /Users/admin/builder/spi-builder-workspace/.derivedData/Build/Intermediates.noindex/Actions.build/Debug-watchos/Actions-t.build/Objects-normal/arm64/Actions.abi.json (in target 'Actions' from project 'Actions')
    cd /Users/admin/builder/spi-builder-workspace/.dependencies/checkouts/Actions
    builtin-copy -exclude .DS_Store -exclude CVS -exclude .svn -exclude .git -exclude .hg -resolve-src-symlinks -rename /Users/admin/builder/spi-builder-workspace/.derivedData/Build/Intermediates.noindex/Actions.build/Debug-watchos/Actions-t.build/Objects-normal/arm64/Actions.abi.json /Users/admin/builder/spi-builder-workspace/.derivedData/Build/Products/Debug-watchos/Actions.swiftmodule/arm64-apple-watchos.abi.json
Copy /Users/admin/builder/spi-builder-workspace/.derivedData/Build/Products/Debug-watchos/Actions.swiftmodule/Project/arm64-apple-watchos.swiftsourceinfo /Users/admin/builder/spi-builder-workspace/.derivedData/Build/Intermediates.noindex/Actions.build/Debug-watchos/Actions-t.build/Objects-normal/arm64/Actions.swiftsourceinfo (in target 'Actions' from project 'Actions')
    cd /Users/admin/builder/spi-builder-workspace/.dependencies/checkouts/Actions
    builtin-copy -exclude .DS_Store -exclude CVS -exclude .svn -exclude .git -exclude .hg -resolve-src-symlinks -rename /Users/admin/builder/spi-builder-workspace/.derivedData/Build/Intermediates.noindex/Actions.build/Debug-watchos/Actions-t.build/Objects-normal/arm64/Actions.swiftsourceinfo /Users/admin/builder/spi-builder-workspace/.derivedData/Build/Products/Debug-watchos/Actions.swiftmodule/Project/arm64-apple-watchos.swiftsourceinfo
SwiftDriver\ Compilation LoggerKit normal arm64_32 com.apple.xcode.tools.swift.compiler (in target 'LoggerKit' from project 'Logger')
    cd /Users/admin/builder/spi-builder-workspace/.swiftpm/xcode
    builtin-Swift-Compilation -- /Applications/Xcode-27.0.0-Release.Candidate.app/Contents/Developer/Toolchains/XcodeDefault.xctoolchain/usr/bin/swiftc -parse-as-library -module-name LoggerKit -Onone @/Users/admin/builder/spi-builder-workspace/.derivedData/Build/Intermediates.noindex/Logger.build/Debug-watchos/LoggerKit-t.build/Objects-normal/arm64_32/LoggerKit.SwiftFileList -DSWIFT_PACKAGE -DDEBUG -DSWIFT_MODULE_RESOURCE_BUNDLE_UNAVAILABLE -DXcode -plugin-path /Applications/Xcode-27.0.0-Release.Candidate.app/Contents/Developer/Toolchains/XcodeDefault.xctoolchain/usr/lib/swift/host/plugins/testing -enable-experimental-feature DebugDescriptionMacro -sdk /Applications/Xcode-27.0.0-Release.Candidate.app/Contents/Developer/Platforms/WatchOS.platform/Developer/SDKs/WatchOS27.0.sdk -target arm64_32-apple-watchos9.0 -g -module-cache-path /Users/admin/builder/spi-builder-workspace/.derivedData/ModuleCache.noindex -Xfrontend -serialize-debugging-options -enable-testing -suppress-warnings -index-store-path /Users/admin/builder/spi-builder-workspace/.derivedData/Index.noindex/DataStore -Xcc -D_LIBCPP_HARDENING_MODE\=_LIBCPP_HARDENING_MODE_DEBUG -swift-version 5 -I /Users/admin/builder/spi-builder-workspace/.derivedData/Build/Products/Debug-watchos -Isystem /Applications/Xcode-27.0.0-Release.Candidate.app/Contents/Developer/Platforms/WatchOS.platform/Developer/usr/lib -F /Users/admin/builder/spi-builder-workspace/.derivedData/Build/Products/Debug-watchos/PackageFrameworks -F /Users/admin/builder/spi-builder-workspace/.derivedData/Build/Products/Debug-watchos -F /Applications/Xcode-27.0.0-Release.Candidate.app/Contents/Developer/Platforms/WatchOS.platform/Developer/Library/Frameworks -F /Applications/Xcode-27.0.0-Release.Candidate.app/Contents/Developer/Platforms/WatchOS.platform/Developer/SDKs/WatchOS27.0.sdk/Developer/Library/Frameworks -c -j10 -enable-batch-mode -incremental -Xcc -ivfsstatcache -Xcc /Users/admin/builder/spi-builder-workspace/.derivedData/SDKStatCaches.noindex/watchos27.0-24R360-e829b21a6f8c9b70876ba0858053c04477534ef55a1706bf4c1112bbb242f0a2.sdkstatcache -output-file-map /Users/admin/builder/spi-builder-workspace/.derivedData/Build/Intermediates.noindex/Logger.build/Debug-watchos/LoggerKit-t.build/Objects-normal/arm64_32/LoggerKit-OutputFileMap.json -save-temps -no-color-diagnostics -explicit-module-build -module-cache-path /Users/admin/builder/spi-builder-workspace/.derivedData/Build/Intermediates.noindex/SwiftExplicitPrecompiledModules -clang-scanner-module-cache-path /Users/admin/builder/spi-builder-workspace/.derivedData/ModuleCache.noindex -sdk-module-cache-path /Users/admin/builder/spi-builder-workspace/.derivedData/SDKExplicitPrecompiledModules -emit-dependencies -emit-module -emit-module-path /Users/admin/builder/spi-builder-workspace/.derivedData/Build/Intermediates.noindex/Logger.build/Debug-watchos/LoggerKit-t.build/Objects-normal/arm64_32/LoggerKit.swiftmodule -serialize-diagnostics -dependency-scan-serialize-diagnostics-path /Users/admin/builder/spi-builder-workspace/.derivedData/Build/Intermediates.noindex/Logger.build/Debug-watchos/LoggerKit-t.build/Objects-normal/arm64_32/LoggerKit-dependency-scan.dia -validate-clang-modules-once -clang-build-session-file /Users/admin/builder/spi-builder-workspace/.derivedData/ModuleCache.noindex/Session.modulevalidation -Xcc -fmodules-prune-interval\=86400 -Xcc -fmodules-prune-after\=345600 -emit-const-values -const-gather-protocols-list /Users/admin/builder/spi-builder-workspace/.derivedData/Build/Intermediates.noindex/Logger.build/Debug-watchos/LoggerKit-t.build/Objects-normal/arm64_32/LoggerKit_const_extract_protocols.json -Xcc -I/Users/admin/builder/spi-builder-workspace/.derivedData/Build/Products/Debug-watchos/include -Xcc -I/Users/admin/builder/spi-builder-workspace/.derivedData/Build/Intermediates.noindex/Logger.build/Debug-watchos/LoggerKit-t.build/DerivedSources-normal/arm64_32 -Xcc -I/Users/admin/builder/spi-builder-workspace/.derivedData/Build/Intermediates.noindex/Logger.build/Debug-watchos/LoggerKit-t.build/DerivedSources/arm64_32 -Xcc -I/Users/admin/builder/spi-builder-workspace/.derivedData/Build/Intermediates.noindex/Logger.build/Debug-watchos/LoggerKit-t.build/DerivedSources -Xcc -DSWIFT_PACKAGE -Xcc -DDEBUG\=1 -emit-objc-header -emit-objc-header-path /Users/admin/builder/spi-builder-workspace/.derivedData/Build/Intermediates.noindex/Logger.build/Debug-watchos/LoggerKit-t.build/Objects-normal/arm64_32/LoggerKit-Swift.h -working-directory /Users/admin/builder/spi-builder-workspace/.swiftpm/xcode -experimental-emit-module-separately -disable-cmo
SwiftCompile normal arm64_32 Compiling\ DecodableWithContext.swift /Users/admin/builder/spi-builder-workspace/.dependencies/checkouts/Actions/Sources/Actions/DecodableWithContext.swift (in target 'Actions' from project 'Actions')
SwiftCompile normal arm64_32 /Users/admin/builder/spi-builder-workspace/.dependencies/checkouts/Actions/Sources/Actions/DecodableWithContext.swift (in target 'Actions' from project 'Actions')
    cd /Users/admin/builder/spi-builder-workspace/.swiftpm/xcode
    builtin-SwiftPerFileCompile DecodableWithContext.swift
SwiftCompile normal arm64 Compiling\ DecodableWithContext.swift /Users/admin/builder/spi-builder-workspace/.dependencies/checkouts/Actions/Sources/Actions/DecodableWithContext.swift (in target 'Actions' from project 'Actions')
SwiftCompile normal arm64 /Users/admin/builder/spi-builder-workspace/.dependencies/checkouts/Actions/Sources/Actions/DecodableWithContext.swift (in target 'Actions' from project 'Actions')
    cd /Users/admin/builder/spi-builder-workspace/.swiftpm/xcode
    builtin-SwiftPerFileCompile DecodableWithContext.swift
SwiftDriverJobDiscovery normal arm64_32 Compiling ActionIdentification.swift (in target 'Actions' from project 'Actions')
SwiftCompile normal arm64_32 Compiling\ DelegatedAction.swift /Users/admin/builder/spi-builder-workspace/.dependencies/checkouts/Actions/Sources/Actions/DelegatedAction.swift (in target 'Actions' from project 'Actions')
SwiftCompile normal arm64_32 /Users/admin/builder/spi-builder-workspace/.dependencies/checkouts/Actions/Sources/Actions/DelegatedAction.swift (in target 'Actions' from project 'Actions')
    cd /Users/admin/builder/spi-builder-workspace/.swiftpm/xcode
    builtin-SwiftPerFileCompile DelegatedAction.swift
CreateUniversalBinary /Users/admin/builder/spi-builder-workspace/.derivedData/Build/Products/Debug-watchos/Localization.o normal arm64\ arm64_32 (in target 'Localization' from project 'Localization')
    cd /Users/admin/builder/spi-builder-workspace/.dependencies/checkouts/Localization
    /Applications/Xcode-27.0.0-Release.Candidate.app/Contents/Developer/Toolchains/XcodeDefault.xctoolchain/usr/bin/lipo -create /Users/admin/builder/spi-builder-workspace/.derivedData/Build/Intermediates.noindex/Localization.build/Debug-watchos/Localization-t.build/Objects-normal/arm64/Binary/Localization.o /Users/admin/builder/spi-builder-workspace/.derivedData/Build/Intermediates.noindex/Localization.build/Debug-watchos/Localization-t.build/Objects-normal/arm64_32/Binary/Localization.o -output /Users/admin/builder/spi-builder-workspace/.derivedData/Build/Products/Debug-watchos/Localization.o
SwiftCompile normal arm64_32 Compiling\ ActionContext.swift /Users/admin/builder/spi-builder-workspace/.dependencies/checkouts/Actions/Sources/Actions/ActionContext.swift (in target 'Actions' from project 'Actions')
SwiftCompile normal arm64_32 /Users/admin/builder/spi-builder-workspace/.dependencies/checkouts/Actions/Sources/Actions/ActionContext.swift (in target 'Actions' from project 'Actions')
    cd /Users/admin/builder/spi-builder-workspace/.swiftpm/xcode
    builtin-SwiftPerFileCompile ActionContext.swift
SwiftDriverJobDiscovery normal arm64_32 Compiling DecodableWithContext.swift (in target 'Actions' from project 'Actions')
SwiftCompile normal arm64 Compiling\ ActionSerialisation.swift /Users/admin/builder/spi-builder-workspace/.dependencies/checkouts/Actions/Sources/Actions/ActionSerialisation.swift (in target 'Actions' from project 'Actions')
SwiftCompile normal arm64 /Users/admin/builder/spi-builder-workspace/.dependencies/checkouts/Actions/Sources/Actions/ActionSerialisation.swift (in target 'Actions' from project 'Actions')
    cd /Users/admin/builder/spi-builder-workspace/.swiftpm/xcode
    builtin-SwiftPerFileCompile ActionSerialisation.swift
SwiftCompile normal arm64 Compiling\ Action.swift /Users/admin/builder/spi-builder-workspace/.dependencies/checkouts/Actions/Sources/Actions/Action.swift (in target 'Actions' from project 'Actions')
SwiftCompile normal arm64 /Users/admin/builder/spi-builder-workspace/.dependencies/checkouts/Actions/Sources/Actions/Action.swift (in target 'Actions' from project 'Actions')
    cd /Users/admin/builder/spi-builder-workspace/.swiftpm/xcode
    builtin-SwiftPerFileCompile Action.swift
SwiftDriverJobDiscovery normal arm64 Compiling DecodableWithContext.swift (in target 'Actions' from project 'Actions')
SwiftCompile normal arm64 Compiling\ ActionInfo.swift /Users/admin/builder/spi-builder-workspace/.dependencies/checkouts/Actions/Sources/Actions/ActionInfo.swift (in target 'Actions' from project 'Actions')
SwiftCompile normal arm64 /Users/admin/builder/spi-builder-workspace/.dependencies/checkouts/Actions/Sources/Actions/ActionInfo.swift (in target 'Actions' from project 'Actions')
    cd /Users/admin/builder/spi-builder-workspace/.swiftpm/xcode
    builtin-SwiftPerFileCompile ActionInfo.swift
SwiftDriverJobDiscovery normal arm64 Compiling ActionKey.swift (in target 'Actions' from project 'Actions')
SwiftCompile normal arm64_32 Compiling\ ActionInfo.swift /Users/admin/builder/spi-builder-workspace/.dependencies/checkouts/Actions/Sources/Actions/ActionInfo.swift (in target 'Actions' from project 'Actions')
SwiftCompile normal arm64_32 /Users/admin/builder/spi-builder-workspace/.dependencies/checkouts/Actions/Sources/Actions/ActionInfo.swift (in target 'Actions' from project 'Actions')
    cd /Users/admin/builder/spi-builder-workspace/.swiftpm/xcode
    builtin-SwiftPerFileCompile ActionInfo.swift
SwiftDriverJobDiscovery normal arm64_32 Compiling ActionKey.swift (in target 'Actions' from project 'Actions')
SwiftCompile normal arm64 Compiling\ DelegatedAction.swift /Users/admin/builder/spi-builder-workspace/.dependencies/checkouts/Actions/Sources/Actions/DelegatedAction.swift (in target 'Actions' from project 'Actions')
SwiftCompile normal arm64 /Users/admin/builder/spi-builder-workspace/.dependencies/checkouts/Actions/Sources/Actions/DelegatedAction.swift (in target 'Actions' from project 'Actions')
    cd /Users/admin/builder/spi-builder-workspace/.swiftpm/xcode
    builtin-SwiftPerFileCompile DelegatedAction.swift
SwiftDriverJobDiscovery normal arm64 Compiling ActionContext.swift (in target 'Actions' from project 'Actions')
SwiftCompile normal arm64 Compiling\ ActionNotification.swift /Users/admin/builder/spi-builder-workspace/.dependencies/checkouts/Actions/Sources/Actions/ActionNotification.swift (in target 'Actions' from project 'Actions')
SwiftCompile normal arm64 /Users/admin/builder/spi-builder-workspace/.dependencies/checkouts/Actions/Sources/Actions/ActionNotification.swift (in target 'Actions' from project 'Actions')
    cd /Users/admin/builder/spi-builder-workspace/.swiftpm/xcode
    builtin-SwiftPerFileCompile ActionNotification.swift
SwiftDriverJobDiscovery normal arm64_32 Compiling DelegatedAction.swift (in target 'Actions' from project 'Actions')
SwiftCompile normal arm64_32 Compiling\ ActionSerialisation.swift /Users/admin/builder/spi-builder-workspace/.dependencies/checkouts/Actions/Sources/Actions/ActionSerialisation.swift (in target 'Actions' from project 'Actions')
SwiftCompile normal arm64_32 /Users/admin/builder/spi-builder-workspace/.dependencies/checkouts/Actions/Sources/Actions/ActionSerialisation.swift (in target 'Actions' from project 'Actions')
    cd /Users/admin/builder/spi-builder-workspace/.swiftpm/xcode
    builtin-SwiftPerFileCompile ActionSerialisation.swift
SwiftDriverJobDiscovery normal arm64_32 Compiling Action.swift (in target 'Actions' from project 'Actions')
SwiftCompile normal arm64 Compiling\ ActionIdentification.swift /Users/admin/builder/spi-builder-workspace/.dependencies/checkouts/Actions/Sources/Actions/ActionIdentification.swift (in target 'Actions' from project 'Actions')
SwiftCompile normal arm64 /Users/admin/builder/spi-builder-workspace/.dependencies/checkouts/Actions/Sources/Actions/ActionIdentification.swift (in target 'Actions' from project 'Actions')
    cd /Users/admin/builder/spi-builder-workspace/.swiftpm/xcode
    builtin-SwiftPerFileCompile ActionIdentification.swift
SwiftDriverJobDiscovery normal arm64_32 Compiling ActionContext.swift (in target 'Actions' from project 'Actions')
SwiftCompile normal arm64_32 Compiling\ ActionNotification.swift /Users/admin/builder/spi-builder-workspace/.dependencies/checkouts/Actions/Sources/Actions/ActionNotification.swift (in target 'Actions' from project 'Actions')
SwiftCompile normal arm64_32 /Users/admin/builder/spi-builder-workspace/.dependencies/checkouts/Actions/Sources/Actions/ActionNotification.swift (in target 'Actions' from project 'Actions')
    cd /Users/admin/builder/spi-builder-workspace/.swiftpm/xcode
    builtin-SwiftPerFileCompile ActionNotification.swift
SwiftDriverJobDiscovery normal arm64 Compiling ActionManager.swift (in target 'Actions' from project 'Actions')
SwiftDriverJobDiscovery normal arm64 Compiling ActionSerialisation.swift (in target 'Actions' from project 'Actions')
ExtractAppIntentsMetadata (in target 'Logger' from project 'Logger')
    cd /Users/admin/builder/spi-builder-workspace/.dependencies/checkouts/Logger
    /Applications/Xcode-27.0.0-Release.Candidate.app/Contents/Developer/Toolchains/XcodeDefault.xctoolchain/usr/bin/appintentsmetadataprocessor --toolchain-dir /var/run/com.apple.security.cryptexd/mnt/com.apple.MobileAsset.MetalToolchain-v27.1.266.1.Sq8Yw8/Metal.xctoolchain --module-name Logger --sdk-root /Applications/Xcode-27.0.0-Release.Candidate.app/Contents/Developer/Platforms/WatchOS.platform/Developer/SDKs/WatchOS27.0.sdk --xcode-version 27A266a --platform-family watchOS --deployment-target 9.0 --bundle-identifier logger.Logger --output /Users/admin/builder/spi-builder-workspace/.derivedData/Build/Products/Debug-watchos/Logger.appintents --target-triple arm64-apple-watchos9.0 --target-triple arm64_32-apple-watchos9.0 --binary-file /Users/admin/builder/spi-builder-workspace/.derivedData/Build/Products/Debug-watchos/Logger.o --dependency-file /Users/admin/builder/spi-builder-workspace/.derivedData/Build/Intermediates.noindex/Logger.build/Debug-watchos/Logger-t.build/Objects-normal/arm64/Logger_dependency_info.dat --dependency-file /Users/admin/builder/spi-builder-workspace/.derivedData/Build/Intermediates.noindex/Logger.build/Debug-watchos/Logger-t.build/Objects-normal/arm64_32/Logger_dependency_info.dat --stringsdata-file /Users/admin/builder/spi-builder-workspace/.derivedData/Build/Intermediates.noindex/Logger.build/Debug-watchos/Logger-t.build/Objects-normal/arm64/ExtractedAppShortcutsMetadata.stringsdata --stringsdata-file /Users/admin/builder/spi-builder-workspace/.derivedData/Build/Intermediates.noindex/Logger.build/Debug-watchos/Logger-t.build/Objects-normal/arm64_32/ExtractedAppShortcutsMetadata.stringsdata --source-file-list /Users/admin/builder/spi-builder-workspace/.derivedData/Build/Intermediates.noindex/Logger.build/Debug-watchos/Logger-t.build/Objects-normal/arm64/Logger.SwiftFileList --source-file-list /Users/admin/builder/spi-builder-workspace/.derivedData/Build/Intermediates.noindex/Logger.build/Debug-watchos/Logger-t.build/Objects-normal/arm64_32/Logger.SwiftFileList --metadata-file-list /Users/admin/builder/spi-builder-workspace/.derivedData/Build/Intermediates.noindex/Logger.build/Debug-watchos/Logger-t.build/Logger.DependencyMetadataFileList --static-metadata-file-list /Users/admin/builder/spi-builder-workspace/.derivedData/Build/Intermediates.noindex/Logger.build/Debug-watchos/Logger-t.build/Logger.DependencyStaticMetadataFileList --swift-const-vals-list /Users/admin/builder/spi-builder-workspace/.derivedData/Build/Intermediates.noindex/Logger.build/Debug-watchos/Logger-t.build/Objects-normal/arm64/Logger.SwiftConstValuesFileList --swift-const-vals-list /Users/admin/builder/spi-builder-workspace/.derivedData/Build/Intermediates.noindex/Logger.build/Debug-watchos/Logger-t.build/Objects-normal/arm64_32/Logger.SwiftConstValuesFileList --force --compile-time-extraction --deployment-aware-processing --no-app-shortcuts-localization
2026-09-15 17:08:01.149 appintentsmetadataprocessor[965:5631] Starting appintentsmetadataprocessor export
2026-09-15 17:08:01.262 appintentsmetadataprocessor[965:5631] Extracted no relevant App Intents symbols, skipping writing output
ExtractAppIntentsMetadata (in target 'Localization' from project 'Localization')
    cd /Users/admin/builder/spi-builder-workspace/.dependencies/checkouts/Localization
    /Applications/Xcode-27.0.0-Release.Candidate.app/Contents/Developer/Toolchains/XcodeDefault.xctoolchain/usr/bin/appintentsmetadataprocessor --toolchain-dir /var/run/com.apple.security.cryptexd/mnt/com.apple.MobileAsset.MetalToolchain-v27.1.266.1.Sq8Yw8/Metal.xctoolchain --module-name Localization --sdk-root /Applications/Xcode-27.0.0-Release.Candidate.app/Contents/Developer/Platforms/WatchOS.platform/Developer/SDKs/WatchOS27.0.sdk --xcode-version 27A266a --platform-family watchOS --deployment-target 9.0 --bundle-identifier localization.Localization --output /Users/admin/builder/spi-builder-workspace/.derivedData/Build/Products/Debug-watchos/Localization.appintents --target-triple arm64-apple-watchos9.0 --target-triple arm64_32-apple-watchos9.0 --binary-file /Users/admin/builder/spi-builder-workspace/.derivedData/Build/Products/Debug-watchos/Localization.o --dependency-file /Users/admin/builder/spi-builder-workspace/.derivedData/Build/Intermediates.noindex/Localization.build/Debug-watchos/Localization-t.build/Objects-normal/arm64/Localization_dependency_info.dat --dependency-file /Users/admin/builder/spi-builder-workspace/.derivedData/Build/Intermediates.noindex/Localization.build/Debug-watchos/Localization-t.build/Objects-normal/arm64_32/Localization_dependency_info.dat --stringsdata-file /Users/admin/builder/spi-builder-workspace/.derivedData/Build/Intermediates.noindex/Localization.build/Debug-watchos/Localization-t.build/Objects-normal/arm64/ExtractedAppShortcutsMetadata.stringsdata --stringsdata-file /Users/admin/builder/spi-builder-workspace/.derivedData/Build/Intermediates.noindex/Localization.build/Debug-watchos/Localization-t.build/Objects-normal/arm64_32/ExtractedAppShortcutsMetadata.stringsdata --source-file-list /Users/admin/builder/spi-builder-workspace/.derivedData/Build/Intermediates.noindex/Localization.build/Debug-watchos/Localization-t.build/Objects-normal/arm64/Localization.SwiftFileList --source-file-list /Users/admin/builder/spi-builder-workspace/.derivedData/Build/Intermediates.noindex/Localization.build/Debug-watchos/Localization-t.build/Objects-normal/arm64_32/Localization.SwiftFileList --metadata-file-list /Users/admin/builder/spi-builder-workspace/.derivedData/Build/Intermediates.noindex/Localization.build/Debug-watchos/Localization-t.build/Localization.DependencyMetadataFileList --static-metadata-file-list /Users/admin/builder/spi-builder-workspace/.derivedData/Build/Intermediates.noindex/Localization.build/Debug-watchos/Localization-t.build/Localization.DependencyStaticMetadataFileList --swift-const-vals-list /Users/admin/builder/spi-builder-workspace/.derivedData/Build/Intermediates.noindex/Localization.build/Debug-watchos/Localization-t.build/Objects-normal/arm64/Localization.SwiftConstValuesFileList --swift-const-vals-list /Users/admin/builder/spi-builder-workspace/.derivedData/Build/Intermediates.noindex/Localization.build/Debug-watchos/Localization-t.build/Objects-normal/arm64_32/Localization.SwiftConstValuesFileList --force --compile-time-extraction --deployment-aware-processing --no-app-shortcuts-localization
2026-09-15 17:08:01.158 appintentsmetadataprocessor[966:5636] Starting appintentsmetadataprocessor export
2026-09-15 17:08:01.259 appintentsmetadataprocessor[966:5636] Extracted no relevant App Intents symbols, skipping writing output
SwiftDriverJobDiscovery normal arm64_32 Compiling ActionManager.swift (in target 'Actions' from project 'Actions')
SwiftDriverJobDiscovery normal arm64 Compiling Action.swift (in target 'Actions' from project 'Actions')
SwiftDriverJobDiscovery normal arm64 Compiling ActionIdentification.swift (in target 'Actions' from project 'Actions')
SwiftDriverJobDiscovery normal arm64 Compiling ActionInfo.swift (in target 'Actions' from project 'Actions')
SwiftDriver ActionsKit normal arm64 com.apple.xcode.tools.swift.compiler (in target 'ActionsKit' from project 'ActionsKit')
    cd /Users/admin/builder/spi-builder-workspace/.swiftpm/xcode
    builtin-SwiftDriver -- /Applications/Xcode-27.0.0-Release.Candidate.app/Contents/Developer/Toolchains/XcodeDefault.xctoolchain/usr/bin/swiftc -parse-as-library -module-name ActionsKit -Onone @/Users/admin/builder/spi-builder-workspace/.derivedData/Build/Intermediates.noindex/ActionsKit.build/Debug-watchos/ActionsKit-t.build/Objects-normal/arm64/ActionsKit.SwiftFileList -DSWIFT_PACKAGE -DDEBUG -DSWIFT_MODULE_RESOURCE_BUNDLE_UNAVAILABLE -DXcode -plugin-path /Applications/Xcode-27.0.0-Release.Candidate.app/Contents/Developer/Toolchains/XcodeDefault.xctoolchain/usr/lib/swift/host/plugins/testing -enable-experimental-feature DebugDescriptionMacro -sdk /Applications/Xcode-27.0.0-Release.Candidate.app/Contents/Developer/Platforms/WatchOS.platform/Developer/SDKs/WatchOS27.0.sdk -target arm64-apple-watchos9.0 -g -module-cache-path /Users/admin/builder/spi-builder-workspace/.derivedData/ModuleCache.noindex -Xfrontend -serialize-debugging-options -enable-testing -index-store-path /Users/admin/builder/spi-builder-workspace/.derivedData/Index.noindex/DataStore -Xcc -D_LIBCPP_HARDENING_MODE\=_LIBCPP_HARDENING_MODE_DEBUG -swift-version 5 -I /Users/admin/builder/spi-builder-workspace/.derivedData/Build/Products/Debug-watchos -Isystem /Applications/Xcode-27.0.0-Release.Candidate.app/Contents/Developer/Platforms/WatchOS.platform/Developer/usr/lib -F /Users/admin/builder/spi-builder-workspace/.derivedData/Build/Products/Debug-watchos/PackageFrameworks -F /Users/admin/builder/spi-builder-workspace/.derivedData/Build/Products/Debug-watchos -F /Applications/Xcode-27.0.0-Release.Candidate.app/Contents/Developer/Platforms/WatchOS.platform/Developer/Library/Frameworks -F /Applications/Xcode-27.0.0-Release.Candidate.app/Contents/Developer/Platforms/WatchOS.platform/Developer/SDKs/WatchOS27.0.sdk/Developer/Library/Frameworks -c -j10 -enable-batch-mode -incremental -Xcc -ivfsstatcache -Xcc /Users/admin/builder/spi-builder-workspace/.derivedData/SDKStatCaches.noindex/watchos27.0-24R360-e829b21a6f8c9b70876ba0858053c04477534ef55a1706bf4c1112bbb242f0a2.sdkstatcache -output-file-map /Users/admin/builder/spi-builder-workspace/.derivedData/Build/Intermediates.noindex/ActionsKit.build/Debug-watchos/ActionsKit-t.build/Objects-normal/arm64/ActionsKit-OutputFileMap.json -save-temps -no-color-diagnostics -explicit-module-build -module-cache-path /Users/admin/builder/spi-builder-workspace/.derivedData/Build/Intermediates.noindex/SwiftExplicitPrecompiledModules -clang-scanner-module-cache-path /Users/admin/builder/spi-builder-workspace/.derivedData/ModuleCache.noindex -sdk-module-cache-path /Users/admin/builder/spi-builder-workspace/.derivedData/SDKExplicitPrecompiledModules -emit-dependencies -emit-module -emit-module-path /Users/admin/builder/spi-builder-workspace/.derivedData/Build/Intermediates.noindex/ActionsKit.build/Debug-watchos/ActionsKit-t.build/Objects-normal/arm64/ActionsKit.swiftmodule -serialize-diagnostics -dependency-scan-serialize-diagnostics-path /Users/admin/builder/spi-builder-workspace/.derivedData/Build/Intermediates.noindex/ActionsKit.build/Debug-watchos/ActionsKit-t.build/Objects-normal/arm64/ActionsKit-dependency-scan.dia -validate-clang-modules-once -clang-build-session-file /Users/admin/builder/spi-builder-workspace/.derivedData/ModuleCache.noindex/Session.modulevalidation -Xcc -fmodules-prune-interval\=86400 -Xcc -fmodules-prune-after\=345600 -emit-const-values -const-gather-protocols-list /Users/admin/builder/spi-builder-workspace/.derivedData/Build/Intermediates.noindex/ActionsKit.build/Debug-watchos/ActionsKit-t.build/Objects-normal/arm64/ActionsKit_const_extract_protocols.json -Xcc -I/Users/admin/builder/spi-builder-workspace/.derivedData/Build/Products/Debug-watchos/include -Xcc -I/Users/admin/builder/spi-builder-workspace/.derivedData/Build/Intermediates.noindex/ActionsKit.build/Debug-watchos/ActionsKit-t.build/DerivedSources-normal/arm64 -Xcc -I/Users/admin/builder/spi-builder-workspace/.derivedData/Build/Intermediates.noindex/ActionsKit.build/Debug-watchos/ActionsKit-t.build/DerivedSources/arm64 -Xcc -I/Users/admin/builder/spi-builder-workspace/.derivedData/Build/Intermediates.noindex/ActionsKit.build/Debug-watchos/ActionsKit-t.build/DerivedSources -Xcc -DSWIFT_PACKAGE -Xcc -DDEBUG\=1 -emit-objc-header -emit-objc-header-path /Users/admin/builder/spi-builder-workspace/.derivedData/Build/Intermediates.noindex/ActionsKit.build/Debug-watchos/ActionsKit-t.build/Objects-normal/arm64/ActionsKit-Swift.h -working-directory /Users/admin/builder/spi-builder-workspace/.swiftpm/xcode -experimental-emit-module-separately -disable-cmo
SwiftDriver ActionsKit normal arm64_32 com.apple.xcode.tools.swift.compiler (in target 'ActionsKit' from project 'ActionsKit')
    cd /Users/admin/builder/spi-builder-workspace/.swiftpm/xcode
    builtin-SwiftDriver -- /Applications/Xcode-27.0.0-Release.Candidate.app/Contents/Developer/Toolchains/XcodeDefault.xctoolchain/usr/bin/swiftc -parse-as-library -module-name ActionsKit -Onone @/Users/admin/builder/spi-builder-workspace/.derivedData/Build/Intermediates.noindex/ActionsKit.build/Debug-watchos/ActionsKit-t.build/Objects-normal/arm64_32/ActionsKit.SwiftFileList -DSWIFT_PACKAGE -DDEBUG -DSWIFT_MODULE_RESOURCE_BUNDLE_UNAVAILABLE -DXcode -plugin-path /Applications/Xcode-27.0.0-Release.Candidate.app/Contents/Developer/Toolchains/XcodeDefault.xctoolchain/usr/lib/swift/host/plugins/testing -enable-experimental-feature DebugDescriptionMacro -sdk /Applications/Xcode-27.0.0-Release.Candidate.app/Contents/Developer/Platforms/WatchOS.platform/Developer/SDKs/WatchOS27.0.sdk -target arm64_32-apple-watchos9.0 -g -module-cache-path /Users/admin/builder/spi-builder-workspace/.derivedData/ModuleCache.noindex -Xfrontend -serialize-debugging-options -enable-testing -index-store-path /Users/admin/builder/spi-builder-workspace/.derivedData/Index.noindex/DataStore -Xcc -D_LIBCPP_HARDENING_MODE\=_LIBCPP_HARDENING_MODE_DEBUG -swift-version 5 -I /Users/admin/builder/spi-builder-workspace/.derivedData/Build/Products/Debug-watchos -Isystem /Applications/Xcode-27.0.0-Release.Candidate.app/Contents/Developer/Platforms/WatchOS.platform/Developer/usr/lib -F /Users/admin/builder/spi-builder-workspace/.derivedData/Build/Products/Debug-watchos/PackageFrameworks -F /Users/admin/builder/spi-builder-workspace/.derivedData/Build/Products/Debug-watchos -F /Applications/Xcode-27.0.0-Release.Candidate.app/Contents/Developer/Platforms/WatchOS.platform/Developer/Library/Frameworks -F /Applications/Xcode-27.0.0-Release.Candidate.app/Contents/Developer/Platforms/WatchOS.platform/Developer/SDKs/WatchOS27.0.sdk/Developer/Library/Frameworks -c -j10 -enable-batch-mode -incremental -Xcc -ivfsstatcache -Xcc /Users/admin/builder/spi-builder-workspace/.derivedData/SDKStatCaches.noindex/watchos27.0-24R360-e829b21a6f8c9b70876ba0858053c04477534ef55a1706bf4c1112bbb242f0a2.sdkstatcache -output-file-map /Users/admin/builder/spi-builder-workspace/.derivedData/Build/Intermediates.noindex/ActionsKit.build/Debug-watchos/ActionsKit-t.build/Objects-normal/arm64_32/ActionsKit-OutputFileMap.json -save-temps -no-color-diagnostics -explicit-module-build -module-cache-path /Users/admin/builder/spi-builder-workspace/.derivedData/Build/Intermediates.noindex/SwiftExplicitPrecompiledModules -clang-scanner-module-cache-path /Users/admin/builder/spi-builder-workspace/.derivedData/ModuleCache.noindex -sdk-module-cache-path /Users/admin/builder/spi-builder-workspace/.derivedData/SDKExplicitPrecompiledModules -emit-dependencies -emit-module -emit-module-path /Users/admin/builder/spi-builder-workspace/.derivedData/Build/Intermediates.noindex/ActionsKit.build/Debug-watchos/ActionsKit-t.build/Objects-normal/arm64_32/ActionsKit.swiftmodule -serialize-diagnostics -dependency-scan-serialize-diagnostics-path /Users/admin/builder/spi-builder-workspace/.derivedData/Build/Intermediates.noindex/ActionsKit.build/Debug-watchos/ActionsKit-t.build/Objects-normal/arm64_32/ActionsKit-dependency-scan.dia -validate-clang-modules-once -clang-build-session-file /Users/admin/builder/spi-builder-workspace/.derivedData/ModuleCache.noindex/Session.modulevalidation -Xcc -fmodules-prune-interval\=86400 -Xcc -fmodules-prune-after\=345600 -emit-const-values -const-gather-protocols-list /Users/admin/builder/spi-builder-workspace/.derivedData/Build/Intermediates.noindex/ActionsKit.build/Debug-watchos/ActionsKit-t.build/Objects-normal/arm64_32/ActionsKit_const_extract_protocols.json -Xcc -I/Users/admin/builder/spi-builder-workspace/.derivedData/Build/Products/Debug-watchos/include -Xcc -I/Users/admin/builder/spi-builder-workspace/.derivedData/Build/Intermediates.noindex/ActionsKit.build/Debug-watchos/ActionsKit-t.build/DerivedSources-normal/arm64_32 -Xcc -I/Users/admin/builder/spi-builder-workspace/.derivedData/Build/Intermediates.noindex/ActionsKit.build/Debug-watchos/ActionsKit-t.build/DerivedSources/arm64_32 -Xcc -I/Users/admin/builder/spi-builder-workspace/.derivedData/Build/Intermediates.noindex/ActionsKit.build/Debug-watchos/ActionsKit-t.build/DerivedSources -Xcc -DSWIFT_PACKAGE -Xcc -DDEBUG\=1 -emit-objc-header -emit-objc-header-path /Users/admin/builder/spi-builder-workspace/.derivedData/Build/Intermediates.noindex/ActionsKit.build/Debug-watchos/ActionsKit-t.build/Objects-normal/arm64_32/ActionsKit-Swift.h -working-directory /Users/admin/builder/spi-builder-workspace/.swiftpm/xcode -experimental-emit-module-separately -disable-cmo
SwiftDriverJobDiscovery normal arm64 Compiling ActionNotification.swift (in target 'Actions' from project 'Actions')
SwiftDriverJobDiscovery normal arm64_32 Compiling ActionInfo.swift (in target 'Actions' from project 'Actions')
SwiftDriverJobDiscovery normal arm64 Compiling DelegatedAction.swift (in target 'Actions' from project 'Actions')
SwiftDriver\ Compilation Actions normal arm64 com.apple.xcode.tools.swift.compiler (in target 'Actions' from project 'Actions')
    cd /Users/admin/builder/spi-builder-workspace/.swiftpm/xcode
    builtin-Swift-Compilation -- /Applications/Xcode-27.0.0-Release.Candidate.app/Contents/Developer/Toolchains/XcodeDefault.xctoolchain/usr/bin/swiftc -parse-as-library -module-name Actions -Onone @/Users/admin/builder/spi-builder-workspace/.derivedData/Build/Intermediates.noindex/Actions.build/Debug-watchos/Actions-t.build/Objects-normal/arm64/Actions.SwiftFileList -DSWIFT_PACKAGE -DDEBUG -DSWIFT_MODULE_RESOURCE_BUNDLE_UNAVAILABLE -DXcode -plugin-path /Applications/Xcode-27.0.0-Release.Candidate.app/Contents/Developer/Toolchains/XcodeDefault.xctoolchain/usr/lib/swift/host/plugins/testing -enable-experimental-feature DebugDescriptionMacro -sdk /Applications/Xcode-27.0.0-Release.Candidate.app/Contents/Developer/Platforms/WatchOS.platform/Developer/SDKs/WatchOS27.0.sdk -target arm64-apple-watchos9.0 -g -module-cache-path /Users/admin/builder/spi-builder-workspace/.derivedData/ModuleCache.noindex -Xfrontend -serialize-debugging-options -enable-testing -suppress-warnings -index-store-path /Users/admin/builder/spi-builder-workspace/.derivedData/Index.noindex/DataStore -Xcc -D_LIBCPP_HARDENING_MODE\=_LIBCPP_HARDENING_MODE_DEBUG -swift-version 5 -I /Users/admin/builder/spi-builder-workspace/.derivedData/Build/Products/Debug-watchos -Isystem /Applications/Xcode-27.0.0-Release.Candidate.app/Contents/Developer/Platforms/WatchOS.platform/Developer/usr/lib -F /Users/admin/builder/spi-builder-workspace/.derivedData/Build/Products/Debug-watchos/PackageFrameworks -F /Users/admin/builder/spi-builder-workspace/.derivedData/Build/Products/Debug-watchos -F /Applications/Xcode-27.0.0-Release.Candidate.app/Contents/Developer/Platforms/WatchOS.platform/Developer/Library/Frameworks -F /Applications/Xcode-27.0.0-Release.Candidate.app/Contents/Developer/Platforms/WatchOS.platform/Developer/SDKs/WatchOS27.0.sdk/Developer/Library/Frameworks -c -j10 -enable-batch-mode -incremental -Xcc -ivfsstatcache -Xcc /Users/admin/builder/spi-builder-workspace/.derivedData/SDKStatCaches.noindex/watchos27.0-24R360-e829b21a6f8c9b70876ba0858053c04477534ef55a1706bf4c1112bbb242f0a2.sdkstatcache -output-file-map /Users/admin/builder/spi-builder-workspace/.derivedData/Build/Intermediates.noindex/Actions.build/Debug-watchos/Actions-t.build/Objects-normal/arm64/Actions-OutputFileMap.json -save-temps -no-color-diagnostics -explicit-module-build -module-cache-path /Users/admin/builder/spi-builder-workspace/.derivedData/Build/Intermediates.noindex/SwiftExplicitPrecompiledModules -clang-scanner-module-cache-path /Users/admin/builder/spi-builder-workspace/.derivedData/ModuleCache.noindex -sdk-module-cache-path /Users/admin/builder/spi-builder-workspace/.derivedData/SDKExplicitPrecompiledModules -emit-dependencies -emit-module -emit-module-path /Users/admin/builder/spi-builder-workspace/.derivedData/Build/Intermediates.noindex/Actions.build/Debug-watchos/Actions-t.build/Objects-normal/arm64/Actions.swiftmodule -serialize-diagnostics -dependency-scan-serialize-diagnostics-path /Users/admin/builder/spi-builder-workspace/.derivedData/Build/Intermediates.noindex/Actions.build/Debug-watchos/Actions-t.build/Objects-normal/arm64/Actions-dependency-scan.dia -validate-clang-modules-once -clang-build-session-file /Users/admin/builder/spi-builder-workspace/.derivedData/ModuleCache.noindex/Session.modulevalidation -Xcc -fmodules-prune-interval\=86400 -Xcc -fmodules-prune-after\=345600 -emit-const-values -const-gather-protocols-list /Users/admin/builder/spi-builder-workspace/.derivedData/Build/Intermediates.noindex/Actions.build/Debug-watchos/Actions-t.build/Objects-normal/arm64/Actions_const_extract_protocols.json -Xcc -I/Users/admin/builder/spi-builder-workspace/.derivedData/Build/Products/Debug-watchos/include -Xcc -I/Users/admin/builder/spi-builder-workspace/.derivedData/Build/Intermediates.noindex/Actions.build/Debug-watchos/Actions-t.build/DerivedSources-normal/arm64 -Xcc -I/Users/admin/builder/spi-builder-workspace/.derivedData/Build/Intermediates.noindex/Actions.build/Debug-watchos/Actions-t.build/DerivedSources/arm64 -Xcc -I/Users/admin/builder/spi-builder-workspace/.derivedData/Build/Intermediates.noindex/Actions.build/Debug-watchos/Actions-t.build/DerivedSources -Xcc -DSWIFT_PACKAGE -Xcc -DDEBUG\=1 -emit-objc-header -emit-objc-header-path /Users/admin/builder/spi-builder-workspace/.derivedData/Build/Intermediates.noindex/Actions.build/Debug-watchos/Actions-t.build/Objects-normal/arm64/Actions-Swift.h -working-directory /Users/admin/builder/spi-builder-workspace/.swiftpm/xcode -experimental-emit-module-separately -disable-cmo
SwiftDriverJobDiscovery normal arm64_32 Compiling ActionSerialisation.swift (in target 'Actions' from project 'Actions')
SwiftDriverJobDiscovery normal arm64_32 Compiling ActionNotification.swift (in target 'Actions' from project 'Actions')
SwiftDriver\ Compilation Actions normal arm64_32 com.apple.xcode.tools.swift.compiler (in target 'Actions' from project 'Actions')
    cd /Users/admin/builder/spi-builder-workspace/.swiftpm/xcode
    builtin-Swift-Compilation -- /Applications/Xcode-27.0.0-Release.Candidate.app/Contents/Developer/Toolchains/XcodeDefault.xctoolchain/usr/bin/swiftc -parse-as-library -module-name Actions -Onone @/Users/admin/builder/spi-builder-workspace/.derivedData/Build/Intermediates.noindex/Actions.build/Debug-watchos/Actions-t.build/Objects-normal/arm64_32/Actions.SwiftFileList -DSWIFT_PACKAGE -DDEBUG -DSWIFT_MODULE_RESOURCE_BUNDLE_UNAVAILABLE -DXcode -plugin-path /Applications/Xcode-27.0.0-Release.Candidate.app/Contents/Developer/Toolchains/XcodeDefault.xctoolchain/usr/lib/swift/host/plugins/testing -enable-experimental-feature DebugDescriptionMacro -sdk /Applications/Xcode-27.0.0-Release.Candidate.app/Contents/Developer/Platforms/WatchOS.platform/Developer/SDKs/WatchOS27.0.sdk -target arm64_32-apple-watchos9.0 -g -module-cache-path /Users/admin/builder/spi-builder-workspace/.derivedData/ModuleCache.noindex -Xfrontend -serialize-debugging-options -enable-testing -suppress-warnings -index-store-path /Users/admin/builder/spi-builder-workspace/.derivedData/Index.noindex/DataStore -Xcc -D_LIBCPP_HARDENING_MODE\=_LIBCPP_HARDENING_MODE_DEBUG -swift-version 5 -I /Users/admin/builder/spi-builder-workspace/.derivedData/Build/Products/Debug-watchos -Isystem /Applications/Xcode-27.0.0-Release.Candidate.app/Contents/Developer/Platforms/WatchOS.platform/Developer/usr/lib -F /Users/admin/builder/spi-builder-workspace/.derivedData/Build/Products/Debug-watchos/PackageFrameworks -F /Users/admin/builder/spi-builder-workspace/.derivedData/Build/Products/Debug-watchos -F /Applications/Xcode-27.0.0-Release.Candidate.app/Contents/Developer/Platforms/WatchOS.platform/Developer/Library/Frameworks -F /Applications/Xcode-27.0.0-Release.Candidate.app/Contents/Developer/Platforms/WatchOS.platform/Developer/SDKs/WatchOS27.0.sdk/Developer/Library/Frameworks -c -j10 -enable-batch-mode -incremental -Xcc -ivfsstatcache -Xcc /Users/admin/builder/spi-builder-workspace/.derivedData/SDKStatCaches.noindex/watchos27.0-24R360-e829b21a6f8c9b70876ba0858053c04477534ef55a1706bf4c1112bbb242f0a2.sdkstatcache -output-file-map /Users/admin/builder/spi-builder-workspace/.derivedData/Build/Intermediates.noindex/Actions.build/Debug-watchos/Actions-t.build/Objects-normal/arm64_32/Actions-OutputFileMap.json -save-temps -no-color-diagnostics -explicit-module-build -module-cache-path /Users/admin/builder/spi-builder-workspace/.derivedData/Build/Intermediates.noindex/SwiftExplicitPrecompiledModules -clang-scanner-module-cache-path /Users/admin/builder/spi-builder-workspace/.derivedData/ModuleCache.noindex -sdk-module-cache-path /Users/admin/builder/spi-builder-workspace/.derivedData/SDKExplicitPrecompiledModules -emit-dependencies -emit-module -emit-module-path /Users/admin/builder/spi-builder-workspace/.derivedData/Build/Intermediates.noindex/Actions.build/Debug-watchos/Actions-t.build/Objects-normal/arm64_32/Actions.swiftmodule -serialize-diagnostics -dependency-scan-serialize-diagnostics-path /Users/admin/builder/spi-builder-workspace/.derivedData/Build/Intermediates.noindex/Actions.build/Debug-watchos/Actions-t.build/Objects-normal/arm64_32/Actions-dependency-scan.dia -validate-clang-modules-once -clang-build-session-file /Users/admin/builder/spi-builder-workspace/.derivedData/ModuleCache.noindex/Session.modulevalidation -Xcc -fmodules-prune-interval\=86400 -Xcc -fmodules-prune-after\=345600 -emit-const-values -const-gather-protocols-list /Users/admin/builder/spi-builder-workspace/.derivedData/Build/Intermediates.noindex/Actions.build/Debug-watchos/Actions-t.build/Objects-normal/arm64_32/Actions_const_extract_protocols.json -Xcc -I/Users/admin/builder/spi-builder-workspace/.derivedData/Build/Products/Debug-watchos/include -Xcc -I/Users/admin/builder/spi-builder-workspace/.derivedData/Build/Intermediates.noindex/Actions.build/Debug-watchos/Actions-t.build/DerivedSources-normal/arm64_32 -Xcc -I/Users/admin/builder/spi-builder-workspace/.derivedData/Build/Intermediates.noindex/Actions.build/Debug-watchos/Actions-t.build/DerivedSources/arm64_32 -Xcc -I/Users/admin/builder/spi-builder-workspace/.derivedData/Build/Intermediates.noindex/Actions.build/Debug-watchos/Actions-t.build/DerivedSources -Xcc -DSWIFT_PACKAGE -Xcc -DDEBUG\=1 -emit-objc-header -emit-objc-header-path /Users/admin/builder/spi-builder-workspace/.derivedData/Build/Intermediates.noindex/Actions.build/Debug-watchos/Actions-t.build/Objects-normal/arm64_32/Actions-Swift.h -working-directory /Users/admin/builder/spi-builder-workspace/.swiftpm/xcode -experimental-emit-module-separately -disable-cmo
Ld /Users/admin/builder/spi-builder-workspace/.derivedData/Build/Intermediates.noindex/Logger.build/Debug-watchos/LoggerKit-t.build/Objects-normal/arm64/Binary/LoggerKit.o normal arm64 (in target 'LoggerKit' from project 'Logger')
    cd /Users/admin/builder/spi-builder-workspace/.dependencies/checkouts/Logger
    /Applications/Xcode-27.0.0-Release.Candidate.app/Contents/Developer/Toolchains/XcodeDefault.xctoolchain/usr/bin/clang -Xlinker -reproducible -target arm64-apple-watchos9.0 -r -isysroot /Applications/Xcode-27.0.0-Release.Candidate.app/Contents/Developer/Platforms/WatchOS.platform/Developer/SDKs/WatchOS27.0.sdk -O0 -w -Xlinker -no_warn_duplicate_libraries -F/Users/admin/builder/spi-builder-workspace/.derivedData/Build/Intermediates.noindex/EagerLinkingTBDs/Debug-watchos -F/Users/admin/builder/spi-builder-workspace/.derivedData/Build/Products/Debug-watchos/PackageFrameworks -F/Users/admin/builder/spi-builder-workspace/.derivedData/Build/Products/Debug-watchos -iframework /Applications/Xcode-27.0.0-Release.Candidate.app/Contents/Developer/Platforms/WatchOS.platform/Developer/Library/Frameworks -iframework /Applications/Xcode-27.0.0-Release.Candidate.app/Contents/Developer/Platforms/WatchOS.platform/Developer/SDKs/WatchOS27.0.sdk/Developer/Library/Frameworks -filelist /Users/admin/builder/spi-builder-workspace/.derivedData/Build/Intermediates.noindex/Logger.build/Debug-watchos/LoggerKit-t.build/Objects-normal/arm64/LoggerKit.LinkFileList -nostdlib -Xlinker -object_path_lto -Xlinker /Users/admin/builder/spi-builder-workspace/.derivedData/Build/Intermediates.noindex/Logger.build/Debug-watchos/LoggerKit-t.build/Objects-normal/arm64/LoggerKit_lto.o -Xlinker -no_deduplicate -Xlinker -dependency_info -Xlinker /Users/admin/builder/spi-builder-workspace/.derivedData/Build/Intermediates.noindex/Logger.build/Debug-watchos/LoggerKit-t.build/Objects-normal/arm64/LoggerKit_dependency_info.dat -fobjc-link-runtime -L/Applications/Xcode-27.0.0-Release.Candidate.app/Contents/Developer/Toolchains/XcodeDefault.xctoolchain/usr/lib/swift/watchos -L/usr/lib/swift -Xlinker -add_ast_path -Xlinker /Users/admin/builder/spi-builder-workspace/.derivedData/Build/Intermediates.noindex/Logger.build/Debug-watchos/LoggerKit-t.build/Objects-normal/arm64/LoggerKit.swiftmodule -o /Users/admin/builder/spi-builder-workspace/.derivedData/Build/Intermediates.noindex/Logger.build/Debug-watchos/LoggerKit-t.build/Objects-normal/arm64/Binary/LoggerKit.o
Ld /Users/admin/builder/spi-builder-workspace/.derivedData/Build/Intermediates.noindex/Logger.build/Debug-watchos/LoggerKit-t.build/Objects-normal/arm64_32/Binary/LoggerKit.o normal arm64_32 (in target 'LoggerKit' from project 'Logger')
    cd /Users/admin/builder/spi-builder-workspace/.dependencies/checkouts/Logger
    /Applications/Xcode-27.0.0-Release.Candidate.app/Contents/Developer/Toolchains/XcodeDefault.xctoolchain/usr/bin/clang -Xlinker -reproducible -target arm64_32-apple-watchos9.0 -r -isysroot /Applications/Xcode-27.0.0-Release.Candidate.app/Contents/Developer/Platforms/WatchOS.platform/Developer/SDKs/WatchOS27.0.sdk -O0 -w -Xlinker -no_warn_duplicate_libraries -F/Users/admin/builder/spi-builder-workspace/.derivedData/Build/Intermediates.noindex/EagerLinkingTBDs/Debug-watchos -F/Users/admin/builder/spi-builder-workspace/.derivedData/Build/Products/Debug-watchos/PackageFrameworks -F/Users/admin/builder/spi-builder-workspace/.derivedData/Build/Products/Debug-watchos -iframework /Applications/Xcode-27.0.0-Release.Candidate.app/Contents/Developer/Platforms/WatchOS.platform/Developer/Library/Frameworks -iframework /Applications/Xcode-27.0.0-Release.Candidate.app/Contents/Developer/Platforms/WatchOS.platform/Developer/SDKs/WatchOS27.0.sdk/Developer/Library/Frameworks -filelist /Users/admin/builder/spi-builder-workspace/.derivedData/Build/Intermediates.noindex/Logger.build/Debug-watchos/LoggerKit-t.build/Objects-normal/arm64_32/LoggerKit.LinkFileList -nostdlib -Xlinker -object_path_lto -Xlinker /Users/admin/builder/spi-builder-workspace/.derivedData/Build/Intermediates.noindex/Logger.build/Debug-watchos/LoggerKit-t.build/Objects-normal/arm64_32/LoggerKit_lto.o -Xlinker -no_deduplicate -Xlinker -dependency_info -Xlinker /Users/admin/builder/spi-builder-workspace/.derivedData/Build/Intermediates.noindex/Logger.build/Debug-watchos/LoggerKit-t.build/Objects-normal/arm64_32/LoggerKit_dependency_info.dat -fobjc-link-runtime -L/Applications/Xcode-27.0.0-Release.Candidate.app/Contents/Developer/Toolchains/XcodeDefault.xctoolchain/usr/lib/swift/watchos -L/usr/lib/swift -Xlinker -add_ast_path -Xlinker /Users/admin/builder/spi-builder-workspace/.derivedData/Build/Intermediates.noindex/Logger.build/Debug-watchos/LoggerKit-t.build/Objects-normal/arm64_32/LoggerKit.swiftmodule -o /Users/admin/builder/spi-builder-workspace/.derivedData/Build/Intermediates.noindex/Logger.build/Debug-watchos/LoggerKit-t.build/Objects-normal/arm64_32/Binary/LoggerKit.o
Ld /Users/admin/builder/spi-builder-workspace/.derivedData/Build/Intermediates.noindex/Actions.build/Debug-watchos/Actions-t.build/Objects-normal/arm64/Binary/Actions.o normal arm64 (in target 'Actions' from project 'Actions')
    cd /Users/admin/builder/spi-builder-workspace/.dependencies/checkouts/Actions
    /Applications/Xcode-27.0.0-Release.Candidate.app/Contents/Developer/Toolchains/XcodeDefault.xctoolchain/usr/bin/clang -Xlinker -reproducible -target arm64-apple-watchos9.0 -r -isysroot /Applications/Xcode-27.0.0-Release.Candidate.app/Contents/Developer/Platforms/WatchOS.platform/Developer/SDKs/WatchOS27.0.sdk -O0 -w -Xlinker -no_warn_duplicate_libraries -F/Users/admin/builder/spi-builder-workspace/.derivedData/Build/Intermediates.noindex/EagerLinkingTBDs/Debug-watchos -F/Users/admin/builder/spi-builder-workspace/.derivedData/Build/Products/Debug-watchos/PackageFrameworks -F/Users/admin/builder/spi-builder-workspace/.derivedData/Build/Products/Debug-watchos -iframework /Applications/Xcode-27.0.0-Release.Candidate.app/Contents/Developer/Platforms/WatchOS.platform/Developer/Library/Frameworks -iframework /Applications/Xcode-27.0.0-Release.Candidate.app/Contents/Developer/Platforms/WatchOS.platform/Developer/SDKs/WatchOS27.0.sdk/Developer/Library/Frameworks -filelist /Users/admin/builder/spi-builder-workspace/.derivedData/Build/Intermediates.noindex/Actions.build/Debug-watchos/Actions-t.build/Objects-normal/arm64/Actions.LinkFileList -nostdlib -Xlinker -object_path_lto -Xlinker /Users/admin/builder/spi-builder-workspace/.derivedData/Build/Intermediates.noindex/Actions.build/Debug-watchos/Actions-t.build/Objects-normal/arm64/Actions_lto.o -Xlinker -no_deduplicate -Xlinker -dependency_info -Xlinker /Users/admin/builder/spi-builder-workspace/.derivedData/Build/Intermediates.noindex/Actions.build/Debug-watchos/Actions-t.build/Objects-normal/arm64/Actions_dependency_info.dat -fobjc-link-runtime -L/Applications/Xcode-27.0.0-Release.Candidate.app/Contents/Developer/Toolchains/XcodeDefault.xctoolchain/usr/lib/swift/watchos -L/usr/lib/swift -Xlinker -add_ast_path -Xlinker /Users/admin/builder/spi-builder-workspace/.derivedData/Build/Intermediates.noindex/Actions.build/Debug-watchos/Actions-t.build/Objects-normal/arm64/Actions.swiftmodule -o /Users/admin/builder/spi-builder-workspace/.derivedData/Build/Intermediates.noindex/Actions.build/Debug-watchos/Actions-t.build/Objects-normal/arm64/Binary/Actions.o
Ld /Users/admin/builder/spi-builder-workspace/.derivedData/Build/Intermediates.noindex/Actions.build/Debug-watchos/Actions-t.build/Objects-normal/arm64_32/Binary/Actions.o normal arm64_32 (in target 'Actions' from project 'Actions')
    cd /Users/admin/builder/spi-builder-workspace/.dependencies/checkouts/Actions
    /Applications/Xcode-27.0.0-Release.Candidate.app/Contents/Developer/Toolchains/XcodeDefault.xctoolchain/usr/bin/clang -Xlinker -reproducible -target arm64_32-apple-watchos9.0 -r -isysroot /Applications/Xcode-27.0.0-Release.Candidate.app/Contents/Developer/Platforms/WatchOS.platform/Developer/SDKs/WatchOS27.0.sdk -O0 -w -Xlinker -no_warn_duplicate_libraries -F/Users/admin/builder/spi-builder-workspace/.derivedData/Build/Intermediates.noindex/EagerLinkingTBDs/Debug-watchos -F/Users/admin/builder/spi-builder-workspace/.derivedData/Build/Products/Debug-watchos/PackageFrameworks -F/Users/admin/builder/spi-builder-workspace/.derivedData/Build/Products/Debug-watchos -iframework /Applications/Xcode-27.0.0-Release.Candidate.app/Contents/Developer/Platforms/WatchOS.platform/Developer/Library/Frameworks -iframework /Applications/Xcode-27.0.0-Release.Candidate.app/Contents/Developer/Platforms/WatchOS.platform/Developer/SDKs/WatchOS27.0.sdk/Developer/Library/Frameworks -filelist /Users/admin/builder/spi-builder-workspace/.derivedData/Build/Intermediates.noindex/Actions.build/Debug-watchos/Actions-t.build/Objects-normal/arm64_32/Actions.LinkFileList -nostdlib -Xlinker -object_path_lto -Xlinker /Users/admin/builder/spi-builder-workspace/.derivedData/Build/Intermediates.noindex/Actions.build/Debug-watchos/Actions-t.build/Objects-normal/arm64_32/Actions_lto.o -Xlinker -no_deduplicate -Xlinker -dependency_info -Xlinker /Users/admin/builder/spi-builder-workspace/.derivedData/Build/Intermediates.noindex/Actions.build/Debug-watchos/Actions-t.build/Objects-normal/arm64_32/Actions_dependency_info.dat -fobjc-link-runtime -L/Applications/Xcode-27.0.0-Release.Candidate.app/Contents/Developer/Toolchains/XcodeDefault.xctoolchain/usr/lib/swift/watchos -L/usr/lib/swift -Xlinker -add_ast_path -Xlinker /Users/admin/builder/spi-builder-workspace/.derivedData/Build/Intermediates.noindex/Actions.build/Debug-watchos/Actions-t.build/Objects-normal/arm64_32/Actions.swiftmodule -o /Users/admin/builder/spi-builder-workspace/.derivedData/Build/Intermediates.noindex/Actions.build/Debug-watchos/Actions-t.build/Objects-normal/arm64_32/Binary/Actions.o
CreateUniversalBinary /Users/admin/builder/spi-builder-workspace/.derivedData/Build/Products/Debug-watchos/LoggerKit.o normal arm64\ arm64_32 (in target 'LoggerKit' from project 'Logger')
    cd /Users/admin/builder/spi-builder-workspace/.dependencies/checkouts/Logger
    /Applications/Xcode-27.0.0-Release.Candidate.app/Contents/Developer/Toolchains/XcodeDefault.xctoolchain/usr/bin/lipo -create /Users/admin/builder/spi-builder-workspace/.derivedData/Build/Intermediates.noindex/Logger.build/Debug-watchos/LoggerKit-t.build/Objects-normal/arm64/Binary/LoggerKit.o /Users/admin/builder/spi-builder-workspace/.derivedData/Build/Intermediates.noindex/Logger.build/Debug-watchos/LoggerKit-t.build/Objects-normal/arm64_32/Binary/LoggerKit.o -output /Users/admin/builder/spi-builder-workspace/.derivedData/Build/Products/Debug-watchos/LoggerKit.o
CreateUniversalBinary /Users/admin/builder/spi-builder-workspace/.derivedData/Build/Products/Debug-watchos/Actions.o normal arm64\ arm64_32 (in target 'Actions' from project 'Actions')
    cd /Users/admin/builder/spi-builder-workspace/.dependencies/checkouts/Actions
    /Applications/Xcode-27.0.0-Release.Candidate.app/Contents/Developer/Toolchains/XcodeDefault.xctoolchain/usr/bin/lipo -create /Users/admin/builder/spi-builder-workspace/.derivedData/Build/Intermediates.noindex/Actions.build/Debug-watchos/Actions-t.build/Objects-normal/arm64/Binary/Actions.o /Users/admin/builder/spi-builder-workspace/.derivedData/Build/Intermediates.noindex/Actions.build/Debug-watchos/Actions-t.build/Objects-normal/arm64_32/Binary/Actions.o -output /Users/admin/builder/spi-builder-workspace/.derivedData/Build/Products/Debug-watchos/Actions.o
ExtractAppIntentsMetadata (in target 'LoggerKit' from project 'Logger')
    cd /Users/admin/builder/spi-builder-workspace/.dependencies/checkouts/Logger
    /Applications/Xcode-27.0.0-Release.Candidate.app/Contents/Developer/Toolchains/XcodeDefault.xctoolchain/usr/bin/appintentsmetadataprocessor --toolchain-dir /var/run/com.apple.security.cryptexd/mnt/com.apple.MobileAsset.MetalToolchain-v27.1.266.1.Sq8Yw8/Metal.xctoolchain --module-name LoggerKit --sdk-root /Applications/Xcode-27.0.0-Release.Candidate.app/Contents/Developer/Platforms/WatchOS.platform/Developer/SDKs/WatchOS27.0.sdk --xcode-version 27A266a --platform-family watchOS --deployment-target 9.0 --bundle-identifier logger.LoggerKit --output /Users/admin/builder/spi-builder-workspace/.derivedData/Build/Products/Debug-watchos/LoggerKit.appintents --target-triple arm64-apple-watchos9.0 --target-triple arm64_32-apple-watchos9.0 --binary-file /Users/admin/builder/spi-builder-workspace/.derivedData/Build/Products/Debug-watchos/LoggerKit.o --dependency-file /Users/admin/builder/spi-builder-workspace/.derivedData/Build/Intermediates.noindex/Logger.build/Debug-watchos/LoggerKit-t.build/Objects-normal/arm64/LoggerKit_dependency_info.dat --dependency-file /Users/admin/builder/spi-builder-workspace/.derivedData/Build/Intermediates.noindex/Logger.build/Debug-watchos/LoggerKit-t.build/Objects-normal/arm64_32/LoggerKit_dependency_info.dat --stringsdata-file /Users/admin/builder/spi-builder-workspace/.derivedData/Build/Intermediates.noindex/Logger.build/Debug-watchos/LoggerKit-t.build/Objects-normal/arm64/ExtractedAppShortcutsMetadata.stringsdata --stringsdata-file /Users/admin/builder/spi-builder-workspace/.derivedData/Build/Intermediates.noindex/Logger.build/Debug-watchos/LoggerKit-t.build/Objects-normal/arm64_32/ExtractedAppShortcutsMetadata.stringsdata --source-file-list /Users/admin/builder/spi-builder-workspace/.derivedData/Build/Intermediates.noindex/Logger.build/Debug-watchos/LoggerKit-t.build/Objects-normal/arm64/LoggerKit.SwiftFileList --source-file-list /Users/admin/builder/spi-builder-workspace/.derivedData/Build/Intermediates.noindex/Logger.build/Debug-watchos/LoggerKit-t.build/Objects-normal/arm64_32/LoggerKit.SwiftFileList --metadata-file-list /Users/admin/builder/spi-builder-workspace/.derivedData/Build/Intermediates.noindex/Logger.build/Debug-watchos/LoggerKit-t.build/LoggerKit.DependencyMetadataFileList --static-metadata-file-list /Users/admin/builder/spi-builder-workspace/.derivedData/Build/Intermediates.noindex/Logger.build/Debug-watchos/LoggerKit-t.build/LoggerKit.DependencyStaticMetadataFileList --swift-const-vals-list /Users/admin/builder/spi-builder-workspace/.derivedData/Build/Intermediates.noindex/Logger.build/Debug-watchos/LoggerKit-t.build/Objects-normal/arm64/LoggerKit.SwiftConstValuesFileList --swift-const-vals-list /Users/admin/builder/spi-builder-workspace/.derivedData/Build/Intermediates.noindex/Logger.build/Debug-watchos/LoggerKit-t.build/Objects-normal/arm64_32/LoggerKit.SwiftConstValuesFileList --force --compile-time-extraction --deployment-aware-processing --no-app-shortcuts-localization
2026-09-15 17:08:01.351 appintentsmetadataprocessor[977:5761] Starting appintentsmetadataprocessor export
2026-09-15 17:08:01.418 appintentsmetadataprocessor[977:5761] Extracted no relevant App Intents symbols, skipping writing output
ExtractAppIntentsMetadata (in target 'Actions' from project 'Actions')
    cd /Users/admin/builder/spi-builder-workspace/.dependencies/checkouts/Actions
    /Applications/Xcode-27.0.0-Release.Candidate.app/Contents/Developer/Toolchains/XcodeDefault.xctoolchain/usr/bin/appintentsmetadataprocessor --toolchain-dir /var/run/com.apple.security.cryptexd/mnt/com.apple.MobileAsset.MetalToolchain-v27.1.266.1.Sq8Yw8/Metal.xctoolchain --module-name Actions --sdk-root /Applications/Xcode-27.0.0-Release.Candidate.app/Contents/Developer/Platforms/WatchOS.platform/Developer/SDKs/WatchOS27.0.sdk --xcode-version 27A266a --platform-family watchOS --deployment-target 9.0 --bundle-identifier actions.Actions --output /Users/admin/builder/spi-builder-workspace/.derivedData/Build/Products/Debug-watchos/Actions.appintents --target-triple arm64-apple-watchos9.0 --target-triple arm64_32-apple-watchos9.0 --binary-file /Users/admin/builder/spi-builder-workspace/.derivedData/Build/Products/Debug-watchos/Actions.o --dependency-file /Users/admin/builder/spi-builder-workspace/.derivedData/Build/Intermediates.noindex/Actions.build/Debug-watchos/Actions-t.build/Objects-normal/arm64/Actions_dependency_info.dat --dependency-file /Users/admin/builder/spi-builder-workspace/.derivedData/Build/Intermediates.noindex/Actions.build/Debug-watchos/Actions-t.build/Objects-normal/arm64_32/Actions_dependency_info.dat --stringsdata-file /Users/admin/builder/spi-builder-workspace/.derivedData/Build/Intermediates.noindex/Actions.build/Debug-watchos/Actions-t.build/Objects-normal/arm64/ExtractedAppShortcutsMetadata.stringsdata --stringsdata-file /Users/admin/builder/spi-builder-workspace/.derivedData/Build/Intermediates.noindex/Actions.build/Debug-watchos/Actions-t.build/Objects-normal/arm64_32/ExtractedAppShortcutsMetadata.stringsdata --source-file-list /Users/admin/builder/spi-builder-workspace/.derivedData/Build/Intermediates.noindex/Actions.build/Debug-watchos/Actions-t.build/Objects-normal/arm64/Actions.SwiftFileList --source-file-list /Users/admin/builder/spi-builder-workspace/.derivedData/Build/Intermediates.noindex/Actions.build/Debug-watchos/Actions-t.build/Objects-normal/arm64_32/Actions.SwiftFileList --metadata-file-list /Users/admin/builder/spi-builder-workspace/.derivedData/Build/Intermediates.noindex/Actions.build/Debug-watchos/Actions-t.build/Actions.DependencyMetadataFileList --static-metadata-file-list /Users/admin/builder/spi-builder-workspace/.derivedData/Build/Intermediates.noindex/Actions.build/Debug-watchos/Actions-t.build/Actions.DependencyStaticMetadataFileList --swift-const-vals-list /Users/admin/builder/spi-builder-workspace/.derivedData/Build/Intermediates.noindex/Actions.build/Debug-watchos/Actions-t.build/Objects-normal/arm64/Actions.SwiftConstValuesFileList --swift-const-vals-list /Users/admin/builder/spi-builder-workspace/.derivedData/Build/Intermediates.noindex/Actions.build/Debug-watchos/Actions-t.build/Objects-normal/arm64_32/Actions.SwiftConstValuesFileList --force --compile-time-extraction --deployment-aware-processing --no-app-shortcuts-localization
2026-09-15 17:08:01.352 appintentsmetadataprocessor[978:5762] Starting appintentsmetadataprocessor export
2026-09-15 17:08:01.418 appintentsmetadataprocessor[978:5762] Extracted no relevant App Intents symbols, skipping writing output
SwiftExplicitDependencyGeneratePcm arm64 /Users/admin/builder/spi-builder-workspace/.derivedData/SDKExplicitPrecompiledModules/_Builtin_intrinsics-75960HIPCIYA06IUW8FIIPQT.pcm
SwiftExplicitDependencyGeneratePcm arm64 /Users/admin/builder/spi-builder-workspace/.derivedData/SDKExplicitPrecompiledModules/_Builtin_tgmath-8NQ96OZ0YHXEC24JI95P01UF8.pcm
SwiftExplicitDependencyGeneratePcm arm64 /Users/admin/builder/spi-builder-workspace/.derivedData/SDKExplicitPrecompiledModules/OSLog-B7VGO357Y3GJG35TST7DKDSI3.pcm
SwiftExplicitDependencyGeneratePcm arm64 /Users/admin/builder/spi-builder-workspace/.derivedData/SDKExplicitPrecompiledModules/UniformTypeIdentifiers-8L08Q8DQJV8C4AW84YVGFGTRN.pcm
SwiftExplicitDependencyGeneratePcm arm64 /Users/admin/builder/spi-builder-workspace/.derivedData/SDKExplicitPrecompiledModules/UIUtilities-IR7RNW23VAUKYI9MLCS9NL9A.pcm
SwiftExplicitDependencyGeneratePcm arm64 /Users/admin/builder/spi-builder-workspace/.derivedData/SDKExplicitPrecompiledModules/UserNotifications-ARAH8MEQ0C2L0FBO39HITJMAO.pcm
SwiftExplicitDependencyGeneratePcm arm64 /Users/admin/builder/spi-builder-workspace/.derivedData/SDKExplicitPrecompiledModules/DataDetection-7BNVI1SZW5ISQL5SX4WL2X7I5.pcm
SwiftExplicitDependencyGeneratePcm arm64 /Users/admin/builder/spi-builder-workspace/.derivedData/SDKExplicitPrecompiledModules/Symbols-3EFABTJ9L5PQDJ7RQCYQWEJMM.pcm
SwiftExplicitDependencyGeneratePcm arm64 /Users/admin/builder/spi-builder-workspace/.derivedData/SDKExplicitPrecompiledModules/_LocationEssentials-5ZZDGDXB6HLQUC72SJW7YJ7MK.pcm
SwiftExplicitDependencyGeneratePcm arm64 /Users/admin/builder/spi-builder-workspace/.derivedData/SDKExplicitPrecompiledModules/CoreGraphics-DWNZ73GEH98SBJXZ7DEXB420K.pcm
SwiftExplicitDependencyGeneratePcm arm64_32 /Users/admin/builder/spi-builder-workspace/.derivedData/SDKExplicitPrecompiledModules/OSLog-D9AVFY0KWO7RVBIQ73CBIJVCN.pcm
SwiftExplicitDependencyGeneratePcm arm64_32 /Users/admin/builder/spi-builder-workspace/.derivedData/SDKExplicitPrecompiledModules/CoreGraphics-9FDXYX6BKBUT6TJ2VF819E7T5.pcm
SwiftExplicitDependencyGeneratePcm arm64_32 /Users/admin/builder/spi-builder-workspace/.derivedData/SDKExplicitPrecompiledModules/_Builtin_intrinsics-196IIAKDQVU42DLOZP9OQCV76.pcm
SwiftExplicitDependencyGeneratePcm arm64_32 /Users/admin/builder/spi-builder-workspace/.derivedData/SDKExplicitPrecompiledModules/UserNotifications-6TBN8TEAKO014N1T2QD926XED.pcm
SwiftExplicitDependencyGeneratePcm arm64_32 /Users/admin/builder/spi-builder-workspace/.derivedData/SDKExplicitPrecompiledModules/UniformTypeIdentifiers-CJZ3NTHPSBH4XWX5EVOG56UZS.pcm
SwiftExplicitDependencyGeneratePcm arm64_32 /Users/admin/builder/spi-builder-workspace/.derivedData/SDKExplicitPrecompiledModules/DeveloperToolsSupport-DZU5G1OCMNWU0AQRULIFHUJ1Z.pcm
SwiftExplicitDependencyGeneratePcm arm64_32 /Users/admin/builder/spi-builder-workspace/.derivedData/SDKExplicitPrecompiledModules/DataDetection-U9BF7WHFVA6BZGFXXXP272PS.pcm
SwiftExplicitDependencyGeneratePcm arm64_32 /Users/admin/builder/spi-builder-workspace/.derivedData/SDKExplicitPrecompiledModules/Symbols-1H97WMG76HU94F5VGJR19PXFY.pcm
SwiftExplicitDependencyGeneratePcm arm64_32 /Users/admin/builder/spi-builder-workspace/.derivedData/SDKExplicitPrecompiledModules/CoreTransferable-5D4IR6X37682FPHJ5CBPTKQV6.pcm
SwiftExplicitDependencyGeneratePcm arm64 /Users/admin/builder/spi-builder-workspace/.derivedData/SDKExplicitPrecompiledModules/CoreText-970YJN6NIYGK1316L35Z0O8QT.pcm
SwiftExplicitDependencyGeneratePcm arm64 /Users/admin/builder/spi-builder-workspace/.derivedData/SDKExplicitPrecompiledModules/Accessibility-27QMG6ZQ1NKYTNBYFPM1XKNFC.pcm
SwiftExplicitDependencyGeneratePcm arm64 /Users/admin/builder/spi-builder-workspace/.derivedData/SDKExplicitPrecompiledModules/CoreVideo-8MRR5MNWUOAW2DBPGUQ8FKK4.pcm
SwiftExplicitDependencyGeneratePcm arm64_32 /Users/admin/builder/spi-builder-workspace/.derivedData/SDKExplicitPrecompiledModules/_Builtin_tgmath-23PGCKURCQILXMK0MYZRYDCOU.pcm
SwiftExplicitDependencyGeneratePcm arm64 /Users/admin/builder/spi-builder-workspace/.derivedData/SDKExplicitPrecompiledModules/CoreTransferable-9PPG3SLJ55T4LITIFYX2M0NOZ.pcm
SwiftExplicitDependencyGeneratePcm arm64_32 /Users/admin/builder/spi-builder-workspace/.derivedData/SDKExplicitPrecompiledModules/_LocationEssentials-AQ1OL9QKC3LQLY5CNSRM1HB53.pcm
SwiftExplicitDependencyGeneratePcm arm64 /Users/admin/builder/spi-builder-workspace/.derivedData/SDKExplicitPrecompiledModules/DeveloperToolsSupport-E7CNISCB36UE8XQ9IOHK9XDX1.pcm
SwiftExplicitDependencyGeneratePcm arm64_32 /Users/admin/builder/spi-builder-workspace/.derivedData/SDKExplicitPrecompiledModules/UIUtilities-9YFVNIMRC5HRVOIARNWHP1E3H.pcm
SwiftExplicitDependencyGeneratePcm arm64_32 /Users/admin/builder/spi-builder-workspace/.derivedData/SDKExplicitPrecompiledModules/CoreText-C9X2REPZN2V5BSU4G80FCETDR.pcm
SwiftExplicitDependencyGeneratePcm arm64_32 /Users/admin/builder/spi-builder-workspace/.derivedData/SDKExplicitPrecompiledModules/Accessibility-F385OMZ5GYBUY5O4QAJB4NRII.pcm
SwiftExplicitDependencyGeneratePcm arm64 /Users/admin/builder/spi-builder-workspace/.derivedData/SDKExplicitPrecompiledModules/CoreLocation-ACKJ9K7ABI14F97Y46Y6SRR17.pcm
SwiftExplicitDependencyGeneratePcm arm64_32 /Users/admin/builder/spi-builder-workspace/.derivedData/SDKExplicitPrecompiledModules/CoreVideo-2P8HI0403J99LBDPKNFJ5D4DL.pcm
SwiftExplicitDependencyGeneratePcm arm64_32 /Users/admin/builder/spi-builder-workspace/.derivedData/SDKExplicitPrecompiledModules/CoreLocation-8XU5YMYM4P11RQMYCQAG65ITK.pcm
SwiftExplicitDependencyGeneratePcm arm64 /Users/admin/builder/spi-builder-workspace/.derivedData/SDKExplicitPrecompiledModules/QuartzCore-94KFMWNOU7ZLUZNB4T5DLZC9D.pcm
SwiftExplicitDependencyGeneratePcm arm64 /Users/admin/builder/spi-builder-workspace/.derivedData/SDKExplicitPrecompiledModules/simd-EH08NODU6574T74ZKU61VP9BW.pcm
SwiftExplicitDependencyGeneratePcm arm64_32 /Users/admin/builder/spi-builder-workspace/.derivedData/SDKExplicitPrecompiledModules/QuartzCore-6375NPYACK5NYVHPMC1QQ8MC2.pcm
SwiftExplicitDependencyGeneratePcm arm64 /Users/admin/builder/spi-builder-workspace/.derivedData/SDKExplicitPrecompiledModules/CoreMotion-6RD5K48QT1F4L9CATNFD2O7YB.pcm
SwiftExplicitDependencyGeneratePcm arm64_32 /Users/admin/builder/spi-builder-workspace/.derivedData/SDKExplicitPrecompiledModules/simd-21UNWYOBUZI1LVSQ99S1XBLMO.pcm
SwiftExplicitDependencyGeneratePcm arm64_32 /Users/admin/builder/spi-builder-workspace/.derivedData/SDKExplicitPrecompiledModules/CoreMotion-1XGTVTE5PP32UHME8AC63TL6.pcm
SwiftExplicitDependencyGeneratePcm arm64 /Users/admin/builder/spi-builder-workspace/.derivedData/SDKExplicitPrecompiledModules/SwiftUICore-C1DST1IX2Z0PTH5SJJZ1IULRB.pcm
SwiftExplicitDependencyGeneratePcm arm64 /Users/admin/builder/spi-builder-workspace/.derivedData/SDKExplicitPrecompiledModules/UIKit-27R3P1YMV4C6JLDT661G3MRIA.pcm
SwiftExplicitDependencyGeneratePcm arm64_32 /Users/admin/builder/spi-builder-workspace/.derivedData/SDKExplicitPrecompiledModules/SwiftUICore-3Q7WLRD8MR9R3NGIPUBQCP6F6.pcm
SwiftExplicitDependencyGeneratePcm arm64_32 /Users/admin/builder/spi-builder-workspace/.derivedData/SDKExplicitPrecompiledModules/UIKit-6PPV7YPZ89CZPHYAP072QH8B6.pcm
SwiftExplicitDependencyGeneratePcm arm64 /Users/admin/builder/spi-builder-workspace/.derivedData/SDKExplicitPrecompiledModules/Spatial-44FJGYXFAT2AQAW9Z6T7YS02U.pcm
SwiftExplicitDependencyGeneratePcm arm64_32 /Users/admin/builder/spi-builder-workspace/.derivedData/SDKExplicitPrecompiledModules/Spatial-CWVWNML3T0NXVHZDKVLD3X1YZ.pcm
SwiftEmitModule normal arm64 Emitting\ module\ for\ ActionsKit (in target 'ActionsKit' from project 'ActionsKit')
/Users/admin/builder/spi-builder-workspace/Sources/ActionsKit/UICommand+Actions.swift:10:25: warning: extension declares a conformance of imported type 'UICommand' to imported protocol 'ActionIdentification'; this will not behave correctly if the owners of 'UIKit' introduce this conformance in the future
 8 | import UIKit
 9 |
10 | @available(iOS 13.0, *) extension UICommand: ActionIdentification {
   |                         |- warning: extension declares a conformance of imported type 'UICommand' to imported protocol 'ActionIdentification'; this will not behave correctly if the owners of 'UIKit' introduce this conformance in the future
   |                         `- note: add '@retroactive' to silence this warning
11 |     public var actionID: String {
12 |         get { return (propertyList as? String) ?? "" }
/Users/admin/builder/spi-builder-workspace/Sources/ActionsKit/UICommand+Actions.swift:10:35: error: 'UICommand' is unavailable in watchOS
 8 | import UIKit
 9 |
10 | @available(iOS 13.0, *) extension UICommand: ActionIdentification {
   |                                   `- error: 'UICommand' is unavailable in watchOS
11 |     public var actionID: String {
12 |         get { return (propertyList as? String) ?? "" }
/Applications/Xcode-27.0.0-Release.Candidate.app/Contents/Developer/Platforms/WatchOS.platform/Developer/SDKs/WatchOS27.0.sdk/System/Library/Frameworks/UIKit.framework/Headers/UICommand.h:63:12: note: 'UICommand' has been explicitly marked unavailable here
 61 | /// Represents an action to take.
 62 | UIKIT_EXTERN API_AVAILABLE(ios(13.0)) API_UNAVAILABLE(watchos) NS_SWIFT_UI_ACTOR
 63 | @interface UICommand : UIMenuElement <UIMenuLeaf>
    |            `- note: 'UICommand' has been explicitly marked unavailable here
 64 |
 65 | /// Short display title.
/Users/admin/builder/spi-builder-workspace/Sources/ActionsKit/UIMenu+Actions.swift:10:25: warning: extension declares a conformance of imported type 'UIMenu' to imported protocol 'ActionIdentification'; this will not behave correctly if the owners of 'UIKit' introduce this conformance in the future
 8 | import UIKit
 9 |
10 | @available(iOS 13.0, *) extension UIMenu: ActionIdentification {
   |                         |- warning: extension declares a conformance of imported type 'UIMenu' to imported protocol 'ActionIdentification'; this will not behave correctly if the owners of 'UIKit' introduce this conformance in the future
   |                         `- note: add '@retroactive' to silence this warning
11 |     public var actionID: String {
12 |         get { return identifier.rawValue }
/Users/admin/builder/spi-builder-workspace/Sources/ActionsKit/UIMenu+Actions.swift:10:35: error: 'UIMenu' is unavailable in watchOS
 8 | import UIKit
 9 |
10 | @available(iOS 13.0, *) extension UIMenu: ActionIdentification {
   |                                   `- error: 'UIMenu' is unavailable in watchOS
11 |     public var actionID: String {
12 |         get { return identifier.rawValue }
/Applications/Xcode-27.0.0-Release.Candidate.app/Contents/Developer/Platforms/WatchOS.platform/Developer/SDKs/WatchOS27.0.sdk/System/Library/Frameworks/UIKit.framework/Headers/UIMenu.h:43:12: note: 'UIMenu' has been explicitly marked unavailable here
 41 |
 42 | UIKIT_EXTERN API_AVAILABLE(ios(13.0)) API_UNAVAILABLE(watchos) NS_SWIFT_UI_ACTOR
 43 | @interface UIMenu : UIMenuElement
    |            `- note: 'UIMenu' has been explicitly marked unavailable here
 44 |
 45 | /// Unique identifier.
/Users/admin/builder/spi-builder-workspace/Sources/ActionsKit/UIMenu+Actions.swift:17:1: warning: extension declares a conformance of imported type 'UIMenuItem' to imported protocol 'ActionIdentification'; this will not behave correctly if the owners of 'UIKit' introduce this conformance in the future
15 | }
16 |
17 | extension UIMenuItem: ActionIdentification {
   | |- warning: extension declares a conformance of imported type 'UIMenuItem' to imported protocol 'ActionIdentification'; this will not behave correctly if the owners of 'UIKit' introduce this conformance in the future
   | `- note: add '@retroactive' to silence this warning
18 |     public var actionID: String {
19 |         get { return retrieveID() }
/Users/admin/builder/spi-builder-workspace/Sources/ActionsKit/UIMenu+Actions.swift:17:11: error: 'UIMenuItem' is unavailable in watchOS
15 | }
16 |
17 | extension UIMenuItem: ActionIdentification {
   |           `- error: 'UIMenuItem' is unavailable in watchOS
18 |     public var actionID: String {
19 |         get { return retrieveID() }
/Applications/Xcode-27.0.0-Release.Candidate.app/Contents/Developer/Platforms/WatchOS.platform/Developer/SDKs/WatchOS27.0.sdk/System/Library/Frameworks/UIKit.framework/Headers/UIMenuController.h:58:12: note: 'UIMenuItem' has been explicitly marked unavailable here
56 |
57 | UIKIT_EXTERN API_DEPRECATED("UIMenuItem is deprecated. Use UIEditMenuInteraction instead.", ios(3.2, 16.0), visionos(1.0, 1.0)) API_UNAVAILABLE(tvos) API_UNAVAILABLE(watchos) NS_SWIFT_UI_ACTOR
58 | @interface UIMenuItem : NSObject
   |            `- note: 'UIMenuItem' has been explicitly marked unavailable here
59 |
60 | - (instancetype)initWithTitle:(NSString *)title action:(SEL)action NS_DESIGNATED_INITIALIZER;
Failed frontend command:
SwiftCompile normal arm64 (in target 'ActionsKit' from project 'ActionsKit')
    cd /Users/admin/builder/spi-builder-workspace/.swiftpm/xcode

/Applications/Xcode-27.0.0-Release.Candidate.app/Contents/Developer/Toolchains/XcodeDefault.xctoolchain/usr/bin/swift-frontend -frontend -emit-module -experimental-skip-non-inlinable-function-bodies-without-types /Users/admin/builder/spi-builder-workspace/Sources/ActionsKit/ActionManagerMac.swift /Users/admin/builder/spi-builder-workspace/Sources/ActionsKit/ActionManagerMobile.swift /Users/admin/builder/spi-builder-workspace/Sources/ActionsKit/UICommand+Actions.swift /Users/admin/builder/spi-builder-workspace/Sources/ActionsKit/UIMenu+Actions.swift /Users/admin/builder/spi-builder-workspace/Sources/ActionsKit/UINavigationController+Actions.swift /Users/admin/builder/spi-builder-workspace/Sources/ActionsKit/UIResponder+Actions.swift /Users/admin/builder/spi-builder-workspace/Sources/ActionsKit/UIView+Actions.swift /Users/admin/builder/spi-builder-workspace/Sources/ActionsKit/UIViewController+Actions.swift -target arm64-apple-watchos9.0 -module-can-import-version UIKit 9127.0.84.1 9127.0.84 -disable-cross-import-overlay-search -load-resolved-plugin /Applications/Xcode-27.0.0-Release.Candidate.app/Contents/Developer/Platforms/WatchOS.platform/Developer/usr/lib/swift/host/plugins/libFoundationMacros.dylib\#/Applications/Xcode-27.0.0-Release.Candidate.app/Contents/Developer/Platforms/WatchOS.platform/Developer/usr/bin/swift-plugin-server\#FoundationMacros -load-resolved-plugin /Applications/Xcode-27.0.0-Release.Candidate.app/Contents/Developer/Platforms/WatchOS.platform/Developer/usr/lib/swift/host/plugins/libObservationMacros.dylib\#/Applications/Xcode-27.0.0-Release.Candidate.app/Contents/Developer/Platforms/WatchOS.platform/Developer/usr/bin/swift-plugin-server\#ObservationMacros -load-resolved-plugin /Applications/Xcode-27.0.0-Release.Candidate.app/Contents/Developer/Platforms/WatchOS.platform/Developer/usr/lib/swift/host/plugins/libSwiftMacros.dylib\#/Applications/Xcode-27.0.0-Release.Candidate.app/Contents/Developer/Platforms/WatchOS.platform/Developer/usr/bin/swift-plugin-server\#SwiftMacros -load-resolved-plugin /Applications/Xcode-27.0.0-Release.Candidate.app/Contents/Developer/Platforms/WatchOS.platform/Developer/usr/lib/swift/host/plugins/libSwiftUIMacros.dylib\#/Applications/Xcode-27.0.0-Release.Candidate.app/Contents/Developer/Platforms/WatchOS.platform/Developer/usr/bin/swift-plugin-server\#SwiftUIMacros -disable-implicit-swift-modules -Xcc -fno-implicit-modules -Xcc -fno-implicit-module-maps -explicit-swift-module-map-file /Users/admin/builder/spi-builder-workspace/.derivedData/Build/Intermediates.noindex/ActionsKit.build/Debug-watchos/ActionsKit-t.build/Objects-normal/arm64/ActionsKit-dependencies-2.json -Xllvm -aarch64-use-tbi -enable-objc-interop -stack-check -sdk /Applications/Xcode-27.0.0-Release.Candidate.app/Contents/Developer/Platforms/WatchOS.platform/Developer/SDKs/WatchOS27.0.sdk -I /Users/admin/builder/spi-builder-workspace/.derivedData/Build/Products/Debug-watchos -Isystem /Applications/Xcode-27.0.0-Release.Candidate.app/Contents/Developer/Platforms/WatchOS.platform/Developer/usr/lib -F /Users/admin/builder/spi-builder-workspace/.derivedData/Build/Products/Debug-watchos/PackageFrameworks -F /Users/admin/builder/spi-builder-workspace/.derivedData/Build/Products/Debug-watchos -F /Applications/Xcode-27.0.0-Release.Candidate.app/Contents/Developer/Platforms/WatchOS.platform/Developer/Library/Frameworks -F /Applications/Xcode-27.0.0-Release.Candidate.app/Contents/Developer/Platforms/WatchOS.platform/Developer/SDKs/WatchOS27.0.sdk/Developer/Library/Frameworks -module-cache-path /Users/admin/builder/spi-builder-workspace/.derivedData/Build/Intermediates.noindex/SwiftExplicitPrecompiledModules -no-color-diagnostics -Xcc -fno-color-diagnostics -enable-testing -g -debug-info-format\=dwarf -dwarf-version\=4 -swift-version 5 -Onone -D SWIFT_PACKAGE -D DEBUG -D SWIFT_MODULE_RESOURCE_BUNDLE_UNAVAILABLE -D Xcode -serialize-debugging-options -enable-experimental-feature DebugDescriptionMacro -empty-abi-descriptor -validate-clang-modules-once -clang-build-session-file /Users/admin/builder/spi-builder-workspace/.derivedData/ModuleCache.noindex/Session.modulevalidation -Xcc -working-directory -Xcc /Users/admin/builder/spi-builder-workspace/.swiftpm/xcode -enable-anonymous-context-mangled-names -file-compilation-dir /Users/admin/builder/spi-builder-workspace/.swiftpm/xcode -Xcc -D_LIBCPP_HARDENING_MODE\=_LIBCPP_HARDENING_MODE_DEBUG -Xcc -ivfsstatcache -Xcc /Users/admin/builder/spi-builder-workspace/.derivedData/SDKStatCaches.noindex/watchos27.0-24R360-e829b21a6f8c9b70876ba0858053c04477534ef55a1706bf4c1112bbb242f0a2.sdkstatcache -Xcc -fmodules-prune-interval\=86400 -Xcc -fmodules-prune-after\=345600 -Xcc -I/Users/admin/builder/spi-builder-workspace/.derivedData/Build/Products/Debug-watchos/include -Xcc -I/Users/admin/builder/spi-builder-workspace/.derivedData/Build/Intermediates.noindex/ActionsKit.build/Debug-watchos/ActionsKit-t.build/DerivedSources-normal/arm64 -Xcc -I/Users/admin/builder/spi-builder-workspace/.derivedData/Build/Intermediates.noindex/ActionsKit.build/Debug-watchos/ActionsKit-t.build/DerivedSources/arm64 -Xcc -I/Users/admin/builder/spi-builder-workspace/.derivedData/Build/Intermediates.noindex/ActionsKit.build/Debug-watchos/ActionsKit-t.build/DerivedSources -Xcc -DSWIFT_PACKAGE -Xcc -DDEBUG\=1 -no-auto-bridging-header-chaining -module-name ActionsKit -const-gather-protocols-file /Users/admin/builder/spi-builder-workspace/.derivedData/Build/Intermediates.noindex/ActionsKit.build/Debug-watchos/ActionsKit-t.build/Objects-normal/arm64/ActionsKit_const_extract_protocols.json -disable-clang-spi -clang-target arm64-apple-watchos27.0 -target-sdk-version 27.0 -target-sdk-name watchos27.0 -in-process-plugin-server-path /Applications/Xcode-27.0.0-Release.Candidate.app/Contents/Developer/Toolchains/XcodeDefault.xctoolchain/usr/lib/swift/host/libSwiftInProcPluginServer.dylib -emit-module-doc-path /Users/admin/builder/spi-builder-workspace/.derivedData/Build/Intermediates.noindex/ActionsKit.build/Debug-watchos/ActionsKit-t.build/Objects-normal/arm64/ActionsKit.swiftdoc -emit-module-source-info-path /Users/admin/builder/spi-builder-workspace/.derivedData/Build/Intermediates.noindex/ActionsKit.build/Debug-watchos/ActionsKit-t.build/Objects-normal/arm64/ActionsKit.swiftsourceinfo -emit-objc-header-path /Users/admin/builder/spi-builder-workspace/.derivedData/Build/Intermediates.noindex/ActionsKit.build/Debug-watchos/ActionsKit-t.build/Objects-normal/arm64/ActionsKit-Swift.h -serialize-diagnostics-path /Users/admin/builder/spi-builder-workspace/.derivedData/Build/Intermediates.noindex/ActionsKit.build/Debug-watchos/ActionsKit-t.build/Objects-normal/arm64/ActionsKit-primary-emit-module.dia -emit-dependencies-path /Users/admin/builder/spi-builder-workspace/.derivedData/Build/Intermediates.noindex/ActionsKit.build/Debug-watchos/ActionsKit-t.build/Objects-normal/arm64/ActionsKit-primary-emit-module.d -parse-as-library -o /Users/admin/builder/spi-builder-workspace/.derivedData/Build/Intermediates.noindex/ActionsKit.build/Debug-watchos/ActionsKit-t.build/Objects-normal/arm64/ActionsKit.swiftmodule -emit-abi-descriptor-path /Users/admin/builder/spi-builder-workspace/.derivedData/Build/Intermediates.noindex/ActionsKit.build/Debug-watchos/ActionsKit-t.build/Objects-normal/arm64/ActionsKit.abi.json
SwiftCompile normal arm64 Compiling\ UIView+Actions.swift /Users/admin/builder/spi-builder-workspace/Sources/ActionsKit/UIView+Actions.swift (in target 'ActionsKit' from project 'ActionsKit')
SwiftCompile normal arm64 /Users/admin/builder/spi-builder-workspace/Sources/ActionsKit/UIView+Actions.swift (in target 'ActionsKit' from project 'ActionsKit')
    cd /Users/admin/builder/spi-builder-workspace/.swiftpm/xcode
    builtin-SwiftPerFileCompile UIView+Actions.swift
SwiftCompile normal arm64 Compiling\ UIResponder+Actions.swift /Users/admin/builder/spi-builder-workspace/Sources/ActionsKit/UIResponder+Actions.swift (in target 'ActionsKit' from project 'ActionsKit')
SwiftCompile normal arm64 /Users/admin/builder/spi-builder-workspace/Sources/ActionsKit/UIResponder+Actions.swift (in target 'ActionsKit' from project 'ActionsKit')
    cd /Users/admin/builder/spi-builder-workspace/.swiftpm/xcode
    builtin-SwiftPerFileCompile UIResponder+Actions.swift
SwiftCompile normal arm64 Compiling\ UIMenu+Actions.swift /Users/admin/builder/spi-builder-workspace/Sources/ActionsKit/UIMenu+Actions.swift (in target 'ActionsKit' from project 'ActionsKit')
SwiftCompile normal arm64 /Users/admin/builder/spi-builder-workspace/Sources/ActionsKit/UIMenu+Actions.swift (in target 'ActionsKit' from project 'ActionsKit')
    cd /Users/admin/builder/spi-builder-workspace/.swiftpm/xcode
    builtin-SwiftPerFileCompile UIMenu+Actions.swift
/Users/admin/builder/spi-builder-workspace/Sources/ActionsKit/UIMenu+Actions.swift:10:25: warning: extension declares a conformance of imported type 'UIMenu' to imported protocol 'ActionIdentification'; this will not behave correctly if the owners of 'UIKit' introduce this conformance in the future
 8 | import UIKit
 9 |
10 | @available(iOS 13.0, *) extension UIMenu: ActionIdentification {
   |                         |- warning: extension declares a conformance of imported type 'UIMenu' to imported protocol 'ActionIdentification'; this will not behave correctly if the owners of 'UIKit' introduce this conformance in the future
   |                         `- note: add '@retroactive' to silence this warning
11 |     public var actionID: String {
12 |         get { return identifier.rawValue }
/Users/admin/builder/spi-builder-workspace/Sources/ActionsKit/UIMenu+Actions.swift:10:35: error: 'UIMenu' is unavailable in watchOS
 8 | import UIKit
 9 |
10 | @available(iOS 13.0, *) extension UIMenu: ActionIdentification {
   |                                   `- error: 'UIMenu' is unavailable in watchOS
11 |     public var actionID: String {
12 |         get { return identifier.rawValue }
/Applications/Xcode-27.0.0-Release.Candidate.app/Contents/Developer/Platforms/WatchOS.platform/Developer/SDKs/WatchOS27.0.sdk/System/Library/Frameworks/UIKit.framework/Headers/UIMenu.h:43:12: note: 'UIMenu' has been explicitly marked unavailable here
 41 |
 42 | UIKIT_EXTERN API_AVAILABLE(ios(13.0)) API_UNAVAILABLE(watchos) NS_SWIFT_UI_ACTOR
 43 | @interface UIMenu : UIMenuElement
    |            `- note: 'UIMenu' has been explicitly marked unavailable here
 44 |
 45 | /// Unique identifier.
/Users/admin/builder/spi-builder-workspace/Sources/ActionsKit/UIMenu+Actions.swift:17:1: warning: extension declares a conformance of imported type 'UIMenuItem' to imported protocol 'ActionIdentification'; this will not behave correctly if the owners of 'UIKit' introduce this conformance in the future
15 | }
16 |
17 | extension UIMenuItem: ActionIdentification {
   | |- warning: extension declares a conformance of imported type 'UIMenuItem' to imported protocol 'ActionIdentification'; this will not behave correctly if the owners of 'UIKit' introduce this conformance in the future
   | `- note: add '@retroactive' to silence this warning
18 |     public var actionID: String {
19 |         get { return retrieveID() }
/Users/admin/builder/spi-builder-workspace/Sources/ActionsKit/UIMenu+Actions.swift:17:11: error: 'UIMenuItem' is unavailable in watchOS
15 | }
16 |
17 | extension UIMenuItem: ActionIdentification {
   |           `- error: 'UIMenuItem' is unavailable in watchOS
18 |     public var actionID: String {
19 |         get { return retrieveID() }
/Applications/Xcode-27.0.0-Release.Candidate.app/Contents/Developer/Platforms/WatchOS.platform/Developer/SDKs/WatchOS27.0.sdk/System/Library/Frameworks/UIKit.framework/Headers/UIMenuController.h:58:12: note: 'UIMenuItem' has been explicitly marked unavailable here
56 |
57 | UIKIT_EXTERN API_DEPRECATED("UIMenuItem is deprecated. Use UIEditMenuInteraction instead.", ios(3.2, 16.0), visionos(1.0, 1.0)) API_UNAVAILABLE(tvos) API_UNAVAILABLE(watchos) NS_SWIFT_UI_ACTOR
58 | @interface UIMenuItem : NSObject
   |            `- note: 'UIMenuItem' has been explicitly marked unavailable here
59 |
60 | - (instancetype)initWithTitle:(NSString *)title action:(SEL)action NS_DESIGNATED_INITIALIZER;
/Users/admin/builder/spi-builder-workspace/Sources/ActionsKit/UIMenu+Actions.swift:19:22: error: cannot find 'retrieveID' in scope
17 | extension UIMenuItem: ActionIdentification {
18 |     public var actionID: String {
19 |         get { return retrieveID() }
   |                      `- error: cannot find 'retrieveID' in scope
20 |         set { storeID(newValue) }
21 |     }
SwiftCompile normal arm64 Compiling\ UINavigationController+Actions.swift /Users/admin/builder/spi-builder-workspace/Sources/ActionsKit/UINavigationController+Actions.swift (in target 'ActionsKit' from project 'ActionsKit')
SwiftCompile normal arm64 /Users/admin/builder/spi-builder-workspace/Sources/ActionsKit/UINavigationController+Actions.swift (in target 'ActionsKit' from project 'ActionsKit')
    cd /Users/admin/builder/spi-builder-workspace/.swiftpm/xcode
    builtin-SwiftPerFileCompile UINavigationController+Actions.swift
SwiftCompile normal arm64 Compiling\ UICommand+Actions.swift /Users/admin/builder/spi-builder-workspace/Sources/ActionsKit/UICommand+Actions.swift (in target 'ActionsKit' from project 'ActionsKit')
SwiftCompile normal arm64 /Users/admin/builder/spi-builder-workspace/Sources/ActionsKit/UICommand+Actions.swift (in target 'ActionsKit' from project 'ActionsKit')
    cd /Users/admin/builder/spi-builder-workspace/.swiftpm/xcode
    builtin-SwiftPerFileCompile UICommand+Actions.swift
/Users/admin/builder/spi-builder-workspace/Sources/ActionsKit/UICommand+Actions.swift:10:25: warning: extension declares a conformance of imported type 'UICommand' to imported protocol 'ActionIdentification'; this will not behave correctly if the owners of 'UIKit' introduce this conformance in the future
 8 | import UIKit
 9 |
10 | @available(iOS 13.0, *) extension UICommand: ActionIdentification {
   |                         |- warning: extension declares a conformance of imported type 'UICommand' to imported protocol 'ActionIdentification'; this will not behave correctly if the owners of 'UIKit' introduce this conformance in the future
   |                         `- note: add '@retroactive' to silence this warning
11 |     public var actionID: String {
12 |         get { return (propertyList as? String) ?? "" }
SwiftCompile normal arm64 Compiling\ ActionManagerMobile.swift /Users/admin/builder/spi-builder-workspace/Sources/ActionsKit/ActionManagerMobile.swift (in target 'ActionsKit' from project 'ActionsKit')
SwiftCompile normal arm64 /Users/admin/builder/spi-builder-workspace/Sources/ActionsKit/ActionManagerMobile.swift (in target 'ActionsKit' from project 'ActionsKit')
    cd /Users/admin/builder/spi-builder-workspace/.swiftpm/xcode
    builtin-SwiftPerFileCompile ActionManagerMobile.swift
SwiftCompile normal arm64 Compiling\ ActionManagerMac.swift /Users/admin/builder/spi-builder-workspace/Sources/ActionsKit/ActionManagerMac.swift (in target 'ActionsKit' from project 'ActionsKit')
SwiftCompile normal arm64 /Users/admin/builder/spi-builder-workspace/Sources/ActionsKit/ActionManagerMac.swift (in target 'ActionsKit' from project 'ActionsKit')
    cd /Users/admin/builder/spi-builder-workspace/.swiftpm/xcode
    builtin-SwiftPerFileCompile ActionManagerMac.swift
SwiftCompile normal arm64 Compiling\ UIViewController+Actions.swift /Users/admin/builder/spi-builder-workspace/Sources/ActionsKit/UIViewController+Actions.swift (in target 'ActionsKit' from project 'ActionsKit')
SwiftCompile normal arm64 /Users/admin/builder/spi-builder-workspace/Sources/ActionsKit/UIViewController+Actions.swift (in target 'ActionsKit' from project 'ActionsKit')
    cd /Users/admin/builder/spi-builder-workspace/.swiftpm/xcode
    builtin-SwiftPerFileCompile UIViewController+Actions.swift
SwiftEmitModule normal arm64_32 Emitting\ module\ for\ ActionsKit (in target 'ActionsKit' from project 'ActionsKit')
/Users/admin/builder/spi-builder-workspace/Sources/ActionsKit/UICommand+Actions.swift:10:25: warning: extension declares a conformance of imported type 'UICommand' to imported protocol 'ActionIdentification'; this will not behave correctly if the owners of 'UIKit' introduce this conformance in the future
 8 | import UIKit
 9 |
10 | @available(iOS 13.0, *) extension UICommand: ActionIdentification {
   |                         |- warning: extension declares a conformance of imported type 'UICommand' to imported protocol 'ActionIdentification'; this will not behave correctly if the owners of 'UIKit' introduce this conformance in the future
   |                         `- note: add '@retroactive' to silence this warning
11 |     public var actionID: String {
12 |         get { return (propertyList as? String) ?? "" }
/Users/admin/builder/spi-builder-workspace/Sources/ActionsKit/UICommand+Actions.swift:10:35: error: 'UICommand' is unavailable in watchOS
 8 | import UIKit
 9 |
10 | @available(iOS 13.0, *) extension UICommand: ActionIdentification {
   |                                   `- error: 'UICommand' is unavailable in watchOS
11 |     public var actionID: String {
12 |         get { return (propertyList as? String) ?? "" }
/Applications/Xcode-27.0.0-Release.Candidate.app/Contents/Developer/Platforms/WatchOS.platform/Developer/SDKs/WatchOS27.0.sdk/System/Library/Frameworks/UIKit.framework/Headers/UICommand.h:63:12: note: 'UICommand' has been explicitly marked unavailable here
 61 | /// Represents an action to take.
 62 | UIKIT_EXTERN API_AVAILABLE(ios(13.0)) API_UNAVAILABLE(watchos) NS_SWIFT_UI_ACTOR
 63 | @interface UICommand : UIMenuElement <UIMenuLeaf>
    |            `- note: 'UICommand' has been explicitly marked unavailable here
 64 |
 65 | /// Short display title.
/Users/admin/builder/spi-builder-workspace/Sources/ActionsKit/UIMenu+Actions.swift:10:25: warning: extension declares a conformance of imported type 'UIMenu' to imported protocol 'ActionIdentification'; this will not behave correctly if the owners of 'UIKit' introduce this conformance in the future
 8 | import UIKit
 9 |
10 | @available(iOS 13.0, *) extension UIMenu: ActionIdentification {
   |                         |- warning: extension declares a conformance of imported type 'UIMenu' to imported protocol 'ActionIdentification'; this will not behave correctly if the owners of 'UIKit' introduce this conformance in the future
   |                         `- note: add '@retroactive' to silence this warning
11 |     public var actionID: String {
12 |         get { return identifier.rawValue }
/Users/admin/builder/spi-builder-workspace/Sources/ActionsKit/UIMenu+Actions.swift:10:35: error: 'UIMenu' is unavailable in watchOS
 8 | import UIKit
 9 |
10 | @available(iOS 13.0, *) extension UIMenu: ActionIdentification {
   |                                   `- error: 'UIMenu' is unavailable in watchOS
11 |     public var actionID: String {
12 |         get { return identifier.rawValue }
/Applications/Xcode-27.0.0-Release.Candidate.app/Contents/Developer/Platforms/WatchOS.platform/Developer/SDKs/WatchOS27.0.sdk/System/Library/Frameworks/UIKit.framework/Headers/UIMenu.h:43:12: note: 'UIMenu' has been explicitly marked unavailable here
 41 |
 42 | UIKIT_EXTERN API_AVAILABLE(ios(13.0)) API_UNAVAILABLE(watchos) NS_SWIFT_UI_ACTOR
 43 | @interface UIMenu : UIMenuElement
    |            `- note: 'UIMenu' has been explicitly marked unavailable here
 44 |
 45 | /// Unique identifier.
/Users/admin/builder/spi-builder-workspace/Sources/ActionsKit/UIMenu+Actions.swift:17:1: warning: extension declares a conformance of imported type 'UIMenuItem' to imported protocol 'ActionIdentification'; this will not behave correctly if the owners of 'UIKit' introduce this conformance in the future
15 | }
16 |
17 | extension UIMenuItem: ActionIdentification {
   | |- warning: extension declares a conformance of imported type 'UIMenuItem' to imported protocol 'ActionIdentification'; this will not behave correctly if the owners of 'UIKit' introduce this conformance in the future
   | `- note: add '@retroactive' to silence this warning
18 |     public var actionID: String {
19 |         get { return retrieveID() }
/Users/admin/builder/spi-builder-workspace/Sources/ActionsKit/UIMenu+Actions.swift:17:11: error: 'UIMenuItem' is unavailable in watchOS
15 | }
16 |
17 | extension UIMenuItem: ActionIdentification {
   |           `- error: 'UIMenuItem' is unavailable in watchOS
18 |     public var actionID: String {
19 |         get { return retrieveID() }
/Applications/Xcode-27.0.0-Release.Candidate.app/Contents/Developer/Platforms/WatchOS.platform/Developer/SDKs/WatchOS27.0.sdk/System/Library/Frameworks/UIKit.framework/Headers/UIMenuController.h:58:12: note: 'UIMenuItem' has been explicitly marked unavailable here
56 |
57 | UIKIT_EXTERN API_DEPRECATED("UIMenuItem is deprecated. Use UIEditMenuInteraction instead.", ios(3.2, 16.0), visionos(1.0, 1.0)) API_UNAVAILABLE(tvos) API_UNAVAILABLE(watchos) NS_SWIFT_UI_ACTOR
58 | @interface UIMenuItem : NSObject
   |            `- note: 'UIMenuItem' has been explicitly marked unavailable here
59 |
60 | - (instancetype)initWithTitle:(NSString *)title action:(SEL)action NS_DESIGNATED_INITIALIZER;
Failed frontend command:
/Applications/Xcode-27.0.0-Release.Candidate.app/Contents/Developer/Toolchains/XcodeDefault.xctoolchain/usr/bin/swift-frontend -frontend -emit-module -experimental-skip-non-inlinable-function-bodies-without-types /Users/admin/builder/spi-builder-workspace/Sources/ActionsKit/ActionManagerMac.swift /Users/admin/builder/spi-builder-workspace/Sources/ActionsKit/ActionManagerMobile.swift /Users/admin/builder/spi-builder-workspace/Sources/ActionsKit/UICommand+Actions.swift /Users/admin/builder/spi-builder-workspace/Sources/ActionsKit/UIMenu+Actions.swift /Users/admin/builder/spi-builder-workspace/Sources/ActionsKit/UINavigationController+Actions.swift /Users/admin/builder/spi-builder-workspace/Sources/ActionsKit/UIResponder+Actions.swift /Users/admin/builder/spi-builder-workspace/Sources/ActionsKit/UIView+Actions.swift /Users/admin/builder/spi-builder-workspace/Sources/ActionsKit/UIViewController+Actions.swift -target arm64_32-apple-watchos9.0 -module-can-import-version UIKit 9127.0.84.1 9127.0.84 -disable-cross-import-overlay-search -load-resolved-plugin /Applications/Xcode-27.0.0-Release.Candidate.app/Contents/Developer/Platforms/WatchOS.platform/Developer/usr/lib/swift/host/plugins/libFoundationMacros.dylib\#/Applications/Xcode-27.0.0-Release.Candidate.app/Contents/Developer/Platforms/WatchOS.platform/Developer/usr/bin/swift-plugin-server\#FoundationMacros -load-resolved-plugin /Applications/Xcode-27.0.0-Release.Candidate.app/Contents/Developer/Platforms/WatchOS.platform/Developer/usr/lib/swift/host/plugins/libObservationMacros.dylib\#/Applications/Xcode-27.0.0-Release.Candidate.app/Contents/Developer/Platforms/WatchOS.platform/Developer/usr/bin/swift-plugin-server\#ObservationMacros -load-resolved-plugin /Applications/Xcode-27.0.0-Release.Candidate.app/Contents/Developer/Platforms/WatchOS.platform/Developer/usr/lib/swift/host/plugins/libSwiftMacros.dylib\#/Applications/Xcode-27.0.0-Release.Candidate.app/Contents/Developer/Platforms/WatchOS.platform/Developer/usr/bin/swift-plugin-server\#SwiftMacros -load-resolved-plugin /Applications/Xcode-27.0.0-Release.Candidate.app/Contents/Developer/Platforms/WatchOS.platform/Developer/usr/lib/swift/host/plugins/libSwiftUIMacros.dylib\#/Applications/Xcode-27.0.0-Release.Candidate.app/Contents/Developer/Platforms/WatchOS.platform/Developer/usr/bin/swift-plugin-server\#SwiftUIMacros -disable-implicit-swift-modules -Xcc -fno-implicit-modules -Xcc -fno-implicit-module-maps -explicit-swift-module-map-file /Users/admin/builder/spi-builder-workspace/.derivedData/Build/Intermediates.noindex/ActionsKit.build/Debug-watchos/ActionsKit-t.build/Objects-normal/arm64_32/ActionsKit-dependencies-1.json -enable-objc-interop -sdk /Applications/Xcode-27.0.0-Release.Candidate.app/Contents/Developer/Platforms/WatchOS.platform/Developer/SDKs/WatchOS27.0.sdk -I /Users/admin/builder/spi-builder-workspace/.derivedData/Build/Products/Debug-watchos -Isystem /Applications/Xcode-27.0.0-Release.Candidate.app/Contents/Developer/Platforms/WatchOS.platform/Developer/usr/lib -F /Users/admin/builder/spi-builder-workspace/.derivedData/Build/Products/Debug-watchos/PackageFrameworks -F /Users/admin/builder/spi-builder-workspace/.derivedData/Build/Products/Debug-watchos -F /Applications/Xcode-27.0.0-Release.Candidate.app/Contents/Developer/Platforms/WatchOS.platform/Developer/Library/Frameworks -F /Applications/Xcode-27.0.0-Release.Candidate.app/Contents/Developer/Platforms/WatchOS.platform/Developer/SDKs/WatchOS27.0.sdk/Developer/Library/Frameworks -module-cache-path /Users/admin/builder/spi-builder-workspace/.derivedData/Build/Intermediates.noindex/SwiftExplicitPrecompiledModules -no-color-diagnostics -Xcc -fno-color-diagnostics -enable-testing -g -debug-info-format\=dwarf -dwarf-version\=4 -swift-version 5 -Onone -D SWIFT_PACKAGE -D DEBUG -D SWIFT_MODULE_RESOURCE_BUNDLE_UNAVAILABLE -D Xcode -serialize-debugging-options -enable-experimental-feature DebugDescriptionMacro -empty-abi-descriptor -validate-clang-modules-once -clang-build-session-file /Users/admin/builder/spi-builder-workspace/.derivedData/ModuleCache.noindex/Session.modulevalidation -Xcc -working-directory -Xcc /Users/admin/builder/spi-builder-workspace/.swiftpm/xcode -enable-anonymous-context-mangled-names -file-compilation-dir /Users/admin/builder/spi-builder-workspace/.swiftpm/xcode -Xcc -D_LIBCPP_HARDENING_MODE\=_LIBCPP_HARDENING_MODE_DEBUG -Xcc -ivfsstatcache -Xcc /Users/admin/builder/spi-builder-workspace/.derivedData/SDKStatCaches.noindex/watchos27.0-24R360-e829b21a6f8c9b70876ba0858053c04477534ef55a1706bf4c1112bbb242f0a2.sdkstatcache -Xcc -fmodules-prune-interval\=86400 -Xcc -fmodules-prune-after\=345600 -Xcc -I/Users/admin/builder/spi-builder-workspace/.derivedData/Build/Products/Debug-watchos/include -Xcc -I/Users/admin/builder/spi-builder-workspace/.derivedData/Build/Intermediates.noindex/ActionsKit.build/Debug-watchos/ActionsKit-t.build/DerivedSources-normal/arm64_32 -Xcc -I/Users/admin/builder/spi-builder-workspace/.derivedData/Build/Intermediates.noindex/ActionsKit.build/Debug-watchos/ActionsKit-t.build/DerivedSources/arm64_32 -Xcc -I/Users/admin/builder/spi-builder-workspace/.derivedData/Build/Intermediates.noindex/ActionsKit.build/Debug-watchos/ActionsKit-t.build/DerivedSources -Xcc -DSWIFT_PACKAGE -Xcc -DDEBUG\=1 -no-auto-bridging-header-chaining -module-name ActionsKit -const-gather-protocols-file /Users/admin/builder/spi-builder-workspace/.derivedData/Build/Intermediates.noindex/ActionsKit.build/Debug-watchos/ActionsKit-t.build/Objects-normal/arm64_32/ActionsKit_const_extract_protocols.json -disable-clang-spi -clang-target arm64_32-apple-watchos27.0 -target-sdk-version 27.0 -target-sdk-name watchos27.0 -in-process-plugin-server-path /Applications/Xcode-27.0.0-Release.Candidate.app/Contents/Developer/Toolchains/XcodeDefault.xctoolchain/usr/lib/swift/host/libSwiftInProcPluginServer.dylib -emit-module-doc-path /Users/admin/builder/spi-builder-workspace/.derivedData/Build/Intermediates.noindex/ActionsKit.build/Debug-watchos/ActionsKit-t.build/Objects-normal/arm64_32/ActionsKit.swiftdoc -emit-module-source-info-path /Users/admin/builder/spi-builder-workspace/.derivedData/Build/Intermediates.noindex/ActionsKit.build/Debug-watchos/ActionsKit-t.build/Objects-normal/arm64_32/ActionsKit.swiftsourceinfo -emit-objc-header-path /Users/admin/builder/spi-builder-workspace/.derivedData/Build/Intermediates.noindex/ActionsKit.build/Debug-watchos/ActionsKit-t.build/Objects-normal/arm64_32/ActionsKit-Swift.h -serialize-diagnostics-path /Users/admin/builder/spi-builder-workspace/.derivedData/Build/Intermediates.noindex/ActionsKit.build/Debug-watchos/ActionsKit-t.build/Objects-normal/arm64_32/ActionsKit-primary-emit-module.dia -emit-dependencies-path /Users/admin/builder/spi-builder-workspace/.derivedData/Build/Intermediates.noindex/ActionsKit.build/Debug-watchos/ActionsKit-t.build/Objects-normal/arm64_32/ActionsKit-primary-emit-module.d -parse-as-library -o /Users/admin/builder/spi-builder-workspace/.derivedData/Build/Intermediates.noindex/ActionsKit.build/Debug-watchos/ActionsKit-t.build/Objects-normal/arm64_32/ActionsKit.swiftmodule -emit-abi-descriptor-path /Users/admin/builder/spi-builder-workspace/.derivedData/Build/Intermediates.noindex/ActionsKit.build/Debug-watchos/ActionsKit-t.build/Objects-normal/arm64_32/ActionsKit.abi.json
SwiftCompile normal arm64_32 (in target 'ActionsKit' from project 'ActionsKit')
    cd /Users/admin/builder/spi-builder-workspace/.swiftpm/xcode

SwiftCompile normal arm64_32 Compiling\ UINavigationController+Actions.swift /Users/admin/builder/spi-builder-workspace/Sources/ActionsKit/UINavigationController+Actions.swift (in target 'ActionsKit' from project 'ActionsKit')
SwiftCompile normal arm64_32 /Users/admin/builder/spi-builder-workspace/Sources/ActionsKit/UINavigationController+Actions.swift (in target 'ActionsKit' from project 'ActionsKit')
    cd /Users/admin/builder/spi-builder-workspace/.swiftpm/xcode
    builtin-SwiftPerFileCompile UINavigationController+Actions.swift
SwiftDriverJobDiscovery normal arm64 Compiling UIResponder+Actions.swift (in target 'ActionsKit' from project 'ActionsKit')
SwiftCompile normal arm64_32 Compiling\ UIMenu+Actions.swift /Users/admin/builder/spi-builder-workspace/Sources/ActionsKit/UIMenu+Actions.swift (in target 'ActionsKit' from project 'ActionsKit')
SwiftCompile normal arm64_32 /Users/admin/builder/spi-builder-workspace/Sources/ActionsKit/UIMenu+Actions.swift (in target 'ActionsKit' from project 'ActionsKit')
    cd /Users/admin/builder/spi-builder-workspace/.swiftpm/xcode
    builtin-SwiftPerFileCompile UIMenu+Actions.swift
SwiftDriverJobDiscovery normal arm64 Compiling UINavigationController+Actions.swift (in target 'ActionsKit' from project 'ActionsKit')
SwiftCompile normal arm64_32 Compiling\ UIResponder+Actions.swift /Users/admin/builder/spi-builder-workspace/Sources/ActionsKit/UIResponder+Actions.swift (in target 'ActionsKit' from project 'ActionsKit')
SwiftCompile normal arm64_32 /Users/admin/builder/spi-builder-workspace/Sources/ActionsKit/UIResponder+Actions.swift (in target 'ActionsKit' from project 'ActionsKit')
    cd /Users/admin/builder/spi-builder-workspace/.swiftpm/xcode
    builtin-SwiftPerFileCompile UIResponder+Actions.swift
SwiftCompile normal arm64_32 Compiling\ UICommand+Actions.swift /Users/admin/builder/spi-builder-workspace/Sources/ActionsKit/UICommand+Actions.swift (in target 'ActionsKit' from project 'ActionsKit')
SwiftCompile normal arm64_32 /Users/admin/builder/spi-builder-workspace/Sources/ActionsKit/UICommand+Actions.swift (in target 'ActionsKit' from project 'ActionsKit')
    cd /Users/admin/builder/spi-builder-workspace/.swiftpm/xcode
    builtin-SwiftPerFileCompile UICommand+Actions.swift
SwiftDriverJobDiscovery normal arm64 Compiling UIView+Actions.swift (in target 'ActionsKit' from project 'ActionsKit')
SwiftCompile normal arm64_32 Compiling\ ActionManagerMac.swift /Users/admin/builder/spi-builder-workspace/Sources/ActionsKit/ActionManagerMac.swift (in target 'ActionsKit' from project 'ActionsKit')
SwiftCompile normal arm64_32 /Users/admin/builder/spi-builder-workspace/Sources/ActionsKit/ActionManagerMac.swift (in target 'ActionsKit' from project 'ActionsKit')
    cd /Users/admin/builder/spi-builder-workspace/.swiftpm/xcode
    builtin-SwiftPerFileCompile ActionManagerMac.swift
SwiftCompile normal arm64_32 Compiling\ UIViewController+Actions.swift /Users/admin/builder/spi-builder-workspace/Sources/ActionsKit/UIViewController+Actions.swift (in target 'ActionsKit' from project 'ActionsKit')
SwiftCompile normal arm64_32 /Users/admin/builder/spi-builder-workspace/Sources/ActionsKit/UIViewController+Actions.swift (in target 'ActionsKit' from project 'ActionsKit')
    cd /Users/admin/builder/spi-builder-workspace/.swiftpm/xcode
    builtin-SwiftPerFileCompile UIViewController+Actions.swift
SwiftDriverJobDiscovery normal arm64 Compiling ActionManagerMac.swift (in target 'ActionsKit' from project 'ActionsKit')
SwiftDriverJobDiscovery normal arm64 Compiling UIViewController+Actions.swift (in target 'ActionsKit' from project 'ActionsKit')
SwiftDriverJobDiscovery normal arm64 Compiling ActionManagerMobile.swift (in target 'ActionsKit' from project 'ActionsKit')
SwiftCompile normal arm64_32 Compiling\ UIView+Actions.swift /Users/admin/builder/spi-builder-workspace/Sources/ActionsKit/UIView+Actions.swift (in target 'ActionsKit' from project 'ActionsKit')
SwiftCompile normal arm64_32 /Users/admin/builder/spi-builder-workspace/Sources/ActionsKit/UIView+Actions.swift (in target 'ActionsKit' from project 'ActionsKit')
    cd /Users/admin/builder/spi-builder-workspace/.swiftpm/xcode
    builtin-SwiftPerFileCompile UIView+Actions.swift
PruneExplicitPrecompiledModules /Users/admin/builder/spi-builder-workspace/.derivedData/Build/Intermediates.noindex/SwiftExplicitPrecompiledModules
PruneExplicitPrecompiledModules /Users/admin/builder/spi-builder-workspace/.derivedData/SDKExplicitPrecompiledModules
PruneExplicitPrecompiledModules /Users/admin/builder/spi-builder-workspace/.derivedData/Build/Intermediates.noindex/ExplicitPrecompiledModules
2026-09-15 17:07:52.695 xcodebuild[790:4727] [MT] IDERunDestination: Supported platforms for the buildables in the current scheme is empty.
2026-09-15 17:07:52.839 xcodebuild[790:4727] [MT] IDERunDestination: Supported platforms for the buildables in the current scheme is empty.
** BUILD FAILED **
The following build commands failed:
	SwiftCompile normal arm64 (in target 'ActionsKit' from project 'ActionsKit')
	SwiftEmitModule normal arm64 Emitting\ module\ for\ ActionsKit (in target 'ActionsKit' from project 'ActionsKit')
	SwiftEmitModule normal arm64_32 Emitting\ module\ for\ ActionsKit (in target 'ActionsKit' from project 'ActionsKit')
	SwiftCompile normal arm64_32 (in target 'ActionsKit' from project 'ActionsKit')
	Building workspace ActionsKit with scheme ActionsKit
(5 failures)
Command line invocation:
    /Applications/Xcode-27.0.0-Release.Candidate.app/Contents/Developer/usr/bin/xcodebuild -IDEClonedSourcePackagesDirPathOverride=/Users/admin/builder/spi-builder-workspace/.dependencies -resolvePackageDependencies
Resolve Package Graph
Resolved source packages:
  Localization: https://github.com/elegantchaos/Localization @ 1.0.5
  Actions: https://github.com/elegantchaos/Actions @ 1.5.1
  Logger: https://github.com/elegantchaos/Logger @ 1.8.2
  ActionsKit: /Users/admin/builder/spi-builder-workspace
resolved source packages: Localization, Actions, Logger, ActionsKit
2026-09-15 17:08:03.953 xcodebuild[1039:5980] [MT] IDERunDestination: Supported platforms for the buildables in the current scheme is empty.
2026-09-15 17:08:04.057 xcodebuild[1039:5980] [MT] IDERunDestination: Supported platforms for the buildables in the current scheme is empty.
{
  "dependencies" : [
    {
      "identity" : "actions",
      "requirement" : {
        "range" : [
          {
            "lower_bound" : "1.5.1",
            "upper_bound" : "2.0.0"
          }
        ]
      },
      "type" : "sourceControl",
      "url" : "https://github.com/elegantchaos/Actions"
    },
    {
      "identity" : "logger",
      "requirement" : {
        "range" : [
          {
            "lower_bound" : "1.5.3",
            "upper_bound" : "2.0.0"
          }
        ]
      },
      "type" : "sourceControl",
      "url" : "https://github.com/elegantchaos/Logger"
    },
    {
      "identity" : "localization",
      "requirement" : {
        "range" : [
          {
            "lower_bound" : "1.0.3",
            "upper_bound" : "2.0.0"
          }
        ]
      },
      "type" : "sourceControl",
      "url" : "https://github.com/elegantchaos/Localization"
    }
  ],
  "manifest_display_name" : "ActionsKit",
  "name" : "ActionsKit",
  "path" : "/Users/admin/builder/spi-builder-workspace",
  "platforms" : [
    {
      "name" : "macos",
      "version" : "10.13"
    },
    {
      "name" : "ios",
      "version" : "12.0"
    },
    {
      "name" : "tvos",
      "version" : "12.0"
    }
  ],
  "products" : [
    {
      "name" : "ActionsKit",
      "targets" : [
        "ActionsKit"
      ],
      "type" : {
        "library" : [
          "automatic"
        ]
      }
    }
  ],
  "targets" : [
    {
      "c99name" : "ActionsKitTests",
      "module_type" : "SwiftTarget",
      "name" : "ActionsKitTests",
      "path" : "Tests/ActionsKitTests",
      "sources" : [
        "ActionsKitTests.swift",
        "XCTestManifests.swift"
      ],
      "target_dependencies" : [
        "ActionsKit"
      ],
      "type" : "test"
    },
    {
      "c99name" : "ActionsKit",
      "module_type" : "SwiftTarget",
      "name" : "ActionsKit",
      "path" : "Sources/ActionsKit",
      "product_dependencies" : [
        "Actions",
        "Localization",
        "Logger",
        "LoggerKit"
      ],
      "product_memberships" : [
        "ActionsKit"
      ],
      "sources" : [
        "ActionManagerMac.swift",
        "ActionManagerMobile.swift",
        "UICommand+Actions.swift",
        "UIMenu+Actions.swift",
        "UINavigationController+Actions.swift",
        "UIResponder+Actions.swift",
        "UIView+Actions.swift",
        "UIViewController+Actions.swift"
      ],
      "type" : "library"
    }
  ],
  "tools_version" : "5.1"
}
{
  "workspace" : {
    "name" : "ActionsKit",
    "schemes" : [
      "Actions",
      "Actions-Package",
      "ActionsKit",
      "ActionsTestSupport",
      "Localization",
      "Localization-Package",
      "LocalizationShared",
      "Logger",
      "Logger-Package",
      "LoggerKit",
      "LoggerTestSupport"
    ]
  }
}
2026-09-15 17:08:05.293 xcodebuild[1047:6051] [MT] IDERunDestination: Supported platforms for the buildables in the current scheme is empty.
2026-09-15 17:08:05.397 xcodebuild[1047:6051] [MT] IDERunDestination: Supported platforms for the buildables in the current scheme is empty.
{
  "workspace" : {
    "name" : "ActionsKit",
    "schemes" : [
      "Actions",
      "Actions-Package",
      "ActionsKit",
      "ActionsTestSupport",
      "Localization",
      "Localization-Package",
      "LocalizationShared",
      "Logger",
      "Logger-Package",
      "LoggerKit",
      "LoggerTestSupport"
    ]
  }
}
2026-09-15 17:08:06.343 xcodebuild[1049:6080] [MT] IDERunDestination: Supported platforms for the buildables in the current scheme is empty.
2026-09-15 17:08:06.446 xcodebuild[1049:6080] [MT] IDERunDestination: Supported platforms for the buildables in the current scheme is empty.
Running build ...
env DEVELOPER_DIR=/Applications/Xcode-27.0.0-Release.Candidate.app xcrun xcodebuild -IDEClonedSourcePackagesDirPathOverride=$PWD/.dependencies -skipMacroValidation -skipPackagePluginValidation -derivedDataPath $PWD/.derivedData build -scheme ActionsKit -destination generic/platform=watchOS
Command line invocation:
    /Applications/Xcode-27.0.0-Release.Candidate.app/Contents/Developer/usr/bin/xcodebuild -IDEClonedSourcePackagesDirPathOverride=/Users/admin/builder/spi-builder-workspace/.dependencies -skipMacroValidation -skipPackagePluginValidation -derivedDataPath /Users/admin/builder/spi-builder-workspace/.derivedData build -scheme ActionsKit -destination generic/platform=watchOS
Resolve Package Graph
Resolved source packages:
  Logger: https://github.com/elegantchaos/Logger @ 1.8.2
  Actions: https://github.com/elegantchaos/Actions @ 1.5.1
  ActionsKit: /Users/admin/builder/spi-builder-workspace
  Localization: https://github.com/elegantchaos/Localization @ 1.0.5
ComputePackagePrebuildTargetDependencyGraph
Prepare packages
CreateBuildRequest
SendProjectDescription
CreateBuildOperation
ComputeTargetDependencyGraph
note: Building targets in dependency order
note: Target dependency graph (10 targets)
    Target 'ActionsKit-product' in project 'ActionsKit'
        ➜ Explicit dependency on target 'ActionsKit' in project 'ActionsKit'
        ➜ Explicit dependency on target 'Actions-product' in project 'Actions'
        ➜ Explicit dependency on target 'Localization-product' in project 'Localization'
        ➜ Explicit dependency on target 'Logger-product' in project 'Logger'
        ➜ Explicit dependency on target 'LoggerKit-product' in project 'Logger'
    Target 'ActionsKit' in project 'ActionsKit'
        ➜ Explicit dependency on target 'Actions-product' in project 'Actions'
        ➜ Explicit dependency on target 'Localization-product' in project 'Localization'
        ➜ Explicit dependency on target 'Logger-product' in project 'Logger'
        ➜ Explicit dependency on target 'LoggerKit-product' in project 'Logger'
    Target 'LoggerKit-product' in project 'Logger'
        ➜ Explicit dependency on target 'LoggerKit' in project 'Logger'
        ➜ Explicit dependency on target 'Logger' in project 'Logger'
    Target 'LoggerKit' in project 'Logger'
        ➜ Explicit dependency on target 'Logger' in project 'Logger'
    Target 'Localization-product' in project 'Localization'
        ➜ Explicit dependency on target 'Localization' in project 'Localization'
    Target 'Localization' in project 'Localization' (no dependencies)
    Target 'Actions-product' in project 'Actions'
        ➜ Explicit dependency on target 'Actions' in project 'Actions'
        ➜ Explicit dependency on target 'Logger-product' in project 'Logger'
    Target 'Actions' in project 'Actions'
        ➜ Explicit dependency on target 'Logger-product' in project 'Logger'
    Target 'Logger-product' in project 'Logger'
        ➜ Explicit dependency on target 'Logger' in project 'Logger'
    Target 'Logger' in project 'Logger' (no dependencies)
GatherProvisioningInputs
CreateBuildDescription
ClangStatCache /Applications/Xcode-27.0.0-Release.Candidate.app/Contents/Developer/Toolchains/XcodeDefault.xctoolchain/usr/bin/clang-stat-cache /Applications/Xcode-27.0.0-Release.Candidate.app/Contents/Developer/Platforms/WatchOS.platform/Developer/SDKs/WatchOS27.0.sdk /Users/admin/builder/spi-builder-workspace/.derivedData/SDKStatCaches.noindex/watchos27.0-24R360-e829b21a6f8c9b70876ba0858053c04477534ef55a1706bf4c1112bbb242f0a2.sdkstatcache
    cd /Users/admin/builder/spi-builder-workspace/.swiftpm/xcode
    /Applications/Xcode-27.0.0-Release.Candidate.app/Contents/Developer/Toolchains/XcodeDefault.xctoolchain/usr/bin/clang-stat-cache /Applications/Xcode-27.0.0-Release.Candidate.app/Contents/Developer/Platforms/WatchOS.platform/Developer/SDKs/WatchOS27.0.sdk -o /Users/admin/builder/spi-builder-workspace/.derivedData/SDKStatCaches.noindex/watchos27.0-24R360-e829b21a6f8c9b70876ba0858053c04477534ef55a1706bf4c1112bbb242f0a2.sdkstatcache
SwiftDriver ActionsKit normal arm64 com.apple.xcode.tools.swift.compiler (in target 'ActionsKit' from project 'ActionsKit')
    cd /Users/admin/builder/spi-builder-workspace/.swiftpm/xcode
    builtin-SwiftDriver -- /Applications/Xcode-27.0.0-Release.Candidate.app/Contents/Developer/Toolchains/XcodeDefault.xctoolchain/usr/bin/swiftc -parse-as-library -module-name ActionsKit -Onone @/Users/admin/builder/spi-builder-workspace/.derivedData/Build/Intermediates.noindex/ActionsKit.build/Debug-watchos/ActionsKit-t.build/Objects-normal/arm64/ActionsKit.SwiftFileList -DSWIFT_PACKAGE -DDEBUG -DSWIFT_MODULE_RESOURCE_BUNDLE_UNAVAILABLE -DXcode -plugin-path /Applications/Xcode-27.0.0-Release.Candidate.app/Contents/Developer/Toolchains/XcodeDefault.xctoolchain/usr/lib/swift/host/plugins/testing -enable-experimental-feature DebugDescriptionMacro -sdk /Applications/Xcode-27.0.0-Release.Candidate.app/Contents/Developer/Platforms/WatchOS.platform/Developer/SDKs/WatchOS27.0.sdk -target arm64-apple-watchos9.0 -g -module-cache-path /Users/admin/builder/spi-builder-workspace/.derivedData/ModuleCache.noindex -Xfrontend -serialize-debugging-options -enable-testing -index-store-path /Users/admin/builder/spi-builder-workspace/.derivedData/Index.noindex/DataStore -Xcc -D_LIBCPP_HARDENING_MODE\=_LIBCPP_HARDENING_MODE_DEBUG -swift-version 5 -I /Users/admin/builder/spi-builder-workspace/.derivedData/Build/Products/Debug-watchos -Isystem /Applications/Xcode-27.0.0-Release.Candidate.app/Contents/Developer/Platforms/WatchOS.platform/Developer/usr/lib -F /Users/admin/builder/spi-builder-workspace/.derivedData/Build/Products/Debug-watchos/PackageFrameworks -F /Users/admin/builder/spi-builder-workspace/.derivedData/Build/Products/Debug-watchos -F /Applications/Xcode-27.0.0-Release.Candidate.app/Contents/Developer/Platforms/WatchOS.platform/Developer/Library/Frameworks -F /Applications/Xcode-27.0.0-Release.Candidate.app/Contents/Developer/Platforms/WatchOS.platform/Developer/SDKs/WatchOS27.0.sdk/Developer/Library/Frameworks -c -j10 -enable-batch-mode -incremental -Xcc -ivfsstatcache -Xcc /Users/admin/builder/spi-builder-workspace/.derivedData/SDKStatCaches.noindex/watchos27.0-24R360-e829b21a6f8c9b70876ba0858053c04477534ef55a1706bf4c1112bbb242f0a2.sdkstatcache -output-file-map /Users/admin/builder/spi-builder-workspace/.derivedData/Build/Intermediates.noindex/ActionsKit.build/Debug-watchos/ActionsKit-t.build/Objects-normal/arm64/ActionsKit-OutputFileMap.json -save-temps -no-color-diagnostics -explicit-module-build -module-cache-path /Users/admin/builder/spi-builder-workspace/.derivedData/Build/Intermediates.noindex/SwiftExplicitPrecompiledModules -clang-scanner-module-cache-path /Users/admin/builder/spi-builder-workspace/.derivedData/ModuleCache.noindex -sdk-module-cache-path /Users/admin/builder/spi-builder-workspace/.derivedData/SDKExplicitPrecompiledModules -emit-dependencies -emit-module -emit-module-path /Users/admin/builder/spi-builder-workspace/.derivedData/Build/Intermediates.noindex/ActionsKit.build/Debug-watchos/ActionsKit-t.build/Objects-normal/arm64/ActionsKit.swiftmodule -serialize-diagnostics -dependency-scan-serialize-diagnostics-path /Users/admin/builder/spi-builder-workspace/.derivedData/Build/Intermediates.noindex/ActionsKit.build/Debug-watchos/ActionsKit-t.build/Objects-normal/arm64/ActionsKit-dependency-scan.dia -validate-clang-modules-once -clang-build-session-file /Users/admin/builder/spi-builder-workspace/.derivedData/ModuleCache.noindex/Session.modulevalidation -Xcc -fmodules-prune-interval\=86400 -Xcc -fmodules-prune-after\=345600 -emit-const-values -const-gather-protocols-list /Users/admin/builder/spi-builder-workspace/.derivedData/Build/Intermediates.noindex/ActionsKit.build/Debug-watchos/ActionsKit-t.build/Objects-normal/arm64/ActionsKit_const_extract_protocols.json -Xcc -I/Users/admin/builder/spi-builder-workspace/.derivedData/Build/Products/Debug-watchos/include -Xcc -I/Users/admin/builder/spi-builder-workspace/.derivedData/Build/Intermediates.noindex/ActionsKit.build/Debug-watchos/ActionsKit-t.build/DerivedSources-normal/arm64 -Xcc -I/Users/admin/builder/spi-builder-workspace/.derivedData/Build/Intermediates.noindex/ActionsKit.build/Debug-watchos/ActionsKit-t.build/DerivedSources/arm64 -Xcc -I/Users/admin/builder/spi-builder-workspace/.derivedData/Build/Intermediates.noindex/ActionsKit.build/Debug-watchos/ActionsKit-t.build/DerivedSources -Xcc -DSWIFT_PACKAGE -Xcc -DDEBUG\=1 -emit-objc-header -emit-objc-header-path /Users/admin/builder/spi-builder-workspace/.derivedData/Build/Intermediates.noindex/ActionsKit.build/Debug-watchos/ActionsKit-t.build/Objects-normal/arm64/ActionsKit-Swift.h -working-directory /Users/admin/builder/spi-builder-workspace/.swiftpm/xcode -experimental-emit-module-separately -disable-cmo
SwiftDriver ActionsKit normal arm64_32 com.apple.xcode.tools.swift.compiler (in target 'ActionsKit' from project 'ActionsKit')
    cd /Users/admin/builder/spi-builder-workspace/.swiftpm/xcode
    builtin-SwiftDriver -- /Applications/Xcode-27.0.0-Release.Candidate.app/Contents/Developer/Toolchains/XcodeDefault.xctoolchain/usr/bin/swiftc -parse-as-library -module-name ActionsKit -Onone @/Users/admin/builder/spi-builder-workspace/.derivedData/Build/Intermediates.noindex/ActionsKit.build/Debug-watchos/ActionsKit-t.build/Objects-normal/arm64_32/ActionsKit.SwiftFileList -DSWIFT_PACKAGE -DDEBUG -DSWIFT_MODULE_RESOURCE_BUNDLE_UNAVAILABLE -DXcode -plugin-path /Applications/Xcode-27.0.0-Release.Candidate.app/Contents/Developer/Toolchains/XcodeDefault.xctoolchain/usr/lib/swift/host/plugins/testing -enable-experimental-feature DebugDescriptionMacro -sdk /Applications/Xcode-27.0.0-Release.Candidate.app/Contents/Developer/Platforms/WatchOS.platform/Developer/SDKs/WatchOS27.0.sdk -target arm64_32-apple-watchos9.0 -g -module-cache-path /Users/admin/builder/spi-builder-workspace/.derivedData/ModuleCache.noindex -Xfrontend -serialize-debugging-options -enable-testing -index-store-path /Users/admin/builder/spi-builder-workspace/.derivedData/Index.noindex/DataStore -Xcc -D_LIBCPP_HARDENING_MODE\=_LIBCPP_HARDENING_MODE_DEBUG -swift-version 5 -I /Users/admin/builder/spi-builder-workspace/.derivedData/Build/Products/Debug-watchos -Isystem /Applications/Xcode-27.0.0-Release.Candidate.app/Contents/Developer/Platforms/WatchOS.platform/Developer/usr/lib -F /Users/admin/builder/spi-builder-workspace/.derivedData/Build/Products/Debug-watchos/PackageFrameworks -F /Users/admin/builder/spi-builder-workspace/.derivedData/Build/Products/Debug-watchos -F /Applications/Xcode-27.0.0-Release.Candidate.app/Contents/Developer/Platforms/WatchOS.platform/Developer/Library/Frameworks -F /Applications/Xcode-27.0.0-Release.Candidate.app/Contents/Developer/Platforms/WatchOS.platform/Developer/SDKs/WatchOS27.0.sdk/Developer/Library/Frameworks -c -j10 -enable-batch-mode -incremental -Xcc -ivfsstatcache -Xcc /Users/admin/builder/spi-builder-workspace/.derivedData/SDKStatCaches.noindex/watchos27.0-24R360-e829b21a6f8c9b70876ba0858053c04477534ef55a1706bf4c1112bbb242f0a2.sdkstatcache -output-file-map /Users/admin/builder/spi-builder-workspace/.derivedData/Build/Intermediates.noindex/ActionsKit.build/Debug-watchos/ActionsKit-t.build/Objects-normal/arm64_32/ActionsKit-OutputFileMap.json -save-temps -no-color-diagnostics -explicit-module-build -module-cache-path /Users/admin/builder/spi-builder-workspace/.derivedData/Build/Intermediates.noindex/SwiftExplicitPrecompiledModules -clang-scanner-module-cache-path /Users/admin/builder/spi-builder-workspace/.derivedData/ModuleCache.noindex -sdk-module-cache-path /Users/admin/builder/spi-builder-workspace/.derivedData/SDKExplicitPrecompiledModules -emit-dependencies -emit-module -emit-module-path /Users/admin/builder/spi-builder-workspace/.derivedData/Build/Intermediates.noindex/ActionsKit.build/Debug-watchos/ActionsKit-t.build/Objects-normal/arm64_32/ActionsKit.swiftmodule -serialize-diagnostics -dependency-scan-serialize-diagnostics-path /Users/admin/builder/spi-builder-workspace/.derivedData/Build/Intermediates.noindex/ActionsKit.build/Debug-watchos/ActionsKit-t.build/Objects-normal/arm64_32/ActionsKit-dependency-scan.dia -validate-clang-modules-once -clang-build-session-file /Users/admin/builder/spi-builder-workspace/.derivedData/ModuleCache.noindex/Session.modulevalidation -Xcc -fmodules-prune-interval\=86400 -Xcc -fmodules-prune-after\=345600 -emit-const-values -const-gather-protocols-list /Users/admin/builder/spi-builder-workspace/.derivedData/Build/Intermediates.noindex/ActionsKit.build/Debug-watchos/ActionsKit-t.build/Objects-normal/arm64_32/ActionsKit_const_extract_protocols.json -Xcc -I/Users/admin/builder/spi-builder-workspace/.derivedData/Build/Products/Debug-watchos/include -Xcc -I/Users/admin/builder/spi-builder-workspace/.derivedData/Build/Intermediates.noindex/ActionsKit.build/Debug-watchos/ActionsKit-t.build/DerivedSources-normal/arm64_32 -Xcc -I/Users/admin/builder/spi-builder-workspace/.derivedData/Build/Intermediates.noindex/ActionsKit.build/Debug-watchos/ActionsKit-t.build/DerivedSources/arm64_32 -Xcc -I/Users/admin/builder/spi-builder-workspace/.derivedData/Build/Intermediates.noindex/ActionsKit.build/Debug-watchos/ActionsKit-t.build/DerivedSources -Xcc -DSWIFT_PACKAGE -Xcc -DDEBUG\=1 -emit-objc-header -emit-objc-header-path /Users/admin/builder/spi-builder-workspace/.derivedData/Build/Intermediates.noindex/ActionsKit.build/Debug-watchos/ActionsKit-t.build/Objects-normal/arm64_32/ActionsKit-Swift.h -working-directory /Users/admin/builder/spi-builder-workspace/.swiftpm/xcode -experimental-emit-module-separately -disable-cmo
SwiftCompile normal arm64 Compiling\ UICommand+Actions.swift /Users/admin/builder/spi-builder-workspace/Sources/ActionsKit/UICommand+Actions.swift (in target 'ActionsKit' from project 'ActionsKit')
SwiftCompile normal arm64 /Users/admin/builder/spi-builder-workspace/Sources/ActionsKit/UICommand+Actions.swift (in target 'ActionsKit' from project 'ActionsKit')
    cd /Users/admin/builder/spi-builder-workspace/.swiftpm/xcode
    builtin-SwiftPerFileCompile UICommand+Actions.swift
/Users/admin/builder/spi-builder-workspace/Sources/ActionsKit/UICommand+Actions.swift:10:25: warning: extension declares a conformance of imported type 'UICommand' to imported protocol 'ActionIdentification'; this will not behave correctly if the owners of 'UIKit' introduce this conformance in the future
 8 | import UIKit
 9 |
10 | @available(iOS 13.0, *) extension UICommand: ActionIdentification {
   |                         |- warning: extension declares a conformance of imported type 'UICommand' to imported protocol 'ActionIdentification'; this will not behave correctly if the owners of 'UIKit' introduce this conformance in the future
   |                         `- note: add '@retroactive' to silence this warning
11 |     public var actionID: String {
12 |         get { return (propertyList as? String) ?? "" }
SwiftEmitModule normal arm64_32 Emitting\ module\ for\ ActionsKit (in target 'ActionsKit' from project 'ActionsKit')
/Users/admin/builder/spi-builder-workspace/Sources/ActionsKit/UICommand+Actions.swift:10:25: warning: extension declares a conformance of imported type 'UICommand' to imported protocol 'ActionIdentification'; this will not behave correctly if the owners of 'UIKit' introduce this conformance in the future
 8 | import UIKit
 9 |
10 | @available(iOS 13.0, *) extension UICommand: ActionIdentification {
   |                         |- warning: extension declares a conformance of imported type 'UICommand' to imported protocol 'ActionIdentification'; this will not behave correctly if the owners of 'UIKit' introduce this conformance in the future
   |                         `- note: add '@retroactive' to silence this warning
11 |     public var actionID: String {
12 |         get { return (propertyList as? String) ?? "" }
/Users/admin/builder/spi-builder-workspace/Sources/ActionsKit/UICommand+Actions.swift:10:35: error: 'UICommand' is unavailable in watchOS
 8 | import UIKit
 9 |
10 | @available(iOS 13.0, *) extension UICommand: ActionIdentification {
   |                                   `- error: 'UICommand' is unavailable in watchOS
11 |     public var actionID: String {
12 |         get { return (propertyList as? String) ?? "" }
/Applications/Xcode-27.0.0-Release.Candidate.app/Contents/Developer/Platforms/WatchOS.platform/Developer/SDKs/WatchOS27.0.sdk/System/Library/Frameworks/UIKit.framework/Headers/UICommand.h:63:12: note: 'UICommand' has been explicitly marked unavailable here
 61 | /// Represents an action to take.
 62 | UIKIT_EXTERN API_AVAILABLE(ios(13.0)) API_UNAVAILABLE(watchos) NS_SWIFT_UI_ACTOR
 63 | @interface UICommand : UIMenuElement <UIMenuLeaf>
    |            `- note: 'UICommand' has been explicitly marked unavailable here
 64 |
 65 | /// Short display title.
/Users/admin/builder/spi-builder-workspace/Sources/ActionsKit/UIMenu+Actions.swift:10:25: warning: extension declares a conformance of imported type 'UIMenu' to imported protocol 'ActionIdentification'; this will not behave correctly if the owners of 'UIKit' introduce this conformance in the future
 8 | import UIKit
 9 |
10 | @available(iOS 13.0, *) extension UIMenu: ActionIdentification {
   |                         |- warning: extension declares a conformance of imported type 'UIMenu' to imported protocol 'ActionIdentification'; this will not behave correctly if the owners of 'UIKit' introduce this conformance in the future
   |                         `- note: add '@retroactive' to silence this warning
11 |     public var actionID: String {
12 |         get { return identifier.rawValue }
/Users/admin/builder/spi-builder-workspace/Sources/ActionsKit/UIMenu+Actions.swift:10:35: error: 'UIMenu' is unavailable in watchOS
 8 | import UIKit
 9 |
10 | @available(iOS 13.0, *) extension UIMenu: ActionIdentification {
   |                                   `- error: 'UIMenu' is unavailable in watchOS
11 |     public var actionID: String {
12 |         get { return identifier.rawValue }
/Applications/Xcode-27.0.0-Release.Candidate.app/Contents/Developer/Platforms/WatchOS.platform/Developer/SDKs/WatchOS27.0.sdk/System/Library/Frameworks/UIKit.framework/Headers/UIMenu.h:43:12: note: 'UIMenu' has been explicitly marked unavailable here
 41 |
 42 | UIKIT_EXTERN API_AVAILABLE(ios(13.0)) API_UNAVAILABLE(watchos) NS_SWIFT_UI_ACTOR
 43 | @interface UIMenu : UIMenuElement
    |            `- note: 'UIMenu' has been explicitly marked unavailable here
 44 |
 45 | /// Unique identifier.
/Users/admin/builder/spi-builder-workspace/Sources/ActionsKit/UIMenu+Actions.swift:17:1: warning: extension declares a conformance of imported type 'UIMenuItem' to imported protocol 'ActionIdentification'; this will not behave correctly if the owners of 'UIKit' introduce this conformance in the future
15 | }
16 |
17 | extension UIMenuItem: ActionIdentification {
   | |- warning: extension declares a conformance of imported type 'UIMenuItem' to imported protocol 'ActionIdentification'; this will not behave correctly if the owners of 'UIKit' introduce this conformance in the future
   | `- note: add '@retroactive' to silence this warning
18 |     public var actionID: String {
19 |         get { return retrieveID() }
/Users/admin/builder/spi-builder-workspace/Sources/ActionsKit/UIMenu+Actions.swift:17:11: error: 'UIMenuItem' is unavailable in watchOS
15 | }
16 |
17 | extension UIMenuItem: ActionIdentification {
   |           `- error: 'UIMenuItem' is unavailable in watchOS
18 |     public var actionID: String {
19 |         get { return retrieveID() }
/Applications/Xcode-27.0.0-Release.Candidate.app/Contents/Developer/Platforms/WatchOS.platform/Developer/SDKs/WatchOS27.0.sdk/System/Library/Frameworks/UIKit.framework/Headers/UIMenuController.h:58:12: note: 'UIMenuItem' has been explicitly marked unavailable here
56 |
57 | UIKIT_EXTERN API_DEPRECATED("UIMenuItem is deprecated. Use UIEditMenuInteraction instead.", ios(3.2, 16.0), visionos(1.0, 1.0)) API_UNAVAILABLE(tvos) API_UNAVAILABLE(watchos) NS_SWIFT_UI_ACTOR
58 | @interface UIMenuItem : NSObject
   |            `- note: 'UIMenuItem' has been explicitly marked unavailable here
59 |
60 | - (instancetype)initWithTitle:(NSString *)title action:(SEL)action NS_DESIGNATED_INITIALIZER;
Failed frontend command:
/Applications/Xcode-27.0.0-Release.Candidate.app/Contents/Developer/Toolchains/XcodeDefault.xctoolchain/usr/bin/swift-frontend -frontend -emit-module -experimental-skip-non-inlinable-function-bodies-without-types /Users/admin/builder/spi-builder-workspace/Sources/ActionsKit/ActionManagerMac.swift /Users/admin/builder/spi-builder-workspace/Sources/ActionsKit/ActionManagerMobile.swift /Users/admin/builder/spi-builder-workspace/Sources/ActionsKit/UICommand+Actions.swift /Users/admin/builder/spi-builder-workspace/Sources/ActionsKit/UIMenu+Actions.swift /Users/admin/builder/spi-builder-workspace/Sources/ActionsKit/UINavigationController+Actions.swift /Users/admin/builder/spi-builder-workspace/Sources/ActionsKit/UIResponder+Actions.swift /Users/admin/builder/spi-builder-workspace/Sources/ActionsKit/UIView+Actions.swift /Users/admin/builder/spi-builder-workspace/Sources/ActionsKit/UIViewController+Actions.swift -target arm64_32-apple-watchos9.0 -module-can-import-version UIKit 9127.0.84.1 9127.0.84 -disable-cross-import-overlay-search -load-resolved-plugin /Applications/Xcode-27.0.0-Release.Candidate.app/Contents/Developer/Platforms/WatchOS.platform/Developer/usr/lib/swift/host/plugins/libFoundationMacros.dylib\#/Applications/Xcode-27.0.0-Release.Candidate.app/Contents/Developer/Platforms/WatchOS.platform/Developer/usr/bin/swift-plugin-server\#FoundationMacros -load-resolved-plugin /Applications/Xcode-27.0.0-Release.Candidate.app/Contents/Developer/Platforms/WatchOS.platform/Developer/usr/lib/swift/host/plugins/libObservationMacros.dylib\#/Applications/Xcode-27.0.0-Release.Candidate.app/Contents/Developer/Platforms/WatchOS.platform/Developer/usr/bin/swift-plugin-server\#ObservationMacros -load-resolved-plugin /Applications/Xcode-27.0.0-Release.Candidate.app/Contents/Developer/Platforms/WatchOS.platform/Developer/usr/lib/swift/host/plugins/libSwiftMacros.dylib\#/Applications/Xcode-27.0.0-Release.Candidate.app/Contents/Developer/Platforms/WatchOS.platform/Developer/usr/bin/swift-plugin-server\#SwiftMacros -load-resolved-plugin /Applications/Xcode-27.0.0-Release.Candidate.app/Contents/Developer/Platforms/WatchOS.platform/Developer/usr/lib/swift/host/plugins/libSwiftUIMacros.dylib\#/Applications/Xcode-27.0.0-Release.Candidate.app/Contents/Developer/Platforms/WatchOS.platform/Developer/usr/bin/swift-plugin-server\#SwiftUIMacros -disable-implicit-swift-modules -Xcc -fno-implicit-modules -Xcc -fno-implicit-module-maps -explicit-swift-module-map-file /Users/admin/builder/spi-builder-workspace/.derivedData/Build/Intermediates.noindex/ActionsKit.build/Debug-watchos/ActionsKit-t.build/Objects-normal/arm64_32/ActionsKit-dependencies-2.json -enable-objc-interop -sdk /Applications/Xcode-27.0.0-Release.Candidate.app/Contents/Developer/Platforms/WatchOS.platform/Developer/SDKs/WatchOS27.0.sdk -I /Users/admin/builder/spi-builder-workspace/.derivedData/Build/Products/Debug-watchos -Isystem /Applications/Xcode-27.0.0-Release.Candidate.app/Contents/Developer/Platforms/WatchOS.platform/Developer/usr/lib -F /Users/admin/builder/spi-builder-workspace/.derivedData/Build/Products/Debug-watchos/PackageFrameworks -F /Users/admin/builder/spi-builder-workspace/.derivedData/Build/Products/Debug-watchos -F /Applications/Xcode-27.0.0-Release.Candidate.app/Contents/Developer/Platforms/WatchOS.platform/Developer/Library/Frameworks -F /Applications/Xcode-27.0.0-Release.Candidate.app/Contents/Developer/Platforms/WatchOS.platform/Developer/SDKs/WatchOS27.0.sdk/Developer/Library/Frameworks -module-cache-path /Users/admin/builder/spi-builder-workspace/.derivedData/Build/Intermediates.noindex/SwiftExplicitPrecompiledModules -no-color-diagnostics -Xcc -fno-color-diagnostics -enable-testing -g -debug-info-format\=dwarf -dwarf-version\=4 -swift-version 5 -Onone -D SWIFT_PACKAGE -D DEBUG -D SWIFT_MODULE_RESOURCE_BUNDLE_UNAVAILABLE -D Xcode -serialize-debugging-options -enable-experimental-feature DebugDescriptionMacro -empty-abi-descriptor -validate-clang-modules-once -clang-build-session-file /Users/admin/builder/spi-builder-workspace/.derivedData/ModuleCache.noindex/Session.modulevalidation -Xcc -working-directory -Xcc /Users/admin/builder/spi-builder-workspace/.swiftpm/xcode -enable-anonymous-context-mangled-names -file-compilation-dir /Users/admin/builder/spi-builder-workspace/.swiftpm/xcode -Xcc -D_LIBCPP_HARDENING_MODE\=_LIBCPP_HARDENING_MODE_DEBUG -Xcc -ivfsstatcache -Xcc /Users/admin/builder/spi-builder-workspace/.derivedData/SDKStatCaches.noindex/watchos27.0-24R360-e829b21a6f8c9b70876ba0858053c04477534ef55a1706bf4c1112bbb242f0a2.sdkstatcache -Xcc -fmodules-prune-interval\=86400 -Xcc -fmodules-prune-after\=345600 -Xcc -I/Users/admin/builder/spi-builder-workspace/.derivedData/Build/Products/Debug-watchos/include -Xcc -I/Users/admin/builder/spi-builder-workspace/.derivedData/Build/Intermediates.noindex/ActionsKit.build/Debug-watchos/ActionsKit-t.build/DerivedSources-normal/arm64_32 -Xcc -I/Users/admin/builder/spi-builder-workspace/.derivedData/Build/Intermediates.noindex/ActionsKit.build/Debug-watchos/ActionsKit-t.build/DerivedSources/arm64_32 -Xcc -I/Users/admin/builder/spi-builder-workspace/.derivedData/Build/Intermediates.noindex/ActionsKit.build/Debug-watchos/ActionsKit-t.build/DerivedSources -Xcc -DSWIFT_PACKAGE -Xcc -DDEBUG\=1 -no-auto-bridging-header-chaining -module-name ActionsKit -const-gather-protocols-file /Users/admin/builder/spi-builder-workspace/.derivedData/Build/Intermediates.noindex/ActionsKit.build/Debug-watchos/ActionsKit-t.build/Objects-normal/arm64_32/ActionsKit_const_extract_protocols.json -disable-clang-spi -clang-target arm64_32-apple-watchos27.0 -target-sdk-version 27.0 -target-sdk-name watchos27.0 -in-process-plugin-server-path /Applications/Xcode-27.0.0-Release.Candidate.app/Contents/Developer/Toolchains/XcodeDefault.xctoolchain/usr/lib/swift/host/libSwiftInProcPluginServer.dylib -emit-module-doc-path /Users/admin/builder/spi-builder-workspace/.derivedData/Build/Intermediates.noindex/ActionsKit.build/Debug-watchos/ActionsKit-t.build/Objects-normal/arm64_32/ActionsKit.swiftdoc -emit-module-source-info-path /Users/admin/builder/spi-builder-workspace/.derivedData/Build/Intermediates.noindex/ActionsKit.build/Debug-watchos/ActionsKit-t.build/Objects-normal/arm64_32/ActionsKit.swiftsourceinfo -emit-objc-header-path /Users/admin/builder/spi-builder-workspace/.derivedData/Build/Intermediates.noindex/ActionsKit.build/Debug-watchos/ActionsKit-t.build/Objects-normal/arm64_32/ActionsKit-Swift.h -serialize-diagnostics-path /Users/admin/builder/spi-builder-workspace/.derivedData/Build/Intermediates.noindex/ActionsKit.build/Debug-watchos/ActionsKit-t.build/Objects-normal/arm64_32/ActionsKit-primary-emit-module.dia -emit-dependencies-path /Users/admin/builder/spi-builder-workspace/.derivedData/Build/Intermediates.noindex/ActionsKit.build/Debug-watchos/ActionsKit-t.build/Objects-normal/arm64_32/ActionsKit-primary-emit-module.d -parse-as-library -o /Users/admin/builder/spi-builder-workspace/.derivedData/Build/Intermediates.noindex/ActionsKit.build/Debug-watchos/ActionsKit-t.build/Objects-normal/arm64_32/ActionsKit.swiftmodule -emit-abi-descriptor-path /Users/admin/builder/spi-builder-workspace/.derivedData/Build/Intermediates.noindex/ActionsKit.build/Debug-watchos/ActionsKit-t.build/Objects-normal/arm64_32/ActionsKit.abi.json
SwiftCompile normal arm64_32 (in target 'ActionsKit' from project 'ActionsKit')
    cd /Users/admin/builder/spi-builder-workspace/.swiftpm/xcode

SwiftEmitModule normal arm64 Emitting\ module\ for\ ActionsKit (in target 'ActionsKit' from project 'ActionsKit')
/Users/admin/builder/spi-builder-workspace/Sources/ActionsKit/UICommand+Actions.swift:10:25: warning: extension declares a conformance of imported type 'UICommand' to imported protocol 'ActionIdentification'; this will not behave correctly if the owners of 'UIKit' introduce this conformance in the future
 8 | import UIKit
 9 |
10 | @available(iOS 13.0, *) extension UICommand: ActionIdentification {
   |                         |- warning: extension declares a conformance of imported type 'UICommand' to imported protocol 'ActionIdentification'; this will not behave correctly if the owners of 'UIKit' introduce this conformance in the future
   |                         `- note: add '@retroactive' to silence this warning
11 |     public var actionID: String {
12 |         get { return (propertyList as? String) ?? "" }
/Users/admin/builder/spi-builder-workspace/Sources/ActionsKit/UICommand+Actions.swift:10:35: error: 'UICommand' is unavailable in watchOS
 8 | import UIKit
 9 |
10 | @available(iOS 13.0, *) extension UICommand: ActionIdentification {
   |                                   `- error: 'UICommand' is unavailable in watchOS
11 |     public var actionID: String {
12 |         get { return (propertyList as? String) ?? "" }
/Applications/Xcode-27.0.0-Release.Candidate.app/Contents/Developer/Platforms/WatchOS.platform/Developer/SDKs/WatchOS27.0.sdk/System/Library/Frameworks/UIKit.framework/Headers/UICommand.h:63:12: note: 'UICommand' has been explicitly marked unavailable here
 61 | /// Represents an action to take.
 62 | UIKIT_EXTERN API_AVAILABLE(ios(13.0)) API_UNAVAILABLE(watchos) NS_SWIFT_UI_ACTOR
 63 | @interface UICommand : UIMenuElement <UIMenuLeaf>
    |            `- note: 'UICommand' has been explicitly marked unavailable here
 64 |
 65 | /// Short display title.
/Users/admin/builder/spi-builder-workspace/Sources/ActionsKit/UIMenu+Actions.swift:10:25: warning: extension declares a conformance of imported type 'UIMenu' to imported protocol 'ActionIdentification'; this will not behave correctly if the owners of 'UIKit' introduce this conformance in the future
 8 | import UIKit
 9 |
10 | @available(iOS 13.0, *) extension UIMenu: ActionIdentification {
   |                         |- warning: extension declares a conformance of imported type 'UIMenu' to imported protocol 'ActionIdentification'; this will not behave correctly if the owners of 'UIKit' introduce this conformance in the future
   |                         `- note: add '@retroactive' to silence this warning
11 |     public var actionID: String {
12 |         get { return identifier.rawValue }
/Users/admin/builder/spi-builder-workspace/Sources/ActionsKit/UIMenu+Actions.swift:10:35: error: 'UIMenu' is unavailable in watchOS
 8 | import UIKit
 9 |
10 | @available(iOS 13.0, *) extension UIMenu: ActionIdentification {
   |                                   `- error: 'UIMenu' is unavailable in watchOS
11 |     public var actionID: String {
12 |         get { return identifier.rawValue }
/Applications/Xcode-27.0.0-Release.Candidate.app/Contents/Developer/Platforms/WatchOS.platform/Developer/SDKs/WatchOS27.0.sdk/System/Library/Frameworks/UIKit.framework/Headers/UIMenu.h:43:12: note: 'UIMenu' has been explicitly marked unavailable here
 41 |
 42 | UIKIT_EXTERN API_AVAILABLE(ios(13.0)) API_UNAVAILABLE(watchos) NS_SWIFT_UI_ACTOR
 43 | @interface UIMenu : UIMenuElement
    |            `- note: 'UIMenu' has been explicitly marked unavailable here
 44 |
 45 | /// Unique identifier.
/Users/admin/builder/spi-builder-workspace/Sources/ActionsKit/UIMenu+Actions.swift:17:1: warning: extension declares a conformance of imported type 'UIMenuItem' to imported protocol 'ActionIdentification'; this will not behave correctly if the owners of 'UIKit' introduce this conformance in the future
15 | }
16 |
17 | extension UIMenuItem: ActionIdentification {
   | |- warning: extension declares a conformance of imported type 'UIMenuItem' to imported protocol 'ActionIdentification'; this will not behave correctly if the owners of 'UIKit' introduce this conformance in the future
   | `- note: add '@retroactive' to silence this warning
18 |     public var actionID: String {
19 |         get { return retrieveID() }
/Users/admin/builder/spi-builder-workspace/Sources/ActionsKit/UIMenu+Actions.swift:17:11: error: 'UIMenuItem' is unavailable in watchOS
15 | }
16 |
17 | extension UIMenuItem: ActionIdentification {
   |           `- error: 'UIMenuItem' is unavailable in watchOS
18 |     public var actionID: String {
19 |         get { return retrieveID() }
/Applications/Xcode-27.0.0-Release.Candidate.app/Contents/Developer/Platforms/WatchOS.platform/Developer/SDKs/WatchOS27.0.sdk/System/Library/Frameworks/UIKit.framework/Headers/UIMenuController.h:58:12: note: 'UIMenuItem' has been explicitly marked unavailable here
56 |
57 | UIKIT_EXTERN API_DEPRECATED("UIMenuItem is deprecated. Use UIEditMenuInteraction instead.", ios(3.2, 16.0), visionos(1.0, 1.0)) API_UNAVAILABLE(tvos) API_UNAVAILABLE(watchos) NS_SWIFT_UI_ACTOR
58 | @interface UIMenuItem : NSObject
   |            `- note: 'UIMenuItem' has been explicitly marked unavailable here
59 |
60 | - (instancetype)initWithTitle:(NSString *)title action:(SEL)action NS_DESIGNATED_INITIALIZER;
Failed frontend command:
/Applications/Xcode-27.0.0-Release.Candidate.app/Contents/Developer/Toolchains/XcodeDefault.xctoolchain/usr/bin/swift-frontend -frontend -emit-module -experimental-skip-non-inlinable-function-bodies-without-types /Users/admin/builder/spi-builder-workspace/Sources/ActionsKit/ActionManagerMac.swift /Users/admin/builder/spi-builder-workspace/Sources/ActionsKit/ActionManagerMobile.swift /Users/admin/builder/spi-builder-workspace/Sources/ActionsKit/UICommand+Actions.swift /Users/admin/builder/spi-builder-workspace/Sources/ActionsKit/UIMenu+Actions.swift /Users/admin/builder/spi-builder-workspace/Sources/ActionsKit/UINavigationController+Actions.swift /Users/admin/builder/spi-builder-workspace/Sources/ActionsKit/UIResponder+Actions.swift /Users/admin/builder/spi-builder-workspace/Sources/ActionsKit/UIView+Actions.swift /Users/admin/builder/spi-builder-workspace/Sources/ActionsKit/UIViewController+Actions.swift -target arm64-apple-watchos9.0 -module-can-import-version UIKit 9127.0.84.1 9127.0.84 -disable-cross-import-overlay-search -load-resolved-plugin /Applications/Xcode-27.0.0-Release.Candidate.app/Contents/Developer/Platforms/WatchOS.platform/Developer/usr/lib/swift/host/plugins/libFoundationMacros.dylib\#/Applications/Xcode-27.0.0-Release.Candidate.app/Contents/Developer/Platforms/WatchOS.platform/Developer/usr/bin/swift-plugin-server\#FoundationMacros -load-resolved-plugin /Applications/Xcode-27.0.0-Release.Candidate.app/Contents/Developer/Platforms/WatchOS.platform/Developer/usr/lib/swift/host/plugins/libObservationMacros.dylib\#/Applications/Xcode-27.0.0-Release.Candidate.app/Contents/Developer/Platforms/WatchOS.platform/Developer/usr/bin/swift-plugin-server\#ObservationMacros -load-resolved-plugin /Applications/Xcode-27.0.0-Release.Candidate.app/Contents/Developer/Platforms/WatchOS.platform/Developer/usr/lib/swift/host/plugins/libSwiftMacros.dylib\#/Applications/Xcode-27.0.0-Release.Candidate.app/Contents/Developer/Platforms/WatchOS.platform/Developer/usr/bin/swift-plugin-server\#SwiftMacros -load-resolved-plugin /Applications/Xcode-27.0.0-Release.Candidate.app/Contents/Developer/Platforms/WatchOS.platform/Developer/usr/lib/swift/host/plugins/libSwiftUIMacros.dylib\#/Applications/Xcode-27.0.0-Release.Candidate.app/Contents/Developer/Platforms/WatchOS.platform/Developer/usr/bin/swift-plugin-server\#SwiftUIMacros -disable-implicit-swift-modules -Xcc -fno-implicit-modules -Xcc -fno-implicit-module-maps -explicit-swift-module-map-file /Users/admin/builder/spi-builder-workspace/.derivedData/Build/Intermediates.noindex/ActionsKit.build/Debug-watchos/ActionsKit-t.build/Objects-normal/arm64/ActionsKit-dependencies-1.json -Xllvm -aarch64-use-tbi -enable-objc-interop -stack-check -sdk /Applications/Xcode-27.0.0-Release.Candidate.app/Contents/Developer/Platforms/WatchOS.platform/Developer/SDKs/WatchOS27.0.sdk -I /Users/admin/builder/spi-builder-workspace/.derivedData/Build/Products/Debug-watchos -Isystem /Applications/Xcode-27.0.0-Release.Candidate.app/Contents/Developer/Platforms/WatchOS.platform/Developer/usr/lib -F /Users/admin/builder/spi-builder-workspace/.derivedData/Build/Products/Debug-watchos/PackageFrameworks -F /Users/admin/builder/spi-builder-workspace/.derivedData/Build/Products/Debug-watchos -F /Applications/Xcode-27.0.0-Release.Candidate.app/Contents/Developer/Platforms/WatchOS.platform/Developer/Library/Frameworks -F /Applications/Xcode-27.0.0-Release.Candidate.app/Contents/Developer/Platforms/WatchOS.platform/Developer/SDKs/WatchOS27.0.sdk/Developer/Library/Frameworks -module-cache-path /Users/admin/builder/spi-builder-workspace/.derivedData/Build/Intermediates.noindex/SwiftExplicitPrecompiledModules -no-color-diagnostics -Xcc -fno-color-diagnostics -enable-testing -g -debug-info-format\=dwarf -dwarf-version\=4 -swift-version 5 -Onone -D SWIFT_PACKAGE -D DEBUG -D SWIFT_MODULE_RESOURCE_BUNDLE_UNAVAILABLE -D Xcode -serialize-debugging-options -enable-experimental-feature DebugDescriptionMacro -empty-abi-descriptor -validate-clang-modules-once -clang-build-session-file /Users/admin/builder/spi-builder-workspace/.derivedData/ModuleCache.noindex/Session.modulevalidation -Xcc -working-directory -Xcc /Users/admin/builder/spi-builder-workspace/.swiftpm/xcode -enable-anonymous-context-mangled-names -file-compilation-dir /Users/admin/builder/spi-builder-workspace/.swiftpm/xcode -Xcc -D_LIBCPP_HARDENING_MODE\=_LIBCPP_HARDENING_MODE_DEBUG -Xcc -ivfsstatcache -Xcc /Users/admin/builder/spi-builder-workspace/.derivedData/SDKStatCaches.noindex/watchos27.0-24R360-e829b21a6f8c9b70876ba0858053c04477534ef55a1706bf4c1112bbb242f0a2.sdkstatcache -Xcc -fmodules-prune-interval\=86400 -Xcc -fmodules-prune-after\=345600 -Xcc -I/Users/admin/builder/spi-builder-workspace/.derivedData/Build/Products/Debug-watchos/include -Xcc -I/Users/admin/builder/spi-builder-workspace/.derivedData/Build/Intermediates.noindex/ActionsKit.build/Debug-watchos/ActionsKit-t.build/DerivedSources-normal/arm64 -Xcc -I/Users/admin/builder/spi-builder-workspace/.derivedData/Build/Intermediates.noindex/ActionsKit.build/Debug-watchos/ActionsKit-t.build/DerivedSources/arm64 -Xcc -I/Users/admin/builder/spi-builder-workspace/.derivedData/Build/Intermediates.noindex/ActionsKit.build/Debug-watchos/ActionsKit-t.build/DerivedSources -Xcc -DSWIFT_PACKAGE -Xcc -DDEBUG\=1 -no-auto-bridging-header-chaining -module-name ActionsKit -const-gather-protocols-file /Users/admin/builder/spi-builder-workspace/.derivedData/Build/Intermediates.noindex/ActionsKit.build/Debug-watchos/ActionsKit-t.build/Objects-normal/arm64/ActionsKit_const_extract_protocols.json -disable-clang-spi -clang-target arm64-apple-watchos27.0 -target-sdk-version 27.0 -target-sdk-name watchos27.0 -in-process-plugin-server-path /Applications/Xcode-27.0.0-Release.Candidate.app/Contents/Developer/Toolchains/XcodeDefault.xctoolchain/usr/lib/swift/host/libSwiftInProcPluginServer.dylib -emit-module-doc-path /Users/admin/builder/spi-builder-workspace/.derivedData/Build/Intermediates.noindex/ActionsKit.build/Debug-watchos/ActionsKit-t.build/Objects-normal/arm64/ActionsKit.swiftdoc -emit-module-source-info-path /Users/admin/builder/spi-builder-workspace/.derivedData/Build/Intermediates.noindex/ActionsKit.build/Debug-watchos/ActionsKit-t.build/Objects-normal/arm64/ActionsKit.swiftsourceinfo -emit-objc-header-path /Users/admin/builder/spi-builder-workspace/.derivedData/Build/Intermediates.noindex/ActionsKit.build/Debug-watchos/ActionsKit-t.build/Objects-normal/arm64/ActionsKit-Swift.h -serialize-diagnostics-path /Users/admin/builder/spi-builder-workspace/.derivedData/Build/Intermediates.noindex/ActionsKit.build/Debug-watchos/ActionsKit-t.build/Objects-normal/arm64/ActionsKit-primary-emit-module.dia -emit-dependencies-path /Users/admin/builder/spi-builder-workspace/.derivedData/Build/Intermediates.noindex/ActionsKit.build/Debug-watchos/ActionsKit-t.build/Objects-normal/arm64/ActionsKit-primary-emit-module.d -parse-as-library -o /Users/admin/builder/spi-builder-workspace/.derivedData/Build/Intermediates.noindex/ActionsKit.build/Debug-watchos/ActionsKit-t.build/Objects-normal/arm64/ActionsKit.swiftmodule -emit-abi-descriptor-path /Users/admin/builder/spi-builder-workspace/.derivedData/Build/Intermediates.noindex/ActionsKit.build/Debug-watchos/ActionsKit-t.build/Objects-normal/arm64/ActionsKit.abi.json
SwiftCompile normal arm64 (in target 'ActionsKit' from project 'ActionsKit')
    cd /Users/admin/builder/spi-builder-workspace/.swiftpm/xcode

SwiftCompile normal arm64_32 Compiling\ UIMenu+Actions.swift /Users/admin/builder/spi-builder-workspace/Sources/ActionsKit/UIMenu+Actions.swift (in target 'ActionsKit' from project 'ActionsKit')
/Users/admin/builder/spi-builder-workspace/Sources/ActionsKit/UIMenu+Actions.swift:10:25: warning: extension declares a conformance of imported type 'UIMenu' to imported protocol 'ActionIdentification'; this will not behave correctly if the owners of 'UIKit' introduce this conformance in the future
 8 | import UIKit
 9 |
10 | @available(iOS 13.0, *) extension UIMenu: ActionIdentification {
   |                         |- warning: extension declares a conformance of imported type 'UIMenu' to imported protocol 'ActionIdentification'; this will not behave correctly if the owners of 'UIKit' introduce this conformance in the future
   |                         `- note: add '@retroactive' to silence this warning
11 |     public var actionID: String {
12 |         get { return identifier.rawValue }
/Users/admin/builder/spi-builder-workspace/Sources/ActionsKit/UIMenu+Actions.swift:10:35: error: 'UIMenu' is unavailable in watchOS
 8 | import UIKit
 9 |
10 | @available(iOS 13.0, *) extension UIMenu: ActionIdentification {
   |                                   `- error: 'UIMenu' is unavailable in watchOS
11 |     public var actionID: String {
12 |         get { return identifier.rawValue }
/Applications/Xcode-27.0.0-Release.Candidate.app/Contents/Developer/Platforms/WatchOS.platform/Developer/SDKs/WatchOS27.0.sdk/System/Library/Frameworks/UIKit.framework/Headers/UIMenu.h:43:12: note: 'UIMenu' has been explicitly marked unavailable here
 41 |
 42 | UIKIT_EXTERN API_AVAILABLE(ios(13.0)) API_UNAVAILABLE(watchos) NS_SWIFT_UI_ACTOR
 43 | @interface UIMenu : UIMenuElement
    |            `- note: 'UIMenu' has been explicitly marked unavailable here
 44 |
 45 | /// Unique identifier.
/Users/admin/builder/spi-builder-workspace/Sources/ActionsKit/UIMenu+Actions.swift:17:1: warning: extension declares a conformance of imported type 'UIMenuItem' to imported protocol 'ActionIdentification'; this will not behave correctly if the owners of 'UIKit' introduce this conformance in the future
15 | }
16 |
17 | extension UIMenuItem: ActionIdentification {
   | |- warning: extension declares a conformance of imported type 'UIMenuItem' to imported protocol 'ActionIdentification'; this will not behave correctly if the owners of 'UIKit' introduce this conformance in the future
   | `- note: add '@retroactive' to silence this warning
18 |     public var actionID: String {
19 |         get { return retrieveID() }
/Users/admin/builder/spi-builder-workspace/Sources/ActionsKit/UIMenu+Actions.swift:17:11: error: 'UIMenuItem' is unavailable in watchOS
15 | }
16 |
17 | extension UIMenuItem: ActionIdentification {
   |           `- error: 'UIMenuItem' is unavailable in watchOS
18 |     public var actionID: String {
19 |         get { return retrieveID() }
/Applications/Xcode-27.0.0-Release.Candidate.app/Contents/Developer/Platforms/WatchOS.platform/Developer/SDKs/WatchOS27.0.sdk/System/Library/Frameworks/UIKit.framework/Headers/UIMenuController.h:58:12: note: 'UIMenuItem' has been explicitly marked unavailable here
56 |
57 | UIKIT_EXTERN API_DEPRECATED("UIMenuItem is deprecated. Use UIEditMenuInteraction instead.", ios(3.2, 16.0), visionos(1.0, 1.0)) API_UNAVAILABLE(tvos) API_UNAVAILABLE(watchos) NS_SWIFT_UI_ACTOR
58 | @interface UIMenuItem : NSObject
   |            `- note: 'UIMenuItem' has been explicitly marked unavailable here
59 |
60 | - (instancetype)initWithTitle:(NSString *)title action:(SEL)action NS_DESIGNATED_INITIALIZER;
/Users/admin/builder/spi-builder-workspace/Sources/ActionsKit/UIMenu+Actions.swift:19:22: error: cannot find 'retrieveID' in scope
17 | extension UIMenuItem: ActionIdentification {
18 |     public var actionID: String {
19 |         get { return retrieveID() }
   |                      `- error: cannot find 'retrieveID' in scope
20 |         set { storeID(newValue) }
21 |     }
SwiftCompile normal arm64_32 /Users/admin/builder/spi-builder-workspace/Sources/ActionsKit/UIMenu+Actions.swift (in target 'ActionsKit' from project 'ActionsKit')
    cd /Users/admin/builder/spi-builder-workspace/.swiftpm/xcode
    builtin-SwiftPerFileCompile UIMenu+Actions.swift
SwiftCompile normal arm64_32 Compiling\ UINavigationController+Actions.swift /Users/admin/builder/spi-builder-workspace/Sources/ActionsKit/UINavigationController+Actions.swift (in target 'ActionsKit' from project 'ActionsKit')
SwiftCompile normal arm64_32 /Users/admin/builder/spi-builder-workspace/Sources/ActionsKit/UINavigationController+Actions.swift (in target 'ActionsKit' from project 'ActionsKit')
    cd /Users/admin/builder/spi-builder-workspace/.swiftpm/xcode
    builtin-SwiftPerFileCompile UINavigationController+Actions.swift
SwiftCompile normal arm64_32 Compiling\ ActionManagerMac.swift /Users/admin/builder/spi-builder-workspace/Sources/ActionsKit/ActionManagerMac.swift (in target 'ActionsKit' from project 'ActionsKit')
SwiftCompile normal arm64_32 /Users/admin/builder/spi-builder-workspace/Sources/ActionsKit/ActionManagerMac.swift (in target 'ActionsKit' from project 'ActionsKit')
    cd /Users/admin/builder/spi-builder-workspace/.swiftpm/xcode
    builtin-SwiftPerFileCompile ActionManagerMac.swift
SwiftCompile normal arm64_32 Compiling\ UIView+Actions.swift /Users/admin/builder/spi-builder-workspace/Sources/ActionsKit/UIView+Actions.swift (in target 'ActionsKit' from project 'ActionsKit')
SwiftCompile normal arm64_32 /Users/admin/builder/spi-builder-workspace/Sources/ActionsKit/UIView+Actions.swift (in target 'ActionsKit' from project 'ActionsKit')
    cd /Users/admin/builder/spi-builder-workspace/.swiftpm/xcode
    builtin-SwiftPerFileCompile UIView+Actions.swift
SwiftCompile normal arm64_32 Compiling\ ActionManagerMobile.swift /Users/admin/builder/spi-builder-workspace/Sources/ActionsKit/ActionManagerMobile.swift (in target 'ActionsKit' from project 'ActionsKit')
SwiftCompile normal arm64_32 /Users/admin/builder/spi-builder-workspace/Sources/ActionsKit/ActionManagerMobile.swift (in target 'ActionsKit' from project 'ActionsKit')
    cd /Users/admin/builder/spi-builder-workspace/.swiftpm/xcode
    builtin-SwiftPerFileCompile ActionManagerMobile.swift
SwiftCompile normal arm64_32 Compiling\ UIResponder+Actions.swift /Users/admin/builder/spi-builder-workspace/Sources/ActionsKit/UIResponder+Actions.swift (in target 'ActionsKit' from project 'ActionsKit')
SwiftCompile normal arm64_32 /Users/admin/builder/spi-builder-workspace/Sources/ActionsKit/UIResponder+Actions.swift (in target 'ActionsKit' from project 'ActionsKit')
    cd /Users/admin/builder/spi-builder-workspace/.swiftpm/xcode
    builtin-SwiftPerFileCompile UIResponder+Actions.swift
SwiftCompile normal arm64_32 Compiling\ UICommand+Actions.swift /Users/admin/builder/spi-builder-workspace/Sources/ActionsKit/UICommand+Actions.swift (in target 'ActionsKit' from project 'ActionsKit')
/Users/admin/builder/spi-builder-workspace/Sources/ActionsKit/UICommand+Actions.swift:10:25: warning: extension declares a conformance of imported type 'UICommand' to imported protocol 'ActionIdentification'; this will not behave correctly if the owners of 'UIKit' introduce this conformance in the future
 8 | import UIKit
 9 |
10 | @available(iOS 13.0, *) extension UICommand: ActionIdentification {
   |                         |- warning: extension declares a conformance of imported type 'UICommand' to imported protocol 'ActionIdentification'; this will not behave correctly if the owners of 'UIKit' introduce this conformance in the future
   |                         `- note: add '@retroactive' to silence this warning
11 |     public var actionID: String {
12 |         get { return (propertyList as? String) ?? "" }
SwiftCompile normal arm64_32 /Users/admin/builder/spi-builder-workspace/Sources/ActionsKit/UICommand+Actions.swift (in target 'ActionsKit' from project 'ActionsKit')
    cd /Users/admin/builder/spi-builder-workspace/.swiftpm/xcode
    builtin-SwiftPerFileCompile UICommand+Actions.swift
SwiftCompile normal arm64_32 Compiling\ UIViewController+Actions.swift /Users/admin/builder/spi-builder-workspace/Sources/ActionsKit/UIViewController+Actions.swift (in target 'ActionsKit' from project 'ActionsKit')
SwiftCompile normal arm64_32 /Users/admin/builder/spi-builder-workspace/Sources/ActionsKit/UIViewController+Actions.swift (in target 'ActionsKit' from project 'ActionsKit')
    cd /Users/admin/builder/spi-builder-workspace/.swiftpm/xcode
    builtin-SwiftPerFileCompile UIViewController+Actions.swift
SwiftDriverJobDiscovery normal arm64_32 Compiling UIResponder+Actions.swift (in target 'ActionsKit' from project 'ActionsKit')
SwiftCompile normal arm64 Compiling\ UIMenu+Actions.swift /Users/admin/builder/spi-builder-workspace/Sources/ActionsKit/UIMenu+Actions.swift (in target 'ActionsKit' from project 'ActionsKit')
SwiftCompile normal arm64 /Users/admin/builder/spi-builder-workspace/Sources/ActionsKit/UIMenu+Actions.swift (in target 'ActionsKit' from project 'ActionsKit')
    cd /Users/admin/builder/spi-builder-workspace/.swiftpm/xcode
    builtin-SwiftPerFileCompile UIMenu+Actions.swift
SwiftDriverJobDiscovery normal arm64_32 Compiling UINavigationController+Actions.swift (in target 'ActionsKit' from project 'ActionsKit')
SwiftDriverJobDiscovery normal arm64_32 Compiling ActionManagerMobile.swift (in target 'ActionsKit' from project 'ActionsKit')
SwiftDriverJobDiscovery normal arm64_32 Compiling ActionManagerMac.swift (in target 'ActionsKit' from project 'ActionsKit')
SwiftDriverJobDiscovery normal arm64_32 Compiling UIView+Actions.swift (in target 'ActionsKit' from project 'ActionsKit')
PruneExplicitPrecompiledModules /Users/admin/builder/spi-builder-workspace/.derivedData/Build/Intermediates.noindex/ExplicitPrecompiledModules
PruneExplicitPrecompiledModules /Users/admin/builder/spi-builder-workspace/.derivedData/SDKExplicitPrecompiledModules
PruneExplicitPrecompiledModules /Users/admin/builder/spi-builder-workspace/.derivedData/Build/Intermediates.noindex/SwiftExplicitPrecompiledModules
2026-09-15 17:08:07.408 xcodebuild[1050:6107] [MT] IDERunDestination: Supported platforms for the buildables in the current scheme is empty.
2026-09-15 17:08:07.512 xcodebuild[1050:6107] [MT] IDERunDestination: Supported platforms for the buildables in the current scheme is empty.
** BUILD FAILED **
The following build commands failed:
	SwiftEmitModule normal arm64_32 Emitting\ module\ for\ ActionsKit (in target 'ActionsKit' from project 'ActionsKit')
	SwiftCompile normal arm64_32 (in target 'ActionsKit' from project 'ActionsKit')
	SwiftEmitModule normal arm64 Emitting\ module\ for\ ActionsKit (in target 'ActionsKit' from project 'ActionsKit')
	SwiftCompile normal arm64 (in target 'ActionsKit' from project 'ActionsKit')
	Building workspace ActionsKit with scheme ActionsKit
(5 failures)
BUILD FAILURE 6.4 watchOS