Build Information
Failed to build Consolable, reference main (92f36f), with Swift 6.3 for Linux on 26 Jun 2026 04:36:39 UTC.
Build Command
bash -c docker run --pull=always --rm -v "checkouts-53886770-0":/host -w "$PWD" -e JAVA_HOME="/root/.sdkman/candidates/java/current" -e SPI_BUILD="1" -e SPI_PROCESSING="1" registry.gitlab.com/saguaro1/spi-images:basic-6.3-latest swift build --triple x86_64-unknown-linux-gnu 2>&1Build Log
========================================
RunAll
========================================
Builder version: 0e64495ecc1688c3b3e031a5ef1348b5c05091ae
Interrupt handler set up.
========================================
Checkout
========================================
Clone URL: https://github.com/superturboryan/Consolable.git
Reference: main
Initialized empty Git repository in /host/spi-builder-workspace/.git/
hint: Using 'master' as the name for the initial branch. This default branch name
hint: is subject to change. To configure the initial branch name to use in all
hint: of your new repositories, which will suppress this warning, call:
hint:
hint: git config --global init.defaultBranch <name>
hint:
hint: Names commonly chosen instead of 'master' are 'main', 'trunk' and
hint: 'development'. The just-created branch can be renamed via this command:
hint:
hint: git branch -m <name>
From https://github.com/superturboryan/Consolable
* branch main -> FETCH_HEAD
* [new branch] main -> origin/main
HEAD is now at 92f36f8 🔨 Update swift-syntax to 603.0.0 for Xcode 26.5
Cloned https://github.com/superturboryan/Consolable.git
Revision (git rev-parse @):
92f36f8a93440ad43e9d44ffac3a178dfcdc50b7
SUCCESS checkout https://github.com/superturboryan/Consolable.git at main
========================================
Build
========================================
Selected platform: linux
Swift version: 6.3
Building package at path: $PWD
https://github.com/superturboryan/Consolable.git
Running build ...
bash -c docker run --pull=always --rm -v "checkouts-53886770-0":/host -w "$PWD" -e JAVA_HOME="/root/.sdkman/candidates/java/current" -e SPI_BUILD="1" -e SPI_PROCESSING="1" registry.gitlab.com/saguaro1/spi-images:basic-6.3-latest swift build --triple x86_64-unknown-linux-gnu 2>&1
basic-6.3-latest: Pulling from saguaro1/spi-images
Digest: sha256:518d581a7f3cc0f988d8921e0dce92c3361f942cd4cc7d944cb46f8707e06c63
Status: Image is up to date for registry.gitlab.com/saguaro1/spi-images:basic-6.3-latest
Fetching https://github.com/swiftlang/swift-syntax.git
[1/75744] Fetching swift-syntax
Fetched https://github.com/swiftlang/swift-syntax.git from cache (2.39s)
Computing version for https://github.com/swiftlang/swift-syntax.git
Computed https://github.com/swiftlang/swift-syntax.git at 603.0.2 (3.34s)
Creating working copy for https://github.com/swiftlang/swift-syntax.git
Working copy of https://github.com/swiftlang/swift-syntax.git resolved at 603.0.2
Downloading package prebuilt https://download.swift.org/prebuilts/swift-syntax/603.0.2/swift-6.3.2-RELEASE-ubuntu_jammy_x86_64-MacroSupport.tar.gz
Downloaded https://download.swift.org/prebuilts/swift-syntax/603.0.2/swift-6.3.2-RELEASE-ubuntu_jammy_x86_64-MacroSupport.tar.gz (0.18s)
Building for debugging...
[0/6] Write sources
[2/6] Write swift-version-24593BA9C3E375BF.txt
error: emit-module command failed with exit code 1 (use -v to see invocation)
[4/8] Emitting module Macros
/host/spi-builder-workspace/Sources/Macros/Macros.swift:5:8: error: no such module 'OSLog'
3 | import SwiftSyntaxBuilder
4 | import SwiftSyntaxMacros
5 | import OSLog
| `- error: no such module 'OSLog'
6 | import Foundation
7 |
[5/8] Compiling Macros Macros.swift
/host/spi-builder-workspace/Sources/Macros/Macros.swift:5:8: error: no such module 'OSLog'
3 | import SwiftSyntaxBuilder
4 | import SwiftSyntaxMacros
5 | import OSLog
| `- error: no such module 'OSLog'
6 | import Foundation
7 |
BUILD FAILURE 6.3 linux