Build Information
Failed to build braze-swift-sdk, reference main (f38321), with Swift 6.2 for Wasm on 16 Oct 2026 16:16:24 UTC.
Build Command
bash -c docker run --pull=always --rm -v "checkouts-54344846-0":/host -w "$PWD" -e JAVA_HOME="/root/.sdkman/candidates/java/current" -e SPI_BUILD="1" -e SPI_PROCESSING="1" registry.gitlab.com/saguaro1/spi-images:wasm-6.2-latest swift build --swift-sdk swift-6.2-RELEASE_wasm 2>&1Build Log
========================================
RunAll
========================================
Builder version: 5.1.3
Interrupt handler set up.
========================================
Checkout
========================================
Clone URL: https://github.com/braze-inc/braze-swift-sdk.git
Reference: main
Initialized empty Git repository in /host/spi-builder-workspace/.git/
hint: Using 'master' as the name for the initial branch. This default branch name
hint: is subject to change. To configure the initial branch name to use in all
hint: of your new repositories, which will suppress this warning, call:
hint:
hint: git config --global init.defaultBranch <name>
hint:
hint: Names commonly chosen instead of 'master' are 'main', 'trunk' and
hint: 'development'. The just-created branch can be renamed via this command:
hint:
hint: git branch -m <name>
From https://github.com/braze-inc/braze-swift-sdk
* branch main -> FETCH_HEAD
* [new branch] main -> origin/main
HEAD is now at f38321c Release 19.1.0
Cloned https://github.com/braze-inc/braze-swift-sdk.git
Revision (git rev-parse @):
f38321cb8749a84047e1a07d7fc956a0dda36d84
SPI manifest file found: $PWD/.spi.yml
SUCCESS checkout https://github.com/braze-inc/braze-swift-sdk.git at main
========================================
Build
========================================
Selected platform: wasm
Swift version: 6.2
Building package at path: $PWD
https://github.com/braze-inc/braze-swift-sdk.git
Running build ...
bash -c docker run --pull=always --rm -v "checkouts-54344846-0":/host -w "$PWD" -e JAVA_HOME="/root/.sdkman/candidates/java/current" -e SPI_BUILD="1" -e SPI_PROCESSING="1" registry.gitlab.com/saguaro1/spi-images:wasm-6.2-latest swift build --swift-sdk swift-6.2-RELEASE_wasm 2>&1
wasm-6.2-latest: Pulling from saguaro1/spi-images
Digest: sha256:0563b842faffea9ddc6fe15fbd2051d02dff3ef29dc4b5bfe0a0910a084eee81
Status: Image is up to date for registry.gitlab.com/saguaro1/spi-images:wasm-6.2-latest
Fetching https://github.com/SDWebImage/SDWebImage.git
[1/26073] Fetching sdwebimage
Fetched https://github.com/SDWebImage/SDWebImage.git from cache (1.20s)
Computing version for https://github.com/SDWebImage/SDWebImage.git
Computed https://github.com/SDWebImage/SDWebImage.git at 5.21.7 (2.06s)
Creating working copy for https://github.com/SDWebImage/SDWebImage.git
Working copy of https://github.com/SDWebImage/SDWebImage.git resolved at 5.21.7
Downloading binary artifact https://github.com/braze-inc/braze-swift-sdk/releases/download/19.1.0/BrazeKit.zip
Downloading binary artifact https://github.com/braze-inc/braze-swift-sdk/releases/download/19.1.0/BrazeNotificationService.zip
Downloading binary artifact https://github.com/braze-inc/braze-swift-sdk/releases/download/19.1.0/BrazeLocation.zip
Downloading binary artifact https://github.com/braze-inc/braze-swift-sdk/releases/download/19.1.0/BrazePushStory.zip
[15469/555239] Downloading https://github.com/braze-inc/braze-swift-sdk/releases/download/19.1.0/BrazeLocation.zip
[228452/1574733] Downloading https://github.com/braze-inc/braze-swift-sdk/releases/download/19.1.0/BrazeLocation.zip, https://github.com/braze-inc/braze-swift-sdk/releases/download/19.1.0/BrazePushStory.zip
[1591117/49328292] Downloading https://github.com/braze-inc/braze-swift-sdk/releases/download/19.1.0/BrazeLocation.zip, https://github.com/braze-inc/braze-swift-sdk/releases/download/19.1.0/BrazePushStory.zip, https://github.com/braze-inc/braze-swift-sdk/releases/download/19.1.0/BrazeKit.zip
Downloaded https://github.com/braze-inc/braze-swift-sdk/releases/download/19.1.0/BrazeLocation.zip (0.43s)
Downloaded https://github.com/braze-inc/braze-swift-sdk/releases/download/19.1.0/BrazePushStory.zip (0.45s)
[5633499/47753559] Downloading https://github.com/braze-inc/braze-swift-sdk/releases/download/19.1.0/BrazeKit.zip
[20987904/48371207] Downloading https://github.com/braze-inc/braze-swift-sdk/releases/download/19.1.0/BrazeKit.zip, https://github.com/braze-inc/braze-swift-sdk/releases/download/19.1.0/BrazeNotificationService.zip
Downloaded https://github.com/braze-inc/braze-swift-sdk/releases/download/19.1.0/BrazeNotificationService.zip (0.63s)
[20987904/47753559] Downloading https://github.com/braze-inc/braze-swift-sdk/releases/download/19.1.0/BrazeKit.zip
Downloaded https://github.com/braze-inc/braze-swift-sdk/releases/download/19.1.0/BrazeKit.zip (4.11s)
Building for debugging...
In file included from /host/spi-builder-workspace/Sources/BrazeKitCompat/AppboyKit/ABKContentCard.m:1:
/host/spi-builder-workspace/Sources/BrazeKitCompat/include/ABKContentCard.h:1:9: fatal error: 'Foundation/Foundation.h' file not found
1 | #import <Foundation/Foundation.h>
| ^~~~~~~~~~~~~~~~~~~~~~~~~
1 error generated.
[0/240] Compiling ABKContentCard.m
In file included from /host/spi-builder-workspace/Sources/BrazeKitCompat/AppboyKit/ABKInAppMessageDarkTheme.m:1:
/host/spi-builder-workspace/Sources/BrazeKitCompat/include/ABKInAppMessageDarkTheme.h:1:9: fatal error: 'Foundation/Foundation.h' file not found
1 | #import <Foundation/Foundation.h>
| ^~~~~~~~~~~~~~~~~~~~~~~~~
1 error generated.
In file included from /host/spi-builder-workspace/Sources/BrazeKitCompat/AppboyKit/ABKContentCardsController.m:1:
/host/spi-builder-workspace/Sources/BrazeKitCompat/include/ABKContentCardsController.h:1:9: fatal error: 'Foundation/Foundation.h' file not found
1 | #import <Foundation/Foundation.h>
| ^~~~~~~~~~~~~~~~~~~~~~~~~
1 error generated.
[0/240] Compiling ABKInAppMessageDarkTheme.m
[0/240] Compiling ABKContentCardsController.m
In file included from /host/spi-builder-workspace/Sources/BrazeKitCompat/AppboyKit/ABKFacebookUser.m:1:
/host/spi-builder-workspace/Sources/BrazeKitCompat/include/ABKFacebookUser.h:1:9: fatal error: 'Foundation/Foundation.h' file not found
1 | #import <Foundation/Foundation.h>
| ^~~~~~~~~~~~~~~~~~~~~~~~~
1 error generated.
[0/240] Compiling ABKFacebookUser.m
In file included from /host/spi-builder-workspace/Sources/BrazeKitCompat/AppboyKit/ABKInAppMessageControl.m:1:
In file included from /host/spi-builder-workspace/Sources/BrazeKitCompat/include/ABKInAppMessageControl.h:1:
/host/spi-builder-workspace/Sources/BrazeKitCompat/include/ABKInAppMessage.h:1:9: fatal error: 'Foundation/Foundation.h' file not found
1 | #import <Foundation/Foundation.h>
| ^~~~~~~~~~~~~~~~~~~~~~~~~
1 error generated.
[0/240] Compiling ABKInAppMessageControl.m
[0/240] Compiling ABKInAppMessageButton.m
In file included from /host/spi-builder-workspace/Sources/BrazeKitCompat/AppboyKit/ABKInAppMessageDarkButtonTheme.m:1:
/host/spi-builder-workspace/Sources/BrazeKitCompat/include/ABKInAppMessageDarkButtonTheme.h:1:9: fatal error: 'Foundation/Foundation.h' file not found
1 | #import <Foundation/Foundation.h>
| ^~~~~~~~~~~~~~~~~~~~~~~~~
[0/240] Compiling ABKInAppMessageDarkButtonTheme.m
In file included from /host/spi-builder-workspace/Sources/BrazeKitCompat/AppboyKit/ABKInAppMessageController.m:1:
/host/spi-builder-workspace/Sources/BrazeKitCompat/include/ABKInAppMessageController.h:1:9: fatal error: 'Foundation/Foundation.h' file not found
1 | #import <Foundation/Foundation.h>
| ^~~~~~~~~~~~~~~~~~~~~~~~~
[0/240] Compiling ABKInAppMessageController.m
BUILD FAILURE 6.2 wasm