The Swift Package Index logo.Swift Package Index

Build Information

Failed to build ALCoordinator, reference 1.0.0 (6a3d87), with Swift 6.4 for visionOS using Xcode 27.0 on 19 Sep 2026 21:29:56 UTC.

Build Command

env DEVELOPER_DIR=/Applications/Xcode-27.0.0-Release.Candidate.app xcrun xcodebuild -IDEClonedSourcePackagesDirPathOverride=$PWD/.dependencies -skipMacroValidation -skipPackagePluginValidation -derivedDataPath $PWD/.derivedData build -scheme ALCoordinator -destination generic/platform=xrOS

Build Log

========================================
RunAll
========================================
Builder version: 5.1.0
Interrupt handler set up.
========================================
Checkout
========================================
Clone URL: https://github.com/felilo/ALCoordinator.git
Reference: 1.0.0
Initialized empty Git repository in /Users/admin/builder/spi-builder-workspace/.git/
From https://github.com/felilo/ALCoordinator
 * tag               1.0.0      -> FETCH_HEAD
HEAD is now at 6a3d87f V1
Cloned https://github.com/felilo/ALCoordinator.git
Revision (git rev-parse @):
6a3d87fee2d47042d0a76575fa4e2e817e5027dd
SUCCESS checkout https://github.com/felilo/ALCoordinator.git at 1.0.0
========================================
Build
========================================
Selected platform:         visionOS
Swift version:             6.4
Building package at path:  $PWD
https://github.com/felilo/ALCoordinator.git
Command line invocation:
    /Applications/Xcode-27.0.0-Release.Candidate.app/Contents/Developer/usr/bin/xcodebuild -IDEClonedSourcePackagesDirPathOverride=/Users/admin/builder/spi-builder-workspace/.dependencies -resolvePackageDependencies
Resolve Package Graph
Resolve Package Graph
Resolved source packages:
  ALCoordinator: /Users/admin/builder/spi-builder-workspace
resolved source packages: ALCoordinator
2026-09-19 17:28:51.506 xcodebuild[529:3020] [MT] IDERunDestination: Supported platforms for the buildables in the current scheme is empty.
2026-09-19 17:28:51.653 xcodebuild[529:3020] [MT] IDERunDestination: Supported platforms for the buildables in the current scheme is empty.
2026-09-19 17:28:53.414 xcodebuild[529:3020] [MT] IDERunDestination: Supported platforms for the buildables in the current scheme is empty.
{
  "dependencies" : [
  ],
  "manifest_display_name" : "ALCoordinator",
  "name" : "ALCoordinator",
  "path" : "/Users/admin/builder/spi-builder-workspace",
  "platforms" : [
    {
      "name" : "ios",
      "version" : "13.0"
    }
  ],
  "products" : [
    {
      "name" : "ALCoordinator",
      "targets" : [
        "SUICoordinator",
        "UIKCoordinator"
      ],
      "type" : {
        "library" : [
          "automatic"
        ]
      }
    }
  ],
  "swift_languages_versions" : [
    "5"
  ],
  "targets" : [
    {
      "c99name" : "UIKCoordinator",
      "module_type" : "SwiftTarget",
      "name" : "UIKCoordinator",
      "path" : "Sources/UIKCoordinator",
      "product_memberships" : [
        "ALCoordinator"
      ],
      "sources" : [
        "Base/BaseCoordinator.swift",
        "Base/NavigationCoordinator.swift",
        "Base/Router.swift",
        "Base/RouterManager.swift",
        "Base/TabbarCoordinator.swift",
        "Cooridnator/Coordinator+Helpers.swift",
        "Cooridnator/Coordinator+Navigation+Helpers.swift",
        "Cooridnator/Coordinator+PublicHelpers.swift",
        "Cooridnator/Coordinator.swift",
        "Extensions/TabbarPageDataSource+Helpers.swift",
        "Extensions/UIView+Helpers.swift",
        "Extensions/UIViewController+Helpers.swift",
        "Extensions/View+Helpers.swift",
        "Protocols/BaseRoute.swift",
        "Protocols/NavigationAction.swift",
        "Protocols/RouterAction.swift",
        "Protocols/TabbarCoordinatable.swift",
        "Protocols/TabbarNavigationRouter.swift",
        "Protocols/TabbarPage.swift",
        "Utils/Bridge.swift"
      ],
      "type" : "library"
    },
    {
      "c99name" : "SUICoordinator",
      "module_type" : "SwiftTarget",
      "name" : "SUICoordinator",
      "path" : "Sources/SUICoordinator",
      "product_memberships" : [
        "ALCoordinator"
      ],
      "sources" : [
        "Base/CustomTabbarController.swift",
        "Base/NavigationCoordinator.swift",
        "Base/Router.swift",
        "Base/TabbarCoordinator.swift",
        "Protocols/NavigationAction.swift",
        "Protocols/RouterAction.swift",
        "Utils/Bridge.swift"
      ],
      "target_dependencies" : [
        "UIKCoordinator"
      ],
      "type" : "library"
    },
    {
      "c99name" : "CoordinatorTests",
      "module_type" : "SwiftTarget",
      "name" : "CoordinatorTests",
      "path" : "Tests/CoordinatorTests",
      "sources" : [
        "CoordinatorSUITests.swift",
        "CoordinatorTests.swift",
        "RouterTest.swift",
        "TabbarCoordinatorSUITests.swift",
        "TabbarCoordinatorTests.swift"
      ],
      "target_dependencies" : [
        "SUICoordinator",
        "UIKCoordinator"
      ],
      "type" : "test"
    }
  ],
  "tools_version" : "5.7"
}
{
  "workspace" : {
    "name" : "ALCoordinator",
    "schemes" : [
      "ALCoordinator"
    ]
  }
}
2026-09-19 17:29:38.995 xcodebuild[647:4123] [MT] IDERunDestination: Supported platforms for the buildables in the current scheme is empty.
2026-09-19 17:29:39.134 xcodebuild[647:4123] [MT] IDERunDestination: Supported platforms for the buildables in the current scheme is empty.
Running build ...
env DEVELOPER_DIR=/Applications/Xcode-27.0.0-Release.Candidate.app xcrun xcodebuild -IDEClonedSourcePackagesDirPathOverride=$PWD/.dependencies -skipMacroValidation -skipPackagePluginValidation -derivedDataPath $PWD/.derivedData build -scheme ALCoordinator -destination generic/platform=xrOS
Command line invocation:
    /Applications/Xcode-27.0.0-Release.Candidate.app/Contents/Developer/usr/bin/xcodebuild -IDEClonedSourcePackagesDirPathOverride=/Users/admin/builder/spi-builder-workspace/.dependencies -skipMacroValidation -skipPackagePluginValidation -derivedDataPath /Users/admin/builder/spi-builder-workspace/.derivedData build -scheme ALCoordinator -destination generic/platform=xrOS
Resolve Package Graph
Resolved source packages:
  ALCoordinator: /Users/admin/builder/spi-builder-workspace
ComputePackagePrebuildTargetDependencyGraph
Prepare packages
CreateBuildRequest
SendProjectDescription
CreateBuildOperation
ComputeTargetDependencyGraph
note: Building targets in dependency order
note: Target dependency graph (3 targets)
    Target 'ALCoordinator-product' in project 'ALCoordinator'
        ➜ Explicit dependency on target 'SUICoordinator' in project 'ALCoordinator'
        ➜ Explicit dependency on target 'UIKCoordinator' in project 'ALCoordinator'
    Target 'SUICoordinator' in project 'ALCoordinator'
        ➜ Explicit dependency on target 'UIKCoordinator' in project 'ALCoordinator'
    Target 'UIKCoordinator' in project 'ALCoordinator' (no dependencies)
GatherProvisioningInputs
CreateBuildDescription
ExecuteExternalTool /Applications/Xcode-27.0.0-Release.Candidate.app/Contents/Developer/Toolchains/XcodeDefault.xctoolchain/usr/bin/clang -v -E -dM -isysroot /Applications/Xcode-27.0.0-Release.Candidate.app/Contents/Developer/Platforms/XROS.platform/Developer/SDKs/XROS27.0.sdk -x c -c /dev/null
ExecuteExternalTool /Applications/Xcode-27.0.0-Release.Candidate.app/Contents/Developer/Toolchains/XcodeDefault.xctoolchain/usr/bin/swiftc --version
ExecuteExternalTool /Applications/Xcode-27.0.0-Release.Candidate.app/Contents/Developer/Toolchains/XcodeDefault.xctoolchain/usr/bin/ld -version_details
Build description signature: 0e99d44fafa87d31255c2382d9ce36e0
Build description path: /Users/admin/builder/spi-builder-workspace/.derivedData/Build/Intermediates.noindex/XCBuildData/0e99d44fafa87d31255c2382d9ce36e0.xcbuilddata
CreateBuildDirectory /Users/admin/builder/spi-builder-workspace/.derivedData/SDKExplicitPrecompiledModules
    cd /Users/admin/builder/spi-builder-workspace/.swiftpm/xcode
    builtin-create-build-directory /Users/admin/builder/spi-builder-workspace/.derivedData/SDKExplicitPrecompiledModules
CreateBuildDirectory /Users/admin/builder/spi-builder-workspace/.derivedData/ModuleCache.noindex
    cd /Users/admin/builder/spi-builder-workspace/.swiftpm/xcode
    builtin-create-build-directory /Users/admin/builder/spi-builder-workspace/.derivedData/ModuleCache.noindex
CreateBuildDirectory /Users/admin/builder/spi-builder-workspace/.derivedData/CompilationCache.noindex
    cd /Users/admin/builder/spi-builder-workspace/.swiftpm/xcode
    builtin-create-build-directory /Users/admin/builder/spi-builder-workspace/.derivedData/CompilationCache.noindex
CreateBuildDirectory /Users/admin/builder/spi-builder-workspace/.derivedData/Build/Intermediates.noindex
    cd /Users/admin/builder/spi-builder-workspace/.swiftpm/xcode
    builtin-create-build-directory /Users/admin/builder/spi-builder-workspace/.derivedData/Build/Intermediates.noindex
ClangStatCache /Applications/Xcode-27.0.0-Release.Candidate.app/Contents/Developer/Toolchains/XcodeDefault.xctoolchain/usr/bin/clang-stat-cache /Applications/Xcode-27.0.0-Release.Candidate.app/Contents/Developer/Platforms/XROS.platform/Developer/SDKs/XROS27.0.sdk /Users/admin/builder/spi-builder-workspace/.derivedData/SDKStatCaches.noindex/xros27.0-24M361-e829b21a6f8c9b70876ba0858053c044735bd543db762f57723cac368afd1ce4.sdkstatcache
    cd /Users/admin/builder/spi-builder-workspace/.swiftpm/xcode
    /Applications/Xcode-27.0.0-Release.Candidate.app/Contents/Developer/Toolchains/XcodeDefault.xctoolchain/usr/bin/clang-stat-cache /Applications/Xcode-27.0.0-Release.Candidate.app/Contents/Developer/Platforms/XROS.platform/Developer/SDKs/XROS27.0.sdk -o /Users/admin/builder/spi-builder-workspace/.derivedData/SDKStatCaches.noindex/xros27.0-24M361-e829b21a6f8c9b70876ba0858053c044735bd543db762f57723cac368afd1ce4.sdkstatcache
CreateBuildDirectory /Users/admin/builder/spi-builder-workspace/.derivedData/Build/Products
    cd /Users/admin/builder/spi-builder-workspace/.swiftpm/xcode
    builtin-create-build-directory /Users/admin/builder/spi-builder-workspace/.derivedData/Build/Products
CreateBuildDirectory /Users/admin/builder/spi-builder-workspace/.derivedData/Build/Intermediates.noindex/PrecompiledHeaders
    cd /Users/admin/builder/spi-builder-workspace/.swiftpm/xcode
    builtin-create-build-directory /Users/admin/builder/spi-builder-workspace/.derivedData/Build/Intermediates.noindex/PrecompiledHeaders
CreateBuildDirectory /Users/admin/builder/spi-builder-workspace/.derivedData/Build/Intermediates.noindex/SwiftExplicitPrecompiledModules
    cd /Users/admin/builder/spi-builder-workspace/.swiftpm/xcode
    builtin-create-build-directory /Users/admin/builder/spi-builder-workspace/.derivedData/Build/Intermediates.noindex/SwiftExplicitPrecompiledModules
CreateBuildDirectory /Users/admin/builder/spi-builder-workspace/.derivedData/Build/Intermediates.noindex/ExplicitPrecompiledModules
    cd /Users/admin/builder/spi-builder-workspace/.swiftpm/xcode
    builtin-create-build-directory /Users/admin/builder/spi-builder-workspace/.derivedData/Build/Intermediates.noindex/ExplicitPrecompiledModules
CreateBuildDirectory /Users/admin/builder/spi-builder-workspace/.derivedData/Build/Intermediates.noindex/EagerLinkingTBDs/Debug-xros
    cd /Users/admin/builder/spi-builder-workspace/.swiftpm/xcode
    builtin-create-build-directory /Users/admin/builder/spi-builder-workspace/.derivedData/Build/Intermediates.noindex/EagerLinkingTBDs/Debug-xros
CreateBuildDirectory /Users/admin/builder/spi-builder-workspace/.derivedData/Build/Products/Debug-xros
    cd /Users/admin/builder/spi-builder-workspace/.swiftpm/xcode
    builtin-create-build-directory /Users/admin/builder/spi-builder-workspace/.derivedData/Build/Products/Debug-xros
CreateBuildDirectory /Users/admin/builder/spi-builder-workspace/.derivedData/Build/Products/Debug-xros/PackageFrameworks
    cd /Users/admin/builder/spi-builder-workspace/.swiftpm/xcode
    builtin-create-build-directory /Users/admin/builder/spi-builder-workspace/.derivedData/Build/Products/Debug-xros/PackageFrameworks
WriteAuxiliaryFile /Users/admin/builder/spi-builder-workspace/.derivedData/Build/Intermediates.noindex/ALCoordinator.build/Debug-xros/UIKCoordinator-t.build/UIKCoordinator.DependencyMetadataFileList (in target 'UIKCoordinator' from project 'ALCoordinator')
    cd /Users/admin/builder/spi-builder-workspace
    write-file /Users/admin/builder/spi-builder-workspace/.derivedData/Build/Intermediates.noindex/ALCoordinator.build/Debug-xros/UIKCoordinator-t.build/UIKCoordinator.DependencyMetadataFileList
WriteAuxiliaryFile /Users/admin/builder/spi-builder-workspace/.derivedData/Build/Intermediates.noindex/ALCoordinator.build/Debug-xros/UIKCoordinator-t.build/UIKCoordinator.DependencyStaticMetadataFileList (in target 'UIKCoordinator' from project 'ALCoordinator')
    cd /Users/admin/builder/spi-builder-workspace
    write-file /Users/admin/builder/spi-builder-workspace/.derivedData/Build/Intermediates.noindex/ALCoordinator.build/Debug-xros/UIKCoordinator-t.build/UIKCoordinator.DependencyStaticMetadataFileList
WriteAuxiliaryFile /Users/admin/builder/spi-builder-workspace/.derivedData/Build/Intermediates.noindex/ALCoordinator.build/Debug-xros/UIKCoordinator-t.build/UIKCoordinator.modulemap (in target 'UIKCoordinator' from project 'ALCoordinator')
    cd /Users/admin/builder/spi-builder-workspace
    write-file /Users/admin/builder/spi-builder-workspace/.derivedData/Build/Intermediates.noindex/ALCoordinator.build/Debug-xros/UIKCoordinator-t.build/UIKCoordinator.modulemap
WriteAuxiliaryFile /Users/admin/builder/spi-builder-workspace/.derivedData/Build/Intermediates.noindex/ALCoordinator.build/Debug-xros/UIKCoordinator-t.build/Objects-normal/arm64/UIKCoordinator.LinkFileList (in target 'UIKCoordinator' from project 'ALCoordinator')
    cd /Users/admin/builder/spi-builder-workspace
    write-file /Users/admin/builder/spi-builder-workspace/.derivedData/Build/Intermediates.noindex/ALCoordinator.build/Debug-xros/UIKCoordinator-t.build/Objects-normal/arm64/UIKCoordinator.LinkFileList
WriteAuxiliaryFile /Users/admin/builder/spi-builder-workspace/.derivedData/Build/Intermediates.noindex/ALCoordinator.build/Debug-xros/UIKCoordinator-t.build/Objects-normal/arm64/UIKCoordinator_const_extract_protocols.json (in target 'UIKCoordinator' from project 'ALCoordinator')
    cd /Users/admin/builder/spi-builder-workspace
    write-file /Users/admin/builder/spi-builder-workspace/.derivedData/Build/Intermediates.noindex/ALCoordinator.build/Debug-xros/UIKCoordinator-t.build/Objects-normal/arm64/UIKCoordinator_const_extract_protocols.json
WriteAuxiliaryFile /Users/admin/builder/spi-builder-workspace/.derivedData/Build/Intermediates.noindex/ALCoordinator.build/Debug-xros/UIKCoordinator-t.build/Objects-normal/arm64/UIKCoordinator-OutputFileMap.json (in target 'UIKCoordinator' from project 'ALCoordinator')
    cd /Users/admin/builder/spi-builder-workspace
    write-file /Users/admin/builder/spi-builder-workspace/.derivedData/Build/Intermediates.noindex/ALCoordinator.build/Debug-xros/UIKCoordinator-t.build/Objects-normal/arm64/UIKCoordinator-OutputFileMap.json
WriteAuxiliaryFile /Users/admin/builder/spi-builder-workspace/.derivedData/Build/Intermediates.noindex/ALCoordinator.build/Debug-xros/UIKCoordinator-t.build/Objects-normal/arm64/UIKCoordinator.SwiftFileList (in target 'UIKCoordinator' from project 'ALCoordinator')
    cd /Users/admin/builder/spi-builder-workspace
    write-file /Users/admin/builder/spi-builder-workspace/.derivedData/Build/Intermediates.noindex/ALCoordinator.build/Debug-xros/UIKCoordinator-t.build/Objects-normal/arm64/UIKCoordinator.SwiftFileList
WriteAuxiliaryFile /Users/admin/builder/spi-builder-workspace/.derivedData/Build/Intermediates.noindex/ALCoordinator.build/Debug-xros/UIKCoordinator-t.build/Objects-normal/arm64/UIKCoordinator.SwiftConstValuesFileList (in target 'UIKCoordinator' from project 'ALCoordinator')
    cd /Users/admin/builder/spi-builder-workspace
    write-file /Users/admin/builder/spi-builder-workspace/.derivedData/Build/Intermediates.noindex/ALCoordinator.build/Debug-xros/UIKCoordinator-t.build/Objects-normal/arm64/UIKCoordinator.SwiftConstValuesFileList
WriteAuxiliaryFile /Users/admin/builder/spi-builder-workspace/.derivedData/Build/Intermediates.noindex/ALCoordinator.build/Debug-xros/SUICoordinator-t.build/SUICoordinator.modulemap (in target 'SUICoordinator' from project 'ALCoordinator')
    cd /Users/admin/builder/spi-builder-workspace
    write-file /Users/admin/builder/spi-builder-workspace/.derivedData/Build/Intermediates.noindex/ALCoordinator.build/Debug-xros/SUICoordinator-t.build/SUICoordinator.modulemap
WriteAuxiliaryFile /Users/admin/builder/spi-builder-workspace/.derivedData/Build/Intermediates.noindex/ALCoordinator.build/Debug-xros/SUICoordinator-t.build/SUICoordinator.DependencyStaticMetadataFileList (in target 'SUICoordinator' from project 'ALCoordinator')
    cd /Users/admin/builder/spi-builder-workspace
    write-file /Users/admin/builder/spi-builder-workspace/.derivedData/Build/Intermediates.noindex/ALCoordinator.build/Debug-xros/SUICoordinator-t.build/SUICoordinator.DependencyStaticMetadataFileList
WriteAuxiliaryFile /Users/admin/builder/spi-builder-workspace/.derivedData/Build/Intermediates.noindex/ALCoordinator.build/Debug-xros/SUICoordinator-t.build/SUICoordinator.DependencyMetadataFileList (in target 'SUICoordinator' from project 'ALCoordinator')
    cd /Users/admin/builder/spi-builder-workspace
    write-file /Users/admin/builder/spi-builder-workspace/.derivedData/Build/Intermediates.noindex/ALCoordinator.build/Debug-xros/SUICoordinator-t.build/SUICoordinator.DependencyMetadataFileList
WriteAuxiliaryFile /Users/admin/builder/spi-builder-workspace/.derivedData/Build/Intermediates.noindex/ALCoordinator.build/Debug-xros/SUICoordinator-t.build/Objects-normal/arm64/SUICoordinator_const_extract_protocols.json (in target 'SUICoordinator' from project 'ALCoordinator')
    cd /Users/admin/builder/spi-builder-workspace
    write-file /Users/admin/builder/spi-builder-workspace/.derivedData/Build/Intermediates.noindex/ALCoordinator.build/Debug-xros/SUICoordinator-t.build/Objects-normal/arm64/SUICoordinator_const_extract_protocols.json
WriteAuxiliaryFile /Users/admin/builder/spi-builder-workspace/.derivedData/Build/Intermediates.noindex/ALCoordinator.build/Debug-xros/SUICoordinator-t.build/Objects-normal/arm64/SUICoordinator.SwiftFileList (in target 'SUICoordinator' from project 'ALCoordinator')
    cd /Users/admin/builder/spi-builder-workspace
    write-file /Users/admin/builder/spi-builder-workspace/.derivedData/Build/Intermediates.noindex/ALCoordinator.build/Debug-xros/SUICoordinator-t.build/Objects-normal/arm64/SUICoordinator.SwiftFileList
WriteAuxiliaryFile /Users/admin/builder/spi-builder-workspace/.derivedData/Build/Intermediates.noindex/ALCoordinator.build/Debug-xros/SUICoordinator-t.build/Objects-normal/arm64/SUICoordinator.SwiftConstValuesFileList (in target 'SUICoordinator' from project 'ALCoordinator')
    cd /Users/admin/builder/spi-builder-workspace
    write-file /Users/admin/builder/spi-builder-workspace/.derivedData/Build/Intermediates.noindex/ALCoordinator.build/Debug-xros/SUICoordinator-t.build/Objects-normal/arm64/SUICoordinator.SwiftConstValuesFileList
WriteAuxiliaryFile /Users/admin/builder/spi-builder-workspace/.derivedData/Build/Intermediates.noindex/ALCoordinator.build/Debug-xros/SUICoordinator-t.build/Objects-normal/arm64/SUICoordinator.LinkFileList (in target 'SUICoordinator' from project 'ALCoordinator')
    cd /Users/admin/builder/spi-builder-workspace
    write-file /Users/admin/builder/spi-builder-workspace/.derivedData/Build/Intermediates.noindex/ALCoordinator.build/Debug-xros/SUICoordinator-t.build/Objects-normal/arm64/SUICoordinator.LinkFileList
Copy /Users/admin/builder/spi-builder-workspace/.derivedData/Build/Intermediates.noindex/GeneratedModuleMaps-xros/UIKCoordinator.modulemap /Users/admin/builder/spi-builder-workspace/.derivedData/Build/Intermediates.noindex/ALCoordinator.build/Debug-xros/UIKCoordinator-t.build/UIKCoordinator.modulemap (in target 'UIKCoordinator' from project 'ALCoordinator')
    cd /Users/admin/builder/spi-builder-workspace
    builtin-copy -exclude .DS_Store -exclude CVS -exclude .svn -exclude .git -exclude .hg -resolve-src-symlinks /Users/admin/builder/spi-builder-workspace/.derivedData/Build/Intermediates.noindex/ALCoordinator.build/Debug-xros/UIKCoordinator-t.build/UIKCoordinator.modulemap /Users/admin/builder/spi-builder-workspace/.derivedData/Build/Intermediates.noindex/GeneratedModuleMaps-xros
WriteAuxiliaryFile /Users/admin/builder/spi-builder-workspace/.derivedData/Build/Intermediates.noindex/ALCoordinator.build/Debug-xros/SUICoordinator-t.build/Objects-normal/arm64/SUICoordinator-OutputFileMap.json (in target 'SUICoordinator' from project 'ALCoordinator')
    cd /Users/admin/builder/spi-builder-workspace
    write-file /Users/admin/builder/spi-builder-workspace/.derivedData/Build/Intermediates.noindex/ALCoordinator.build/Debug-xros/SUICoordinator-t.build/Objects-normal/arm64/SUICoordinator-OutputFileMap.json
Copy /Users/admin/builder/spi-builder-workspace/.derivedData/Build/Intermediates.noindex/GeneratedModuleMaps-xros/SUICoordinator.modulemap /Users/admin/builder/spi-builder-workspace/.derivedData/Build/Intermediates.noindex/ALCoordinator.build/Debug-xros/SUICoordinator-t.build/SUICoordinator.modulemap (in target 'SUICoordinator' from project 'ALCoordinator')
    cd /Users/admin/builder/spi-builder-workspace
    builtin-copy -exclude .DS_Store -exclude CVS -exclude .svn -exclude .git -exclude .hg -resolve-src-symlinks /Users/admin/builder/spi-builder-workspace/.derivedData/Build/Intermediates.noindex/ALCoordinator.build/Debug-xros/SUICoordinator-t.build/SUICoordinator.modulemap /Users/admin/builder/spi-builder-workspace/.derivedData/Build/Intermediates.noindex/GeneratedModuleMaps-xros
SwiftDriver UIKCoordinator normal arm64 com.apple.xcode.tools.swift.compiler (in target 'UIKCoordinator' from project 'ALCoordinator')
    cd /Users/admin/builder/spi-builder-workspace/.swiftpm/xcode
    builtin-SwiftDriver -- /Applications/Xcode-27.0.0-Release.Candidate.app/Contents/Developer/Toolchains/XcodeDefault.xctoolchain/usr/bin/swiftc -parse-as-library -module-name UIKCoordinator -Onone @/Users/admin/builder/spi-builder-workspace/.derivedData/Build/Intermediates.noindex/ALCoordinator.build/Debug-xros/UIKCoordinator-t.build/Objects-normal/arm64/UIKCoordinator.SwiftFileList -DSWIFT_PACKAGE -DDEBUG -DSWIFT_MODULE_RESOURCE_BUNDLE_UNAVAILABLE -DXcode -plugin-path /Applications/Xcode-27.0.0-Release.Candidate.app/Contents/Developer/Toolchains/XcodeDefault.xctoolchain/usr/lib/swift/host/plugins/testing -enable-experimental-feature DebugDescriptionMacro -sdk /Applications/Xcode-27.0.0-Release.Candidate.app/Contents/Developer/Platforms/XROS.platform/Developer/SDKs/XROS27.0.sdk -target arm64-apple-xros1.0 -g -module-cache-path /Users/admin/builder/spi-builder-workspace/.derivedData/ModuleCache.noindex -Xfrontend -serialize-debugging-options -profile-coverage-mapping -profile-generate -enable-testing -index-store-path /Users/admin/builder/spi-builder-workspace/.derivedData/Index.noindex/DataStore -Xcc -D_LIBCPP_HARDENING_MODE\=_LIBCPP_HARDENING_MODE_DEBUG -swift-version 5 -I /Users/admin/builder/spi-builder-workspace/.derivedData/Build/Products/Debug-xros -Isystem /Applications/Xcode-27.0.0-Release.Candidate.app/Contents/Developer/Platforms/XROS.platform/Developer/usr/lib -F /Users/admin/builder/spi-builder-workspace/.derivedData/Build/Products/Debug-xros -F /Applications/Xcode-27.0.0-Release.Candidate.app/Contents/Developer/Platforms/XROS.platform/Developer/Library/Frameworks -F /Applications/Xcode-27.0.0-Release.Candidate.app/Contents/Developer/Platforms/XROS.platform/Developer/SDKs/XROS27.0.sdk/Developer/Library/Frameworks -c -j10 -enable-batch-mode -incremental -Xcc -ivfsstatcache -Xcc /Users/admin/builder/spi-builder-workspace/.derivedData/SDKStatCaches.noindex/xros27.0-24M361-e829b21a6f8c9b70876ba0858053c044735bd543db762f57723cac368afd1ce4.sdkstatcache -output-file-map /Users/admin/builder/spi-builder-workspace/.derivedData/Build/Intermediates.noindex/ALCoordinator.build/Debug-xros/UIKCoordinator-t.build/Objects-normal/arm64/UIKCoordinator-OutputFileMap.json -save-temps -no-color-diagnostics -explicit-module-build -module-cache-path /Users/admin/builder/spi-builder-workspace/.derivedData/Build/Intermediates.noindex/SwiftExplicitPrecompiledModules -clang-scanner-module-cache-path /Users/admin/builder/spi-builder-workspace/.derivedData/ModuleCache.noindex -sdk-module-cache-path /Users/admin/builder/spi-builder-workspace/.derivedData/SDKExplicitPrecompiledModules -emit-dependencies -emit-module -emit-module-path /Users/admin/builder/spi-builder-workspace/.derivedData/Build/Intermediates.noindex/ALCoordinator.build/Debug-xros/UIKCoordinator-t.build/Objects-normal/arm64/UIKCoordinator.swiftmodule -serialize-diagnostics -dependency-scan-serialize-diagnostics-path /Users/admin/builder/spi-builder-workspace/.derivedData/Build/Intermediates.noindex/ALCoordinator.build/Debug-xros/UIKCoordinator-t.build/Objects-normal/arm64/UIKCoordinator-dependency-scan.dia -validate-clang-modules-once -clang-build-session-file /Users/admin/builder/spi-builder-workspace/.derivedData/ModuleCache.noindex/Session.modulevalidation -Xcc -fmodules-prune-interval\=86400 -Xcc -fmodules-prune-after\=345600 -emit-const-values -const-gather-protocols-list /Users/admin/builder/spi-builder-workspace/.derivedData/Build/Intermediates.noindex/ALCoordinator.build/Debug-xros/UIKCoordinator-t.build/Objects-normal/arm64/UIKCoordinator_const_extract_protocols.json -Xcc -I/Users/admin/builder/spi-builder-workspace/.derivedData/Build/Products/Debug-xros/include -Xcc -I/Users/admin/builder/spi-builder-workspace/.derivedData/Build/Intermediates.noindex/ALCoordinator.build/Debug-xros/UIKCoordinator-t.build/DerivedSources-normal/arm64 -Xcc -I/Users/admin/builder/spi-builder-workspace/.derivedData/Build/Intermediates.noindex/ALCoordinator.build/Debug-xros/UIKCoordinator-t.build/DerivedSources/arm64 -Xcc -I/Users/admin/builder/spi-builder-workspace/.derivedData/Build/Intermediates.noindex/ALCoordinator.build/Debug-xros/UIKCoordinator-t.build/DerivedSources -Xcc -DSWIFT_PACKAGE -Xcc -DDEBUG\=1 -emit-objc-header -emit-objc-header-path /Users/admin/builder/spi-builder-workspace/.derivedData/Build/Intermediates.noindex/ALCoordinator.build/Debug-xros/UIKCoordinator-t.build/Objects-normal/arm64/UIKCoordinator-Swift.h -working-directory /Users/admin/builder/spi-builder-workspace/.swiftpm/xcode -experimental-emit-module-separately -disable-cmo
/Users/admin/builder/spi-builder-workspace/Sources/UIKCoordinator/Base/TabbarCoordinator.swift:36:10: warning: Extraneous whitespace between attribute name and '('; this is an error in the Swift 6 language mode (in target 'UIKCoordinator' from project 'ALCoordinator')
SwiftExplicitDependencyGeneratePcm arm64 /Users/admin/builder/spi-builder-workspace/.derivedData/SDKExplicitPrecompiledModules/_SwiftConcurrencyShims-C8XHKSHX96D5YYALNM4W70Z0O.pcm
SwiftExplicitDependencyGeneratePcm arm64 /Users/admin/builder/spi-builder-workspace/.derivedData/SDKExplicitPrecompiledModules/_Builtin_float-6WKHNW5S40U2QGHXXGETUDIRA.pcm
SwiftExplicitDependencyGeneratePcm arm64 /Users/admin/builder/spi-builder-workspace/.derivedData/SDKExplicitPrecompiledModules/SwiftShims-CI4H5RO9IYFFWQ2COB512Q2S9.pcm
SwiftExplicitDependencyGeneratePcm arm64 /Users/admin/builder/spi-builder-workspace/.derivedData/SDKExplicitPrecompiledModules/DeveloperToolsSupport-46GOQP8J1QTHLYQSJW81T8UZ3.pcm
SwiftExplicitDependencyGeneratePcm arm64 /Users/admin/builder/spi-builder-workspace/.derivedData/SDKExplicitPrecompiledModules/_Builtin_stdbool-5BU2ADS7JXQMYENKQHW9X8XOU.pcm
SwiftExplicitDependencyGeneratePcm arm64 /Users/admin/builder/spi-builder-workspace/.derivedData/SDKExplicitPrecompiledModules/_AvailabilityInternal-1Q8IQP6M38UWSGZ95UCEY2M44.pcm
SwiftExplicitDependencyGeneratePcm arm64 /Users/admin/builder/spi-builder-workspace/.derivedData/SDKExplicitPrecompiledModules/ptrcheck-BXA97MNLI4BB0HF5I8MJE403D.pcm
SwiftExplicitDependencyGeneratePcm arm64 /Users/admin/builder/spi-builder-workspace/.derivedData/SDKExplicitPrecompiledModules/_Builtin_stdarg-CDA349K2K4US766844K8E0PVA.pcm
SwiftExplicitDependencyGeneratePcm arm64 /Users/admin/builder/spi-builder-workspace/.derivedData/SDKExplicitPrecompiledModules/ShaderGraph-AW1O397P711WTY8KSK8LZX9YA.pcm
SwiftExplicitDependencyGeneratePcm arm64 /Users/admin/builder/spi-builder-workspace/.derivedData/SDKExplicitPrecompiledModules/_Builtin_stddef-5NQ9Z1GV07GBSRQGAQCGXGVRI.pcm
SwiftExplicitDependencyGeneratePcm arm64 /Users/admin/builder/spi-builder-workspace/.derivedData/SDKExplicitPrecompiledModules/ptrauth-1WBA714DZSVUL5JQDJ08CLKZ.pcm
SwiftExplicitDependencyGeneratePcm arm64 /Users/admin/builder/spi-builder-workspace/.derivedData/SDKExplicitPrecompiledModules/_DarwinFoundation1-5RGRVV2TZ6WC4WZW5IXF8NQ04.pcm
SwiftExplicitDependencyGeneratePcm arm64 /Users/admin/builder/spi-builder-workspace/.derivedData/SDKExplicitPrecompiledModules/_Builtin_limits-425JDMN5HPM3D0UEI8LEHP6NM.pcm
SwiftExplicitDependencyGeneratePcm arm64 /Users/admin/builder/spi-builder-workspace/.derivedData/SDKExplicitPrecompiledModules/_DarwinFoundation2-ENTECK156YEWITZRRBTOCE4KR.pcm
SwiftExplicitDependencyGeneratePcm arm64 /Users/admin/builder/spi-builder-workspace/.derivedData/SDKExplicitPrecompiledModules/_Builtin_stdint-8OR6T47OOYJA90ZBO3N1USDE.pcm
SwiftExplicitDependencyGeneratePcm arm64 /Users/admin/builder/spi-builder-workspace/.derivedData/SDKExplicitPrecompiledModules/string_h-2GT67HHHHK5CF1V1S31LH0PU2.pcm
SwiftExplicitDependencyGeneratePcm arm64 /Users/admin/builder/spi-builder-workspace/.derivedData/SDKExplicitPrecompiledModules/sys_types-AYM0BHR77VKMWZCO2T0XGV2HF.pcm
SwiftExplicitDependencyGeneratePcm arm64 /Users/admin/builder/spi-builder-workspace/.derivedData/SDKExplicitPrecompiledModules/_Builtin_tgmath-BPYSMHWI520EQRL2HW519ZY7Z.pcm
SwiftExplicitDependencyGeneratePcm arm64 /Users/admin/builder/spi-builder-workspace/.derivedData/SDKExplicitPrecompiledModules/_Builtin_stdatomic-1VUZPM79PNCAHXVBERD53WRSF.pcm
SwiftExplicitDependencyGeneratePcm arm64 /Users/admin/builder/spi-builder-workspace/.derivedData/SDKExplicitPrecompiledModules/_DarwinFoundation3-9ZHN6JKBS40BBA81RQMV8H0IC.pcm
SwiftExplicitDependencyGeneratePcm arm64 /Users/admin/builder/spi-builder-workspace/.derivedData/SDKExplicitPrecompiledModules/_Builtin_intrinsics-BC5IJI3YI34RQ61ZNVDRDZ6RN.pcm
SwiftExplicitDependencyGeneratePcm arm64 /Users/admin/builder/spi-builder-workspace/.derivedData/SDKExplicitPrecompiledModules/_Builtin_inttypes-11B64KJD36B3YOHBR1BBXBJY8.pcm
SwiftExplicitDependencyGeneratePcm arm64 /Users/admin/builder/spi-builder-workspace/.derivedData/SDKExplicitPrecompiledModules/Darwin-60P5LVNQO3ESRRM5DCJ05PFNK.pcm
SwiftExplicitDependencyGeneratePcm arm64 /Users/admin/builder/spi-builder-workspace/.derivedData/SDKExplicitPrecompiledModules/simd-9XXAB17Y6E4BBPQADD61NZ23.pcm
SwiftExplicitDependencyGeneratePcm arm64 /Users/admin/builder/spi-builder-workspace/.derivedData/SDKExplicitPrecompiledModules/MachO-3XTHY7HWV6RF3KXKYQVHUBUXK.pcm
SwiftExplicitDependencyGeneratePcm arm64 /Users/admin/builder/spi-builder-workspace/.derivedData/SDKExplicitPrecompiledModules/ObjectiveC-26TIBFYCEJZVP216ZZAU1X8KN.pcm
SwiftExplicitDependencyGeneratePcm arm64 /Users/admin/builder/spi-builder-workspace/.derivedData/SDKExplicitPrecompiledModules/os_object-692CJ8BG6RE5H04487EJJOVXW.pcm
SwiftExplicitDependencyGeneratePcm arm64 /Users/admin/builder/spi-builder-workspace/.derivedData/SDKExplicitPrecompiledModules/os_workgroup-4U1VXMWIZD80E7PRUQF2G7P9X.pcm
SwiftExplicitDependencyGeneratePcm arm64 /Users/admin/builder/spi-builder-workspace/.derivedData/SDKExplicitPrecompiledModules/Spatial-5E0I2846LO3ZE24CSVR2O57TI.pcm
SwiftExplicitDependencyGeneratePcm arm64 /Users/admin/builder/spi-builder-workspace/.derivedData/SDKExplicitPrecompiledModules/Dispatch-CLT3466HKC22GCKAWSCNG0H7T.pcm
SwiftExplicitDependencyGeneratePcm arm64 /Users/admin/builder/spi-builder-workspace/.derivedData/SDKExplicitPrecompiledModules/dnssd-CCUV1M8EULNEQJUXO7L0PJAL4.pcm
SwiftExplicitDependencyGeneratePcm arm64 /Users/admin/builder/spi-builder-workspace/.derivedData/SDKExplicitPrecompiledModules/CoreFoundation-AVLTZVCXBU2TO75JCN4AGU8XJ.pcm
SwiftExplicitDependencyGeneratePcm arm64 /Users/admin/builder/spi-builder-workspace/.derivedData/SDKExplicitPrecompiledModules/XPC-EP5EU7FNGP4VOA3EDM18P1KHO.pcm
SwiftExplicitDependencyGeneratePcm arm64 /Users/admin/builder/spi-builder-workspace/.derivedData/SDKExplicitPrecompiledModules/os-1004XEJ3IXOOAU0KL58SM3D0K.pcm
SwiftExplicitDependencyGeneratePcm arm64 /Users/admin/builder/spi-builder-workspace/.derivedData/SDKExplicitPrecompiledModules/CoreGraphics-BFUJ177R223UT2ZI327ZTZY91.pcm
SwiftExplicitDependencyGeneratePcm arm64 /Users/admin/builder/spi-builder-workspace/.derivedData/SDKExplicitPrecompiledModules/Security-8TH2M8WJIQMET4SADWX0N8372.pcm
SwiftExplicitDependencyGeneratePcm arm64 /Users/admin/builder/spi-builder-workspace/.derivedData/SDKExplicitPrecompiledModules/CoreAudioTypes-45UXYEQRN95KG6BF2CW0QIYK9.pcm
SwiftExplicitDependencyGeneratePcm arm64 /Users/admin/builder/spi-builder-workspace/.derivedData/SDKExplicitPrecompiledModules/CFNetwork-5MI70N1VLDQSWTX4COWLMSIRO.pcm
SwiftExplicitDependencyGeneratePcm arm64 /Users/admin/builder/spi-builder-workspace/.derivedData/SDKExplicitPrecompiledModules/CoreAudio-CXS3C78T5TQDGLEGXIBJ04WJ4.pcm
SwiftExplicitDependencyGeneratePcm arm64 /Users/admin/builder/spi-builder-workspace/.derivedData/SDKExplicitPrecompiledModules/Foundation-8GON1KVEKRN3NOQI8RETBRWJP.pcm
SwiftExplicitDependencyGeneratePcm arm64 /Users/admin/builder/spi-builder-workspace/.derivedData/SDKExplicitPrecompiledModules/CoreText-6F9TY5TEPCCZ1K2KYM4GMEGHD.pcm
SwiftExplicitDependencyGeneratePcm arm64 /Users/admin/builder/spi-builder-workspace/.derivedData/SDKExplicitPrecompiledModules/ImageIO-5CC6COR9KJYI1UBL7CSHLU2OG.pcm
SwiftExplicitDependencyGeneratePcm arm64 /Users/admin/builder/spi-builder-workspace/.derivedData/SDKExplicitPrecompiledModules/CoreMIDI-7L19IC4ZH9BPYLVTD8IIFWN9R.pcm
SwiftExplicitDependencyGeneratePcm arm64 /Users/admin/builder/spi-builder-workspace/.derivedData/SDKExplicitPrecompiledModules/_LocationEssentials-8GQGFVARUE99D8VJX3TINY0VP.pcm
SwiftExplicitDependencyGeneratePcm arm64 /Users/admin/builder/spi-builder-workspace/.derivedData/SDKExplicitPrecompiledModules/LocalAuthentication-9MSPUJ85OBXBTOD7NJCT1GZ0O.pcm
SwiftExplicitDependencyGeneratePcm arm64 /Users/admin/builder/spi-builder-workspace/.derivedData/SDKExplicitPrecompiledModules/CoreTransferable-8TBYAKHCX6UC8QQSS7BD8GQK5.pcm
SwiftExplicitDependencyGeneratePcm arm64 /Users/admin/builder/spi-builder-workspace/.derivedData/SDKExplicitPrecompiledModules/UIUtilities-AOVGLUWEAN6CG2UZFNESGSP6C.pcm
SwiftExplicitDependencyGeneratePcm arm64 /Users/admin/builder/spi-builder-workspace/.derivedData/SDKExplicitPrecompiledModules/UniformTypeIdentifiers-E5KMWDZEKS4QW9RO1KBRDEXV6.pcm
SwiftExplicitDependencyGeneratePcm arm64 /Users/admin/builder/spi-builder-workspace/.derivedData/SDKExplicitPrecompiledModules/FileProvider-C9I28SI56F2SEVH1BCWTKGODO.pcm
SwiftExplicitDependencyGeneratePcm arm64 /Users/admin/builder/spi-builder-workspace/.derivedData/SDKExplicitPrecompiledModules/IOSurface-5FE9U89GVFF9A7X7AGO2R8ENI.pcm
SwiftExplicitDependencyGeneratePcm arm64 /Users/admin/builder/spi-builder-workspace/.derivedData/SDKExplicitPrecompiledModules/CoreData-73N6Z547OZUEZ8ADGEC6XRHWN.pcm
SwiftExplicitDependencyGeneratePcm arm64 /Users/admin/builder/spi-builder-workspace/.derivedData/SDKExplicitPrecompiledModules/Symbols-8G2XC01RPQ5HYIZE6JNUT864I.pcm
SwiftExplicitDependencyGeneratePcm arm64 /Users/admin/builder/spi-builder-workspace/.derivedData/SDKExplicitPrecompiledModules/UserNotifications-8IIV1V1FPNAPA4LY1Y23LOM2N.pcm
SwiftExplicitDependencyGeneratePcm arm64 /Users/admin/builder/spi-builder-workspace/.derivedData/SDKExplicitPrecompiledModules/DataDetection-BANTQ3WXXGKZJYC0LLB3MD9K0.pcm
SwiftExplicitDependencyGeneratePcm arm64 /Users/admin/builder/spi-builder-workspace/.derivedData/SDKExplicitPrecompiledModules/Accessibility-1DR4J4YDVDGAYQTZ0FKZ1PU09.pcm
SwiftExplicitDependencyGeneratePcm arm64 /Users/admin/builder/spi-builder-workspace/.derivedData/SDKExplicitPrecompiledModules/CoreLocation-1SN37095DAPVJ068LLP9TBDQX.pcm
SwiftExplicitDependencyGeneratePcm arm64 /Users/admin/builder/spi-builder-workspace/.derivedData/SDKExplicitPrecompiledModules/OSLog-BNGT87TS0GMBFF7TY70HHB69.pcm
SwiftExplicitDependencyGeneratePcm arm64 /Users/admin/builder/spi-builder-workspace/.derivedData/SDKExplicitPrecompiledModules/Network-EQPZZF3W6BWG89K0PY9NZO3T0.pcm
SwiftExplicitDependencyGeneratePcm arm64 /Users/admin/builder/spi-builder-workspace/.derivedData/SDKExplicitPrecompiledModules/Metal-EKNUM9P3PRIBHZK1ZBD6BA2T7.pcm
SwiftExplicitDependencyGeneratePcm arm64 /Users/admin/builder/spi-builder-workspace/.derivedData/SDKExplicitPrecompiledModules/OpenGLES-56BKSYXNVAP91BYZRWAKQZKGI.pcm
SwiftExplicitDependencyGeneratePcm arm64 /Users/admin/builder/spi-builder-workspace/.derivedData/SDKExplicitPrecompiledModules/AudioToolbox-2K3S8EA590EB3GMH6D6784BWZ.pcm
SwiftExplicitDependencyGeneratePcm arm64 /Users/admin/builder/spi-builder-workspace/.derivedData/SDKExplicitPrecompiledModules/CoreMotion-10LV922UPGE28QX2SOIO7ALIZ.pcm
SwiftExplicitDependencyGeneratePcm arm64 /Users/admin/builder/spi-builder-workspace/.derivedData/SDKExplicitPrecompiledModules/AVRouting-55P8FRNK50AFZOMMB2LBBOX33.pcm
SwiftExplicitDependencyGeneratePcm arm64 /Users/admin/builder/spi-builder-workspace/.derivedData/SDKExplicitPrecompiledModules/CoreVideo-E12HJSJSLO0YKWYBES11UKJ02.pcm
SwiftExplicitDependencyCompileModuleFromInterface arm64 /Users/admin/builder/spi-builder-workspace/.derivedData/SDKExplicitPrecompiledModules/ShaderGraph-URHKVVOFZL5Z.swiftmodule
SwiftExplicitDependencyGeneratePcm arm64 /Users/admin/builder/spi-builder-workspace/.derivedData/SDKExplicitPrecompiledModules/CoreMedia-D1IBHC28BRHWLNUG1Q75G5YN0.pcm
SwiftExplicitDependencyGeneratePcm arm64 /Users/admin/builder/spi-builder-workspace/.derivedData/SDKExplicitPrecompiledModules/ARKitFoundation-3N77COW7DLP77CM0PWZXSR9BD.pcm
SwiftExplicitDependencyGeneratePcm arm64 /Users/admin/builder/spi-builder-workspace/.derivedData/SDKExplicitPrecompiledModules/QuartzCore-12T8WVKUNCL1N7VXH87MM4YOB.pcm
SwiftExplicitDependencyGeneratePcm arm64 /Users/admin/builder/spi-builder-workspace/.derivedData/SDKExplicitPrecompiledModules/CoreML-37QYERWC0RQN4IY4377UD0TY1.pcm
SwiftExplicitDependencyGeneratePcm arm64 /Users/admin/builder/spi-builder-workspace/.derivedData/SDKExplicitPrecompiledModules/CoreImage-8WF1P230U10QM666EQMNV7OF1.pcm
SwiftExplicitDependencyGeneratePcm arm64 /Users/admin/builder/spi-builder-workspace/.derivedData/SDKExplicitPrecompiledModules/SwiftUICore-6OBBMA39VFD4CB6SG2PE41FAP.pcm
SwiftExplicitDependencyGeneratePcm arm64 /Users/admin/builder/spi-builder-workspace/.derivedData/SDKExplicitPrecompiledModules/Vision-DVVG9MQGC3IMTVPTC1691MQ6Z.pcm
SwiftExplicitDependencyGeneratePcm arm64 /Users/admin/builder/spi-builder-workspace/.derivedData/SDKExplicitPrecompiledModules/AVFAudio-E8GATWFYYBEBB41O9N0LRRGYC.pcm
SwiftExplicitDependencyGeneratePcm arm64 /Users/admin/builder/spi-builder-workspace/.derivedData/SDKExplicitPrecompiledModules/MediaToolbox-1J5U29ERBPNPI1HKEJHXOP8EV.pcm
SwiftExplicitDependencyGeneratePcm arm64 /Users/admin/builder/spi-builder-workspace/.derivedData/SDKExplicitPrecompiledModules/VideoToolbox-7I4MDYIPJ4IWU1ZSL4JE3I7M6.pcm
SwiftExplicitDependencyGeneratePcm arm64 /Users/admin/builder/spi-builder-workspace/.derivedData/SDKExplicitPrecompiledModules/UIKit-2D2PMAAE45TMO6S28UCGCO5BR.pcm
SwiftExplicitDependencyGeneratePcm arm64 /Users/admin/builder/spi-builder-workspace/.derivedData/SDKExplicitPrecompiledModules/AVFoundation-DFCX8GQJWVA3CZBITWEHAZEFX.pcm
SwiftExplicitDependencyGeneratePcm arm64 /Users/admin/builder/spi-builder-workspace/.derivedData/SDKExplicitPrecompiledModules/ARKitCore-307YVPJLQNB66BTBIONHZNP86.pcm
SwiftExplicitDependencyGeneratePcm arm64 /Users/admin/builder/spi-builder-workspace/.derivedData/SDKExplicitPrecompiledModules/GameController-7QL0VMQHE24OWQFUR0UFT89DW.pcm
SwiftExplicitDependencyGeneratePcm arm64 /Users/admin/builder/spi-builder-workspace/.derivedData/SDKExplicitPrecompiledModules/SwiftUI-77PUPXISY3V3TUF5FJEHUQC86.pcm
SwiftExplicitDependencyGeneratePcm arm64 /Users/admin/builder/spi-builder-workspace/.derivedData/SDKExplicitPrecompiledModules/ARKit-27VDPOZ50FG2MJG7OFV6IFQYQ.pcm
SwiftEmitModule normal arm64 Emitting\ module\ for\ UIKCoordinator (in target 'UIKCoordinator' from project 'ALCoordinator')
SwiftCompile normal arm64 (in target 'UIKCoordinator' from project 'ALCoordinator')
    cd /Users/admin/builder/spi-builder-workspace/.swiftpm/xcode

/Users/admin/builder/spi-builder-workspace/Sources/UIKCoordinator/Base/TabbarCoordinator.swift:36:10: warning: extraneous whitespace between attribute name and '('; this is an error in the Swift 6 language mode
 34 |
 35 |
 36 |   private (set) var pages: [PAGE]
    |          `- warning: extraneous whitespace between attribute name and '('; this is an error in the Swift 6 language mode
 37 |   open var tabController: UITabBarController!
 38 |   open var currentPage: PAGE? {
SwiftCompile normal arm64 Compiling\ TabbarPage.swift,\ Bridge.swift /Users/admin/builder/spi-builder-workspace/Sources/UIKCoordinator/Protocols/TabbarPage.swift /Users/admin/builder/spi-builder-workspace/Sources/UIKCoordinator/Utils/Bridge.swift (in target 'UIKCoordinator' from project 'ALCoordinator')
SwiftCompile normal arm64 /Users/admin/builder/spi-builder-workspace/Sources/UIKCoordinator/Protocols/TabbarPage.swift (in target 'UIKCoordinator' from project 'ALCoordinator')
    cd /Users/admin/builder/spi-builder-workspace/.swiftpm/xcode
    builtin-SwiftPerFileCompile TabbarPage.swift
SwiftCompile normal arm64 /Users/admin/builder/spi-builder-workspace/Sources/UIKCoordinator/Utils/Bridge.swift (in target 'UIKCoordinator' from project 'ALCoordinator')
    cd /Users/admin/builder/spi-builder-workspace/.swiftpm/xcode
    builtin-SwiftPerFileCompile Bridge.swift
SwiftCompile normal arm64 Compiling\ TabbarCoordinatable.swift,\ TabbarNavigationRouter.swift /Users/admin/builder/spi-builder-workspace/Sources/UIKCoordinator/Protocols/TabbarCoordinatable.swift /Users/admin/builder/spi-builder-workspace/Sources/UIKCoordinator/Protocols/TabbarNavigationRouter.swift (in target 'UIKCoordinator' from project 'ALCoordinator')
SwiftCompile normal arm64 /Users/admin/builder/spi-builder-workspace/Sources/UIKCoordinator/Protocols/TabbarCoordinatable.swift (in target 'UIKCoordinator' from project 'ALCoordinator')
    cd /Users/admin/builder/spi-builder-workspace/.swiftpm/xcode
    builtin-SwiftPerFileCompile TabbarCoordinatable.swift
SwiftCompile normal arm64 /Users/admin/builder/spi-builder-workspace/Sources/UIKCoordinator/Protocols/TabbarNavigationRouter.swift (in target 'UIKCoordinator' from project 'ALCoordinator')
    cd /Users/admin/builder/spi-builder-workspace/.swiftpm/xcode
    builtin-SwiftPerFileCompile TabbarNavigationRouter.swift
SwiftCompile normal arm64 Compiling\ NavigationAction.swift,\ RouterAction.swift /Users/admin/builder/spi-builder-workspace/Sources/UIKCoordinator/Protocols/NavigationAction.swift /Users/admin/builder/spi-builder-workspace/Sources/UIKCoordinator/Protocols/RouterAction.swift (in target 'UIKCoordinator' from project 'ALCoordinator')
SwiftCompile normal arm64 /Users/admin/builder/spi-builder-workspace/Sources/UIKCoordinator/Protocols/NavigationAction.swift (in target 'UIKCoordinator' from project 'ALCoordinator')
    cd /Users/admin/builder/spi-builder-workspace/.swiftpm/xcode
    builtin-SwiftPerFileCompile NavigationAction.swift
SwiftCompile normal arm64 /Users/admin/builder/spi-builder-workspace/Sources/UIKCoordinator/Protocols/RouterAction.swift (in target 'UIKCoordinator' from project 'ALCoordinator')
    cd /Users/admin/builder/spi-builder-workspace/.swiftpm/xcode
    builtin-SwiftPerFileCompile RouterAction.swift
SwiftCompile normal arm64 Compiling\ View+Helpers.swift,\ BaseRoute.swift /Users/admin/builder/spi-builder-workspace/Sources/UIKCoordinator/Extensions/View+Helpers.swift /Users/admin/builder/spi-builder-workspace/Sources/UIKCoordinator/Protocols/BaseRoute.swift (in target 'UIKCoordinator' from project 'ALCoordinator')
/Users/admin/builder/spi-builder-workspace/Sources/UIKCoordinator/Extensions/View+Helpers.swift:37:26: warning: 'windows' was deprecated in visionOS 1.0: Use UIWindowScene.windows on a relevant window scene instead [#DeprecatedDeclaration]
35 |
36 |     controller.view.frame = CGRect(x: 0, y: CGFloat(Int.max), width: 1, height: 1)
37 |     UIApplication.shared.windows.first?.rootViewController?.view.addSubview(controller.view)
   |                          `- warning: 'windows' was deprecated in visionOS 1.0: Use UIWindowScene.windows on a relevant window scene instead [#DeprecatedDeclaration]
38 |
39 |     let size = controller.sizeThatFits(in: UIScreen.main.bounds.size)
/Users/admin/builder/spi-builder-workspace/Sources/UIKCoordinator/Extensions/View+Helpers.swift:39:44: error: 'UIScreen' is unavailable in visionOS
37 |     UIApplication.shared.windows.first?.rootViewController?.view.addSubview(controller.view)
38 |
39 |     let size = controller.sizeThatFits(in: UIScreen.main.bounds.size)
   |                                            `- error: 'UIScreen' is unavailable in visionOS
40 |     controller.view.bounds = CGRect(origin: .zero, size: size)
41 |     controller.view.sizeToFit()
/Applications/Xcode-27.0.0-Release.Candidate.app/Contents/Developer/Platforms/XROS.platform/Developer/SDKs/XROS27.0.sdk/System/Library/Frameworks/UIKit.framework/Headers/UIScreen.h:54:12: note: 'UIScreen' has been explicitly marked unavailable here
 52 |
 53 | UIKIT_EXTERN API_AVAILABLE(ios(2.0)) API_UNAVAILABLE(visionos, watchos) NS_SWIFT_UI_ACTOR
 54 | @interface UIScreen : NSObject <UITraitEnvironment>
    |            `- note: 'UIScreen' has been explicitly marked unavailable here
 55 |
 56 | @property(class, nonatomic, readonly) NSArray<UIScreen *> *screens API_DEPRECATED("Use UIApplication.shared.openSessions to find open sessions with scenes from other screens", ios(3.2, 16.0), visionos(1.0, 1.0)) API_UNAVAILABLE(watchos); // all screens currently attached to the device
[#DeprecatedDeclaration]: <https://docs.swift.org/compiler/documentation/diagnostics/deprecated-declaration>
Failed frontend command:
SwiftCompile normal arm64 /Users/admin/builder/spi-builder-workspace/Sources/UIKCoordinator/Extensions/View+Helpers.swift (in target 'UIKCoordinator' from project 'ALCoordinator')
    cd /Users/admin/builder/spi-builder-workspace/.swiftpm/xcode
    builtin-SwiftPerFileCompile View+Helpers.swift
SwiftCompile normal arm64 /Users/admin/builder/spi-builder-workspace/Sources/UIKCoordinator/Protocols/BaseRoute.swift (in target 'UIKCoordinator' from project 'ALCoordinator')
    cd /Users/admin/builder/spi-builder-workspace/.swiftpm/xcode
    builtin-SwiftPerFileCompile BaseRoute.swift
/Applications/Xcode-27.0.0-Release.Candidate.app/Contents/Developer/Toolchains/XcodeDefault.xctoolchain/usr/bin/swift-frontend -frontend -c /Users/admin/builder/spi-builder-workspace/Sources/UIKCoordinator/Base/BaseCoordinator.swift /Users/admin/builder/spi-builder-workspace/Sources/UIKCoordinator/Base/NavigationCoordinator.swift /Users/admin/builder/spi-builder-workspace/Sources/UIKCoordinator/Base/Router.swift /Users/admin/builder/spi-builder-workspace/Sources/UIKCoordinator/Base/RouterManager.swift /Users/admin/builder/spi-builder-workspace/Sources/UIKCoordinator/Base/TabbarCoordinator.swift /Users/admin/builder/spi-builder-workspace/Sources/UIKCoordinator/Cooridnator/Coordinator+Helpers.swift /Users/admin/builder/spi-builder-workspace/Sources/UIKCoordinator/Cooridnator/Coordinator+Navigation+Helpers.swift /Users/admin/builder/spi-builder-workspace/Sources/UIKCoordinator/Cooridnator/Coordinator+PublicHelpers.swift /Users/admin/builder/spi-builder-workspace/Sources/UIKCoordinator/Cooridnator/Coordinator.swift /Users/admin/builder/spi-builder-workspace/Sources/UIKCoordinator/Extensions/TabbarPageDataSource+Helpers.swift /Users/admin/builder/spi-builder-workspace/Sources/UIKCoordinator/Extensions/UIView+Helpers.swift /Users/admin/builder/spi-builder-workspace/Sources/UIKCoordinator/Extensions/UIViewController+Helpers.swift -primary-file /Users/admin/builder/spi-builder-workspace/Sources/UIKCoordinator/Extensions/View+Helpers.swift -primary-file /Users/admin/builder/spi-builder-workspace/Sources/UIKCoordinator/Protocols/BaseRoute.swift /Users/admin/builder/spi-builder-workspace/Sources/UIKCoordinator/Protocols/NavigationAction.swift /Users/admin/builder/spi-builder-workspace/Sources/UIKCoordinator/Protocols/RouterAction.swift /Users/admin/builder/spi-builder-workspace/Sources/UIKCoordinator/Protocols/TabbarCoordinatable.swift /Users/admin/builder/spi-builder-workspace/Sources/UIKCoordinator/Protocols/TabbarNavigationRouter.swift /Users/admin/builder/spi-builder-workspace/Sources/UIKCoordinator/Protocols/TabbarPage.swift /Users/admin/builder/spi-builder-workspace/Sources/UIKCoordinator/Utils/Bridge.swift -emit-dependencies-path /Users/admin/builder/spi-builder-workspace/.derivedData/Build/Intermediates.noindex/ALCoordinator.build/Debug-xros/UIKCoordinator-t.build/Objects-normal/arm64/View+Helpers.d -emit-const-values-path /Users/admin/builder/spi-builder-workspace/.derivedData/Build/Intermediates.noindex/ALCoordinator.build/Debug-xros/UIKCoordinator-t.build/Objects-normal/arm64/View+Helpers.swiftconstvalues -emit-reference-dependencies-path /Users/admin/builder/spi-builder-workspace/.derivedData/Build/Intermediates.noindex/ALCoordinator.build/Debug-xros/UIKCoordinator-t.build/Objects-normal/arm64/View+Helpers.swiftdeps -serialize-diagnostics-path /Users/admin/builder/spi-builder-workspace/.derivedData/Build/Intermediates.noindex/ALCoordinator.build/Debug-xros/UIKCoordinator-t.build/Objects-normal/arm64/View+Helpers.dia -emit-dependencies-path /Users/admin/builder/spi-builder-workspace/.derivedData/Build/Intermediates.noindex/ALCoordinator.build/Debug-xros/UIKCoordinator-t.build/Objects-normal/arm64/BaseRoute.d -emit-const-values-path /Users/admin/builder/spi-builder-workspace/.derivedData/Build/Intermediates.noindex/ALCoordinator.build/Debug-xros/UIKCoordinator-t.build/Objects-normal/arm64/BaseRoute.swiftconstvalues -emit-reference-dependencies-path /Users/admin/builder/spi-builder-workspace/.derivedData/Build/Intermediates.noindex/ALCoordinator.build/Debug-xros/UIKCoordinator-t.build/Objects-normal/arm64/BaseRoute.swiftdeps -serialize-diagnostics-path /Users/admin/builder/spi-builder-workspace/.derivedData/Build/Intermediates.noindex/ALCoordinator.build/Debug-xros/UIKCoordinator-t.build/Objects-normal/arm64/BaseRoute.dia -target arm64-apple-xros1.0 -disable-cross-import-overlay-search -load-resolved-plugin /Applications/Xcode-27.0.0-Release.Candidate.app/Contents/Developer/Platforms/XROS.platform/Developer/usr/lib/swift/host/plugins/libFoundationMacros.dylib\#/Applications/Xcode-27.0.0-Release.Candidate.app/Contents/Developer/Platforms/XROS.platform/Developer/usr/bin/swift-plugin-server\#FoundationMacros -load-resolved-plugin /Applications/Xcode-27.0.0-Release.Candidate.app/Contents/Developer/Platforms/XROS.platform/Developer/usr/lib/swift/host/plugins/libObservationMacros.dylib\#/Applications/Xcode-27.0.0-Release.Candidate.app/Contents/Developer/Platforms/XROS.platform/Developer/usr/bin/swift-plugin-server\#ObservationMacros -load-resolved-plugin /Applications/Xcode-27.0.0-Release.Candidate.app/Contents/Developer/Platforms/XROS.platform/Developer/usr/lib/swift/host/plugins/libPreviewsMacros.dylib\#/Applications/Xcode-27.0.0-Release.Candidate.app/Contents/Developer/Platforms/XROS.platform/Developer/usr/bin/swift-plugin-server\#PreviewsMacros -load-resolved-plugin /Applications/Xcode-27.0.0-Release.Candidate.app/Contents/Developer/Platforms/XROS.platform/Developer/usr/lib/swift/host/plugins/libSwiftMacros.dylib\#/Applications/Xcode-27.0.0-Release.Candidate.app/Contents/Developer/Platforms/XROS.platform/Developer/usr/bin/swift-plugin-server\#SwiftMacros -load-resolved-plugin /Applications/Xcode-27.0.0-Release.Candidate.app/Contents/Developer/Platforms/XROS.platform/Developer/usr/lib/swift/host/plugins/libSwiftUIMacros.dylib\#/Applications/Xcode-27.0.0-Release.Candidate.app/Contents/Developer/Platforms/XROS.platform/Developer/usr/bin/swift-plugin-server\#SwiftUIMacros -disable-implicit-swift-modules -Xcc -fno-implicit-modules -Xcc -fno-implicit-module-maps -explicit-swift-module-map-file /Users/admin/builder/spi-builder-workspace/.derivedData/Build/Intermediates.noindex/ALCoordinator.build/Debug-xros/UIKCoordinator-t.build/Objects-normal/arm64/UIKCoordinator-dependencies-1.json -Xllvm -aarch64-use-tbi -enable-objc-interop -stack-check -sdk /Applications/Xcode-27.0.0-Release.Candidate.app/Contents/Developer/Platforms/XROS.platform/Developer/SDKs/XROS27.0.sdk -I /Users/admin/builder/spi-builder-workspace/.derivedData/Build/Products/Debug-xros -Isystem /Applications/Xcode-27.0.0-Release.Candidate.app/Contents/Developer/Platforms/XROS.platform/Developer/usr/lib -F /Users/admin/builder/spi-builder-workspace/.derivedData/Build/Products/Debug-xros -F /Applications/Xcode-27.0.0-Release.Candidate.app/Contents/Developer/Platforms/XROS.platform/Developer/Library/Frameworks -F /Applications/Xcode-27.0.0-Release.Candidate.app/Contents/Developer/Platforms/XROS.platform/Developer/SDKs/XROS27.0.sdk/Developer/Library/Frameworks -module-cache-path /Users/admin/builder/spi-builder-workspace/.derivedData/Build/Intermediates.noindex/SwiftExplicitPrecompiledModules -no-color-diagnostics -Xcc -fno-color-diagnostics -enable-testing -g -debug-info-format\=dwarf -dwarf-version\=4 -profile-generate -profile-coverage-mapping -swift-version 5 -Onone -D SWIFT_PACKAGE -D DEBUG -D SWIFT_MODULE_RESOURCE_BUNDLE_UNAVAILABLE -D Xcode -serialize-debugging-options -enable-experimental-feature DebugDescriptionMacro -empty-abi-descriptor -validate-clang-modules-once -clang-build-session-file /Users/admin/builder/spi-builder-workspace/.derivedData/ModuleCache.noindex/Session.modulevalidation -Xcc -working-directory -Xcc /Users/admin/builder/spi-builder-workspace/.swiftpm/xcode -enable-anonymous-context-mangled-names -file-compilation-dir /Users/admin/builder/spi-builder-workspace/.swiftpm/xcode -Xcc -D_LIBCPP_HARDENING_MODE\=_LIBCPP_HARDENING_MODE_DEBUG -Xcc -ivfsstatcache -Xcc /Users/admin/builder/spi-builder-workspace/.derivedData/SDKStatCaches.noindex/xros27.0-24M361-e829b21a6f8c9b70876ba0858053c044735bd543db762f57723cac368afd1ce4.sdkstatcache -Xcc -fmodules-prune-interval\=86400 -Xcc -fmodules-prune-after\=345600 -Xcc -I/Users/admin/builder/spi-builder-workspace/.derivedData/Build/Products/Debug-xros/include -Xcc -I/Users/admin/builder/spi-builder-workspace/.derivedData/Build/Intermediates.noindex/ALCoordinator.build/Debug-xros/UIKCoordinator-t.build/DerivedSources-normal/arm64 -Xcc -I/Users/admin/builder/spi-builder-workspace/.derivedData/Build/Intermediates.noindex/ALCoordinator.build/Debug-xros/UIKCoordinator-t.build/DerivedSources/arm64 -Xcc -I/Users/admin/builder/spi-builder-workspace/.derivedData/Build/Intermediates.noindex/ALCoordinator.build/Debug-xros/UIKCoordinator-t.build/DerivedSources -Xcc -DSWIFT_PACKAGE -Xcc -DDEBUG\=1 -no-auto-bridging-header-chaining -module-name UIKCoordinator -const-gather-protocols-file /Users/admin/builder/spi-builder-workspace/.derivedData/Build/Intermediates.noindex/ALCoordinator.build/Debug-xros/UIKCoordinator-t.build/Objects-normal/arm64/UIKCoordinator_const_extract_protocols.json -disable-clang-spi -clang-target arm64-apple-xros27.0 -target-sdk-version 27.0 -target-sdk-name xros27.0 -in-process-plugin-server-path /Applications/Xcode-27.0.0-Release.Candidate.app/Contents/Developer/Toolchains/XcodeDefault.xctoolchain/usr/lib/swift/host/libSwiftInProcPluginServer.dylib -parse-as-library -o /Users/admin/builder/spi-builder-workspace/.derivedData/Build/Intermediates.noindex/ALCoordinator.build/Debug-xros/UIKCoordinator-t.build/Objects-normal/arm64/View+Helpers.o -o /Users/admin/builder/spi-builder-workspace/.derivedData/Build/Intermediates.noindex/ALCoordinator.build/Debug-xros/UIKCoordinator-t.build/Objects-normal/arm64/BaseRoute.o -debug-module-path /Users/admin/builder/spi-builder-workspace/.derivedData/Build/Intermediates.noindex/ALCoordinator.build/Debug-xros/UIKCoordinator-t.build/Objects-normal/arm64/UIKCoordinator.swiftmodule -index-unit-output-path /ALCoordinator.build/Debug-xros/UIKCoordinator-t.build/Objects-normal/arm64/View+Helpers.o -index-unit-output-path /ALCoordinator.build/Debug-xros/UIKCoordinator-t.build/Objects-normal/arm64/BaseRoute.o -index-store-path /Users/admin/builder/spi-builder-workspace/.derivedData/Index.noindex/DataStore -index-system-modules
SwiftCompile normal arm64 Compiling\ UIView+Helpers.swift,\ UIViewController+Helpers.swift /Users/admin/builder/spi-builder-workspace/Sources/UIKCoordinator/Extensions/UIView+Helpers.swift /Users/admin/builder/spi-builder-workspace/Sources/UIKCoordinator/Extensions/UIViewController+Helpers.swift (in target 'UIKCoordinator' from project 'ALCoordinator')
SwiftCompile normal arm64 /Users/admin/builder/spi-builder-workspace/Sources/UIKCoordinator/Extensions/UIView+Helpers.swift (in target 'UIKCoordinator' from project 'ALCoordinator')
    cd /Users/admin/builder/spi-builder-workspace/.swiftpm/xcode
    builtin-SwiftPerFileCompile UIView+Helpers.swift
SwiftCompile normal arm64 /Users/admin/builder/spi-builder-workspace/Sources/UIKCoordinator/Extensions/UIViewController+Helpers.swift (in target 'UIKCoordinator' from project 'ALCoordinator')
    cd /Users/admin/builder/spi-builder-workspace/.swiftpm/xcode
    builtin-SwiftPerFileCompile UIViewController+Helpers.swift
SwiftCompile normal arm64 Compiling\ Coordinator+Navigation+Helpers.swift,\ Coordinator+PublicHelpers.swift /Users/admin/builder/spi-builder-workspace/Sources/UIKCoordinator/Cooridnator/Coordinator+Navigation+Helpers.swift /Users/admin/builder/spi-builder-workspace/Sources/UIKCoordinator/Cooridnator/Coordinator+PublicHelpers.swift (in target 'UIKCoordinator' from project 'ALCoordinator')
SwiftCompile normal arm64 /Users/admin/builder/spi-builder-workspace/Sources/UIKCoordinator/Cooridnator/Coordinator+Navigation+Helpers.swift (in target 'UIKCoordinator' from project 'ALCoordinator')
    cd /Users/admin/builder/spi-builder-workspace/.swiftpm/xcode
    builtin-SwiftPerFileCompile Coordinator+Navigation+Helpers.swift
SwiftCompile normal arm64 /Users/admin/builder/spi-builder-workspace/Sources/UIKCoordinator/Cooridnator/Coordinator+PublicHelpers.swift (in target 'UIKCoordinator' from project 'ALCoordinator')
    cd /Users/admin/builder/spi-builder-workspace/.swiftpm/xcode
    builtin-SwiftPerFileCompile Coordinator+PublicHelpers.swift
SwiftCompile normal arm64 Compiling\ BaseCoordinator.swift,\ NavigationCoordinator.swift /Users/admin/builder/spi-builder-workspace/Sources/UIKCoordinator/Base/BaseCoordinator.swift /Users/admin/builder/spi-builder-workspace/Sources/UIKCoordinator/Base/NavigationCoordinator.swift (in target 'UIKCoordinator' from project 'ALCoordinator')
SwiftCompile normal arm64 /Users/admin/builder/spi-builder-workspace/Sources/UIKCoordinator/Base/BaseCoordinator.swift (in target 'UIKCoordinator' from project 'ALCoordinator')
    cd /Users/admin/builder/spi-builder-workspace/.swiftpm/xcode
    builtin-SwiftPerFileCompile BaseCoordinator.swift
SwiftCompile normal arm64 /Users/admin/builder/spi-builder-workspace/Sources/UIKCoordinator/Base/NavigationCoordinator.swift (in target 'UIKCoordinator' from project 'ALCoordinator')
    cd /Users/admin/builder/spi-builder-workspace/.swiftpm/xcode
    builtin-SwiftPerFileCompile NavigationCoordinator.swift
SwiftCompile normal arm64 Compiling\ Router.swift,\ RouterManager.swift /Users/admin/builder/spi-builder-workspace/Sources/UIKCoordinator/Base/Router.swift /Users/admin/builder/spi-builder-workspace/Sources/UIKCoordinator/Base/RouterManager.swift (in target 'UIKCoordinator' from project 'ALCoordinator')
SwiftCompile normal arm64 /Users/admin/builder/spi-builder-workspace/Sources/UIKCoordinator/Base/Router.swift (in target 'UIKCoordinator' from project 'ALCoordinator')
    cd /Users/admin/builder/spi-builder-workspace/.swiftpm/xcode
    builtin-SwiftPerFileCompile Router.swift
SwiftCompile normal arm64 /Users/admin/builder/spi-builder-workspace/Sources/UIKCoordinator/Base/RouterManager.swift (in target 'UIKCoordinator' from project 'ALCoordinator')
    cd /Users/admin/builder/spi-builder-workspace/.swiftpm/xcode
    builtin-SwiftPerFileCompile RouterManager.swift
SwiftCompile normal arm64 Compiling\ Coordinator.swift,\ TabbarPageDataSource+Helpers.swift /Users/admin/builder/spi-builder-workspace/Sources/UIKCoordinator/Cooridnator/Coordinator.swift /Users/admin/builder/spi-builder-workspace/Sources/UIKCoordinator/Extensions/TabbarPageDataSource+Helpers.swift (in target 'UIKCoordinator' from project 'ALCoordinator')
SwiftCompile normal arm64 /Users/admin/builder/spi-builder-workspace/Sources/UIKCoordinator/Cooridnator/Coordinator.swift (in target 'UIKCoordinator' from project 'ALCoordinator')
    cd /Users/admin/builder/spi-builder-workspace/.swiftpm/xcode
    builtin-SwiftPerFileCompile Coordinator.swift
SwiftCompile normal arm64 /Users/admin/builder/spi-builder-workspace/Sources/UIKCoordinator/Extensions/TabbarPageDataSource+Helpers.swift (in target 'UIKCoordinator' from project 'ALCoordinator')
    cd /Users/admin/builder/spi-builder-workspace/.swiftpm/xcode
    builtin-SwiftPerFileCompile TabbarPageDataSource+Helpers.swift
SwiftCompile normal arm64 Compiling\ TabbarCoordinator.swift,\ Coordinator+Helpers.swift /Users/admin/builder/spi-builder-workspace/Sources/UIKCoordinator/Base/TabbarCoordinator.swift /Users/admin/builder/spi-builder-workspace/Sources/UIKCoordinator/Cooridnator/Coordinator+Helpers.swift (in target 'UIKCoordinator' from project 'ALCoordinator')
/Users/admin/builder/spi-builder-workspace/Sources/UIKCoordinator/Base/TabbarCoordinator.swift:36:10: warning: extraneous whitespace between attribute name and '('; this is an error in the Swift 6 language mode
 34 |
 35 |
 36 |   private (set) var pages: [PAGE]
    |          `- warning: extraneous whitespace between attribute name and '('; this is an error in the Swift 6 language mode
 37 |   open var tabController: UITabBarController!
 38 |   open var currentPage: PAGE? {
SwiftCompile normal arm64 /Users/admin/builder/spi-builder-workspace/Sources/UIKCoordinator/Base/TabbarCoordinator.swift (in target 'UIKCoordinator' from project 'ALCoordinator')
    cd /Users/admin/builder/spi-builder-workspace/.swiftpm/xcode
    builtin-SwiftPerFileCompile TabbarCoordinator.swift
SwiftCompile normal arm64 /Users/admin/builder/spi-builder-workspace/Sources/UIKCoordinator/Cooridnator/Coordinator+Helpers.swift (in target 'UIKCoordinator' from project 'ALCoordinator')
    cd /Users/admin/builder/spi-builder-workspace/.swiftpm/xcode
    builtin-SwiftPerFileCompile Coordinator+Helpers.swift
SwiftDriverJobDiscovery normal arm64 Emitting module for UIKCoordinator (in target 'UIKCoordinator' from project 'ALCoordinator')
SwiftDriver\ Compilation\ Requirements UIKCoordinator normal arm64 com.apple.xcode.tools.swift.compiler (in target 'UIKCoordinator' from project 'ALCoordinator')
    cd /Users/admin/builder/spi-builder-workspace/.swiftpm/xcode
    builtin-Swift-Compilation-Requirements -- /Applications/Xcode-27.0.0-Release.Candidate.app/Contents/Developer/Toolchains/XcodeDefault.xctoolchain/usr/bin/swiftc -parse-as-library -module-name UIKCoordinator -Onone @/Users/admin/builder/spi-builder-workspace/.derivedData/Build/Intermediates.noindex/ALCoordinator.build/Debug-xros/UIKCoordinator-t.build/Objects-normal/arm64/UIKCoordinator.SwiftFileList -DSWIFT_PACKAGE -DDEBUG -DSWIFT_MODULE_RESOURCE_BUNDLE_UNAVAILABLE -DXcode -plugin-path /Applications/Xcode-27.0.0-Release.Candidate.app/Contents/Developer/Toolchains/XcodeDefault.xctoolchain/usr/lib/swift/host/plugins/testing -enable-experimental-feature DebugDescriptionMacro -sdk /Applications/Xcode-27.0.0-Release.Candidate.app/Contents/Developer/Platforms/XROS.platform/Developer/SDKs/XROS27.0.sdk -target arm64-apple-xros1.0 -g -module-cache-path /Users/admin/builder/spi-builder-workspace/.derivedData/ModuleCache.noindex -Xfrontend -serialize-debugging-options -profile-coverage-mapping -profile-generate -enable-testing -index-store-path /Users/admin/builder/spi-builder-workspace/.derivedData/Index.noindex/DataStore -Xcc -D_LIBCPP_HARDENING_MODE\=_LIBCPP_HARDENING_MODE_DEBUG -swift-version 5 -I /Users/admin/builder/spi-builder-workspace/.derivedData/Build/Products/Debug-xros -Isystem /Applications/Xcode-27.0.0-Release.Candidate.app/Contents/Developer/Platforms/XROS.platform/Developer/usr/lib -F /Users/admin/builder/spi-builder-workspace/.derivedData/Build/Products/Debug-xros -F /Applications/Xcode-27.0.0-Release.Candidate.app/Contents/Developer/Platforms/XROS.platform/Developer/Library/Frameworks -F /Applications/Xcode-27.0.0-Release.Candidate.app/Contents/Developer/Platforms/XROS.platform/Developer/SDKs/XROS27.0.sdk/Developer/Library/Frameworks -c -j10 -enable-batch-mode -incremental -Xcc -ivfsstatcache -Xcc /Users/admin/builder/spi-builder-workspace/.derivedData/SDKStatCaches.noindex/xros27.0-24M361-e829b21a6f8c9b70876ba0858053c044735bd543db762f57723cac368afd1ce4.sdkstatcache -output-file-map /Users/admin/builder/spi-builder-workspace/.derivedData/Build/Intermediates.noindex/ALCoordinator.build/Debug-xros/UIKCoordinator-t.build/Objects-normal/arm64/UIKCoordinator-OutputFileMap.json -save-temps -no-color-diagnostics -explicit-module-build -module-cache-path /Users/admin/builder/spi-builder-workspace/.derivedData/Build/Intermediates.noindex/SwiftExplicitPrecompiledModules -clang-scanner-module-cache-path /Users/admin/builder/spi-builder-workspace/.derivedData/ModuleCache.noindex -sdk-module-cache-path /Users/admin/builder/spi-builder-workspace/.derivedData/SDKExplicitPrecompiledModules -emit-dependencies -emit-module -emit-module-path /Users/admin/builder/spi-builder-workspace/.derivedData/Build/Intermediates.noindex/ALCoordinator.build/Debug-xros/UIKCoordinator-t.build/Objects-normal/arm64/UIKCoordinator.swiftmodule -serialize-diagnostics -dependency-scan-serialize-diagnostics-path /Users/admin/builder/spi-builder-workspace/.derivedData/Build/Intermediates.noindex/ALCoordinator.build/Debug-xros/UIKCoordinator-t.build/Objects-normal/arm64/UIKCoordinator-dependency-scan.dia -validate-clang-modules-once -clang-build-session-file /Users/admin/builder/spi-builder-workspace/.derivedData/ModuleCache.noindex/Session.modulevalidation -Xcc -fmodules-prune-interval\=86400 -Xcc -fmodules-prune-after\=345600 -emit-const-values -const-gather-protocols-list /Users/admin/builder/spi-builder-workspace/.derivedData/Build/Intermediates.noindex/ALCoordinator.build/Debug-xros/UIKCoordinator-t.build/Objects-normal/arm64/UIKCoordinator_const_extract_protocols.json -Xcc -I/Users/admin/builder/spi-builder-workspace/.derivedData/Build/Products/Debug-xros/include -Xcc -I/Users/admin/builder/spi-builder-workspace/.derivedData/Build/Intermediates.noindex/ALCoordinator.build/Debug-xros/UIKCoordinator-t.build/DerivedSources-normal/arm64 -Xcc -I/Users/admin/builder/spi-builder-workspace/.derivedData/Build/Intermediates.noindex/ALCoordinator.build/Debug-xros/UIKCoordinator-t.build/DerivedSources/arm64 -Xcc -I/Users/admin/builder/spi-builder-workspace/.derivedData/Build/Intermediates.noindex/ALCoordinator.build/Debug-xros/UIKCoordinator-t.build/DerivedSources -Xcc -DSWIFT_PACKAGE -Xcc -DDEBUG\=1 -emit-objc-header -emit-objc-header-path /Users/admin/builder/spi-builder-workspace/.derivedData/Build/Intermediates.noindex/ALCoordinator.build/Debug-xros/UIKCoordinator-t.build/Objects-normal/arm64/UIKCoordinator-Swift.h -working-directory /Users/admin/builder/spi-builder-workspace/.swiftpm/xcode -experimental-emit-module-separately -disable-cmo
SwiftDriverJobDiscovery normal arm64 Compiling TabbarCoordinator.swift, Coordinator+Helpers.swift (in target 'UIKCoordinator' from project 'ALCoordinator')
SwiftDriverJobDiscovery normal arm64 Compiling UIView+Helpers.swift, UIViewController+Helpers.swift (in target 'UIKCoordinator' from project 'ALCoordinator')
SwiftDriverJobDiscovery normal arm64 Compiling TabbarPage.swift, Bridge.swift (in target 'UIKCoordinator' from project 'ALCoordinator')
SwiftMergeGeneratedHeaders /Users/admin/builder/spi-builder-workspace/.derivedData/Build/Intermediates.noindex/GeneratedModuleMaps-xros/UIKCoordinator-Swift.h /Users/admin/builder/spi-builder-workspace/.derivedData/Build/Intermediates.noindex/ALCoordinator.build/Debug-xros/UIKCoordinator-t.build/Objects-normal/arm64/UIKCoordinator-Swift.h (in target 'UIKCoordinator' from project 'ALCoordinator')
    cd /Users/admin/builder/spi-builder-workspace
    builtin-swiftHeaderTool -arch arm64 /Users/admin/builder/spi-builder-workspace/.derivedData/Build/Intermediates.noindex/ALCoordinator.build/Debug-xros/UIKCoordinator-t.build/Objects-normal/arm64/UIKCoordinator-Swift.h -o /Users/admin/builder/spi-builder-workspace/.derivedData/Build/Intermediates.noindex/GeneratedModuleMaps-xros/UIKCoordinator-Swift.h
Copy /Users/admin/builder/spi-builder-workspace/.derivedData/Build/Products/Debug-xros/UIKCoordinator.swiftmodule/arm64-apple-xros.swiftmodule /Users/admin/builder/spi-builder-workspace/.derivedData/Build/Intermediates.noindex/ALCoordinator.build/Debug-xros/UIKCoordinator-t.build/Objects-normal/arm64/UIKCoordinator.swiftmodule (in target 'UIKCoordinator' from project 'ALCoordinator')
    cd /Users/admin/builder/spi-builder-workspace
    builtin-copy -exclude .DS_Store -exclude CVS -exclude .svn -exclude .git -exclude .hg -resolve-src-symlinks -rename /Users/admin/builder/spi-builder-workspace/.derivedData/Build/Intermediates.noindex/ALCoordinator.build/Debug-xros/UIKCoordinator-t.build/Objects-normal/arm64/UIKCoordinator.swiftmodule /Users/admin/builder/spi-builder-workspace/.derivedData/Build/Products/Debug-xros/UIKCoordinator.swiftmodule/arm64-apple-xros.swiftmodule
Copy /Users/admin/builder/spi-builder-workspace/.derivedData/Build/Products/Debug-xros/UIKCoordinator.swiftmodule/arm64-apple-xros.swiftdoc /Users/admin/builder/spi-builder-workspace/.derivedData/Build/Intermediates.noindex/ALCoordinator.build/Debug-xros/UIKCoordinator-t.build/Objects-normal/arm64/UIKCoordinator.swiftdoc (in target 'UIKCoordinator' from project 'ALCoordinator')
    cd /Users/admin/builder/spi-builder-workspace
    builtin-copy -exclude .DS_Store -exclude CVS -exclude .svn -exclude .git -exclude .hg -resolve-src-symlinks -rename /Users/admin/builder/spi-builder-workspace/.derivedData/Build/Intermediates.noindex/ALCoordinator.build/Debug-xros/UIKCoordinator-t.build/Objects-normal/arm64/UIKCoordinator.swiftdoc /Users/admin/builder/spi-builder-workspace/.derivedData/Build/Products/Debug-xros/UIKCoordinator.swiftmodule/arm64-apple-xros.swiftdoc
Copy /Users/admin/builder/spi-builder-workspace/.derivedData/Build/Products/Debug-xros/UIKCoordinator.swiftmodule/arm64-apple-xros.abi.json /Users/admin/builder/spi-builder-workspace/.derivedData/Build/Intermediates.noindex/ALCoordinator.build/Debug-xros/UIKCoordinator-t.build/Objects-normal/arm64/UIKCoordinator.abi.json (in target 'UIKCoordinator' from project 'ALCoordinator')
    cd /Users/admin/builder/spi-builder-workspace
    builtin-copy -exclude .DS_Store -exclude CVS -exclude .svn -exclude .git -exclude .hg -resolve-src-symlinks -rename /Users/admin/builder/spi-builder-workspace/.derivedData/Build/Intermediates.noindex/ALCoordinator.build/Debug-xros/UIKCoordinator-t.build/Objects-normal/arm64/UIKCoordinator.abi.json /Users/admin/builder/spi-builder-workspace/.derivedData/Build/Products/Debug-xros/UIKCoordinator.swiftmodule/arm64-apple-xros.abi.json
Copy /Users/admin/builder/spi-builder-workspace/.derivedData/Build/Products/Debug-xros/UIKCoordinator.swiftmodule/Project/arm64-apple-xros.swiftsourceinfo /Users/admin/builder/spi-builder-workspace/.derivedData/Build/Intermediates.noindex/ALCoordinator.build/Debug-xros/UIKCoordinator-t.build/Objects-normal/arm64/UIKCoordinator.swiftsourceinfo (in target 'UIKCoordinator' from project 'ALCoordinator')
    cd /Users/admin/builder/spi-builder-workspace
    builtin-copy -exclude .DS_Store -exclude CVS -exclude .svn -exclude .git -exclude .hg -resolve-src-symlinks -rename /Users/admin/builder/spi-builder-workspace/.derivedData/Build/Intermediates.noindex/ALCoordinator.build/Debug-xros/UIKCoordinator-t.build/Objects-normal/arm64/UIKCoordinator.swiftsourceinfo /Users/admin/builder/spi-builder-workspace/.derivedData/Build/Products/Debug-xros/UIKCoordinator.swiftmodule/Project/arm64-apple-xros.swiftsourceinfo
SwiftDriverJobDiscovery normal arm64 Compiling Coordinator+Navigation+Helpers.swift, Coordinator+PublicHelpers.swift (in target 'UIKCoordinator' from project 'ALCoordinator')
SwiftDriverJobDiscovery normal arm64 Compiling TabbarCoordinatable.swift, TabbarNavigationRouter.swift (in target 'UIKCoordinator' from project 'ALCoordinator')
SwiftDriverJobDiscovery normal arm64 Compiling Router.swift, RouterManager.swift (in target 'UIKCoordinator' from project 'ALCoordinator')
SwiftDriverJobDiscovery normal arm64 Compiling NavigationAction.swift, RouterAction.swift (in target 'UIKCoordinator' from project 'ALCoordinator')
SwiftDriverJobDiscovery normal arm64 Compiling BaseCoordinator.swift, NavigationCoordinator.swift (in target 'UIKCoordinator' from project 'ALCoordinator')
SwiftDriver SUICoordinator normal arm64 com.apple.xcode.tools.swift.compiler (in target 'SUICoordinator' from project 'ALCoordinator')
    cd /Users/admin/builder/spi-builder-workspace/.swiftpm/xcode
    builtin-SwiftDriver -- /Applications/Xcode-27.0.0-Release.Candidate.app/Contents/Developer/Toolchains/XcodeDefault.xctoolchain/usr/bin/swiftc -parse-as-library -module-name SUICoordinator -Onone @/Users/admin/builder/spi-builder-workspace/.derivedData/Build/Intermediates.noindex/ALCoordinator.build/Debug-xros/SUICoordinator-t.build/Objects-normal/arm64/SUICoordinator.SwiftFileList -DSWIFT_PACKAGE -DDEBUG -DSWIFT_MODULE_RESOURCE_BUNDLE_UNAVAILABLE -DXcode -plugin-path /Applications/Xcode-27.0.0-Release.Candidate.app/Contents/Developer/Toolchains/XcodeDefault.xctoolchain/usr/lib/swift/host/plugins/testing -enable-experimental-feature DebugDescriptionMacro -sdk /Applications/Xcode-27.0.0-Release.Candidate.app/Contents/Developer/Platforms/XROS.platform/Developer/SDKs/XROS27.0.sdk -target arm64-apple-xros1.0 -g -module-cache-path /Users/admin/builder/spi-builder-workspace/.derivedData/ModuleCache.noindex -Xfrontend -serialize-debugging-options -profile-coverage-mapping -profile-generate -enable-testing -index-store-path /Users/admin/builder/spi-builder-workspace/.derivedData/Index.noindex/DataStore -Xcc -D_LIBCPP_HARDENING_MODE\=_LIBCPP_HARDENING_MODE_DEBUG -swift-version 5 -I /Users/admin/builder/spi-builder-workspace/.derivedData/Build/Products/Debug-xros -Isystem /Applications/Xcode-27.0.0-Release.Candidate.app/Contents/Developer/Platforms/XROS.platform/Developer/usr/lib -F /Users/admin/builder/spi-builder-workspace/.derivedData/Build/Products/Debug-xros/PackageFrameworks -F /Users/admin/builder/spi-builder-workspace/.derivedData/Build/Products/Debug-xros -F /Applications/Xcode-27.0.0-Release.Candidate.app/Contents/Developer/Platforms/XROS.platform/Developer/Library/Frameworks -F /Applications/Xcode-27.0.0-Release.Candidate.app/Contents/Developer/Platforms/XROS.platform/Developer/SDKs/XROS27.0.sdk/Developer/Library/Frameworks -c -j10 -enable-batch-mode -incremental -Xcc -ivfsstatcache -Xcc /Users/admin/builder/spi-builder-workspace/.derivedData/SDKStatCaches.noindex/xros27.0-24M361-e829b21a6f8c9b70876ba0858053c044735bd543db762f57723cac368afd1ce4.sdkstatcache -output-file-map /Users/admin/builder/spi-builder-workspace/.derivedData/Build/Intermediates.noindex/ALCoordinator.build/Debug-xros/SUICoordinator-t.build/Objects-normal/arm64/SUICoordinator-OutputFileMap.json -save-temps -no-color-diagnostics -explicit-module-build -module-cache-path /Users/admin/builder/spi-builder-workspace/.derivedData/Build/Intermediates.noindex/SwiftExplicitPrecompiledModules -clang-scanner-module-cache-path /Users/admin/builder/spi-builder-workspace/.derivedData/ModuleCache.noindex -sdk-module-cache-path /Users/admin/builder/spi-builder-workspace/.derivedData/SDKExplicitPrecompiledModules -emit-dependencies -emit-module -emit-module-path /Users/admin/builder/spi-builder-workspace/.derivedData/Build/Intermediates.noindex/ALCoordinator.build/Debug-xros/SUICoordinator-t.build/Objects-normal/arm64/SUICoordinator.swiftmodule -serialize-diagnostics -dependency-scan-serialize-diagnostics-path /Users/admin/builder/spi-builder-workspace/.derivedData/Build/Intermediates.noindex/ALCoordinator.build/Debug-xros/SUICoordinator-t.build/Objects-normal/arm64/SUICoordinator-dependency-scan.dia -validate-clang-modules-once -clang-build-session-file /Users/admin/builder/spi-builder-workspace/.derivedData/ModuleCache.noindex/Session.modulevalidation -Xcc -fmodules-prune-interval\=86400 -Xcc -fmodules-prune-after\=345600 -emit-const-values -const-gather-protocols-list /Users/admin/builder/spi-builder-workspace/.derivedData/Build/Intermediates.noindex/ALCoordinator.build/Debug-xros/SUICoordinator-t.build/Objects-normal/arm64/SUICoordinator_const_extract_protocols.json -Xcc -I/Users/admin/builder/spi-builder-workspace/.derivedData/Build/Products/Debug-xros/include -Xcc -I/Users/admin/builder/spi-builder-workspace/.derivedData/Build/Intermediates.noindex/ALCoordinator.build/Debug-xros/SUICoordinator-t.build/DerivedSources-normal/arm64 -Xcc -I/Users/admin/builder/spi-builder-workspace/.derivedData/Build/Intermediates.noindex/ALCoordinator.build/Debug-xros/SUICoordinator-t.build/DerivedSources/arm64 -Xcc -I/Users/admin/builder/spi-builder-workspace/.derivedData/Build/Intermediates.noindex/ALCoordinator.build/Debug-xros/SUICoordinator-t.build/DerivedSources -Xcc -DSWIFT_PACKAGE -Xcc -DDEBUG\=1 -emit-objc-header -emit-objc-header-path /Users/admin/builder/spi-builder-workspace/.derivedData/Build/Intermediates.noindex/ALCoordinator.build/Debug-xros/SUICoordinator-t.build/Objects-normal/arm64/SUICoordinator-Swift.h -working-directory /Users/admin/builder/spi-builder-workspace/.swiftpm/xcode -experimental-emit-module-separately -disable-cmo
SwiftCompile normal arm64 Compiling\ NavigationCoordinator.swift /Users/admin/builder/spi-builder-workspace/Sources/SUICoordinator/Base/NavigationCoordinator.swift (in target 'SUICoordinator' from project 'ALCoordinator')
SwiftCompile normal arm64 /Users/admin/builder/spi-builder-workspace/Sources/SUICoordinator/Base/NavigationCoordinator.swift (in target 'SUICoordinator' from project 'ALCoordinator')
    cd /Users/admin/builder/spi-builder-workspace/.swiftpm/xcode
    builtin-SwiftPerFileCompile NavigationCoordinator.swift
SwiftCompile normal arm64 Compiling\ Router.swift /Users/admin/builder/spi-builder-workspace/Sources/SUICoordinator/Base/Router.swift (in target 'SUICoordinator' from project 'ALCoordinator')
SwiftCompile normal arm64 /Users/admin/builder/spi-builder-workspace/Sources/SUICoordinator/Base/Router.swift (in target 'SUICoordinator' from project 'ALCoordinator')
    cd /Users/admin/builder/spi-builder-workspace/.swiftpm/xcode
    builtin-SwiftPerFileCompile Router.swift
SwiftCompile normal arm64 Compiling\ CustomTabbarController.swift /Users/admin/builder/spi-builder-workspace/Sources/SUICoordinator/Base/CustomTabbarController.swift (in target 'SUICoordinator' from project 'ALCoordinator')
SwiftCompile normal arm64 /Users/admin/builder/spi-builder-workspace/Sources/SUICoordinator/Base/CustomTabbarController.swift (in target 'SUICoordinator' from project 'ALCoordinator')
    cd /Users/admin/builder/spi-builder-workspace/.swiftpm/xcode
    builtin-SwiftPerFileCompile CustomTabbarController.swift
SwiftCompile normal arm64 Compiling\ TabbarCoordinator.swift /Users/admin/builder/spi-builder-workspace/Sources/SUICoordinator/Base/TabbarCoordinator.swift (in target 'SUICoordinator' from project 'ALCoordinator')
SwiftCompile normal arm64 /Users/admin/builder/spi-builder-workspace/Sources/SUICoordinator/Base/TabbarCoordinator.swift (in target 'SUICoordinator' from project 'ALCoordinator')
    cd /Users/admin/builder/spi-builder-workspace/.swiftpm/xcode
    builtin-SwiftPerFileCompile TabbarCoordinator.swift
SwiftCompile normal arm64 Compiling\ NavigationAction.swift /Users/admin/builder/spi-builder-workspace/Sources/SUICoordinator/Protocols/NavigationAction.swift (in target 'SUICoordinator' from project 'ALCoordinator')
SwiftCompile normal arm64 /Users/admin/builder/spi-builder-workspace/Sources/SUICoordinator/Protocols/NavigationAction.swift (in target 'SUICoordinator' from project 'ALCoordinator')
    cd /Users/admin/builder/spi-builder-workspace/.swiftpm/xcode
    builtin-SwiftPerFileCompile NavigationAction.swift
SwiftCompile normal arm64 Compiling\ RouterAction.swift /Users/admin/builder/spi-builder-workspace/Sources/SUICoordinator/Protocols/RouterAction.swift (in target 'SUICoordinator' from project 'ALCoordinator')
SwiftCompile normal arm64 /Users/admin/builder/spi-builder-workspace/Sources/SUICoordinator/Protocols/RouterAction.swift (in target 'SUICoordinator' from project 'ALCoordinator')
    cd /Users/admin/builder/spi-builder-workspace/.swiftpm/xcode
    builtin-SwiftPerFileCompile RouterAction.swift
SwiftEmitModule normal arm64 Emitting\ module\ for\ SUICoordinator (in target 'SUICoordinator' from project 'ALCoordinator')
SwiftCompile normal arm64 (in target 'SUICoordinator' from project 'ALCoordinator')
    cd /Users/admin/builder/spi-builder-workspace/.swiftpm/xcode

SwiftCompile normal arm64 Compiling\ Bridge.swift /Users/admin/builder/spi-builder-workspace/Sources/SUICoordinator/Utils/Bridge.swift (in target 'SUICoordinator' from project 'ALCoordinator')
SwiftCompile normal arm64 /Users/admin/builder/spi-builder-workspace/Sources/SUICoordinator/Utils/Bridge.swift (in target 'SUICoordinator' from project 'ALCoordinator')
    cd /Users/admin/builder/spi-builder-workspace/.swiftpm/xcode
    builtin-SwiftPerFileCompile Bridge.swift
PruneExplicitPrecompiledModules /Users/admin/builder/spi-builder-workspace/.derivedData/SDKExplicitPrecompiledModules
PruneExplicitPrecompiledModules /Users/admin/builder/spi-builder-workspace/.derivedData/Build/Intermediates.noindex/SwiftExplicitPrecompiledModules
PruneExplicitPrecompiledModules /Users/admin/builder/spi-builder-workspace/.derivedData/Build/Intermediates.noindex/ExplicitPrecompiledModules
2026-09-19 17:29:39.923 xcodebuild[648:4168] [MT] IDERunDestination: Supported platforms for the buildables in the current scheme is empty.
2026-09-19 17:29:40.060 xcodebuild[648:4168] [MT] IDERunDestination: Supported platforms for the buildables in the current scheme is empty.
** BUILD FAILED **
The following build commands failed:
	SwiftCompile normal arm64 /Users/admin/builder/spi-builder-workspace/Sources/UIKCoordinator/Extensions/View+Helpers.swift (in target 'UIKCoordinator' from project 'ALCoordinator')
	SwiftCompile normal arm64 Compiling\ View+Helpers.swift,\ BaseRoute.swift /Users/admin/builder/spi-builder-workspace/Sources/UIKCoordinator/Extensions/View+Helpers.swift /Users/admin/builder/spi-builder-workspace/Sources/UIKCoordinator/Protocols/BaseRoute.swift (in target 'UIKCoordinator' from project 'ALCoordinator')
	Building workspace ALCoordinator with scheme ALCoordinator
(3 failures)
Command line invocation:
    /Applications/Xcode-27.0.0-Release.Candidate.app/Contents/Developer/usr/bin/xcodebuild -IDEClonedSourcePackagesDirPathOverride=/Users/admin/builder/spi-builder-workspace/.dependencies -resolvePackageDependencies
Resolve Package Graph
Resolved source packages:
  ALCoordinator: /Users/admin/builder/spi-builder-workspace
resolved source packages: ALCoordinator
2026-09-19 17:29:52.495 xcodebuild[778:4761] [MT] IDERunDestination: Supported platforms for the buildables in the current scheme is empty.
2026-09-19 17:29:52.600 xcodebuild[778:4761] [MT] IDERunDestination: Supported platforms for the buildables in the current scheme is empty.
{
  "dependencies" : [
  ],
  "manifest_display_name" : "ALCoordinator",
  "name" : "ALCoordinator",
  "path" : "/Users/admin/builder/spi-builder-workspace",
  "platforms" : [
    {
      "name" : "ios",
      "version" : "13.0"
    }
  ],
  "products" : [
    {
      "name" : "ALCoordinator",
      "targets" : [
        "SUICoordinator",
        "UIKCoordinator"
      ],
      "type" : {
        "library" : [
          "automatic"
        ]
      }
    }
  ],
  "swift_languages_versions" : [
    "5"
  ],
  "targets" : [
    {
      "c99name" : "UIKCoordinator",
      "module_type" : "SwiftTarget",
      "name" : "UIKCoordinator",
      "path" : "Sources/UIKCoordinator",
      "product_memberships" : [
        "ALCoordinator"
      ],
      "sources" : [
        "Base/BaseCoordinator.swift",
        "Base/NavigationCoordinator.swift",
        "Base/Router.swift",
        "Base/RouterManager.swift",
        "Base/TabbarCoordinator.swift",
        "Cooridnator/Coordinator+Helpers.swift",
        "Cooridnator/Coordinator+Navigation+Helpers.swift",
        "Cooridnator/Coordinator+PublicHelpers.swift",
        "Cooridnator/Coordinator.swift",
        "Extensions/TabbarPageDataSource+Helpers.swift",
        "Extensions/UIView+Helpers.swift",
        "Extensions/UIViewController+Helpers.swift",
        "Extensions/View+Helpers.swift",
        "Protocols/BaseRoute.swift",
        "Protocols/NavigationAction.swift",
        "Protocols/RouterAction.swift",
        "Protocols/TabbarCoordinatable.swift",
        "Protocols/TabbarNavigationRouter.swift",
        "Protocols/TabbarPage.swift",
        "Utils/Bridge.swift"
      ],
      "type" : "library"
    },
    {
      "c99name" : "SUICoordinator",
      "module_type" : "SwiftTarget",
      "name" : "SUICoordinator",
      "path" : "Sources/SUICoordinator",
      "product_memberships" : [
        "ALCoordinator"
      ],
      "sources" : [
        "Base/CustomTabbarController.swift",
        "Base/NavigationCoordinator.swift",
        "Base/Router.swift",
        "Base/TabbarCoordinator.swift",
        "Protocols/NavigationAction.swift",
        "Protocols/RouterAction.swift",
        "Utils/Bridge.swift"
      ],
      "target_dependencies" : [
        "UIKCoordinator"
      ],
      "type" : "library"
    },
    {
      "c99name" : "CoordinatorTests",
      "module_type" : "SwiftTarget",
      "name" : "CoordinatorTests",
      "path" : "Tests/CoordinatorTests",
      "sources" : [
        "CoordinatorSUITests.swift",
        "CoordinatorTests.swift",
        "RouterTest.swift",
        "TabbarCoordinatorSUITests.swift",
        "TabbarCoordinatorTests.swift"
      ],
      "target_dependencies" : [
        "SUICoordinator",
        "UIKCoordinator"
      ],
      "type" : "test"
    }
  ],
  "tools_version" : "5.7"
}
{
  "workspace" : {
    "name" : "ALCoordinator",
    "schemes" : [
      "ALCoordinator"
    ]
  }
}
2026-09-19 17:29:53.723 xcodebuild[786:4833] [MT] IDERunDestination: Supported platforms for the buildables in the current scheme is empty.
2026-09-19 17:29:53.827 xcodebuild[786:4833] [MT] IDERunDestination: Supported platforms for the buildables in the current scheme is empty.
Running build ...
env DEVELOPER_DIR=/Applications/Xcode-27.0.0-Release.Candidate.app xcrun xcodebuild -IDEClonedSourcePackagesDirPathOverride=$PWD/.dependencies -skipMacroValidation -skipPackagePluginValidation -derivedDataPath $PWD/.derivedData build -scheme ALCoordinator -destination generic/platform=xrOS
Command line invocation:
    /Applications/Xcode-27.0.0-Release.Candidate.app/Contents/Developer/usr/bin/xcodebuild -IDEClonedSourcePackagesDirPathOverride=/Users/admin/builder/spi-builder-workspace/.dependencies -skipMacroValidation -skipPackagePluginValidation -derivedDataPath /Users/admin/builder/spi-builder-workspace/.derivedData build -scheme ALCoordinator -destination generic/platform=xrOS
Resolve Package Graph
Resolved source packages:
  ALCoordinator: /Users/admin/builder/spi-builder-workspace
ComputePackagePrebuildTargetDependencyGraph
Prepare packages
CreateBuildRequest
SendProjectDescription
CreateBuildOperation
ComputeTargetDependencyGraph
note: Building targets in dependency order
note: Target dependency graph (3 targets)
    Target 'ALCoordinator-product' in project 'ALCoordinator'
        ➜ Explicit dependency on target 'SUICoordinator' in project 'ALCoordinator'
        ➜ Explicit dependency on target 'UIKCoordinator' in project 'ALCoordinator'
    Target 'SUICoordinator' in project 'ALCoordinator'
        ➜ Explicit dependency on target 'UIKCoordinator' in project 'ALCoordinator'
    Target 'UIKCoordinator' in project 'ALCoordinator' (no dependencies)
GatherProvisioningInputs
CreateBuildDescription
ClangStatCache /Applications/Xcode-27.0.0-Release.Candidate.app/Contents/Developer/Toolchains/XcodeDefault.xctoolchain/usr/bin/clang-stat-cache /Applications/Xcode-27.0.0-Release.Candidate.app/Contents/Developer/Platforms/XROS.platform/Developer/SDKs/XROS27.0.sdk /Users/admin/builder/spi-builder-workspace/.derivedData/SDKStatCaches.noindex/xros27.0-24M361-e829b21a6f8c9b70876ba0858053c044735bd543db762f57723cac368afd1ce4.sdkstatcache
    cd /Users/admin/builder/spi-builder-workspace/.swiftpm/xcode
    /Applications/Xcode-27.0.0-Release.Candidate.app/Contents/Developer/Toolchains/XcodeDefault.xctoolchain/usr/bin/clang-stat-cache /Applications/Xcode-27.0.0-Release.Candidate.app/Contents/Developer/Platforms/XROS.platform/Developer/SDKs/XROS27.0.sdk -o /Users/admin/builder/spi-builder-workspace/.derivedData/SDKStatCaches.noindex/xros27.0-24M361-e829b21a6f8c9b70876ba0858053c044735bd543db762f57723cac368afd1ce4.sdkstatcache
SwiftDriver UIKCoordinator normal arm64 com.apple.xcode.tools.swift.compiler (in target 'UIKCoordinator' from project 'ALCoordinator')
    cd /Users/admin/builder/spi-builder-workspace/.swiftpm/xcode
    builtin-SwiftDriver -- /Applications/Xcode-27.0.0-Release.Candidate.app/Contents/Developer/Toolchains/XcodeDefault.xctoolchain/usr/bin/swiftc -parse-as-library -module-name UIKCoordinator -Onone @/Users/admin/builder/spi-builder-workspace/.derivedData/Build/Intermediates.noindex/ALCoordinator.build/Debug-xros/UIKCoordinator-t.build/Objects-normal/arm64/UIKCoordinator.SwiftFileList -DSWIFT_PACKAGE -DDEBUG -DSWIFT_MODULE_RESOURCE_BUNDLE_UNAVAILABLE -DXcode -plugin-path /Applications/Xcode-27.0.0-Release.Candidate.app/Contents/Developer/Toolchains/XcodeDefault.xctoolchain/usr/lib/swift/host/plugins/testing -enable-experimental-feature DebugDescriptionMacro -sdk /Applications/Xcode-27.0.0-Release.Candidate.app/Contents/Developer/Platforms/XROS.platform/Developer/SDKs/XROS27.0.sdk -target arm64-apple-xros1.0 -g -module-cache-path /Users/admin/builder/spi-builder-workspace/.derivedData/ModuleCache.noindex -Xfrontend -serialize-debugging-options -profile-coverage-mapping -profile-generate -enable-testing -index-store-path /Users/admin/builder/spi-builder-workspace/.derivedData/Index.noindex/DataStore -Xcc -D_LIBCPP_HARDENING_MODE\=_LIBCPP_HARDENING_MODE_DEBUG -swift-version 5 -I /Users/admin/builder/spi-builder-workspace/.derivedData/Build/Products/Debug-xros -Isystem /Applications/Xcode-27.0.0-Release.Candidate.app/Contents/Developer/Platforms/XROS.platform/Developer/usr/lib -F /Users/admin/builder/spi-builder-workspace/.derivedData/Build/Products/Debug-xros -F /Applications/Xcode-27.0.0-Release.Candidate.app/Contents/Developer/Platforms/XROS.platform/Developer/Library/Frameworks -F /Applications/Xcode-27.0.0-Release.Candidate.app/Contents/Developer/Platforms/XROS.platform/Developer/SDKs/XROS27.0.sdk/Developer/Library/Frameworks -c -j10 -enable-batch-mode -incremental -Xcc -ivfsstatcache -Xcc /Users/admin/builder/spi-builder-workspace/.derivedData/SDKStatCaches.noindex/xros27.0-24M361-e829b21a6f8c9b70876ba0858053c044735bd543db762f57723cac368afd1ce4.sdkstatcache -output-file-map /Users/admin/builder/spi-builder-workspace/.derivedData/Build/Intermediates.noindex/ALCoordinator.build/Debug-xros/UIKCoordinator-t.build/Objects-normal/arm64/UIKCoordinator-OutputFileMap.json -save-temps -no-color-diagnostics -explicit-module-build -module-cache-path /Users/admin/builder/spi-builder-workspace/.derivedData/Build/Intermediates.noindex/SwiftExplicitPrecompiledModules -clang-scanner-module-cache-path /Users/admin/builder/spi-builder-workspace/.derivedData/ModuleCache.noindex -sdk-module-cache-path /Users/admin/builder/spi-builder-workspace/.derivedData/SDKExplicitPrecompiledModules -emit-dependencies -emit-module -emit-module-path /Users/admin/builder/spi-builder-workspace/.derivedData/Build/Intermediates.noindex/ALCoordinator.build/Debug-xros/UIKCoordinator-t.build/Objects-normal/arm64/UIKCoordinator.swiftmodule -serialize-diagnostics -dependency-scan-serialize-diagnostics-path /Users/admin/builder/spi-builder-workspace/.derivedData/Build/Intermediates.noindex/ALCoordinator.build/Debug-xros/UIKCoordinator-t.build/Objects-normal/arm64/UIKCoordinator-dependency-scan.dia -validate-clang-modules-once -clang-build-session-file /Users/admin/builder/spi-builder-workspace/.derivedData/ModuleCache.noindex/Session.modulevalidation -Xcc -fmodules-prune-interval\=86400 -Xcc -fmodules-prune-after\=345600 -emit-const-values -const-gather-protocols-list /Users/admin/builder/spi-builder-workspace/.derivedData/Build/Intermediates.noindex/ALCoordinator.build/Debug-xros/UIKCoordinator-t.build/Objects-normal/arm64/UIKCoordinator_const_extract_protocols.json -Xcc -I/Users/admin/builder/spi-builder-workspace/.derivedData/Build/Products/Debug-xros/include -Xcc -I/Users/admin/builder/spi-builder-workspace/.derivedData/Build/Intermediates.noindex/ALCoordinator.build/Debug-xros/UIKCoordinator-t.build/DerivedSources-normal/arm64 -Xcc -I/Users/admin/builder/spi-builder-workspace/.derivedData/Build/Intermediates.noindex/ALCoordinator.build/Debug-xros/UIKCoordinator-t.build/DerivedSources/arm64 -Xcc -I/Users/admin/builder/spi-builder-workspace/.derivedData/Build/Intermediates.noindex/ALCoordinator.build/Debug-xros/UIKCoordinator-t.build/DerivedSources -Xcc -DSWIFT_PACKAGE -Xcc -DDEBUG\=1 -emit-objc-header -emit-objc-header-path /Users/admin/builder/spi-builder-workspace/.derivedData/Build/Intermediates.noindex/ALCoordinator.build/Debug-xros/UIKCoordinator-t.build/Objects-normal/arm64/UIKCoordinator-Swift.h -working-directory /Users/admin/builder/spi-builder-workspace/.swiftpm/xcode -experimental-emit-module-separately -disable-cmo
/Users/admin/builder/spi-builder-workspace/Sources/UIKCoordinator/Base/TabbarCoordinator.swift:36:10: warning: Extraneous whitespace between attribute name and '('; this is an error in the Swift 6 language mode (in target 'UIKCoordinator' from project 'ALCoordinator')
SwiftDriver SUICoordinator normal arm64 com.apple.xcode.tools.swift.compiler (in target 'SUICoordinator' from project 'ALCoordinator')
    cd /Users/admin/builder/spi-builder-workspace/.swiftpm/xcode
    builtin-SwiftDriver -- /Applications/Xcode-27.0.0-Release.Candidate.app/Contents/Developer/Toolchains/XcodeDefault.xctoolchain/usr/bin/swiftc -parse-as-library -module-name SUICoordinator -Onone @/Users/admin/builder/spi-builder-workspace/.derivedData/Build/Intermediates.noindex/ALCoordinator.build/Debug-xros/SUICoordinator-t.build/Objects-normal/arm64/SUICoordinator.SwiftFileList -DSWIFT_PACKAGE -DDEBUG -DSWIFT_MODULE_RESOURCE_BUNDLE_UNAVAILABLE -DXcode -plugin-path /Applications/Xcode-27.0.0-Release.Candidate.app/Contents/Developer/Toolchains/XcodeDefault.xctoolchain/usr/lib/swift/host/plugins/testing -enable-experimental-feature DebugDescriptionMacro -sdk /Applications/Xcode-27.0.0-Release.Candidate.app/Contents/Developer/Platforms/XROS.platform/Developer/SDKs/XROS27.0.sdk -target arm64-apple-xros1.0 -g -module-cache-path /Users/admin/builder/spi-builder-workspace/.derivedData/ModuleCache.noindex -Xfrontend -serialize-debugging-options -profile-coverage-mapping -profile-generate -enable-testing -index-store-path /Users/admin/builder/spi-builder-workspace/.derivedData/Index.noindex/DataStore -Xcc -D_LIBCPP_HARDENING_MODE\=_LIBCPP_HARDENING_MODE_DEBUG -swift-version 5 -I /Users/admin/builder/spi-builder-workspace/.derivedData/Build/Products/Debug-xros -Isystem /Applications/Xcode-27.0.0-Release.Candidate.app/Contents/Developer/Platforms/XROS.platform/Developer/usr/lib -F /Users/admin/builder/spi-builder-workspace/.derivedData/Build/Products/Debug-xros/PackageFrameworks -F /Users/admin/builder/spi-builder-workspace/.derivedData/Build/Products/Debug-xros -F /Applications/Xcode-27.0.0-Release.Candidate.app/Contents/Developer/Platforms/XROS.platform/Developer/Library/Frameworks -F /Applications/Xcode-27.0.0-Release.Candidate.app/Contents/Developer/Platforms/XROS.platform/Developer/SDKs/XROS27.0.sdk/Developer/Library/Frameworks -c -j10 -enable-batch-mode -incremental -Xcc -ivfsstatcache -Xcc /Users/admin/builder/spi-builder-workspace/.derivedData/SDKStatCaches.noindex/xros27.0-24M361-e829b21a6f8c9b70876ba0858053c044735bd543db762f57723cac368afd1ce4.sdkstatcache -output-file-map /Users/admin/builder/spi-builder-workspace/.derivedData/Build/Intermediates.noindex/ALCoordinator.build/Debug-xros/SUICoordinator-t.build/Objects-normal/arm64/SUICoordinator-OutputFileMap.json -save-temps -no-color-diagnostics -explicit-module-build -module-cache-path /Users/admin/builder/spi-builder-workspace/.derivedData/Build/Intermediates.noindex/SwiftExplicitPrecompiledModules -clang-scanner-module-cache-path /Users/admin/builder/spi-builder-workspace/.derivedData/ModuleCache.noindex -sdk-module-cache-path /Users/admin/builder/spi-builder-workspace/.derivedData/SDKExplicitPrecompiledModules -emit-dependencies -emit-module -emit-module-path /Users/admin/builder/spi-builder-workspace/.derivedData/Build/Intermediates.noindex/ALCoordinator.build/Debug-xros/SUICoordinator-t.build/Objects-normal/arm64/SUICoordinator.swiftmodule -serialize-diagnostics -dependency-scan-serialize-diagnostics-path /Users/admin/builder/spi-builder-workspace/.derivedData/Build/Intermediates.noindex/ALCoordinator.build/Debug-xros/SUICoordinator-t.build/Objects-normal/arm64/SUICoordinator-dependency-scan.dia -validate-clang-modules-once -clang-build-session-file /Users/admin/builder/spi-builder-workspace/.derivedData/ModuleCache.noindex/Session.modulevalidation -Xcc -fmodules-prune-interval\=86400 -Xcc -fmodules-prune-after\=345600 -emit-const-values -const-gather-protocols-list /Users/admin/builder/spi-builder-workspace/.derivedData/Build/Intermediates.noindex/ALCoordinator.build/Debug-xros/SUICoordinator-t.build/Objects-normal/arm64/SUICoordinator_const_extract_protocols.json -Xcc -I/Users/admin/builder/spi-builder-workspace/.derivedData/Build/Products/Debug-xros/include -Xcc -I/Users/admin/builder/spi-builder-workspace/.derivedData/Build/Intermediates.noindex/ALCoordinator.build/Debug-xros/SUICoordinator-t.build/DerivedSources-normal/arm64 -Xcc -I/Users/admin/builder/spi-builder-workspace/.derivedData/Build/Intermediates.noindex/ALCoordinator.build/Debug-xros/SUICoordinator-t.build/DerivedSources/arm64 -Xcc -I/Users/admin/builder/spi-builder-workspace/.derivedData/Build/Intermediates.noindex/ALCoordinator.build/Debug-xros/SUICoordinator-t.build/DerivedSources -Xcc -DSWIFT_PACKAGE -Xcc -DDEBUG\=1 -emit-objc-header -emit-objc-header-path /Users/admin/builder/spi-builder-workspace/.derivedData/Build/Intermediates.noindex/ALCoordinator.build/Debug-xros/SUICoordinator-t.build/Objects-normal/arm64/SUICoordinator-Swift.h -working-directory /Users/admin/builder/spi-builder-workspace/.swiftpm/xcode -experimental-emit-module-separately -disable-cmo
SwiftCompile normal arm64 Compiling\ NavigationCoordinator.swift /Users/admin/builder/spi-builder-workspace/Sources/SUICoordinator/Base/NavigationCoordinator.swift (in target 'SUICoordinator' from project 'ALCoordinator')
SwiftCompile normal arm64 /Users/admin/builder/spi-builder-workspace/Sources/SUICoordinator/Base/NavigationCoordinator.swift (in target 'SUICoordinator' from project 'ALCoordinator')
    cd /Users/admin/builder/spi-builder-workspace/.swiftpm/xcode
    builtin-SwiftPerFileCompile NavigationCoordinator.swift
/Users/admin/builder/spi-builder-workspace/Sources/SUICoordinator/Base/NavigationCoordinator.swift:56:37: warning: class property 'mainCoordinator' cannot be used in a default argument value because 'UIKCoordinator' was not imported by this file; this is an error in the Swift 6 language mode
54 |     transitionStyle: NavigationTransitionStyle? = nil,
55 |     animated: Bool = true,
56 |     mainCoordinator: Coordinator? = mainCoordinator
   |                                     |- warning: class property 'mainCoordinator' cannot be used in a default argument value because 'UIKCoordinator' was not imported by this file; this is an error in the Swift 6 language mode
   |                                     `- note: The missing import of module 'UIKCoordinator' will be added implicitly
57 |   ) {
58 |     let topCoordinator = getTopCoordinator(mainCoordinator: mainCoordinator)
/Users/admin/builder/spi-builder-workspace/Sources/SUICoordinator/Base/NavigationCoordinator.swift:27:105: warning: cannot use associated type 'T' here; 'UIKCoordinator' was not imported by this file
25 | import SwiftUI
26 |
27 | open class NavigationCoordinator<Route: NavigationRoute>: BaseCoordinator, NavigationAction where Route.T == (any View) {
   |                                                                                                         `- warning: cannot use associated type 'T' here; 'UIKCoordinator' was not imported by this file
28 |
29 |   // ---------------------------------------------------------------------
UIKCoordinator.NavigationRoute.T:2:16: note: associated type declared here
1 | protocol NavigationRoute {
2 | associatedtype T}
  |                `- note: associated type declared here
3 |
SwiftCompile normal arm64 Compiling\ TabbarCoordinator.swift /Users/admin/builder/spi-builder-workspace/Sources/SUICoordinator/Base/TabbarCoordinator.swift (in target 'SUICoordinator' from project 'ALCoordinator')
SwiftCompile normal arm64 /Users/admin/builder/spi-builder-workspace/Sources/SUICoordinator/Base/TabbarCoordinator.swift (in target 'SUICoordinator' from project 'ALCoordinator')
    cd /Users/admin/builder/spi-builder-workspace/.swiftpm/xcode
    builtin-SwiftPerFileCompile TabbarCoordinator.swift
SwiftEmitModule normal arm64 Emitting\ module\ for\ SUICoordinator (in target 'SUICoordinator' from project 'ALCoordinator')
/Users/admin/builder/spi-builder-workspace/Sources/SUICoordinator/Base/NavigationCoordinator.swift:56:37: warning: class property 'mainCoordinator' cannot be used in a default argument value because 'UIKCoordinator' was not imported by this file; this is an error in the Swift 6 language mode
54 |     transitionStyle: NavigationTransitionStyle? = nil,
55 |     animated: Bool = true,
56 |     mainCoordinator: Coordinator? = mainCoordinator
   |                                     |- warning: class property 'mainCoordinator' cannot be used in a default argument value because 'UIKCoordinator' was not imported by this file; this is an error in the Swift 6 language mode
   |                                     `- note: The missing import of module 'UIKCoordinator' will be added implicitly
57 |   ) {
58 |     let topCoordinator = getTopCoordinator(mainCoordinator: mainCoordinator)
/Users/admin/builder/spi-builder-workspace/Sources/SUICoordinator/Base/NavigationCoordinator.swift:27:105: warning: cannot use associated type 'T' here; 'UIKCoordinator' was not imported by this file
25 | import SwiftUI
26 |
27 | open class NavigationCoordinator<Route: NavigationRoute>: BaseCoordinator, NavigationAction where Route.T == (any View) {
   |                                                                                                         `- warning: cannot use associated type 'T' here; 'UIKCoordinator' was not imported by this file
28 |
29 |   // ---------------------------------------------------------------------
UIKCoordinator.NavigationRoute.T:2:16: note: associated type declared here
1 | protocol NavigationRoute {
2 | associatedtype T}
  |                `- note: associated type declared here
3 |
/Users/admin/builder/spi-builder-workspace/Sources/SUICoordinator/Base/Router.swift:28:86: warning: cannot use associated type 'T' here; 'UIKCoordinator' was not imported by this file
26 | import SwiftUI
27 |
28 | public class Router<Route: NavigationRoute>: RouterManager, RouterAction where Route.T == (any View) {
   |                                                                                      `- warning: cannot use associated type 'T' here; 'UIKCoordinator' was not imported by this file
29 |
30 |
UIKCoordinator.NavigationRoute.T:2:16: note: associated type declared here
1 | protocol NavigationRoute {
2 | associatedtype T}
  |                `- note: associated type declared here
3 |
/Users/admin/builder/spi-builder-workspace/Sources/SUICoordinator/Protocols/NavigationAction.swift:27:75: warning: cannot use associated type 'T' here; 'UIKCoordinator' was not imported by this file
25 | import SwiftUI
26 |
27 | public protocol NavigationAction where Route: NavigationRoute, Self.Route.T == any View {
   |                                                                           `- warning: cannot use associated type 'T' here; 'UIKCoordinator' was not imported by this file
28 |
29 |   associatedtype Route
UIKCoordinator.NavigationRoute.T:2:16: note: associated type declared here
1 | protocol NavigationRoute {
2 | associatedtype T}
  |                `- note: associated type declared here
3 |
SwiftCompile normal arm64 (in target 'SUICoordinator' from project 'ALCoordinator')
    cd /Users/admin/builder/spi-builder-workspace/.swiftpm/xcode

SwiftCompile normal arm64 Compiling\ Router.swift /Users/admin/builder/spi-builder-workspace/Sources/SUICoordinator/Base/Router.swift (in target 'SUICoordinator' from project 'ALCoordinator')
/Users/admin/builder/spi-builder-workspace/Sources/SUICoordinator/Base/Router.swift:28:86: warning: cannot use associated type 'T' here; 'UIKCoordinator' was not imported by this file
26 | import SwiftUI
27 |
28 | public class Router<Route: NavigationRoute>: RouterManager, RouterAction where Route.T == (any View) {
   |                                                                                      `- warning: cannot use associated type 'T' here; 'UIKCoordinator' was not imported by this file
29 |
30 |
UIKCoordinator.NavigationRoute.T:2:16: note: associated type declared here
1 | protocol NavigationRoute {
2 | associatedtype T}
  |                `- note: associated type declared here
3 |
SwiftCompile normal arm64 /Users/admin/builder/spi-builder-workspace/Sources/SUICoordinator/Base/Router.swift (in target 'SUICoordinator' from project 'ALCoordinator')
    cd /Users/admin/builder/spi-builder-workspace/.swiftpm/xcode
    builtin-SwiftPerFileCompile Router.swift
SwiftCompile normal arm64 Compiling\ CustomTabbarController.swift /Users/admin/builder/spi-builder-workspace/Sources/SUICoordinator/Base/CustomTabbarController.swift (in target 'SUICoordinator' from project 'ALCoordinator')
SwiftCompile normal arm64 /Users/admin/builder/spi-builder-workspace/Sources/SUICoordinator/Base/CustomTabbarController.swift (in target 'SUICoordinator' from project 'ALCoordinator')
    cd /Users/admin/builder/spi-builder-workspace/.swiftpm/xcode
    builtin-SwiftPerFileCompile CustomTabbarController.swift
SwiftCompile normal arm64 Compiling\ Bridge.swift /Users/admin/builder/spi-builder-workspace/Sources/SUICoordinator/Utils/Bridge.swift (in target 'SUICoordinator' from project 'ALCoordinator')
SwiftCompile normal arm64 /Users/admin/builder/spi-builder-workspace/Sources/SUICoordinator/Utils/Bridge.swift (in target 'SUICoordinator' from project 'ALCoordinator')
    cd /Users/admin/builder/spi-builder-workspace/.swiftpm/xcode
    builtin-SwiftPerFileCompile Bridge.swift
SwiftCompile normal arm64 Compiling\ RouterAction.swift /Users/admin/builder/spi-builder-workspace/Sources/SUICoordinator/Protocols/RouterAction.swift (in target 'SUICoordinator' from project 'ALCoordinator')
SwiftCompile normal arm64 /Users/admin/builder/spi-builder-workspace/Sources/SUICoordinator/Protocols/RouterAction.swift (in target 'SUICoordinator' from project 'ALCoordinator')
    cd /Users/admin/builder/spi-builder-workspace/.swiftpm/xcode
    builtin-SwiftPerFileCompile RouterAction.swift
SwiftCompile normal arm64 Compiling\ NavigationAction.swift /Users/admin/builder/spi-builder-workspace/Sources/SUICoordinator/Protocols/NavigationAction.swift (in target 'SUICoordinator' from project 'ALCoordinator')
/Users/admin/builder/spi-builder-workspace/Sources/SUICoordinator/Protocols/NavigationAction.swift:27:75: warning: cannot use associated type 'T' here; 'UIKCoordinator' was not imported by this file
25 | import SwiftUI
26 |
27 | public protocol NavigationAction where Route: NavigationRoute, Self.Route.T == any View {
   |                                                                           `- warning: cannot use associated type 'T' here; 'UIKCoordinator' was not imported by this file
28 |
29 |   associatedtype Route
UIKCoordinator.NavigationRoute.T:2:16: note: associated type declared here
1 | protocol NavigationRoute {
2 | associatedtype T}
  |                `- note: associated type declared here
3 |
SwiftCompile normal arm64 /Users/admin/builder/spi-builder-workspace/Sources/SUICoordinator/Protocols/NavigationAction.swift (in target 'SUICoordinator' from project 'ALCoordinator')
    cd /Users/admin/builder/spi-builder-workspace/.swiftpm/xcode
    builtin-SwiftPerFileCompile NavigationAction.swift
SwiftEmitModule normal arm64 Emitting\ module\ for\ UIKCoordinator (in target 'UIKCoordinator' from project 'ALCoordinator')
/Users/admin/builder/spi-builder-workspace/Sources/UIKCoordinator/Base/TabbarCoordinator.swift:36:10: warning: extraneous whitespace between attribute name and '('; this is an error in the Swift 6 language mode
 34 |
 35 |
 36 |   private (set) var pages: [PAGE]
    |          `- warning: extraneous whitespace between attribute name and '('; this is an error in the Swift 6 language mode
 37 |   open var tabController: UITabBarController!
 38 |   open var currentPage: PAGE? {
SwiftCompile normal arm64 (in target 'UIKCoordinator' from project 'ALCoordinator')
    cd /Users/admin/builder/spi-builder-workspace/.swiftpm/xcode

SwiftCompile normal arm64 Compiling\ Coordinator.swift /Users/admin/builder/spi-builder-workspace/Sources/UIKCoordinator/Cooridnator/Coordinator.swift (in target 'UIKCoordinator' from project 'ALCoordinator')
SwiftCompile normal arm64 /Users/admin/builder/spi-builder-workspace/Sources/UIKCoordinator/Cooridnator/Coordinator.swift (in target 'UIKCoordinator' from project 'ALCoordinator')
    cd /Users/admin/builder/spi-builder-workspace/.swiftpm/xcode
    builtin-SwiftPerFileCompile Coordinator.swift
SwiftCompile normal arm64 Compiling\ TabbarPageDataSource+Helpers.swift /Users/admin/builder/spi-builder-workspace/Sources/UIKCoordinator/Extensions/TabbarPageDataSource+Helpers.swift (in target 'UIKCoordinator' from project 'ALCoordinator')
SwiftCompile normal arm64 /Users/admin/builder/spi-builder-workspace/Sources/UIKCoordinator/Extensions/TabbarPageDataSource+Helpers.swift (in target 'UIKCoordinator' from project 'ALCoordinator')
    cd /Users/admin/builder/spi-builder-workspace/.swiftpm/xcode
    builtin-SwiftPerFileCompile TabbarPageDataSource+Helpers.swift
SwiftDriverJobDiscovery normal arm64 Compiling NavigationAction.swift (in target 'SUICoordinator' from project 'ALCoordinator')
SwiftCompile normal arm64 Compiling\ View+Helpers.swift /Users/admin/builder/spi-builder-workspace/Sources/UIKCoordinator/Extensions/View+Helpers.swift (in target 'UIKCoordinator' from project 'ALCoordinator')
/Users/admin/builder/spi-builder-workspace/Sources/UIKCoordinator/Extensions/View+Helpers.swift:37:26: warning: 'windows' was deprecated in visionOS 1.0: Use UIWindowScene.windows on a relevant window scene instead [#DeprecatedDeclaration]
35 |
36 |     controller.view.frame = CGRect(x: 0, y: CGFloat(Int.max), width: 1, height: 1)
37 |     UIApplication.shared.windows.first?.rootViewController?.view.addSubview(controller.view)
   |                          `- warning: 'windows' was deprecated in visionOS 1.0: Use UIWindowScene.windows on a relevant window scene instead [#DeprecatedDeclaration]
38 |
39 |     let size = controller.sizeThatFits(in: UIScreen.main.bounds.size)
/Users/admin/builder/spi-builder-workspace/Sources/UIKCoordinator/Extensions/View+Helpers.swift:39:44: error: 'UIScreen' is unavailable in visionOS
37 |     UIApplication.shared.windows.first?.rootViewController?.view.addSubview(controller.view)
38 |
39 |     let size = controller.sizeThatFits(in: UIScreen.main.bounds.size)
   |                                            `- error: 'UIScreen' is unavailable in visionOS
40 |     controller.view.bounds = CGRect(origin: .zero, size: size)
41 |     controller.view.sizeToFit()
/Applications/Xcode-27.0.0-Release.Candidate.app/Contents/Developer/Platforms/XROS.platform/Developer/SDKs/XROS27.0.sdk/System/Library/Frameworks/UIKit.framework/Headers/UIScreen.h:54:12: note: 'UIScreen' has been explicitly marked unavailable here
 52 |
 53 | UIKIT_EXTERN API_AVAILABLE(ios(2.0)) API_UNAVAILABLE(visionos, watchos) NS_SWIFT_UI_ACTOR
 54 | @interface UIScreen : NSObject <UITraitEnvironment>
    |            `- note: 'UIScreen' has been explicitly marked unavailable here
 55 |
 56 | @property(class, nonatomic, readonly) NSArray<UIScreen *> *screens API_DEPRECATED("Use UIApplication.shared.openSessions to find open sessions with scenes from other screens", ios(3.2, 16.0), visionos(1.0, 1.0)) API_UNAVAILABLE(watchos); // all screens currently attached to the device
[#DeprecatedDeclaration]: <https://docs.swift.org/compiler/documentation/diagnostics/deprecated-declaration>
Failed frontend command:
SwiftCompile normal arm64 /Users/admin/builder/spi-builder-workspace/Sources/UIKCoordinator/Extensions/View+Helpers.swift (in target 'UIKCoordinator' from project 'ALCoordinator')
    cd /Users/admin/builder/spi-builder-workspace/.swiftpm/xcode
    builtin-SwiftPerFileCompile View+Helpers.swift
/Applications/Xcode-27.0.0-Release.Candidate.app/Contents/Developer/Toolchains/XcodeDefault.xctoolchain/usr/bin/swift-frontend -frontend -c /Users/admin/builder/spi-builder-workspace/Sources/UIKCoordinator/Base/BaseCoordinator.swift /Users/admin/builder/spi-builder-workspace/Sources/UIKCoordinator/Base/NavigationCoordinator.swift /Users/admin/builder/spi-builder-workspace/Sources/UIKCoordinator/Base/Router.swift /Users/admin/builder/spi-builder-workspace/Sources/UIKCoordinator/Base/RouterManager.swift /Users/admin/builder/spi-builder-workspace/Sources/UIKCoordinator/Base/TabbarCoordinator.swift /Users/admin/builder/spi-builder-workspace/Sources/UIKCoordinator/Cooridnator/Coordinator+Helpers.swift /Users/admin/builder/spi-builder-workspace/Sources/UIKCoordinator/Cooridnator/Coordinator+Navigation+Helpers.swift /Users/admin/builder/spi-builder-workspace/Sources/UIKCoordinator/Cooridnator/Coordinator+PublicHelpers.swift /Users/admin/builder/spi-builder-workspace/Sources/UIKCoordinator/Cooridnator/Coordinator.swift /Users/admin/builder/spi-builder-workspace/Sources/UIKCoordinator/Extensions/TabbarPageDataSource+Helpers.swift /Users/admin/builder/spi-builder-workspace/Sources/UIKCoordinator/Extensions/UIView+Helpers.swift /Users/admin/builder/spi-builder-workspace/Sources/UIKCoordinator/Extensions/UIViewController+Helpers.swift -primary-file /Users/admin/builder/spi-builder-workspace/Sources/UIKCoordinator/Extensions/View+Helpers.swift /Users/admin/builder/spi-builder-workspace/Sources/UIKCoordinator/Protocols/BaseRoute.swift /Users/admin/builder/spi-builder-workspace/Sources/UIKCoordinator/Protocols/NavigationAction.swift /Users/admin/builder/spi-builder-workspace/Sources/UIKCoordinator/Protocols/RouterAction.swift /Users/admin/builder/spi-builder-workspace/Sources/UIKCoordinator/Protocols/TabbarCoordinatable.swift /Users/admin/builder/spi-builder-workspace/Sources/UIKCoordinator/Protocols/TabbarNavigationRouter.swift /Users/admin/builder/spi-builder-workspace/Sources/UIKCoordinator/Protocols/TabbarPage.swift /Users/admin/builder/spi-builder-workspace/Sources/UIKCoordinator/Utils/Bridge.swift -emit-dependencies-path /Users/admin/builder/spi-builder-workspace/.derivedData/Build/Intermediates.noindex/ALCoordinator.build/Debug-xros/UIKCoordinator-t.build/Objects-normal/arm64/View+Helpers.d -emit-const-values-path /Users/admin/builder/spi-builder-workspace/.derivedData/Build/Intermediates.noindex/ALCoordinator.build/Debug-xros/UIKCoordinator-t.build/Objects-normal/arm64/View+Helpers.swiftconstvalues -emit-reference-dependencies-path /Users/admin/builder/spi-builder-workspace/.derivedData/Build/Intermediates.noindex/ALCoordinator.build/Debug-xros/UIKCoordinator-t.build/Objects-normal/arm64/View+Helpers.swiftdeps -serialize-diagnostics-path /Users/admin/builder/spi-builder-workspace/.derivedData/Build/Intermediates.noindex/ALCoordinator.build/Debug-xros/UIKCoordinator-t.build/Objects-normal/arm64/View+Helpers.dia -target arm64-apple-xros1.0 -disable-cross-import-overlay-search -load-resolved-plugin /Applications/Xcode-27.0.0-Release.Candidate.app/Contents/Developer/Platforms/XROS.platform/Developer/usr/lib/swift/host/plugins/libFoundationMacros.dylib\#/Applications/Xcode-27.0.0-Release.Candidate.app/Contents/Developer/Platforms/XROS.platform/Developer/usr/bin/swift-plugin-server\#FoundationMacros -load-resolved-plugin /Applications/Xcode-27.0.0-Release.Candidate.app/Contents/Developer/Platforms/XROS.platform/Developer/usr/lib/swift/host/plugins/libObservationMacros.dylib\#/Applications/Xcode-27.0.0-Release.Candidate.app/Contents/Developer/Platforms/XROS.platform/Developer/usr/bin/swift-plugin-server\#ObservationMacros -load-resolved-plugin /Applications/Xcode-27.0.0-Release.Candidate.app/Contents/Developer/Platforms/XROS.platform/Developer/usr/lib/swift/host/plugins/libPreviewsMacros.dylib\#/Applications/Xcode-27.0.0-Release.Candidate.app/Contents/Developer/Platforms/XROS.platform/Developer/usr/bin/swift-plugin-server\#PreviewsMacros -load-resolved-plugin /Applications/Xcode-27.0.0-Release.Candidate.app/Contents/Developer/Platforms/XROS.platform/Developer/usr/lib/swift/host/plugins/libSwiftMacros.dylib\#/Applications/Xcode-27.0.0-Release.Candidate.app/Contents/Developer/Platforms/XROS.platform/Developer/usr/bin/swift-plugin-server\#SwiftMacros -load-resolved-plugin /Applications/Xcode-27.0.0-Release.Candidate.app/Contents/Developer/Platforms/XROS.platform/Developer/usr/lib/swift/host/plugins/libSwiftUIMacros.dylib\#/Applications/Xcode-27.0.0-Release.Candidate.app/Contents/Developer/Platforms/XROS.platform/Developer/usr/bin/swift-plugin-server\#SwiftUIMacros -disable-implicit-swift-modules -Xcc -fno-implicit-modules -Xcc -fno-implicit-module-maps -explicit-swift-module-map-file /Users/admin/builder/spi-builder-workspace/.derivedData/Build/Intermediates.noindex/ALCoordinator.build/Debug-xros/UIKCoordinator-t.build/Objects-normal/arm64/UIKCoordinator-dependencies-1.json -Xllvm -aarch64-use-tbi -enable-objc-interop -stack-check -sdk /Applications/Xcode-27.0.0-Release.Candidate.app/Contents/Developer/Platforms/XROS.platform/Developer/SDKs/XROS27.0.sdk -I /Users/admin/builder/spi-builder-workspace/.derivedData/Build/Products/Debug-xros -Isystem /Applications/Xcode-27.0.0-Release.Candidate.app/Contents/Developer/Platforms/XROS.platform/Developer/usr/lib -F /Users/admin/builder/spi-builder-workspace/.derivedData/Build/Products/Debug-xros -F /Applications/Xcode-27.0.0-Release.Candidate.app/Contents/Developer/Platforms/XROS.platform/Developer/Library/Frameworks -F /Applications/Xcode-27.0.0-Release.Candidate.app/Contents/Developer/Platforms/XROS.platform/Developer/SDKs/XROS27.0.sdk/Developer/Library/Frameworks -module-cache-path /Users/admin/builder/spi-builder-workspace/.derivedData/Build/Intermediates.noindex/SwiftExplicitPrecompiledModules -no-color-diagnostics -Xcc -fno-color-diagnostics -enable-testing -g -debug-info-format\=dwarf -dwarf-version\=4 -profile-generate -profile-coverage-mapping -swift-version 5 -Onone -D SWIFT_PACKAGE -D DEBUG -D SWIFT_MODULE_RESOURCE_BUNDLE_UNAVAILABLE -D Xcode -serialize-debugging-options -enable-experimental-feature DebugDescriptionMacro -empty-abi-descriptor -validate-clang-modules-once -clang-build-session-file /Users/admin/builder/spi-builder-workspace/.derivedData/ModuleCache.noindex/Session.modulevalidation -Xcc -working-directory -Xcc /Users/admin/builder/spi-builder-workspace/.swiftpm/xcode -enable-anonymous-context-mangled-names -file-compilation-dir /Users/admin/builder/spi-builder-workspace/.swiftpm/xcode -Xcc -D_LIBCPP_HARDENING_MODE\=_LIBCPP_HARDENING_MODE_DEBUG -Xcc -ivfsstatcache -Xcc /Users/admin/builder/spi-builder-workspace/.derivedData/SDKStatCaches.noindex/xros27.0-24M361-e829b21a6f8c9b70876ba0858053c044735bd543db762f57723cac368afd1ce4.sdkstatcache -Xcc -fmodules-prune-interval\=86400 -Xcc -fmodules-prune-after\=345600 -Xcc -I/Users/admin/builder/spi-builder-workspace/.derivedData/Build/Products/Debug-xros/include -Xcc -I/Users/admin/builder/spi-builder-workspace/.derivedData/Build/Intermediates.noindex/ALCoordinator.build/Debug-xros/UIKCoordinator-t.build/DerivedSources-normal/arm64 -Xcc -I/Users/admin/builder/spi-builder-workspace/.derivedData/Build/Intermediates.noindex/ALCoordinator.build/Debug-xros/UIKCoordinator-t.build/DerivedSources/arm64 -Xcc -I/Users/admin/builder/spi-builder-workspace/.derivedData/Build/Intermediates.noindex/ALCoordinator.build/Debug-xros/UIKCoordinator-t.build/DerivedSources -Xcc -DSWIFT_PACKAGE -Xcc -DDEBUG\=1 -no-auto-bridging-header-chaining -module-name UIKCoordinator -const-gather-protocols-file /Users/admin/builder/spi-builder-workspace/.derivedData/Build/Intermediates.noindex/ALCoordinator.build/Debug-xros/UIKCoordinator-t.build/Objects-normal/arm64/UIKCoordinator_const_extract_protocols.json -disable-clang-spi -clang-target arm64-apple-xros27.0 -target-sdk-version 27.0 -target-sdk-name xros27.0 -in-process-plugin-server-path /Applications/Xcode-27.0.0-Release.Candidate.app/Contents/Developer/Toolchains/XcodeDefault.xctoolchain/usr/lib/swift/host/libSwiftInProcPluginServer.dylib -parse-as-library -o /Users/admin/builder/spi-builder-workspace/.derivedData/Build/Intermediates.noindex/ALCoordinator.build/Debug-xros/UIKCoordinator-t.build/Objects-normal/arm64/View+Helpers.o -debug-module-path /Users/admin/builder/spi-builder-workspace/.derivedData/Build/Intermediates.noindex/ALCoordinator.build/Debug-xros/UIKCoordinator-t.build/Objects-normal/arm64/UIKCoordinator.swiftmodule -index-unit-output-path /ALCoordinator.build/Debug-xros/UIKCoordinator-t.build/Objects-normal/arm64/View+Helpers.o -index-store-path /Users/admin/builder/spi-builder-workspace/.derivedData/Index.noindex/DataStore -index-system-modules
SwiftCompile normal arm64 Compiling\ BaseRoute.swift /Users/admin/builder/spi-builder-workspace/Sources/UIKCoordinator/Protocols/BaseRoute.swift (in target 'UIKCoordinator' from project 'ALCoordinator')
SwiftCompile normal arm64 /Users/admin/builder/spi-builder-workspace/Sources/UIKCoordinator/Protocols/BaseRoute.swift (in target 'UIKCoordinator' from project 'ALCoordinator')
    cd /Users/admin/builder/spi-builder-workspace/.swiftpm/xcode
    builtin-SwiftPerFileCompile BaseRoute.swift
SwiftDriverJobDiscovery normal arm64 Compiling Bridge.swift (in target 'SUICoordinator' from project 'ALCoordinator')
SwiftDriverJobDiscovery normal arm64 Compiling RouterAction.swift (in target 'SUICoordinator' from project 'ALCoordinator')
SwiftDriverJobDiscovery normal arm64 Compiling Coordinator.swift (in target 'UIKCoordinator' from project 'ALCoordinator')
SwiftCompile normal arm64 Compiling\ TabbarNavigationRouter.swift /Users/admin/builder/spi-builder-workspace/Sources/UIKCoordinator/Protocols/TabbarNavigationRouter.swift (in target 'UIKCoordinator' from project 'ALCoordinator')
SwiftCompile normal arm64 /Users/admin/builder/spi-builder-workspace/Sources/UIKCoordinator/Protocols/TabbarNavigationRouter.swift (in target 'UIKCoordinator' from project 'ALCoordinator')
    cd /Users/admin/builder/spi-builder-workspace/.swiftpm/xcode
    builtin-SwiftPerFileCompile TabbarNavigationRouter.swift
SwiftCompile normal arm64 Compiling\ NavigationAction.swift /Users/admin/builder/spi-builder-workspace/Sources/UIKCoordinator/Protocols/NavigationAction.swift (in target 'UIKCoordinator' from project 'ALCoordinator')
SwiftCompile normal arm64 /Users/admin/builder/spi-builder-workspace/Sources/UIKCoordinator/Protocols/NavigationAction.swift (in target 'UIKCoordinator' from project 'ALCoordinator')
    cd /Users/admin/builder/spi-builder-workspace/.swiftpm/xcode
    builtin-SwiftPerFileCompile NavigationAction.swift
SwiftDriverJobDiscovery normal arm64 Compiling Router.swift (in target 'SUICoordinator' from project 'ALCoordinator')
SwiftCompile normal arm64 Compiling\ TabbarCoordinator.swift /Users/admin/builder/spi-builder-workspace/Sources/UIKCoordinator/Base/TabbarCoordinator.swift (in target 'UIKCoordinator' from project 'ALCoordinator')
SwiftCompile normal arm64 /Users/admin/builder/spi-builder-workspace/Sources/UIKCoordinator/Base/TabbarCoordinator.swift (in target 'UIKCoordinator' from project 'ALCoordinator')
    cd /Users/admin/builder/spi-builder-workspace/.swiftpm/xcode
    builtin-SwiftPerFileCompile TabbarCoordinator.swift
SwiftDriverJobDiscovery normal arm64 Emitting module for SUICoordinator (in target 'SUICoordinator' from project 'ALCoordinator')
SwiftDriver\ Compilation\ Requirements SUICoordinator normal arm64 com.apple.xcode.tools.swift.compiler (in target 'SUICoordinator' from project 'ALCoordinator')
    cd /Users/admin/builder/spi-builder-workspace/.swiftpm/xcode
    builtin-Swift-Compilation-Requirements -- /Applications/Xcode-27.0.0-Release.Candidate.app/Contents/Developer/Toolchains/XcodeDefault.xctoolchain/usr/bin/swiftc -parse-as-library -module-name SUICoordinator -Onone @/Users/admin/builder/spi-builder-workspace/.derivedData/Build/Intermediates.noindex/ALCoordinator.build/Debug-xros/SUICoordinator-t.build/Objects-normal/arm64/SUICoordinator.SwiftFileList -DSWIFT_PACKAGE -DDEBUG -DSWIFT_MODULE_RESOURCE_BUNDLE_UNAVAILABLE -DXcode -plugin-path /Applications/Xcode-27.0.0-Release.Candidate.app/Contents/Developer/Toolchains/XcodeDefault.xctoolchain/usr/lib/swift/host/plugins/testing -enable-experimental-feature DebugDescriptionMacro -sdk /Applications/Xcode-27.0.0-Release.Candidate.app/Contents/Developer/Platforms/XROS.platform/Developer/SDKs/XROS27.0.sdk -target arm64-apple-xros1.0 -g -module-cache-path /Users/admin/builder/spi-builder-workspace/.derivedData/ModuleCache.noindex -Xfrontend -serialize-debugging-options -profile-coverage-mapping -profile-generate -enable-testing -index-store-path /Users/admin/builder/spi-builder-workspace/.derivedData/Index.noindex/DataStore -Xcc -D_LIBCPP_HARDENING_MODE\=_LIBCPP_HARDENING_MODE_DEBUG -swift-version 5 -I /Users/admin/builder/spi-builder-workspace/.derivedData/Build/Products/Debug-xros -Isystem /Applications/Xcode-27.0.0-Release.Candidate.app/Contents/Developer/Platforms/XROS.platform/Developer/usr/lib -F /Users/admin/builder/spi-builder-workspace/.derivedData/Build/Products/Debug-xros/PackageFrameworks -F /Users/admin/builder/spi-builder-workspace/.derivedData/Build/Products/Debug-xros -F /Applications/Xcode-27.0.0-Release.Candidate.app/Contents/Developer/Platforms/XROS.platform/Developer/Library/Frameworks -F /Applications/Xcode-27.0.0-Release.Candidate.app/Contents/Developer/Platforms/XROS.platform/Developer/SDKs/XROS27.0.sdk/Developer/Library/Frameworks -c -j10 -enable-batch-mode -incremental -Xcc -ivfsstatcache -Xcc /Users/admin/builder/spi-builder-workspace/.derivedData/SDKStatCaches.noindex/xros27.0-24M361-e829b21a6f8c9b70876ba0858053c044735bd543db762f57723cac368afd1ce4.sdkstatcache -output-file-map /Users/admin/builder/spi-builder-workspace/.derivedData/Build/Intermediates.noindex/ALCoordinator.build/Debug-xros/SUICoordinator-t.build/Objects-normal/arm64/SUICoordinator-OutputFileMap.json -save-temps -no-color-diagnostics -explicit-module-build -module-cache-path /Users/admin/builder/spi-builder-workspace/.derivedData/Build/Intermediates.noindex/SwiftExplicitPrecompiledModules -clang-scanner-module-cache-path /Users/admin/builder/spi-builder-workspace/.derivedData/ModuleCache.noindex -sdk-module-cache-path /Users/admin/builder/spi-builder-workspace/.derivedData/SDKExplicitPrecompiledModules -emit-dependencies -emit-module -emit-module-path /Users/admin/builder/spi-builder-workspace/.derivedData/Build/Intermediates.noindex/ALCoordinator.build/Debug-xros/SUICoordinator-t.build/Objects-normal/arm64/SUICoordinator.swiftmodule -serialize-diagnostics -dependency-scan-serialize-diagnostics-path /Users/admin/builder/spi-builder-workspace/.derivedData/Build/Intermediates.noindex/ALCoordinator.build/Debug-xros/SUICoordinator-t.build/Objects-normal/arm64/SUICoordinator-dependency-scan.dia -validate-clang-modules-once -clang-build-session-file /Users/admin/builder/spi-builder-workspace/.derivedData/ModuleCache.noindex/Session.modulevalidation -Xcc -fmodules-prune-interval\=86400 -Xcc -fmodules-prune-after\=345600 -emit-const-values -const-gather-protocols-list /Users/admin/builder/spi-builder-workspace/.derivedData/Build/Intermediates.noindex/ALCoordinator.build/Debug-xros/SUICoordinator-t.build/Objects-normal/arm64/SUICoordinator_const_extract_protocols.json -Xcc -I/Users/admin/builder/spi-builder-workspace/.derivedData/Build/Products/Debug-xros/include -Xcc -I/Users/admin/builder/spi-builder-workspace/.derivedData/Build/Intermediates.noindex/ALCoordinator.build/Debug-xros/SUICoordinator-t.build/DerivedSources-normal/arm64 -Xcc -I/Users/admin/builder/spi-builder-workspace/.derivedData/Build/Intermediates.noindex/ALCoordinator.build/Debug-xros/SUICoordinator-t.build/DerivedSources/arm64 -Xcc -I/Users/admin/builder/spi-builder-workspace/.derivedData/Build/Intermediates.noindex/ALCoordinator.build/Debug-xros/SUICoordinator-t.build/DerivedSources -Xcc -DSWIFT_PACKAGE -Xcc -DDEBUG\=1 -emit-objc-header -emit-objc-header-path /Users/admin/builder/spi-builder-workspace/.derivedData/Build/Intermediates.noindex/ALCoordinator.build/Debug-xros/SUICoordinator-t.build/Objects-normal/arm64/SUICoordinator-Swift.h -working-directory /Users/admin/builder/spi-builder-workspace/.swiftpm/xcode -experimental-emit-module-separately -disable-cmo
SwiftDriverJobDiscovery normal arm64 Compiling NavigationCoordinator.swift (in target 'SUICoordinator' from project 'ALCoordinator')
SwiftCompile normal arm64 Compiling\ Coordinator+Helpers.swift /Users/admin/builder/spi-builder-workspace/Sources/UIKCoordinator/Cooridnator/Coordinator+Helpers.swift (in target 'UIKCoordinator' from project 'ALCoordinator')
SwiftCompile normal arm64 /Users/admin/builder/spi-builder-workspace/Sources/UIKCoordinator/Cooridnator/Coordinator+Helpers.swift (in target 'UIKCoordinator' from project 'ALCoordinator')
    cd /Users/admin/builder/spi-builder-workspace/.swiftpm/xcode
    builtin-SwiftPerFileCompile Coordinator+Helpers.swift
SwiftDriverJobDiscovery normal arm64 Compiling TabbarCoordinator.swift (in target 'SUICoordinator' from project 'ALCoordinator')
SwiftCompile normal arm64 Compiling\ RouterAction.swift /Users/admin/builder/spi-builder-workspace/Sources/UIKCoordinator/Protocols/RouterAction.swift (in target 'UIKCoordinator' from project 'ALCoordinator')
SwiftCompile normal arm64 /Users/admin/builder/spi-builder-workspace/Sources/UIKCoordinator/Protocols/RouterAction.swift (in target 'UIKCoordinator' from project 'ALCoordinator')
    cd /Users/admin/builder/spi-builder-workspace/.swiftpm/xcode
    builtin-SwiftPerFileCompile RouterAction.swift
SwiftMergeGeneratedHeaders /Users/admin/builder/spi-builder-workspace/.derivedData/Build/Intermediates.noindex/GeneratedModuleMaps-xros/SUICoordinator-Swift.h /Users/admin/builder/spi-builder-workspace/.derivedData/Build/Intermediates.noindex/ALCoordinator.build/Debug-xros/SUICoordinator-t.build/Objects-normal/arm64/SUICoordinator-Swift.h (in target 'SUICoordinator' from project 'ALCoordinator')
    cd /Users/admin/builder/spi-builder-workspace
    builtin-swiftHeaderTool -arch arm64 /Users/admin/builder/spi-builder-workspace/.derivedData/Build/Intermediates.noindex/ALCoordinator.build/Debug-xros/SUICoordinator-t.build/Objects-normal/arm64/SUICoordinator-Swift.h -o /Users/admin/builder/spi-builder-workspace/.derivedData/Build/Intermediates.noindex/GeneratedModuleMaps-xros/SUICoordinator-Swift.h
Copy /Users/admin/builder/spi-builder-workspace/.derivedData/Build/Products/Debug-xros/SUICoordinator.swiftmodule/arm64-apple-xros.swiftmodule /Users/admin/builder/spi-builder-workspace/.derivedData/Build/Intermediates.noindex/ALCoordinator.build/Debug-xros/SUICoordinator-t.build/Objects-normal/arm64/SUICoordinator.swiftmodule (in target 'SUICoordinator' from project 'ALCoordinator')
    cd /Users/admin/builder/spi-builder-workspace
    builtin-copy -exclude .DS_Store -exclude CVS -exclude .svn -exclude .git -exclude .hg -resolve-src-symlinks -rename /Users/admin/builder/spi-builder-workspace/.derivedData/Build/Intermediates.noindex/ALCoordinator.build/Debug-xros/SUICoordinator-t.build/Objects-normal/arm64/SUICoordinator.swiftmodule /Users/admin/builder/spi-builder-workspace/.derivedData/Build/Products/Debug-xros/SUICoordinator.swiftmodule/arm64-apple-xros.swiftmodule
Copy /Users/admin/builder/spi-builder-workspace/.derivedData/Build/Products/Debug-xros/SUICoordinator.swiftmodule/arm64-apple-xros.swiftdoc /Users/admin/builder/spi-builder-workspace/.derivedData/Build/Intermediates.noindex/ALCoordinator.build/Debug-xros/SUICoordinator-t.build/Objects-normal/arm64/SUICoordinator.swiftdoc (in target 'SUICoordinator' from project 'ALCoordinator')
    cd /Users/admin/builder/spi-builder-workspace
    builtin-copy -exclude .DS_Store -exclude CVS -exclude .svn -exclude .git -exclude .hg -resolve-src-symlinks -rename /Users/admin/builder/spi-builder-workspace/.derivedData/Build/Intermediates.noindex/ALCoordinator.build/Debug-xros/SUICoordinator-t.build/Objects-normal/arm64/SUICoordinator.swiftdoc /Users/admin/builder/spi-builder-workspace/.derivedData/Build/Products/Debug-xros/SUICoordinator.swiftmodule/arm64-apple-xros.swiftdoc
Copy /Users/admin/builder/spi-builder-workspace/.derivedData/Build/Products/Debug-xros/SUICoordinator.swiftmodule/arm64-apple-xros.abi.json /Users/admin/builder/spi-builder-workspace/.derivedData/Build/Intermediates.noindex/ALCoordinator.build/Debug-xros/SUICoordinator-t.build/Objects-normal/arm64/SUICoordinator.abi.json (in target 'SUICoordinator' from project 'ALCoordinator')
    cd /Users/admin/builder/spi-builder-workspace
    builtin-copy -exclude .DS_Store -exclude CVS -exclude .svn -exclude .git -exclude .hg -resolve-src-symlinks -rename /Users/admin/builder/spi-builder-workspace/.derivedData/Build/Intermediates.noindex/ALCoordinator.build/Debug-xros/SUICoordinator-t.build/Objects-normal/arm64/SUICoordinator.abi.json /Users/admin/builder/spi-builder-workspace/.derivedData/Build/Products/Debug-xros/SUICoordinator.swiftmodule/arm64-apple-xros.abi.json
Copy /Users/admin/builder/spi-builder-workspace/.derivedData/Build/Products/Debug-xros/SUICoordinator.swiftmodule/Project/arm64-apple-xros.swiftsourceinfo /Users/admin/builder/spi-builder-workspace/.derivedData/Build/Intermediates.noindex/ALCoordinator.build/Debug-xros/SUICoordinator-t.build/Objects-normal/arm64/SUICoordinator.swiftsourceinfo (in target 'SUICoordinator' from project 'ALCoordinator')
    cd /Users/admin/builder/spi-builder-workspace
    builtin-copy -exclude .DS_Store -exclude CVS -exclude .svn -exclude .git -exclude .hg -resolve-src-symlinks -rename /Users/admin/builder/spi-builder-workspace/.derivedData/Build/Intermediates.noindex/ALCoordinator.build/Debug-xros/SUICoordinator-t.build/Objects-normal/arm64/SUICoordinator.swiftsourceinfo /Users/admin/builder/spi-builder-workspace/.derivedData/Build/Products/Debug-xros/SUICoordinator.swiftmodule/Project/arm64-apple-xros.swiftsourceinfo
SwiftCompile normal arm64 Compiling\ TabbarCoordinatable.swift /Users/admin/builder/spi-builder-workspace/Sources/UIKCoordinator/Protocols/TabbarCoordinatable.swift (in target 'UIKCoordinator' from project 'ALCoordinator')
SwiftCompile normal arm64 /Users/admin/builder/spi-builder-workspace/Sources/UIKCoordinator/Protocols/TabbarCoordinatable.swift (in target 'UIKCoordinator' from project 'ALCoordinator')
    cd /Users/admin/builder/spi-builder-workspace/.swiftpm/xcode
    builtin-SwiftPerFileCompile TabbarCoordinatable.swift
SwiftCompile normal arm64 Compiling\ Coordinator+Navigation+Helpers.swift /Users/admin/builder/spi-builder-workspace/Sources/UIKCoordinator/Cooridnator/Coordinator+Navigation+Helpers.swift (in target 'UIKCoordinator' from project 'ALCoordinator')
SwiftCompile normal arm64 /Users/admin/builder/spi-builder-workspace/Sources/UIKCoordinator/Cooridnator/Coordinator+Navigation+Helpers.swift (in target 'UIKCoordinator' from project 'ALCoordinator')
    cd /Users/admin/builder/spi-builder-workspace/.swiftpm/xcode
    builtin-SwiftPerFileCompile Coordinator+Navigation+Helpers.swift
SwiftDriverJobDiscovery normal arm64 Compiling CustomTabbarController.swift (in target 'SUICoordinator' from project 'ALCoordinator')
SwiftCompile normal arm64 Compiling\ Router.swift,\ RouterManager.swift /Users/admin/builder/spi-builder-workspace/Sources/UIKCoordinator/Base/Router.swift /Users/admin/builder/spi-builder-workspace/Sources/UIKCoordinator/Base/RouterManager.swift (in target 'UIKCoordinator' from project 'ALCoordinator')
SwiftCompile normal arm64 /Users/admin/builder/spi-builder-workspace/Sources/UIKCoordinator/Base/Router.swift (in target 'UIKCoordinator' from project 'ALCoordinator')
    cd /Users/admin/builder/spi-builder-workspace/.swiftpm/xcode
    builtin-SwiftPerFileCompile Router.swift
SwiftCompile normal arm64 /Users/admin/builder/spi-builder-workspace/Sources/UIKCoordinator/Base/RouterManager.swift (in target 'UIKCoordinator' from project 'ALCoordinator')
    cd /Users/admin/builder/spi-builder-workspace/.swiftpm/xcode
    builtin-SwiftPerFileCompile RouterManager.swift
SwiftDriverJobDiscovery normal arm64 Compiling TabbarNavigationRouter.swift (in target 'UIKCoordinator' from project 'ALCoordinator')
SwiftCompile normal arm64 Compiling\ Coordinator+PublicHelpers.swift /Users/admin/builder/spi-builder-workspace/Sources/UIKCoordinator/Cooridnator/Coordinator+PublicHelpers.swift (in target 'UIKCoordinator' from project 'ALCoordinator')
SwiftCompile normal arm64 /Users/admin/builder/spi-builder-workspace/Sources/UIKCoordinator/Cooridnator/Coordinator+PublicHelpers.swift (in target 'UIKCoordinator' from project 'ALCoordinator')
    cd /Users/admin/builder/spi-builder-workspace/.swiftpm/xcode
    builtin-SwiftPerFileCompile Coordinator+PublicHelpers.swift
SwiftDriverJobDiscovery normal arm64 Compiling BaseRoute.swift (in target 'UIKCoordinator' from project 'ALCoordinator')
SwiftCompile normal arm64 Compiling\ BaseCoordinator.swift,\ NavigationCoordinator.swift /Users/admin/builder/spi-builder-workspace/Sources/UIKCoordinator/Base/BaseCoordinator.swift /Users/admin/builder/spi-builder-workspace/Sources/UIKCoordinator/Base/NavigationCoordinator.swift (in target 'UIKCoordinator' from project 'ALCoordinator')
SwiftCompile normal arm64 /Users/admin/builder/spi-builder-workspace/Sources/UIKCoordinator/Base/BaseCoordinator.swift (in target 'UIKCoordinator' from project 'ALCoordinator')
    cd /Users/admin/builder/spi-builder-workspace/.swiftpm/xcode
    builtin-SwiftPerFileCompile BaseCoordinator.swift
SwiftCompile normal arm64 /Users/admin/builder/spi-builder-workspace/Sources/UIKCoordinator/Base/NavigationCoordinator.swift (in target 'UIKCoordinator' from project 'ALCoordinator')
    cd /Users/admin/builder/spi-builder-workspace/.swiftpm/xcode
    builtin-SwiftPerFileCompile NavigationCoordinator.swift
SwiftDriverJobDiscovery normal arm64 Compiling TabbarPageDataSource+Helpers.swift (in target 'UIKCoordinator' from project 'ALCoordinator')
SwiftCompile normal arm64 Compiling\ TabbarPage.swift /Users/admin/builder/spi-builder-workspace/Sources/UIKCoordinator/Protocols/TabbarPage.swift (in target 'UIKCoordinator' from project 'ALCoordinator')
SwiftCompile normal arm64 /Users/admin/builder/spi-builder-workspace/Sources/UIKCoordinator/Protocols/TabbarPage.swift (in target 'UIKCoordinator' from project 'ALCoordinator')
    cd /Users/admin/builder/spi-builder-workspace/.swiftpm/xcode
    builtin-SwiftPerFileCompile TabbarPage.swift
SwiftDriverJobDiscovery normal arm64 Compiling NavigationAction.swift (in target 'UIKCoordinator' from project 'ALCoordinator')
SwiftDriver\ Compilation SUICoordinator normal arm64 com.apple.xcode.tools.swift.compiler (in target 'SUICoordinator' from project 'ALCoordinator')
    cd /Users/admin/builder/spi-builder-workspace/.swiftpm/xcode
    builtin-Swift-Compilation -- /Applications/Xcode-27.0.0-Release.Candidate.app/Contents/Developer/Toolchains/XcodeDefault.xctoolchain/usr/bin/swiftc -parse-as-library -module-name SUICoordinator -Onone @/Users/admin/builder/spi-builder-workspace/.derivedData/Build/Intermediates.noindex/ALCoordinator.build/Debug-xros/SUICoordinator-t.build/Objects-normal/arm64/SUICoordinator.SwiftFileList -DSWIFT_PACKAGE -DDEBUG -DSWIFT_MODULE_RESOURCE_BUNDLE_UNAVAILABLE -DXcode -plugin-path /Applications/Xcode-27.0.0-Release.Candidate.app/Contents/Developer/Toolchains/XcodeDefault.xctoolchain/usr/lib/swift/host/plugins/testing -enable-experimental-feature DebugDescriptionMacro -sdk /Applications/Xcode-27.0.0-Release.Candidate.app/Contents/Developer/Platforms/XROS.platform/Developer/SDKs/XROS27.0.sdk -target arm64-apple-xros1.0 -g -module-cache-path /Users/admin/builder/spi-builder-workspace/.derivedData/ModuleCache.noindex -Xfrontend -serialize-debugging-options -profile-coverage-mapping -profile-generate -enable-testing -index-store-path /Users/admin/builder/spi-builder-workspace/.derivedData/Index.noindex/DataStore -Xcc -D_LIBCPP_HARDENING_MODE\=_LIBCPP_HARDENING_MODE_DEBUG -swift-version 5 -I /Users/admin/builder/spi-builder-workspace/.derivedData/Build/Products/Debug-xros -Isystem /Applications/Xcode-27.0.0-Release.Candidate.app/Contents/Developer/Platforms/XROS.platform/Developer/usr/lib -F /Users/admin/builder/spi-builder-workspace/.derivedData/Build/Products/Debug-xros/PackageFrameworks -F /Users/admin/builder/spi-builder-workspace/.derivedData/Build/Products/Debug-xros -F /Applications/Xcode-27.0.0-Release.Candidate.app/Contents/Developer/Platforms/XROS.platform/Developer/Library/Frameworks -F /Applications/Xcode-27.0.0-Release.Candidate.app/Contents/Developer/Platforms/XROS.platform/Developer/SDKs/XROS27.0.sdk/Developer/Library/Frameworks -c -j10 -enable-batch-mode -incremental -Xcc -ivfsstatcache -Xcc /Users/admin/builder/spi-builder-workspace/.derivedData/SDKStatCaches.noindex/xros27.0-24M361-e829b21a6f8c9b70876ba0858053c044735bd543db762f57723cac368afd1ce4.sdkstatcache -output-file-map /Users/admin/builder/spi-builder-workspace/.derivedData/Build/Intermediates.noindex/ALCoordinator.build/Debug-xros/SUICoordinator-t.build/Objects-normal/arm64/SUICoordinator-OutputFileMap.json -save-temps -no-color-diagnostics -explicit-module-build -module-cache-path /Users/admin/builder/spi-builder-workspace/.derivedData/Build/Intermediates.noindex/SwiftExplicitPrecompiledModules -clang-scanner-module-cache-path /Users/admin/builder/spi-builder-workspace/.derivedData/ModuleCache.noindex -sdk-module-cache-path /Users/admin/builder/spi-builder-workspace/.derivedData/SDKExplicitPrecompiledModules -emit-dependencies -emit-module -emit-module-path /Users/admin/builder/spi-builder-workspace/.derivedData/Build/Intermediates.noindex/ALCoordinator.build/Debug-xros/SUICoordinator-t.build/Objects-normal/arm64/SUICoordinator.swiftmodule -serialize-diagnostics -dependency-scan-serialize-diagnostics-path /Users/admin/builder/spi-builder-workspace/.derivedData/Build/Intermediates.noindex/ALCoordinator.build/Debug-xros/SUICoordinator-t.build/Objects-normal/arm64/SUICoordinator-dependency-scan.dia -validate-clang-modules-once -clang-build-session-file /Users/admin/builder/spi-builder-workspace/.derivedData/ModuleCache.noindex/Session.modulevalidation -Xcc -fmodules-prune-interval\=86400 -Xcc -fmodules-prune-after\=345600 -emit-const-values -const-gather-protocols-list /Users/admin/builder/spi-builder-workspace/.derivedData/Build/Intermediates.noindex/ALCoordinator.build/Debug-xros/SUICoordinator-t.build/Objects-normal/arm64/SUICoordinator_const_extract_protocols.json -Xcc -I/Users/admin/builder/spi-builder-workspace/.derivedData/Build/Products/Debug-xros/include -Xcc -I/Users/admin/builder/spi-builder-workspace/.derivedData/Build/Intermediates.noindex/ALCoordinator.build/Debug-xros/SUICoordinator-t.build/DerivedSources-normal/arm64 -Xcc -I/Users/admin/builder/spi-builder-workspace/.derivedData/Build/Intermediates.noindex/ALCoordinator.build/Debug-xros/SUICoordinator-t.build/DerivedSources/arm64 -Xcc -I/Users/admin/builder/spi-builder-workspace/.derivedData/Build/Intermediates.noindex/ALCoordinator.build/Debug-xros/SUICoordinator-t.build/DerivedSources -Xcc -DSWIFT_PACKAGE -Xcc -DDEBUG\=1 -emit-objc-header -emit-objc-header-path /Users/admin/builder/spi-builder-workspace/.derivedData/Build/Intermediates.noindex/ALCoordinator.build/Debug-xros/SUICoordinator-t.build/Objects-normal/arm64/SUICoordinator-Swift.h -working-directory /Users/admin/builder/spi-builder-workspace/.swiftpm/xcode -experimental-emit-module-separately -disable-cmo
PruneExplicitPrecompiledModules /Users/admin/builder/spi-builder-workspace/.derivedData/SDKExplicitPrecompiledModules
PruneExplicitPrecompiledModules /Users/admin/builder/spi-builder-workspace/.derivedData/Build/Intermediates.noindex/ExplicitPrecompiledModules
PruneExplicitPrecompiledModules /Users/admin/builder/spi-builder-workspace/.derivedData/Build/Intermediates.noindex/SwiftExplicitPrecompiledModules
2026-09-19 17:29:54.686 xcodebuild[787:4859] [MT] IDERunDestination: Supported platforms for the buildables in the current scheme is empty.
2026-09-19 17:29:54.789 xcodebuild[787:4859] [MT] IDERunDestination: Supported platforms for the buildables in the current scheme is empty.
** BUILD FAILED **
The following build commands failed:
	SwiftCompile normal arm64 /Users/admin/builder/spi-builder-workspace/Sources/UIKCoordinator/Extensions/View+Helpers.swift (in target 'UIKCoordinator' from project 'ALCoordinator')
	SwiftCompile normal arm64 Compiling\ View+Helpers.swift /Users/admin/builder/spi-builder-workspace/Sources/UIKCoordinator/Extensions/View+Helpers.swift (in target 'UIKCoordinator' from project 'ALCoordinator')
	Building workspace ALCoordinator with scheme ALCoordinator
(3 failures)
BUILD FAILURE 6.4 visionOS