The Swift Package Index logo.Swift Package Index

Build Information

Failed to build PackAPrefPane, reference 2.1.0 (d3cf6e), with Swift 6.4 for tvOS using Xcode 27.0 on 18 Sep 2026 02:25:17 UTC.

Build Command

env DEVELOPER_DIR=/Applications/Xcode-27.0.0-Release.Candidate.app xcrun xcodebuild -IDEClonedSourcePackagesDirPathOverride=$PWD/.dependencies -skipMacroValidation -skipPackagePluginValidation -derivedDataPath $PWD/.derivedData build -scheme PackAPrefPane -destination generic/platform=tvOS

Build Log

========================================
RunAll
========================================
Builder version: 5.1.0
Interrupt handler set up.
========================================
Checkout
========================================
Clone URL: https://github.com/W1W1-M/PackAPrefPane.git
Reference: 2.1.0
Initialized empty Git repository in /Users/admin/builder/spi-builder-workspace/.git/
From https://github.com/W1W1-M/PackAPrefPane
 * tag               2.1.0      -> FETCH_HEAD
HEAD is now at d3cf6ef Update data structs to classes. Update comments. Add environment objects.
Cloned https://github.com/W1W1-M/PackAPrefPane.git
Revision (git rev-parse @):
d3cf6ef22b7e8c67624e78431c4fbb0d209c647d
SUCCESS checkout https://github.com/W1W1-M/PackAPrefPane.git at 2.1.0
========================================
Build
========================================
Selected platform:         tvOS
Swift version:             6.4
Building package at path:  $PWD
https://github.com/W1W1-M/PackAPrefPane.git
Command line invocation:
    /Applications/Xcode-27.0.0-Release.Candidate.app/Contents/Developer/usr/bin/xcodebuild -IDEClonedSourcePackagesDirPathOverride=/Users/admin/builder/spi-builder-workspace/.dependencies -resolvePackageDependencies
Resolve Package Graph
Resolve Package Graph
Resolved source packages:
  PackAPrefPane: /Users/admin/builder/spi-builder-workspace
resolved source packages: PackAPrefPane
2026-09-17 22:24:16.207 xcodebuild[529:3043] [MT] IDERunDestination: Supported platforms for the buildables in the current scheme is empty.
2026-09-17 22:24:16.360 xcodebuild[529:3043] [MT] IDERunDestination: Supported platforms for the buildables in the current scheme is empty.
2026-09-17 22:24:18.043 xcodebuild[529:3043] [MT] IDERunDestination: Supported platforms for the buildables in the current scheme is empty.
{
  "default_localization" : "en",
  "dependencies" : [
  ],
  "manifest_display_name" : "PackAPrefPane",
  "name" : "PackAPrefPane",
  "path" : "/Users/admin/builder/spi-builder-workspace",
  "platforms" : [
    {
      "name" : "macos",
      "version" : "11.0"
    },
    {
      "name" : "ios",
      "version" : "14.0"
    }
  ],
  "products" : [
    {
      "name" : "PackAPrefPane",
      "targets" : [
        "PackAPrefPane"
      ],
      "type" : {
        "library" : [
          "automatic"
        ]
      }
    }
  ],
  "targets" : [
    {
      "c99name" : "PackAPrefPaneTests",
      "module_type" : "SwiftTarget",
      "name" : "PackAPrefPaneTests",
      "path" : "Tests/PackAPrefPaneTests",
      "sources" : [
        "PackAPrefPaneTests.swift"
      ],
      "target_dependencies" : [
        "PackAPrefPane"
      ],
      "type" : "test"
    },
    {
      "c99name" : "PackAPrefPane",
      "module_type" : "SwiftTarget",
      "name" : "PackAPrefPane",
      "path" : "Sources/PackAPrefPane",
      "product_memberships" : [
        "PackAPrefPane"
      ],
      "resources" : [
        {
          "path" : "/Users/admin/builder/spi-builder-workspace/Sources/PackAPrefPane/Resources/en.lproj/Localizable.strings",
          "rule" : {
            "process" : {
              "localization" : "en"
            }
          }
        },
        {
          "path" : "/Users/admin/builder/spi-builder-workspace/Sources/PackAPrefPane/Resources/fr.lproj/Localizable.strings",
          "rule" : {
            "process" : {
              "localization" : "fr"
            }
          }
        }
      ],
      "sources" : [
        "PrefPaneData.swift",
        "PrefPaneHelper.swift",
        "Views/About.swift",
        "Views/Help.swift",
        "Views/Legal.swift",
        "Views/PackAPrefPane.swift"
      ],
      "type" : "library"
    }
  ],
  "tools_version" : "5.5"
}
{
  "workspace" : {
    "name" : "PackAPrefPane",
    "schemes" : [
      "PackAPrefPane"
    ]
  }
}
2026-09-17 22:25:03.954 xcodebuild[649:4185] [MT] IDERunDestination: Supported platforms for the buildables in the current scheme is empty.
Running build ...
env DEVELOPER_DIR=/Applications/Xcode-27.0.0-Release.Candidate.app xcrun xcodebuild -IDEClonedSourcePackagesDirPathOverride=$PWD/.dependencies -skipMacroValidation -skipPackagePluginValidation -derivedDataPath $PWD/.derivedData build -scheme PackAPrefPane -destination generic/platform=tvOS
Command line invocation:
    /Applications/Xcode-27.0.0-Release.Candidate.app/Contents/Developer/usr/bin/xcodebuild -IDEClonedSourcePackagesDirPathOverride=/Users/admin/builder/spi-builder-workspace/.dependencies -skipMacroValidation -skipPackagePluginValidation -derivedDataPath /Users/admin/builder/spi-builder-workspace/.derivedData build -scheme PackAPrefPane -destination generic/platform=tvOS
Resolve Package Graph
Resolved source packages:
  PackAPrefPane: /Users/admin/builder/spi-builder-workspace
ComputePackagePrebuildTargetDependencyGraph
Prepare packages
CreateBuildRequest
SendProjectDescription
CreateBuildOperation
ComputeTargetDependencyGraph
note: Building targets in dependency order
note: Target dependency graph (4 targets)
    Target 'PackAPrefPaneTests-product' in project 'PackAPrefPane'
        ➜ Explicit dependency on target 'PackAPrefPane' in project 'PackAPrefPane'
    Target 'PackAPrefPane-product' in project 'PackAPrefPane'
        ➜ Explicit dependency on target 'PackAPrefPane' in project 'PackAPrefPane'
        ➜ Explicit dependency on target 'PackAPrefPane_PackAPrefPane' in project 'PackAPrefPane'
    Target 'PackAPrefPane' in project 'PackAPrefPane'
        ➜ Explicit dependency on target 'PackAPrefPane_PackAPrefPane' in project 'PackAPrefPane'
    Target 'PackAPrefPane_PackAPrefPane' in project 'PackAPrefPane' (no dependencies)
GatherProvisioningInputs
CreateBuildDescription
ExecuteExternalTool /Applications/Xcode-27.0.0-Release.Candidate.app/Contents/Developer/Toolchains/XcodeDefault.xctoolchain/usr/bin/clang -v -E -dM -isysroot /Applications/Xcode-27.0.0-Release.Candidate.app/Contents/Developer/Platforms/AppleTVOS.platform/Developer/SDKs/AppleTVOS27.0.sdk -x c -c /dev/null
ExecuteExternalTool /Applications/Xcode-27.0.0-Release.Candidate.app/Contents/Developer/Toolchains/XcodeDefault.xctoolchain/usr/bin/swiftc --version
ExecuteExternalTool /Applications/Xcode-27.0.0-Release.Candidate.app/Contents/Developer/Toolchains/XcodeDefault.xctoolchain/usr/bin/ld -version_details
ReadFileContents /Applications/Xcode-27.0.0-Release.Candidate.app/Contents/Developer/Toolchains/XcodeDefault.xctoolchain/usr/share/docc/features.json
Build description signature: 49d94c67f042e842abe9b30437106b52
Build description path: /Users/admin/builder/spi-builder-workspace/.derivedData/Build/Intermediates.noindex/XCBuildData/49d94c67f042e842abe9b30437106b52.xcbuilddata
CreateBuildDirectory /Users/admin/builder/spi-builder-workspace/.derivedData/SDKExplicitPrecompiledModules
    cd /Users/admin/builder/spi-builder-workspace/.swiftpm/xcode
    builtin-create-build-directory /Users/admin/builder/spi-builder-workspace/.derivedData/SDKExplicitPrecompiledModules
CreateBuildDirectory /Users/admin/builder/spi-builder-workspace/.derivedData/CompilationCache.noindex
    cd /Users/admin/builder/spi-builder-workspace/.swiftpm/xcode
    builtin-create-build-directory /Users/admin/builder/spi-builder-workspace/.derivedData/CompilationCache.noindex
CreateBuildDirectory /Users/admin/builder/spi-builder-workspace/.derivedData/ModuleCache.noindex
    cd /Users/admin/builder/spi-builder-workspace/.swiftpm/xcode
    builtin-create-build-directory /Users/admin/builder/spi-builder-workspace/.derivedData/ModuleCache.noindex
CreateBuildDirectory /Users/admin/builder/spi-builder-workspace/.derivedData/Build/Intermediates.noindex
    cd /Users/admin/builder/spi-builder-workspace/.swiftpm/xcode
    builtin-create-build-directory /Users/admin/builder/spi-builder-workspace/.derivedData/Build/Intermediates.noindex
CreateBuildDirectory /Users/admin/builder/spi-builder-workspace/.derivedData/Build/Products
    cd /Users/admin/builder/spi-builder-workspace/.swiftpm/xcode
    builtin-create-build-directory /Users/admin/builder/spi-builder-workspace/.derivedData/Build/Products
ClangStatCache /Applications/Xcode-27.0.0-Release.Candidate.app/Contents/Developer/Toolchains/XcodeDefault.xctoolchain/usr/bin/clang-stat-cache /Applications/Xcode-27.0.0-Release.Candidate.app/Contents/Developer/Platforms/AppleTVOS.platform/Developer/SDKs/AppleTVOS27.0.sdk /Users/admin/builder/spi-builder-workspace/.derivedData/SDKStatCaches.noindex/appletvos27.0-24J360-e829b21a6f8c9b70876ba0858053c044b32bfd8d43560033f8d89884cdb90028.sdkstatcache
    cd /Users/admin/builder/spi-builder-workspace/.swiftpm/xcode
    /Applications/Xcode-27.0.0-Release.Candidate.app/Contents/Developer/Toolchains/XcodeDefault.xctoolchain/usr/bin/clang-stat-cache /Applications/Xcode-27.0.0-Release.Candidate.app/Contents/Developer/Platforms/AppleTVOS.platform/Developer/SDKs/AppleTVOS27.0.sdk -o /Users/admin/builder/spi-builder-workspace/.derivedData/SDKStatCaches.noindex/appletvos27.0-24J360-e829b21a6f8c9b70876ba0858053c044b32bfd8d43560033f8d89884cdb90028.sdkstatcache
CreateBuildDirectory /Users/admin/builder/spi-builder-workspace/.derivedData/Build/Products/Debug-appletvos
    cd /Users/admin/builder/spi-builder-workspace/.swiftpm/xcode
    builtin-create-build-directory /Users/admin/builder/spi-builder-workspace/.derivedData/Build/Products/Debug-appletvos
CreateBuildDirectory /Users/admin/builder/spi-builder-workspace/.derivedData/Build/Intermediates.noindex/SwiftExplicitPrecompiledModules
    cd /Users/admin/builder/spi-builder-workspace/.swiftpm/xcode
    builtin-create-build-directory /Users/admin/builder/spi-builder-workspace/.derivedData/Build/Intermediates.noindex/SwiftExplicitPrecompiledModules
CreateBuildDirectory /Users/admin/builder/spi-builder-workspace/.derivedData/Build/Intermediates.noindex/PrecompiledHeaders
    cd /Users/admin/builder/spi-builder-workspace/.swiftpm/xcode
    builtin-create-build-directory /Users/admin/builder/spi-builder-workspace/.derivedData/Build/Intermediates.noindex/PrecompiledHeaders
CreateBuildDirectory /Users/admin/builder/spi-builder-workspace/.derivedData/Build/Intermediates.noindex/ExplicitPrecompiledModules
    cd /Users/admin/builder/spi-builder-workspace/.swiftpm/xcode
    builtin-create-build-directory /Users/admin/builder/spi-builder-workspace/.derivedData/Build/Intermediates.noindex/ExplicitPrecompiledModules
CreateBuildDirectory /Users/admin/builder/spi-builder-workspace/.derivedData/Build/Intermediates.noindex/EagerLinkingTBDs/Debug-appletvos
    cd /Users/admin/builder/spi-builder-workspace/.swiftpm/xcode
    builtin-create-build-directory /Users/admin/builder/spi-builder-workspace/.derivedData/Build/Intermediates.noindex/EagerLinkingTBDs/Debug-appletvos
CreateBuildDirectory /Users/admin/builder/spi-builder-workspace/.derivedData/Build/Products/Debug-appletvos/PackageFrameworks
    cd /Users/admin/builder/spi-builder-workspace/.swiftpm/xcode
    builtin-create-build-directory /Users/admin/builder/spi-builder-workspace/.derivedData/Build/Products/Debug-appletvos/PackageFrameworks
MkDir /Users/admin/builder/spi-builder-workspace/.derivedData/Build/Products/Debug-appletvos/PackAPrefPane_PackAPrefPane.bundle (in target 'PackAPrefPane_PackAPrefPane' from project 'PackAPrefPane')
    cd /Users/admin/builder/spi-builder-workspace
    /bin/mkdir -p /Users/admin/builder/spi-builder-workspace/.derivedData/Build/Products/Debug-appletvos/PackAPrefPane_PackAPrefPane.bundle
WriteAuxiliaryFile /Users/admin/builder/spi-builder-workspace/.derivedData/Build/Intermediates.noindex/PackAPrefPane.build/Debug-appletvos/PackAPrefPaneTests-p.build/empty-PackAPrefPaneTests.plist (in target 'PackAPrefPaneTests-product' from project 'PackAPrefPane')
    cd /Users/admin/builder/spi-builder-workspace
    write-file /Users/admin/builder/spi-builder-workspace/.derivedData/Build/Intermediates.noindex/PackAPrefPane.build/Debug-appletvos/PackAPrefPaneTests-p.build/empty-PackAPrefPaneTests.plist
WriteAuxiliaryFile /Users/admin/builder/spi-builder-workspace/.derivedData/Build/Intermediates.noindex/PackAPrefPane.build/Debug-appletvos/PackAPrefPaneTests-p.build/PackAPrefPaneTests.DependencyMetadataFileList (in target 'PackAPrefPaneTests-product' from project 'PackAPrefPane')
    cd /Users/admin/builder/spi-builder-workspace
    write-file /Users/admin/builder/spi-builder-workspace/.derivedData/Build/Intermediates.noindex/PackAPrefPane.build/Debug-appletvos/PackAPrefPaneTests-p.build/PackAPrefPaneTests.DependencyMetadataFileList
WriteAuxiliaryFile /Users/admin/builder/spi-builder-workspace/.derivedData/Build/Intermediates.noindex/PackAPrefPane.build/Debug-appletvos/PackAPrefPaneTests-p.build/PackAPrefPaneTests.DependencyStaticMetadataFileList (in target 'PackAPrefPaneTests-product' from project 'PackAPrefPane')
    cd /Users/admin/builder/spi-builder-workspace
    write-file /Users/admin/builder/spi-builder-workspace/.derivedData/Build/Intermediates.noindex/PackAPrefPane.build/Debug-appletvos/PackAPrefPaneTests-p.build/PackAPrefPaneTests.DependencyStaticMetadataFileList
WriteAuxiliaryFile /Users/admin/builder/spi-builder-workspace/.derivedData/Build/Intermediates.noindex/PackAPrefPane.build/Debug-appletvos/PackAPrefPane_PackAPrefPane-b.build/empty-PackAPrefPane_PackAPrefPane.plist (in target 'PackAPrefPane_PackAPrefPane' from project 'PackAPrefPane')
    cd /Users/admin/builder/spi-builder-workspace
    write-file /Users/admin/builder/spi-builder-workspace/.derivedData/Build/Intermediates.noindex/PackAPrefPane.build/Debug-appletvos/PackAPrefPane_PackAPrefPane-b.build/empty-PackAPrefPane_PackAPrefPane.plist
WriteAuxiliaryFile /Users/admin/builder/spi-builder-workspace/.derivedData/Build/Intermediates.noindex/PackAPrefPane.build/Debug-appletvos/PackAPrefPane_PackAPrefPane-b.build/PackAPrefPane_PackAPrefPane.DependencyMetadataFileList (in target 'PackAPrefPane_PackAPrefPane' from project 'PackAPrefPane')
    cd /Users/admin/builder/spi-builder-workspace
    write-file /Users/admin/builder/spi-builder-workspace/.derivedData/Build/Intermediates.noindex/PackAPrefPane.build/Debug-appletvos/PackAPrefPane_PackAPrefPane-b.build/PackAPrefPane_PackAPrefPane.DependencyMetadataFileList
WriteAuxiliaryFile /Users/admin/builder/spi-builder-workspace/.derivedData/Build/Intermediates.noindex/PackAPrefPane.build/Debug-appletvos/PackAPrefPane_PackAPrefPane-b.build/PackAPrefPane_PackAPrefPane.DependencyStaticMetadataFileList (in target 'PackAPrefPane_PackAPrefPane' from project 'PackAPrefPane')
    cd /Users/admin/builder/spi-builder-workspace
    write-file /Users/admin/builder/spi-builder-workspace/.derivedData/Build/Intermediates.noindex/PackAPrefPane.build/Debug-appletvos/PackAPrefPane_PackAPrefPane-b.build/PackAPrefPane_PackAPrefPane.DependencyStaticMetadataFileList
WriteAuxiliaryFile /Users/admin/builder/spi-builder-workspace/.derivedData/Build/Intermediates.noindex/PackAPrefPane.build/Debug-appletvos/PackAPrefPaneTests-p.build/Objects-normal/arm64/PackAPrefPaneTests.SwiftFileList (in target 'PackAPrefPaneTests-product' from project 'PackAPrefPane')
    cd /Users/admin/builder/spi-builder-workspace
    write-file /Users/admin/builder/spi-builder-workspace/.derivedData/Build/Intermediates.noindex/PackAPrefPane.build/Debug-appletvos/PackAPrefPaneTests-p.build/Objects-normal/arm64/PackAPrefPaneTests.SwiftFileList
WriteAuxiliaryFile /Users/admin/builder/spi-builder-workspace/.derivedData/Build/Intermediates.noindex/PackAPrefPane.build/Debug-appletvos/PackAPrefPaneTests-p.build/Objects-normal/arm64/PackAPrefPaneTests.SwiftConstValuesFileList (in target 'PackAPrefPaneTests-product' from project 'PackAPrefPane')
    cd /Users/admin/builder/spi-builder-workspace
    write-file /Users/admin/builder/spi-builder-workspace/.derivedData/Build/Intermediates.noindex/PackAPrefPane.build/Debug-appletvos/PackAPrefPaneTests-p.build/Objects-normal/arm64/PackAPrefPaneTests.SwiftConstValuesFileList
WriteAuxiliaryFile /Users/admin/builder/spi-builder-workspace/.derivedData/Build/Intermediates.noindex/PackAPrefPane.build/Debug-appletvos/PackAPrefPaneTests-p.build/Objects-normal/arm64/PackAPrefPaneTests_const_extract_protocols.json (in target 'PackAPrefPaneTests-product' from project 'PackAPrefPane')
    cd /Users/admin/builder/spi-builder-workspace
    write-file /Users/admin/builder/spi-builder-workspace/.derivedData/Build/Intermediates.noindex/PackAPrefPane.build/Debug-appletvos/PackAPrefPaneTests-p.build/Objects-normal/arm64/PackAPrefPaneTests_const_extract_protocols.json
WriteAuxiliaryFile /Users/admin/builder/spi-builder-workspace/.derivedData/Build/Intermediates.noindex/PackAPrefPane.build/Debug-appletvos/PackAPrefPaneTests-p.build/Objects-normal/arm64/PackAPrefPaneTests.LinkFileList (in target 'PackAPrefPaneTests-product' from project 'PackAPrefPane')
    cd /Users/admin/builder/spi-builder-workspace
    write-file /Users/admin/builder/spi-builder-workspace/.derivedData/Build/Intermediates.noindex/PackAPrefPane.build/Debug-appletvos/PackAPrefPaneTests-p.build/Objects-normal/arm64/PackAPrefPaneTests.LinkFileList
WriteAuxiliaryFile /Users/admin/builder/spi-builder-workspace/.derivedData/Build/Intermediates.noindex/PackAPrefPane.build/Debug-appletvos/PackAPrefPaneTests-p.build/Objects-normal/arm64/PackAPrefPaneTests-OutputFileMap.json (in target 'PackAPrefPaneTests-product' from project 'PackAPrefPane')
    cd /Users/admin/builder/spi-builder-workspace
    write-file /Users/admin/builder/spi-builder-workspace/.derivedData/Build/Intermediates.noindex/PackAPrefPane.build/Debug-appletvos/PackAPrefPaneTests-p.build/Objects-normal/arm64/PackAPrefPaneTests-OutputFileMap.json
WriteAuxiliaryFile /Users/admin/builder/spi-builder-workspace/.derivedData/Build/Intermediates.noindex/PackAPrefPane.build/Debug-appletvos/PackAPrefPane-t.build/PackAPrefPane.modulemap (in target 'PackAPrefPane' from project 'PackAPrefPane')
    cd /Users/admin/builder/spi-builder-workspace
    write-file /Users/admin/builder/spi-builder-workspace/.derivedData/Build/Intermediates.noindex/PackAPrefPane.build/Debug-appletvos/PackAPrefPane-t.build/PackAPrefPane.modulemap
WriteAuxiliaryFile /Users/admin/builder/spi-builder-workspace/.derivedData/Build/Intermediates.noindex/PackAPrefPane.build/Debug-appletvos/PackAPrefPane-t.build/PackAPrefPane.DependencyStaticMetadataFileList (in target 'PackAPrefPane' from project 'PackAPrefPane')
    cd /Users/admin/builder/spi-builder-workspace
    write-file /Users/admin/builder/spi-builder-workspace/.derivedData/Build/Intermediates.noindex/PackAPrefPane.build/Debug-appletvos/PackAPrefPane-t.build/PackAPrefPane.DependencyStaticMetadataFileList
WriteAuxiliaryFile /Users/admin/builder/spi-builder-workspace/.derivedData/Build/Intermediates.noindex/PackAPrefPane.build/Debug-appletvos/PackAPrefPane-t.build/PackAPrefPane.DependencyMetadataFileList (in target 'PackAPrefPane' from project 'PackAPrefPane')
    cd /Users/admin/builder/spi-builder-workspace
    write-file /Users/admin/builder/spi-builder-workspace/.derivedData/Build/Intermediates.noindex/PackAPrefPane.build/Debug-appletvos/PackAPrefPane-t.build/PackAPrefPane.DependencyMetadataFileList
WriteAuxiliaryFile /Users/admin/builder/spi-builder-workspace/.derivedData/Build/Intermediates.noindex/PackAPrefPane.build/Debug-appletvos/PackAPrefPane-t.build/Objects-normal/arm64/PackAPrefPane_const_extract_protocols.json (in target 'PackAPrefPane' from project 'PackAPrefPane')
    cd /Users/admin/builder/spi-builder-workspace
    write-file /Users/admin/builder/spi-builder-workspace/.derivedData/Build/Intermediates.noindex/PackAPrefPane.build/Debug-appletvos/PackAPrefPane-t.build/Objects-normal/arm64/PackAPrefPane_const_extract_protocols.json
WriteAuxiliaryFile /Users/admin/builder/spi-builder-workspace/.derivedData/Build/Intermediates.noindex/PackAPrefPane.build/Debug-appletvos/PackAPrefPane-t.build/Objects-normal/arm64/PackAPrefPane.SwiftFileList (in target 'PackAPrefPane' from project 'PackAPrefPane')
    cd /Users/admin/builder/spi-builder-workspace
    write-file /Users/admin/builder/spi-builder-workspace/.derivedData/Build/Intermediates.noindex/PackAPrefPane.build/Debug-appletvos/PackAPrefPane-t.build/Objects-normal/arm64/PackAPrefPane.SwiftFileList
WriteAuxiliaryFile /Users/admin/builder/spi-builder-workspace/.derivedData/Build/Intermediates.noindex/PackAPrefPane.build/Debug-appletvos/PackAPrefPane-t.build/Objects-normal/arm64/PackAPrefPane.LinkFileList (in target 'PackAPrefPane' from project 'PackAPrefPane')
    cd /Users/admin/builder/spi-builder-workspace
    write-file /Users/admin/builder/spi-builder-workspace/.derivedData/Build/Intermediates.noindex/PackAPrefPane.build/Debug-appletvos/PackAPrefPane-t.build/Objects-normal/arm64/PackAPrefPane.LinkFileList
WriteAuxiliaryFile /Users/admin/builder/spi-builder-workspace/.derivedData/Build/Intermediates.noindex/PackAPrefPane.build/Debug-appletvos/PackAPrefPane-t.build/Objects-normal/arm64/PackAPrefPane-OutputFileMap.json (in target 'PackAPrefPane' from project 'PackAPrefPane')
    cd /Users/admin/builder/spi-builder-workspace
    write-file /Users/admin/builder/spi-builder-workspace/.derivedData/Build/Intermediates.noindex/PackAPrefPane.build/Debug-appletvos/PackAPrefPane-t.build/Objects-normal/arm64/PackAPrefPane-OutputFileMap.json
WriteAuxiliaryFile /Users/admin/builder/spi-builder-workspace/.derivedData/Build/Intermediates.noindex/PackAPrefPane.build/Debug-appletvos/PackAPrefPane-t.build/Objects-normal/arm64/PackAPrefPane.SwiftConstValuesFileList (in target 'PackAPrefPane' from project 'PackAPrefPane')
    cd /Users/admin/builder/spi-builder-workspace
    write-file /Users/admin/builder/spi-builder-workspace/.derivedData/Build/Intermediates.noindex/PackAPrefPane.build/Debug-appletvos/PackAPrefPane-t.build/Objects-normal/arm64/PackAPrefPane.SwiftConstValuesFileList
WriteAuxiliaryFile /Users/admin/builder/spi-builder-workspace/.derivedData/Build/Intermediates.noindex/PackAPrefPane.build/Debug-appletvos/PackAPrefPane-t.build/DerivedSources/resource_bundle_accessor.swift (in target 'PackAPrefPane' from project 'PackAPrefPane')
    cd /Users/admin/builder/spi-builder-workspace
    write-file /Users/admin/builder/spi-builder-workspace/.derivedData/Build/Intermediates.noindex/PackAPrefPane.build/Debug-appletvos/PackAPrefPane-t.build/DerivedSources/resource_bundle_accessor.swift
Copy /Users/admin/builder/spi-builder-workspace/.derivedData/Build/Intermediates.noindex/GeneratedModuleMaps-appletvos/PackAPrefPane.modulemap /Users/admin/builder/spi-builder-workspace/.derivedData/Build/Intermediates.noindex/PackAPrefPane.build/Debug-appletvos/PackAPrefPane-t.build/PackAPrefPane.modulemap (in target 'PackAPrefPane' from project 'PackAPrefPane')
    cd /Users/admin/builder/spi-builder-workspace
    builtin-copy -exclude .DS_Store -exclude CVS -exclude .svn -exclude .git -exclude .hg -resolve-src-symlinks /Users/admin/builder/spi-builder-workspace/.derivedData/Build/Intermediates.noindex/PackAPrefPane.build/Debug-appletvos/PackAPrefPane-t.build/PackAPrefPane.modulemap /Users/admin/builder/spi-builder-workspace/.derivedData/Build/Intermediates.noindex/GeneratedModuleMaps-appletvos
MkDir /Users/admin/builder/spi-builder-workspace/.derivedData/Build/Products/Debug-appletvos/PackAPrefPaneTests.xctest (in target 'PackAPrefPaneTests-product' from project 'PackAPrefPane')
    cd /Users/admin/builder/spi-builder-workspace
    /bin/mkdir -p /Users/admin/builder/spi-builder-workspace/.derivedData/Build/Products/Debug-appletvos/PackAPrefPaneTests.xctest
ProcessInfoPlistFile /Users/admin/builder/spi-builder-workspace/.derivedData/Build/Products/Debug-appletvos/PackAPrefPane_PackAPrefPane.bundle/Info.plist /Users/admin/builder/spi-builder-workspace/.derivedData/Build/Intermediates.noindex/PackAPrefPane.build/Debug-appletvos/PackAPrefPane_PackAPrefPane-b.build/empty-PackAPrefPane_PackAPrefPane.plist (in target 'PackAPrefPane_PackAPrefPane' from project 'PackAPrefPane')
    cd /Users/admin/builder/spi-builder-workspace
    builtin-infoPlistUtility /Users/admin/builder/spi-builder-workspace/.derivedData/Build/Intermediates.noindex/PackAPrefPane.build/Debug-appletvos/PackAPrefPane_PackAPrefPane-b.build/empty-PackAPrefPane_PackAPrefPane.plist -producttype com.apple.product-type.bundle -expandbuildsettings -format binary -platform appletvos -o /Users/admin/builder/spi-builder-workspace/.derivedData/Build/Products/Debug-appletvos/PackAPrefPane_PackAPrefPane.bundle/Info.plist
CpResource /Users/admin/builder/spi-builder-workspace/.derivedData/Build/Products/Debug-appletvos/PackAPrefPane_PackAPrefPane.bundle/fr.lproj/Localizable.strings /Users/admin/builder/spi-builder-workspace/Sources/PackAPrefPane/Resources/fr.lproj/Localizable.strings (in target 'PackAPrefPane_PackAPrefPane' from project 'PackAPrefPane')
    cd /Users/admin/builder/spi-builder-workspace
    builtin-copy -exclude .DS_Store -exclude CVS -exclude .svn -exclude .git -exclude .hg -resolve-src-symlinks /Users/admin/builder/spi-builder-workspace/Sources/PackAPrefPane/Resources/fr.lproj/Localizable.strings /Users/admin/builder/spi-builder-workspace/.derivedData/Build/Products/Debug-appletvos/PackAPrefPane_PackAPrefPane.bundle/fr.lproj
CpResource /Users/admin/builder/spi-builder-workspace/.derivedData/Build/Products/Debug-appletvos/PackAPrefPane_PackAPrefPane.bundle/en.lproj/Localizable.strings /Users/admin/builder/spi-builder-workspace/Sources/PackAPrefPane/Resources/en.lproj/Localizable.strings (in target 'PackAPrefPane_PackAPrefPane' from project 'PackAPrefPane')
    cd /Users/admin/builder/spi-builder-workspace
    builtin-copy -exclude .DS_Store -exclude CVS -exclude .svn -exclude .git -exclude .hg -resolve-src-symlinks /Users/admin/builder/spi-builder-workspace/Sources/PackAPrefPane/Resources/en.lproj/Localizable.strings /Users/admin/builder/spi-builder-workspace/.derivedData/Build/Products/Debug-appletvos/PackAPrefPane_PackAPrefPane.bundle/en.lproj
RegisterExecutionPolicyException /Users/admin/builder/spi-builder-workspace/.derivedData/Build/Products/Debug-appletvos/PackAPrefPane_PackAPrefPane.bundle (in target 'PackAPrefPane_PackAPrefPane' from project 'PackAPrefPane')
    cd /Users/admin/builder/spi-builder-workspace
    builtin-RegisterExecutionPolicyException /Users/admin/builder/spi-builder-workspace/.derivedData/Build/Products/Debug-appletvos/PackAPrefPane_PackAPrefPane.bundle
Touch /Users/admin/builder/spi-builder-workspace/.derivedData/Build/Products/Debug-appletvos/PackAPrefPane_PackAPrefPane.bundle (in target 'PackAPrefPane_PackAPrefPane' from project 'PackAPrefPane')
    cd /Users/admin/builder/spi-builder-workspace
    /usr/bin/touch -c /Users/admin/builder/spi-builder-workspace/.derivedData/Build/Products/Debug-appletvos/PackAPrefPane_PackAPrefPane.bundle
SwiftDriver PackAPrefPane normal arm64 com.apple.xcode.tools.swift.compiler (in target 'PackAPrefPane' from project 'PackAPrefPane')
    cd /Users/admin/builder/spi-builder-workspace/.swiftpm/xcode
    builtin-SwiftDriver -- /Applications/Xcode-27.0.0-Release.Candidate.app/Contents/Developer/Toolchains/XcodeDefault.xctoolchain/usr/bin/swiftc -parse-as-library -module-name PackAPrefPane -Onone @/Users/admin/builder/spi-builder-workspace/.derivedData/Build/Intermediates.noindex/PackAPrefPane.build/Debug-appletvos/PackAPrefPane-t.build/Objects-normal/arm64/PackAPrefPane.SwiftFileList -DSWIFT_PACKAGE -DDEBUG -DSWIFT_MODULE_RESOURCE_BUNDLE_AVAILABLE -DXcode -plugin-path /Applications/Xcode-27.0.0-Release.Candidate.app/Contents/Developer/Toolchains/XcodeDefault.xctoolchain/usr/lib/swift/host/plugins/testing -enable-experimental-feature DebugDescriptionMacro -sdk /Applications/Xcode-27.0.0-Release.Candidate.app/Contents/Developer/Platforms/AppleTVOS.platform/Developer/SDKs/AppleTVOS27.0.sdk -target arm64-apple-tvos15.0 -g -module-cache-path /Users/admin/builder/spi-builder-workspace/.derivedData/ModuleCache.noindex -Xfrontend -serialize-debugging-options -enable-testing -index-store-path /Users/admin/builder/spi-builder-workspace/.derivedData/Index.noindex/DataStore -Xcc -D_LIBCPP_HARDENING_MODE\=_LIBCPP_HARDENING_MODE_DEBUG -swift-version 5 -I /Users/admin/builder/spi-builder-workspace/.derivedData/Build/Products/Debug-appletvos -Isystem /Applications/Xcode-27.0.0-Release.Candidate.app/Contents/Developer/Platforms/AppleTVOS.platform/Developer/usr/lib -F /Users/admin/builder/spi-builder-workspace/.derivedData/Build/Products/Debug-appletvos -F /Applications/Xcode-27.0.0-Release.Candidate.app/Contents/Developer/Platforms/AppleTVOS.platform/Developer/Library/Frameworks -F /Applications/Xcode-27.0.0-Release.Candidate.app/Contents/Developer/Platforms/AppleTVOS.platform/Developer/SDKs/AppleTVOS27.0.sdk/Developer/Library/Frameworks -emit-localized-strings -emit-localized-strings-path /Users/admin/builder/spi-builder-workspace/.derivedData/Build/Intermediates.noindex/PackAPrefPane.build/Debug-appletvos/PackAPrefPane-t.build/Objects-normal/arm64 -c -j10 -enable-batch-mode -incremental -Xcc -ivfsstatcache -Xcc /Users/admin/builder/spi-builder-workspace/.derivedData/SDKStatCaches.noindex/appletvos27.0-24J360-e829b21a6f8c9b70876ba0858053c044b32bfd8d43560033f8d89884cdb90028.sdkstatcache -output-file-map /Users/admin/builder/spi-builder-workspace/.derivedData/Build/Intermediates.noindex/PackAPrefPane.build/Debug-appletvos/PackAPrefPane-t.build/Objects-normal/arm64/PackAPrefPane-OutputFileMap.json -save-temps -no-color-diagnostics -explicit-module-build -module-cache-path /Users/admin/builder/spi-builder-workspace/.derivedData/Build/Intermediates.noindex/SwiftExplicitPrecompiledModules -clang-scanner-module-cache-path /Users/admin/builder/spi-builder-workspace/.derivedData/ModuleCache.noindex -sdk-module-cache-path /Users/admin/builder/spi-builder-workspace/.derivedData/SDKExplicitPrecompiledModules -emit-dependencies -emit-module -emit-module-path /Users/admin/builder/spi-builder-workspace/.derivedData/Build/Intermediates.noindex/PackAPrefPane.build/Debug-appletvos/PackAPrefPane-t.build/Objects-normal/arm64/PackAPrefPane.swiftmodule -serialize-diagnostics -dependency-scan-serialize-diagnostics-path /Users/admin/builder/spi-builder-workspace/.derivedData/Build/Intermediates.noindex/PackAPrefPane.build/Debug-appletvos/PackAPrefPane-t.build/Objects-normal/arm64/PackAPrefPane-dependency-scan.dia -validate-clang-modules-once -clang-build-session-file /Users/admin/builder/spi-builder-workspace/.derivedData/ModuleCache.noindex/Session.modulevalidation -Xcc -fmodules-prune-interval\=86400 -Xcc -fmodules-prune-after\=345600 -emit-const-values -const-gather-protocols-list /Users/admin/builder/spi-builder-workspace/.derivedData/Build/Intermediates.noindex/PackAPrefPane.build/Debug-appletvos/PackAPrefPane-t.build/Objects-normal/arm64/PackAPrefPane_const_extract_protocols.json -Xcc -I/Users/admin/builder/spi-builder-workspace/.derivedData/Build/Products/Debug-appletvos/include -Xcc -I/Users/admin/builder/spi-builder-workspace/.derivedData/Build/Intermediates.noindex/PackAPrefPane.build/Debug-appletvos/PackAPrefPane-t.build/DerivedSources-normal/arm64 -Xcc -I/Users/admin/builder/spi-builder-workspace/.derivedData/Build/Intermediates.noindex/PackAPrefPane.build/Debug-appletvos/PackAPrefPane-t.build/DerivedSources/arm64 -Xcc -I/Users/admin/builder/spi-builder-workspace/.derivedData/Build/Intermediates.noindex/PackAPrefPane.build/Debug-appletvos/PackAPrefPane-t.build/DerivedSources -Xcc -DSWIFT_PACKAGE -Xcc -DDEBUG\=1 -emit-objc-header -emit-objc-header-path /Users/admin/builder/spi-builder-workspace/.derivedData/Build/Intermediates.noindex/PackAPrefPane.build/Debug-appletvos/PackAPrefPane-t.build/Objects-normal/arm64/PackAPrefPane-Swift.h -working-directory /Users/admin/builder/spi-builder-workspace/.swiftpm/xcode -experimental-emit-module-separately -disable-cmo
SwiftExplicitDependencyGeneratePcm arm64 /Users/admin/builder/spi-builder-workspace/.derivedData/SDKExplicitPrecompiledModules/_AvailabilityInternal-BV2EDDP0MI5QJDDPEEV4D9D3V.pcm
SwiftExplicitDependencyGeneratePcm arm64 /Users/admin/builder/spi-builder-workspace/.derivedData/SDKExplicitPrecompiledModules/_Builtin_stddef-9ZJZ6FDEZNKTZU8YLPMFT9RAQ.pcm
SwiftExplicitDependencyGeneratePcm arm64 /Users/admin/builder/spi-builder-workspace/.derivedData/SDKExplicitPrecompiledModules/ptrcheck-2AZ6B5IBYD3RRRTFWN2ONASY3.pcm
SwiftExplicitDependencyGeneratePcm arm64 /Users/admin/builder/spi-builder-workspace/.derivedData/SDKExplicitPrecompiledModules/SwiftShims-8N4EXJ4RUJTR8K9OO3CMOH1EP.pcm
SwiftExplicitDependencyGeneratePcm arm64 /Users/admin/builder/spi-builder-workspace/.derivedData/SDKExplicitPrecompiledModules/DeveloperToolsSupport-B1X8RI63V48AJRTH2RK6JAARV.pcm
SwiftExplicitDependencyGeneratePcm arm64 /Users/admin/builder/spi-builder-workspace/.derivedData/SDKExplicitPrecompiledModules/ptrauth-8X2KEPL7CTRPS40TUB9APHPK6.pcm
SwiftExplicitDependencyGeneratePcm arm64 /Users/admin/builder/spi-builder-workspace/.derivedData/SDKExplicitPrecompiledModules/_Builtin_stdbool-AHRDH5EKLY6D04C5E42F3VCQI.pcm
SwiftExplicitDependencyGeneratePcm arm64 /Users/admin/builder/spi-builder-workspace/.derivedData/SDKExplicitPrecompiledModules/_SwiftConcurrencyShims-BY5PD8KF1L5KF6F4Q69HE3TJ4.pcm
SwiftExplicitDependencyGeneratePcm arm64 /Users/admin/builder/spi-builder-workspace/.derivedData/SDKExplicitPrecompiledModules/_Builtin_stdarg-BO2OCAUYVAXDRVQWQ8ISKGNUQ.pcm
SwiftExplicitDependencyGeneratePcm arm64 /Users/admin/builder/spi-builder-workspace/.derivedData/SDKExplicitPrecompiledModules/_Builtin_float-8ZJAYZ85YBOAOP52Y9H6IUNP3.pcm
SwiftExplicitDependencyGeneratePcm arm64 /Users/admin/builder/spi-builder-workspace/.derivedData/SDKExplicitPrecompiledModules/_DarwinFoundation1-JOTYMOA1YZCIJ2NON6FQ848O.pcm
SwiftExplicitDependencyGeneratePcm arm64 /Users/admin/builder/spi-builder-workspace/.derivedData/SDKExplicitPrecompiledModules/_Builtin_limits-7JU2HP127LIT1X9E2V3D8WZ1.pcm
SwiftExplicitDependencyGeneratePcm arm64 /Users/admin/builder/spi-builder-workspace/.derivedData/SDKExplicitPrecompiledModules/_DarwinFoundation2-AOGAN1O02NKXRJN5V73AV3V3M.pcm
SwiftExplicitDependencyGeneratePcm arm64 /Users/admin/builder/spi-builder-workspace/.derivedData/SDKExplicitPrecompiledModules/_Builtin_tgmath-7ULT1EUHDHW4OZPSTT33H6QGE.pcm
SwiftExplicitDependencyGeneratePcm arm64 /Users/admin/builder/spi-builder-workspace/.derivedData/SDKExplicitPrecompiledModules/_Builtin_stdint-6NFTB6IBKS143IVPGT1EKB7HO.pcm
SwiftExplicitDependencyGeneratePcm arm64 /Users/admin/builder/spi-builder-workspace/.derivedData/SDKExplicitPrecompiledModules/sys_types-8GCAV1YMG5UUGHUID3CA20TCH.pcm
SwiftExplicitDependencyGeneratePcm arm64 /Users/admin/builder/spi-builder-workspace/.derivedData/SDKExplicitPrecompiledModules/string_h-6EVHP7A717OUS5DMC78F79HWO.pcm
SwiftExplicitDependencyGeneratePcm arm64 /Users/admin/builder/spi-builder-workspace/.derivedData/SDKExplicitPrecompiledModules/_Builtin_stdatomic-3YXHN678NGYM3NL9POJ2HVEIF.pcm
SwiftExplicitDependencyGeneratePcm arm64 /Users/admin/builder/spi-builder-workspace/.derivedData/SDKExplicitPrecompiledModules/_Builtin_intrinsics-437O2R2NID4WAQVENR63GR82C.pcm
SwiftExplicitDependencyGeneratePcm arm64 /Users/admin/builder/spi-builder-workspace/.derivedData/SDKExplicitPrecompiledModules/_DarwinFoundation3-8SR3855WDFHQPR6G9GHOI2C07.pcm
SwiftExplicitDependencyGeneratePcm arm64 /Users/admin/builder/spi-builder-workspace/.derivedData/SDKExplicitPrecompiledModules/_Builtin_inttypes-6X1IQ3QK9KEVKXOK9Y79EW7J3.pcm
SwiftExplicitDependencyGeneratePcm arm64 /Users/admin/builder/spi-builder-workspace/.derivedData/SDKExplicitPrecompiledModules/Darwin-DBSQAVBBPC3D2OMU5ZI2RXMST.pcm
SwiftExplicitDependencyGeneratePcm arm64 /Users/admin/builder/spi-builder-workspace/.derivedData/SDKExplicitPrecompiledModules/simd-117QUXEUT3Z7UQCUYWV2UA228.pcm
SwiftExplicitDependencyGeneratePcm arm64 /Users/admin/builder/spi-builder-workspace/.derivedData/SDKExplicitPrecompiledModules/MachO-EH3F5PJCIZG05NO51CEFSZYPW.pcm
SwiftExplicitDependencyGeneratePcm arm64 /Users/admin/builder/spi-builder-workspace/.derivedData/SDKExplicitPrecompiledModules/ObjectiveC-5250FDCE56N8508OR6XUYDKZM.pcm
SwiftExplicitDependencyGeneratePcm arm64 /Users/admin/builder/spi-builder-workspace/.derivedData/SDKExplicitPrecompiledModules/os_object-E2DGZ0SX0TULQHULZRPO6OKNW.pcm
SwiftExplicitDependencyGeneratePcm arm64 /Users/admin/builder/spi-builder-workspace/.derivedData/SDKExplicitPrecompiledModules/os_workgroup-DBUFF7811DKMX7VPBOJPGGF1U.pcm
SwiftExplicitDependencyGeneratePcm arm64 /Users/admin/builder/spi-builder-workspace/.derivedData/SDKExplicitPrecompiledModules/Dispatch-1QL58A0V50C39KVAIC6C38SHL.pcm
SwiftExplicitDependencyGeneratePcm arm64 /Users/admin/builder/spi-builder-workspace/.derivedData/SDKExplicitPrecompiledModules/Spatial-7U8NLEFXSB8BR7PJQGVMF5A4Q.pcm
SwiftExplicitDependencyGeneratePcm arm64 /Users/admin/builder/spi-builder-workspace/.derivedData/SDKExplicitPrecompiledModules/XPC-6O2DJFT3QUJ7QKTD3SNUB6PCR.pcm
SwiftExplicitDependencyGeneratePcm arm64 /Users/admin/builder/spi-builder-workspace/.derivedData/SDKExplicitPrecompiledModules/CoreFoundation-7TPJ7ENDC4L1A1ESHYI9TXS0D.pcm
SwiftExplicitDependencyGeneratePcm arm64 /Users/admin/builder/spi-builder-workspace/.derivedData/SDKExplicitPrecompiledModules/os-3GJI8H0BNAEZPQPQ1V0VVY3FY.pcm
SwiftExplicitDependencyGeneratePcm arm64 /Users/admin/builder/spi-builder-workspace/.derivedData/SDKExplicitPrecompiledModules/Security-8VMXEKVDA3MHUH9AOTP905DID.pcm
SwiftExplicitDependencyGeneratePcm arm64 /Users/admin/builder/spi-builder-workspace/.derivedData/SDKExplicitPrecompiledModules/CoreAudioTypes-E7EH96HAL3G83QSWLT7VWYIP4.pcm
SwiftExplicitDependencyGeneratePcm arm64 /Users/admin/builder/spi-builder-workspace/.derivedData/SDKExplicitPrecompiledModules/CoreGraphics-CWSP3J98S2658BYCVL6RP99T3.pcm
SwiftExplicitDependencyGeneratePcm arm64 /Users/admin/builder/spi-builder-workspace/.derivedData/SDKExplicitPrecompiledModules/CFNetwork-2CUR2VK9S3S3WPFXPNXNUWYGN.pcm
SwiftExplicitDependencyGeneratePcm arm64 /Users/admin/builder/spi-builder-workspace/.derivedData/SDKExplicitPrecompiledModules/CoreAudio-6IR1XRM0Q9YQZMFW89F3H4V3X.pcm
SwiftExplicitDependencyGeneratePcm arm64 /Users/admin/builder/spi-builder-workspace/.derivedData/SDKExplicitPrecompiledModules/Foundation-BSSIP64DIGUKMAYJOG1WPQ78X.pcm
SwiftExplicitDependencyGeneratePcm arm64 /Users/admin/builder/spi-builder-workspace/.derivedData/SDKExplicitPrecompiledModules/ImageIO-88D4CLEBD4CLWQKT78PZ6H1O8.pcm
SwiftExplicitDependencyGeneratePcm arm64 /Users/admin/builder/spi-builder-workspace/.derivedData/SDKExplicitPrecompiledModules/CoreText-59NY7PABM0I4V978161FOC04A.pcm
SwiftExplicitDependencyGeneratePcm arm64 /Users/admin/builder/spi-builder-workspace/.derivedData/SDKExplicitPrecompiledModules/Symbols-B5AU9VM9Y7NU79RLMH13Z4IFM.pcm
SwiftExplicitDependencyGeneratePcm arm64 /Users/admin/builder/spi-builder-workspace/.derivedData/SDKExplicitPrecompiledModules/CoreData-DYMPHH3PH8AX9I1FHA4VFJ675.pcm
SwiftExplicitDependencyGeneratePcm arm64 /Users/admin/builder/spi-builder-workspace/.derivedData/SDKExplicitPrecompiledModules/UIUtilities-6ZFJ1AK4H8IBGEBMYQBWGBYLK.pcm
SwiftExplicitDependencyGeneratePcm arm64 /Users/admin/builder/spi-builder-workspace/.derivedData/SDKExplicitPrecompiledModules/UniformTypeIdentifiers-95CC8U42ZA9STP5K6GP9ZVJS5.pcm
SwiftExplicitDependencyGeneratePcm arm64 /Users/admin/builder/spi-builder-workspace/.derivedData/SDKExplicitPrecompiledModules/_LocationEssentials-ETSJ65FELPWR8WH8G49R1DF2E.pcm
SwiftExplicitDependencyGeneratePcm arm64 /Users/admin/builder/spi-builder-workspace/.derivedData/SDKExplicitPrecompiledModules/DataDetection-37JIYZ2GWDA1L166PP1D9JKAF.pcm
SwiftExplicitDependencyGeneratePcm arm64 /Users/admin/builder/spi-builder-workspace/.derivedData/SDKExplicitPrecompiledModules/CoreTransferable-7V4O8DATEQ9F7SDNTCW8YWLG3.pcm
SwiftExplicitDependencyGeneratePcm arm64 /Users/admin/builder/spi-builder-workspace/.derivedData/SDKExplicitPrecompiledModules/Accessibility-B6BODGZ4MQQTY0PBC4SHRP009.pcm
SwiftExplicitDependencyGeneratePcm arm64 /Users/admin/builder/spi-builder-workspace/.derivedData/SDKExplicitPrecompiledModules/IOSurface-38FJ1CKX9FV2RD97O64Z7QB17.pcm
SwiftExplicitDependencyGeneratePcm arm64 /Users/admin/builder/spi-builder-workspace/.derivedData/SDKExplicitPrecompiledModules/UserNotifications-E9ZW5TH066WIJWH9080RC5NG4.pcm
SwiftExplicitDependencyGeneratePcm arm64 /Users/admin/builder/spi-builder-workspace/.derivedData/SDKExplicitPrecompiledModules/OSLog-7OT6HHTMY0ZFEQJ095LJZ6NLC.pcm
SwiftExplicitDependencyGeneratePcm arm64 /Users/admin/builder/spi-builder-workspace/.derivedData/SDKExplicitPrecompiledModules/CoreLocation-YVXXAOMVX0JH2KO1XTTKTY51.pcm
SwiftExplicitDependencyGeneratePcm arm64 /Users/admin/builder/spi-builder-workspace/.derivedData/SDKExplicitPrecompiledModules/OpenGLES-4NY99CNDU9WUNUYEIXSS1QFGE.pcm
SwiftExplicitDependencyGeneratePcm arm64 /Users/admin/builder/spi-builder-workspace/.derivedData/SDKExplicitPrecompiledModules/Metal-2KYBS7IML1SD788M91YV7Q0CC.pcm
SwiftExplicitDependencyGeneratePcm arm64 /Users/admin/builder/spi-builder-workspace/.derivedData/SDKExplicitPrecompiledModules/CoreVideo-DPU0PB5X0XLSVA2ETRGI6FJBM.pcm
SwiftExplicitDependencyGeneratePcm arm64 /Users/admin/builder/spi-builder-workspace/.derivedData/SDKExplicitPrecompiledModules/QuartzCore-DJSYAWKXFGVSAK5CQMOB3JSR.pcm
SwiftExplicitDependencyGeneratePcm arm64 /Users/admin/builder/spi-builder-workspace/.derivedData/SDKExplicitPrecompiledModules/CoreImage-7S2AFJ8EIY3DUFYLEAX1JR1QV.pcm
SwiftExplicitDependencyGeneratePcm arm64 /Users/admin/builder/spi-builder-workspace/.derivedData/SDKExplicitPrecompiledModules/CoreMedia-4OUKVT03LV547KZJDPPJRJ4F8.pcm
SwiftExplicitDependencyGeneratePcm arm64 /Users/admin/builder/spi-builder-workspace/.derivedData/SDKExplicitPrecompiledModules/SwiftUICore-543QU5V2NHKUFCYFJDKUJ7NYG.pcm
SwiftExplicitDependencyGeneratePcm arm64 /Users/admin/builder/spi-builder-workspace/.derivedData/SDKExplicitPrecompiledModules/UIKit-1TKWN7VC2X6N3ITMRVA2G0EB2.pcm
SwiftExplicitDependencyGeneratePcm arm64 /Users/admin/builder/spi-builder-workspace/.derivedData/SDKExplicitPrecompiledModules/SwiftUI-7BV1YDT6IZWW6B8OC6ENV0Y0F.pcm
SwiftCompile normal arm64 Compiling\ PrefPaneData.swift /Users/admin/builder/spi-builder-workspace/Sources/PackAPrefPane/PrefPaneData.swift (in target 'PackAPrefPane' from project 'PackAPrefPane')
SwiftCompile normal arm64 /Users/admin/builder/spi-builder-workspace/Sources/PackAPrefPane/PrefPaneData.swift (in target 'PackAPrefPane' from project 'PackAPrefPane')
    cd /Users/admin/builder/spi-builder-workspace/.swiftpm/xcode
    builtin-SwiftPerFileCompile PrefPaneData.swift
SwiftEmitModule normal arm64 Emitting\ module\ for\ PackAPrefPane (in target 'PackAPrefPane' from project 'PackAPrefPane')
SwiftCompile normal arm64 (in target 'PackAPrefPane' from project 'PackAPrefPane')
    cd /Users/admin/builder/spi-builder-workspace/.swiftpm/xcode

SwiftCompile normal arm64 Compiling\ Help.swift /Users/admin/builder/spi-builder-workspace/Sources/PackAPrefPane/Views/Help.swift (in target 'PackAPrefPane' from project 'PackAPrefPane')
/Users/admin/builder/spi-builder-workspace/Sources/PackAPrefPane/Views/Help.swift:79:9: error: 'DisclosureGroup' is unavailable in tvOS
 77 |     // UI
 78 |     var body: some View {
 79 |         DisclosureGroup(NSLocalizedString("What's New", tableName: "Localizable", bundle: .module, value: "", comment: ""), isExpanded: $whatsNewExpanded) {
    |         `- error: 'DisclosureGroup' is unavailable in tvOS
 80 |             VStack {
 81 |                 HStack {
SwiftUI.DisclosureGroup:4:27: note: 'DisclosureGroup' has been explicitly marked unavailable here
 2 | @available(tvOS, unavailable)
 3 | @available(watchOS, unavailable)
 4 | nonisolated public struct DisclosureGroup<Label, Content> : View, ~Sendable where Label : View, Content : View {
   |                           `- note: 'DisclosureGroup' has been explicitly marked unavailable here
 5 |     nonisolated public init(@ContentBuilder content: @escaping () -> Content, @ContentBuilder label: () -> Label)
 6 |     nonisolated public init(isExpanded: Binding<Bool>, @ContentBuilder content: @escaping () -> Content, @ContentBuilder label: () -> Label)
/Users/admin/builder/spi-builder-workspace/Sources/PackAPrefPane/Views/Help.swift:79:9: error: 'init(_:isExpanded:content:)' is unavailable in tvOS
 77 |     // UI
 78 |     var body: some View {
 79 |         DisclosureGroup(NSLocalizedString("What's New", tableName: "Localizable", bundle: .module, value: "", comment: ""), isExpanded: $whatsNewExpanded) {
    |         `- error: 'init(_:isExpanded:content:)' is unavailable in tvOS
 80 |             VStack {
 81 |                 HStack {
SwiftUI.DisclosureGroup.init:2:20: note: 'init(_:isExpanded:content:)' has been explicitly marked unavailable here
1 | generic struct DisclosureGroup {
2 | nonisolated public init<S>(_ label: S, isExpanded: Binding<Bool>, @ContentBuilder content: @escaping () -> Content) where S : StringProtocol}
  |                    `- note: 'init(_:isExpanded:content:)' has been explicitly marked unavailable here
3 |
/Users/admin/builder/spi-builder-workspace/Sources/PackAPrefPane/Views/Help.swift:104:9: error: 'DisclosureGroup' is unavailable in tvOS
102 |     // UI
103 |     var body: some View {
104 |         DisclosureGroup(NSLocalizedString("FAQ", tableName: "Localizable", bundle: .module, value: "", comment: ""), isExpanded: $faqExpanded) {
    |         `- error: 'DisclosureGroup' is unavailable in tvOS
105 |             List {
106 |                 ForEach(faq) { FrequentlyAskedQuestions in
SwiftUI.DisclosureGroup:4:27: note: 'DisclosureGroup' has been explicitly marked unavailable here
 2 | @available(tvOS, unavailable)
 3 | @available(watchOS, unavailable)
 4 | nonisolated public struct DisclosureGroup<Label, Content> : View, ~Sendable where Label : View, Content : View {
   |                           `- note: 'DisclosureGroup' has been explicitly marked unavailable here
 5 |     nonisolated public init(@ContentBuilder content: @escaping () -> Content, @ContentBuilder label: () -> Label)
 6 |     nonisolated public init(isExpanded: Binding<Bool>, @ContentBuilder content: @escaping () -> Content, @ContentBuilder label: () -> Label)
/Users/admin/builder/spi-builder-workspace/Sources/PackAPrefPane/Views/Help.swift:104:9: error: 'init(_:isExpanded:content:)' is unavailable in tvOS
102 |     // UI
103 |     var body: some View {
104 |         DisclosureGroup(NSLocalizedString("FAQ", tableName: "Localizable", bundle: .module, value: "", comment: ""), isExpanded: $faqExpanded) {
    |         `- error: 'init(_:isExpanded:content:)' is unavailable in tvOS
105 |             List {
106 |                 ForEach(faq) { FrequentlyAskedQuestions in
SwiftUI.DisclosureGroup.init:2:20: note: 'init(_:isExpanded:content:)' has been explicitly marked unavailable here
1 | generic struct DisclosureGroup {
2 | nonisolated public init<S>(_ label: S, isExpanded: Binding<Bool>, @ContentBuilder content: @escaping () -> Content) where S : StringProtocol}
  |                    `- note: 'init(_:isExpanded:content:)' has been explicitly marked unavailable here
3 |
Failed frontend command:
SwiftCompile normal arm64 /Users/admin/builder/spi-builder-workspace/Sources/PackAPrefPane/Views/Help.swift (in target 'PackAPrefPane' from project 'PackAPrefPane')
    cd /Users/admin/builder/spi-builder-workspace/.swiftpm/xcode
    builtin-SwiftPerFileCompile Help.swift
/Applications/Xcode-27.0.0-Release.Candidate.app/Contents/Developer/Toolchains/XcodeDefault.xctoolchain/usr/bin/swift-frontend -frontend -c /Users/admin/builder/spi-builder-workspace/.derivedData/Build/Intermediates.noindex/PackAPrefPane.build/Debug-appletvos/PackAPrefPane-t.build/DerivedSources/resource_bundle_accessor.swift /Users/admin/builder/spi-builder-workspace/Sources/PackAPrefPane/PrefPaneData.swift /Users/admin/builder/spi-builder-workspace/Sources/PackAPrefPane/PrefPaneHelper.swift /Users/admin/builder/spi-builder-workspace/Sources/PackAPrefPane/Views/About.swift -primary-file /Users/admin/builder/spi-builder-workspace/Sources/PackAPrefPane/Views/Help.swift /Users/admin/builder/spi-builder-workspace/Sources/PackAPrefPane/Views/Legal.swift /Users/admin/builder/spi-builder-workspace/Sources/PackAPrefPane/Views/PackAPrefPane.swift -emit-dependencies-path /Users/admin/builder/spi-builder-workspace/.derivedData/Build/Intermediates.noindex/PackAPrefPane.build/Debug-appletvos/PackAPrefPane-t.build/Objects-normal/arm64/Help.d -emit-const-values-path /Users/admin/builder/spi-builder-workspace/.derivedData/Build/Intermediates.noindex/PackAPrefPane.build/Debug-appletvos/PackAPrefPane-t.build/Objects-normal/arm64/Help.swiftconstvalues -emit-reference-dependencies-path /Users/admin/builder/spi-builder-workspace/.derivedData/Build/Intermediates.noindex/PackAPrefPane.build/Debug-appletvos/PackAPrefPane-t.build/Objects-normal/arm64/Help.swiftdeps -serialize-diagnostics-path /Users/admin/builder/spi-builder-workspace/.derivedData/Build/Intermediates.noindex/PackAPrefPane.build/Debug-appletvos/PackAPrefPane-t.build/Objects-normal/arm64/Help.dia -emit-localized-strings -emit-localized-strings-path /Users/admin/builder/spi-builder-workspace/.derivedData/Build/Intermediates.noindex/PackAPrefPane.build/Debug-appletvos/PackAPrefPane-t.build/Objects-normal/arm64 -target arm64-apple-tvos15.0 -disable-cross-import-overlay-search -load-resolved-plugin /Applications/Xcode-27.0.0-Release.Candidate.app/Contents/Developer/Platforms/AppleTVOS.platform/Developer/usr/lib/swift/host/plugins/libFoundationMacros.dylib\#/Applications/Xcode-27.0.0-Release.Candidate.app/Contents/Developer/Platforms/AppleTVOS.platform/Developer/usr/bin/swift-plugin-server\#FoundationMacros -load-resolved-plugin /Applications/Xcode-27.0.0-Release.Candidate.app/Contents/Developer/Platforms/AppleTVOS.platform/Developer/usr/lib/swift/host/plugins/libObservationMacros.dylib\#/Applications/Xcode-27.0.0-Release.Candidate.app/Contents/Developer/Platforms/AppleTVOS.platform/Developer/usr/bin/swift-plugin-server\#ObservationMacros -load-resolved-plugin /Applications/Xcode-27.0.0-Release.Candidate.app/Contents/Developer/Platforms/AppleTVOS.platform/Developer/usr/lib/swift/host/plugins/libPreviewsMacros.dylib\#/Applications/Xcode-27.0.0-Release.Candidate.app/Contents/Developer/Platforms/AppleTVOS.platform/Developer/usr/bin/swift-plugin-server\#PreviewsMacros -load-resolved-plugin /Applications/Xcode-27.0.0-Release.Candidate.app/Contents/Developer/Platforms/AppleTVOS.platform/Developer/usr/lib/swift/host/plugins/libSwiftMacros.dylib\#/Applications/Xcode-27.0.0-Release.Candidate.app/Contents/Developer/Platforms/AppleTVOS.platform/Developer/usr/bin/swift-plugin-server\#SwiftMacros -load-resolved-plugin /Applications/Xcode-27.0.0-Release.Candidate.app/Contents/Developer/Platforms/AppleTVOS.platform/Developer/usr/lib/swift/host/plugins/libSwiftUIMacros.dylib\#/Applications/Xcode-27.0.0-Release.Candidate.app/Contents/Developer/Platforms/AppleTVOS.platform/Developer/usr/bin/swift-plugin-server\#SwiftUIMacros -disable-implicit-swift-modules -Xcc -fno-implicit-modules -Xcc -fno-implicit-module-maps -explicit-swift-module-map-file /Users/admin/builder/spi-builder-workspace/.derivedData/Build/Intermediates.noindex/PackAPrefPane.build/Debug-appletvos/PackAPrefPane-t.build/Objects-normal/arm64/PackAPrefPane-dependencies-1.json -Xllvm -aarch64-use-tbi -enable-objc-interop -stack-check -sdk /Applications/Xcode-27.0.0-Release.Candidate.app/Contents/Developer/Platforms/AppleTVOS.platform/Developer/SDKs/AppleTVOS27.0.sdk -I /Users/admin/builder/spi-builder-workspace/.derivedData/Build/Products/Debug-appletvos -Isystem /Applications/Xcode-27.0.0-Release.Candidate.app/Contents/Developer/Platforms/AppleTVOS.platform/Developer/usr/lib -F /Users/admin/builder/spi-builder-workspace/.derivedData/Build/Products/Debug-appletvos -F /Applications/Xcode-27.0.0-Release.Candidate.app/Contents/Developer/Platforms/AppleTVOS.platform/Developer/Library/Frameworks -F /Applications/Xcode-27.0.0-Release.Candidate.app/Contents/Developer/Platforms/AppleTVOS.platform/Developer/SDKs/AppleTVOS27.0.sdk/Developer/Library/Frameworks -module-cache-path /Users/admin/builder/spi-builder-workspace/.derivedData/Build/Intermediates.noindex/SwiftExplicitPrecompiledModules -no-color-diagnostics -Xcc -fno-color-diagnostics -enable-testing -g -debug-info-format\=dwarf -dwarf-version\=4 -swift-version 5 -Onone -D SWIFT_PACKAGE -D DEBUG -D SWIFT_MODULE_RESOURCE_BUNDLE_AVAILABLE -D Xcode -serialize-debugging-options -enable-experimental-feature DebugDescriptionMacro -empty-abi-descriptor -validate-clang-modules-once -clang-build-session-file /Users/admin/builder/spi-builder-workspace/.derivedData/ModuleCache.noindex/Session.modulevalidation -Xcc -working-directory -Xcc /Users/admin/builder/spi-builder-workspace/.swiftpm/xcode -enable-anonymous-context-mangled-names -file-compilation-dir /Users/admin/builder/spi-builder-workspace/.swiftpm/xcode -Xcc -D_LIBCPP_HARDENING_MODE\=_LIBCPP_HARDENING_MODE_DEBUG -Xcc -ivfsstatcache -Xcc /Users/admin/builder/spi-builder-workspace/.derivedData/SDKStatCaches.noindex/appletvos27.0-24J360-e829b21a6f8c9b70876ba0858053c044b32bfd8d43560033f8d89884cdb90028.sdkstatcache -Xcc -fmodules-prune-interval\=86400 -Xcc -fmodules-prune-after\=345600 -Xcc -I/Users/admin/builder/spi-builder-workspace/.derivedData/Build/Products/Debug-appletvos/include -Xcc -I/Users/admin/builder/spi-builder-workspace/.derivedData/Build/Intermediates.noindex/PackAPrefPane.build/Debug-appletvos/PackAPrefPane-t.build/DerivedSources-normal/arm64 -Xcc -I/Users/admin/builder/spi-builder-workspace/.derivedData/Build/Intermediates.noindex/PackAPrefPane.build/Debug-appletvos/PackAPrefPane-t.build/DerivedSources/arm64 -Xcc -I/Users/admin/builder/spi-builder-workspace/.derivedData/Build/Intermediates.noindex/PackAPrefPane.build/Debug-appletvos/PackAPrefPane-t.build/DerivedSources -Xcc -DSWIFT_PACKAGE -Xcc -DDEBUG\=1 -no-auto-bridging-header-chaining -module-name PackAPrefPane -const-gather-protocols-file /Users/admin/builder/spi-builder-workspace/.derivedData/Build/Intermediates.noindex/PackAPrefPane.build/Debug-appletvos/PackAPrefPane-t.build/Objects-normal/arm64/PackAPrefPane_const_extract_protocols.json -disable-clang-spi -clang-target arm64-apple-tvos27.0 -target-sdk-version 27.0 -target-sdk-name appletvos27.0 -in-process-plugin-server-path /Applications/Xcode-27.0.0-Release.Candidate.app/Contents/Developer/Toolchains/XcodeDefault.xctoolchain/usr/lib/swift/host/libSwiftInProcPluginServer.dylib -parse-as-library -o /Users/admin/builder/spi-builder-workspace/.derivedData/Build/Intermediates.noindex/PackAPrefPane.build/Debug-appletvos/PackAPrefPane-t.build/Objects-normal/arm64/Help.o -debug-module-path /Users/admin/builder/spi-builder-workspace/.derivedData/Build/Intermediates.noindex/PackAPrefPane.build/Debug-appletvos/PackAPrefPane-t.build/Objects-normal/arm64/PackAPrefPane.swiftmodule -index-unit-output-path /PackAPrefPane.build/Debug-appletvos/PackAPrefPane-t.build/Objects-normal/arm64/Help.o -index-store-path /Users/admin/builder/spi-builder-workspace/.derivedData/Index.noindex/DataStore -index-system-modules
SwiftCompile normal arm64 Compiling\ Legal.swift /Users/admin/builder/spi-builder-workspace/Sources/PackAPrefPane/Views/Legal.swift (in target 'PackAPrefPane' from project 'PackAPrefPane')
/Users/admin/builder/spi-builder-workspace/Sources/PackAPrefPane/Views/Legal.swift:172:9: error: 'DisclosureGroup' is unavailable in tvOS
170 |     // UI
171 |     var body: some View {
172 |         DisclosureGroup(NSLocalizedString("Terms of Service", tableName: "Localizable", bundle: .module, value: "", comment: ""), isExpanded: $tosExpanded) {
    |         `- error: 'DisclosureGroup' is unavailable in tvOS
173 |             Text(legalSectionData.termsOfServiceText)
174 |         }
SwiftUI.DisclosureGroup:4:27: note: 'DisclosureGroup' has been explicitly marked unavailable here
 2 | @available(tvOS, unavailable)
 3 | @available(watchOS, unavailable)
 4 | nonisolated public struct DisclosureGroup<Label, Content> : View, ~Sendable where Label : View, Content : View {
   |                           `- note: 'DisclosureGroup' has been explicitly marked unavailable here
 5 |     nonisolated public init(@ContentBuilder content: @escaping () -> Content, @ContentBuilder label: () -> Label)
 6 |     nonisolated public init(isExpanded: Binding<Bool>, @ContentBuilder content: @escaping () -> Content, @ContentBuilder label: () -> Label)
/Users/admin/builder/spi-builder-workspace/Sources/PackAPrefPane/Views/Legal.swift:172:9: error: 'init(_:isExpanded:content:)' is unavailable in tvOS
170 |     // UI
171 |     var body: some View {
172 |         DisclosureGroup(NSLocalizedString("Terms of Service", tableName: "Localizable", bundle: .module, value: "", comment: ""), isExpanded: $tosExpanded) {
    |         `- error: 'init(_:isExpanded:content:)' is unavailable in tvOS
173 |             Text(legalSectionData.termsOfServiceText)
174 |         }
SwiftUI.DisclosureGroup.init:2:20: note: 'init(_:isExpanded:content:)' has been explicitly marked unavailable here
1 | generic struct DisclosureGroup {
2 | nonisolated public init<S>(_ label: S, isExpanded: Binding<Bool>, @ContentBuilder content: @escaping () -> Content) where S : StringProtocol}
  |                    `- note: 'init(_:isExpanded:content:)' has been explicitly marked unavailable here
3 |
Failed frontend command:
/Applications/Xcode-27.0.0-Release.Candidate.app/Contents/Developer/Toolchains/XcodeDefault.xctoolchain/usr/bin/swift-frontend -frontend -c /Users/admin/builder/spi-builder-workspace/.derivedData/Build/Intermediates.noindex/PackAPrefPane.build/Debug-appletvos/PackAPrefPane-t.build/DerivedSources/resource_bundle_accessor.swift /Users/admin/builder/spi-builder-workspace/Sources/PackAPrefPane/PrefPaneData.swift /Users/admin/builder/spi-builder-workspace/Sources/PackAPrefPane/PrefPaneHelper.swift /Users/admin/builder/spi-builder-workspace/Sources/PackAPrefPane/Views/About.swift /Users/admin/builder/spi-builder-workspace/Sources/PackAPrefPane/Views/Help.swift -primary-file /Users/admin/builder/spi-builder-workspace/Sources/PackAPrefPane/Views/Legal.swift /Users/admin/builder/spi-builder-workspace/Sources/PackAPrefPane/Views/PackAPrefPane.swift -emit-dependencies-path /Users/admin/builder/spi-builder-workspace/.derivedData/Build/Intermediates.noindex/PackAPrefPane.build/Debug-appletvos/PackAPrefPane-t.build/Objects-normal/arm64/Legal.d -emit-const-values-path /Users/admin/builder/spi-builder-workspace/.derivedData/Build/Intermediates.noindex/PackAPrefPane.build/Debug-appletvos/PackAPrefPane-t.build/Objects-normal/arm64/Legal.swiftconstvalues -emit-reference-dependencies-path /Users/admin/builder/spi-builder-workspace/.derivedData/Build/Intermediates.noindex/PackAPrefPane.build/Debug-appletvos/PackAPrefPane-t.build/Objects-normal/arm64/Legal.swiftdeps -serialize-diagnostics-path /Users/admin/builder/spi-builder-workspace/.derivedData/Build/Intermediates.noindex/PackAPrefPane.build/Debug-appletvos/PackAPrefPane-t.build/Objects-normal/arm64/Legal.dia -emit-localized-strings -emit-localized-strings-path /Users/admin/builder/spi-builder-workspace/.derivedData/Build/Intermediates.noindex/PackAPrefPane.build/Debug-appletvos/PackAPrefPane-t.build/Objects-normal/arm64 -target arm64-apple-tvos15.0 -disable-cross-import-overlay-search -load-resolved-plugin /Applications/Xcode-27.0.0-Release.Candidate.app/Contents/Developer/Platforms/AppleTVOS.platform/Developer/usr/lib/swift/host/plugins/libFoundationMacros.dylib\#/Applications/Xcode-27.0.0-Release.Candidate.app/Contents/Developer/Platforms/AppleTVOS.platform/Developer/usr/bin/swift-plugin-server\#FoundationMacros -load-resolved-plugin /Applications/Xcode-27.0.0-Release.Candidate.app/Contents/Developer/Platforms/AppleTVOS.platform/Developer/usr/lib/swift/host/plugins/libObservationMacros.dylib\#/Applications/Xcode-27.0.0-Release.Candidate.app/Contents/Developer/Platforms/AppleTVOS.platform/Developer/usr/bin/swift-plugin-server\#ObservationMacros -load-resolved-plugin /Applications/Xcode-27.0.0-Release.Candidate.app/Contents/Developer/Platforms/AppleTVOS.platform/Developer/usr/lib/swift/host/plugins/libPreviewsMacros.dylib\#/Applications/Xcode-27.0.0-Release.Candidate.app/Contents/Developer/Platforms/AppleTVOS.platform/Developer/usr/bin/swift-plugin-server\#PreviewsMacros -load-resolved-plugin /Applications/Xcode-27.0.0-Release.Candidate.app/Contents/Developer/Platforms/AppleTVOS.platform/Developer/usr/lib/swift/host/plugins/libSwiftMacros.dylib\#/Applications/Xcode-27.0.0-Release.Candidate.app/Contents/Developer/Platforms/AppleTVOS.platform/Developer/usr/bin/swift-plugin-server\#SwiftMacros -load-resolved-plugin /Applications/Xcode-27.0.0-Release.Candidate.app/Contents/Developer/Platforms/AppleTVOS.platform/Developer/usr/lib/swift/host/plugins/libSwiftUIMacros.dylib\#/Applications/Xcode-27.0.0-Release.Candidate.app/Contents/Developer/Platforms/AppleTVOS.platform/Developer/usr/bin/swift-plugin-server\#SwiftUIMacros -disable-implicit-swift-modules -Xcc -fno-implicit-modules -Xcc -fno-implicit-module-maps -explicit-swift-module-map-file /Users/admin/builder/spi-builder-workspace/.derivedData/Build/Intermediates.noindex/PackAPrefPane.build/Debug-appletvos/PackAPrefPane-t.build/Objects-normal/arm64/PackAPrefPane-dependencies-1.json -Xllvm -aarch64-use-tbi -enable-objc-interop -stack-check -sdk /Applications/Xcode-27.0.0-Release.Candidate.app/Contents/Developer/Platforms/AppleTVOS.platform/Developer/SDKs/AppleTVOS27.0.sdk -I /Users/admin/builder/spi-builder-workspace/.derivedData/Build/Products/Debug-appletvos -Isystem /Applications/Xcode-27.0.0-Release.Candidate.app/Contents/Developer/Platforms/AppleTVOS.platform/Developer/usr/lib -F /Users/admin/builder/spi-builder-workspace/.derivedData/Build/Products/Debug-appletvos -F /Applications/Xcode-27.0.0-Release.Candidate.app/Contents/Developer/Platforms/AppleTVOS.platform/Developer/Library/Frameworks -F /Applications/Xcode-27.0.0-Release.Candidate.app/Contents/Developer/Platforms/AppleTVOS.platform/Developer/SDKs/AppleTVOS27.0.sdk/Developer/Library/Frameworks -module-cache-path /Users/admin/builder/spi-builder-workspace/.derivedData/Build/Intermediates.noindex/SwiftExplicitPrecompiledModules -no-color-diagnostics -Xcc -fno-color-diagnostics -enable-testing -g -debug-info-format\=dwarf -dwarf-version\=4 -swift-version 5 -Onone -D SWIFT_PACKAGE -D DEBUG -D SWIFT_MODULE_RESOURCE_BUNDLE_AVAILABLE -D Xcode -serialize-debugging-options -enable-experimental-feature DebugDescriptionMacro -empty-abi-descriptor -validate-clang-modules-once -clang-build-session-file /Users/admin/builder/spi-builder-workspace/.derivedData/ModuleCache.noindex/Session.modulevalidation -Xcc -working-directory -Xcc /Users/admin/builder/spi-builder-workspace/.swiftpm/xcode -enable-anonymous-context-mangled-names -file-compilation-dir /Users/admin/builder/spi-builder-workspace/.swiftpm/xcode -Xcc -D_LIBCPP_HARDENING_MODE\=_LIBCPP_HARDENING_MODE_DEBUG -Xcc -ivfsstatcache -Xcc /Users/admin/builder/spi-builder-workspace/.derivedData/SDKStatCaches.noindex/appletvos27.0-24J360-e829b21a6f8c9b70876ba0858053c044b32bfd8d43560033f8d89884cdb90028.sdkstatcache -Xcc -fmodules-prune-interval\=86400 -Xcc -fmodules-prune-after\=345600 -Xcc -I/Users/admin/builder/spi-builder-workspace/.derivedData/Build/Products/Debug-appletvos/include -Xcc -I/Users/admin/builder/spi-builder-workspace/.derivedData/Build/Intermediates.noindex/PackAPrefPane.build/Debug-appletvos/PackAPrefPane-t.build/DerivedSources-normal/arm64 -Xcc -I/Users/admin/builder/spi-builder-workspace/.derivedData/Build/Intermediates.noindex/PackAPrefPane.build/Debug-appletvos/PackAPrefPane-t.build/DerivedSources/arm64 -Xcc -I/Users/admin/builder/spi-builder-workspace/.derivedData/Build/Intermediates.noindex/PackAPrefPane.build/Debug-appletvos/PackAPrefPane-t.build/DerivedSources -Xcc -DSWIFT_PACKAGE -Xcc -DDEBUG\=1 -no-auto-bridging-header-chaining -module-name PackAPrefPane -const-gather-protocols-file /Users/admin/builder/spi-builder-workspace/.derivedData/Build/Intermediates.noindex/PackAPrefPane.build/Debug-appletvos/PackAPrefPane-t.build/Objects-normal/arm64/PackAPrefPane_const_extract_protocols.json -disable-clang-spi -clang-target arm64-apple-tvos27.0 -target-sdk-version 27.0 -target-sdk-name appletvos27.0 -in-process-plugin-server-path /Applications/Xcode-27.0.0-Release.Candidate.app/Contents/Developer/Toolchains/XcodeDefault.xctoolchain/usr/lib/swift/host/libSwiftInProcPluginServer.dylib -parse-as-library -o /Users/admin/builder/spi-builder-workspace/.derivedData/Build/Intermediates.noindex/PackAPrefPane.build/Debug-appletvos/PackAPrefPane-t.build/Objects-normal/arm64/Legal.o -debug-module-path /Users/admin/builder/spi-builder-workspace/.derivedData/Build/Intermediates.noindex/PackAPrefPane.build/Debug-appletvos/PackAPrefPane-t.build/Objects-normal/arm64/PackAPrefPane.swiftmodule -index-unit-output-path /PackAPrefPane.build/Debug-appletvos/PackAPrefPane-t.build/Objects-normal/arm64/Legal.o -index-store-path /Users/admin/builder/spi-builder-workspace/.derivedData/Index.noindex/DataStore -index-system-modules
SwiftCompile normal arm64 /Users/admin/builder/spi-builder-workspace/Sources/PackAPrefPane/Views/Legal.swift (in target 'PackAPrefPane' from project 'PackAPrefPane')
    cd /Users/admin/builder/spi-builder-workspace/.swiftpm/xcode
    builtin-SwiftPerFileCompile Legal.swift
SwiftCompile normal arm64 Compiling\ resource_bundle_accessor.swift /Users/admin/builder/spi-builder-workspace/.derivedData/Build/Intermediates.noindex/PackAPrefPane.build/Debug-appletvos/PackAPrefPane-t.build/DerivedSources/resource_bundle_accessor.swift (in target 'PackAPrefPane' from project 'PackAPrefPane')
SwiftCompile normal arm64 /Users/admin/builder/spi-builder-workspace/.derivedData/Build/Intermediates.noindex/PackAPrefPane.build/Debug-appletvos/PackAPrefPane-t.build/DerivedSources/resource_bundle_accessor.swift (in target 'PackAPrefPane' from project 'PackAPrefPane')
    cd /Users/admin/builder/spi-builder-workspace/.swiftpm/xcode
    builtin-SwiftPerFileCompile resource_bundle_accessor.swift
SwiftCompile normal arm64 Compiling\ About.swift /Users/admin/builder/spi-builder-workspace/Sources/PackAPrefPane/Views/About.swift (in target 'PackAPrefPane' from project 'PackAPrefPane')
/Users/admin/builder/spi-builder-workspace/Sources/PackAPrefPane/Views/About.swift:60:13: error: 'DisclosureGroup' is unavailable in tvOS
 58 |     var body: some View {
 59 |         Section {
 60 |             DisclosureGroup(NSLocalizedString("Third-Party Code", tableName: "Localizable", bundle: .module, value: "", comment: ""), isExpanded: $thirdPartyCodeExpanded) {
    |             `- error: 'DisclosureGroup' is unavailable in tvOS
 61 |                 List {
 62 |                     ForEach(thirdPartyCode) { ThirdPartyCode in
SwiftUI.DisclosureGroup:4:27: note: 'DisclosureGroup' has been explicitly marked unavailable here
 2 | @available(tvOS, unavailable)
 3 | @available(watchOS, unavailable)
 4 | nonisolated public struct DisclosureGroup<Label, Content> : View, ~Sendable where Label : View, Content : View {
   |                           `- note: 'DisclosureGroup' has been explicitly marked unavailable here
 5 |     nonisolated public init(@ContentBuilder content: @escaping () -> Content, @ContentBuilder label: () -> Label)
 6 |     nonisolated public init(isExpanded: Binding<Bool>, @ContentBuilder content: @escaping () -> Content, @ContentBuilder label: () -> Label)
/Users/admin/builder/spi-builder-workspace/Sources/PackAPrefPane/Views/About.swift:60:13: error: 'init(_:isExpanded:content:)' is unavailable in tvOS
 58 |     var body: some View {
 59 |         Section {
 60 |             DisclosureGroup(NSLocalizedString("Third-Party Code", tableName: "Localizable", bundle: .module, value: "", comment: ""), isExpanded: $thirdPartyCodeExpanded) {
    |             `- error: 'init(_:isExpanded:content:)' is unavailable in tvOS
 61 |                 List {
 62 |                     ForEach(thirdPartyCode) { ThirdPartyCode in
SwiftUI.DisclosureGroup.init:2:20: note: 'init(_:isExpanded:content:)' has been explicitly marked unavailable here
1 | generic struct DisclosureGroup {
2 | nonisolated public init<S>(_ label: S, isExpanded: Binding<Bool>, @ContentBuilder content: @escaping () -> Content) where S : StringProtocol}
  |                    `- note: 'init(_:isExpanded:content:)' has been explicitly marked unavailable here
3 |
Failed frontend command:
/Applications/Xcode-27.0.0-Release.Candidate.app/Contents/Developer/Toolchains/XcodeDefault.xctoolchain/usr/bin/swift-frontend -frontend -c /Users/admin/builder/spi-builder-workspace/.derivedData/Build/Intermediates.noindex/PackAPrefPane.build/Debug-appletvos/PackAPrefPane-t.build/DerivedSources/resource_bundle_accessor.swift /Users/admin/builder/spi-builder-workspace/Sources/PackAPrefPane/PrefPaneData.swift /Users/admin/builder/spi-builder-workspace/Sources/PackAPrefPane/PrefPaneHelper.swift -primary-file /Users/admin/builder/spi-builder-workspace/Sources/PackAPrefPane/Views/About.swift /Users/admin/builder/spi-builder-workspace/Sources/PackAPrefPane/Views/Help.swift /Users/admin/builder/spi-builder-workspace/Sources/PackAPrefPane/Views/Legal.swift /Users/admin/builder/spi-builder-workspace/Sources/PackAPrefPane/Views/PackAPrefPane.swift -emit-dependencies-path /Users/admin/builder/spi-builder-workspace/.derivedData/Build/Intermediates.noindex/PackAPrefPane.build/Debug-appletvos/PackAPrefPane-t.build/Objects-normal/arm64/About.d -emit-const-values-path /Users/admin/builder/spi-builder-workspace/.derivedData/Build/Intermediates.noindex/PackAPrefPane.build/Debug-appletvos/PackAPrefPane-t.build/Objects-normal/arm64/About.swiftconstvalues -emit-reference-dependencies-path /Users/admin/builder/spi-builder-workspace/.derivedData/Build/Intermediates.noindex/PackAPrefPane.build/Debug-appletvos/PackAPrefPane-t.build/Objects-normal/arm64/About.swiftdeps -serialize-diagnostics-path /Users/admin/builder/spi-builder-workspace/.derivedData/Build/Intermediates.noindex/PackAPrefPane.build/Debug-appletvos/PackAPrefPane-t.build/Objects-normal/arm64/About.dia -emit-localized-strings -emit-localized-strings-path /Users/admin/builder/spi-builder-workspace/.derivedData/Build/Intermediates.noindex/PackAPrefPane.build/Debug-appletvos/PackAPrefPane-t.build/Objects-normal/arm64 -target arm64-apple-tvos15.0 -disable-cross-import-overlay-search -load-resolved-plugin /Applications/Xcode-27.0.0-Release.Candidate.app/Contents/Developer/Platforms/AppleTVOS.platform/Developer/usr/lib/swift/host/plugins/libFoundationMacros.dylib\#/Applications/Xcode-27.0.0-Release.Candidate.app/Contents/Developer/Platforms/AppleTVOS.platform/Developer/usr/bin/swift-plugin-server\#FoundationMacros -load-resolved-plugin /Applications/Xcode-27.0.0-Release.Candidate.app/Contents/Developer/Platforms/AppleTVOS.platform/Developer/usr/lib/swift/host/plugins/libObservationMacros.dylib\#/Applications/Xcode-27.0.0-Release.Candidate.app/Contents/Developer/Platforms/AppleTVOS.platform/Developer/usr/bin/swift-plugin-server\#ObservationMacros -load-resolved-plugin /Applications/Xcode-27.0.0-Release.Candidate.app/Contents/Developer/Platforms/AppleTVOS.platform/Developer/usr/lib/swift/host/plugins/libPreviewsMacros.dylib\#/Applications/Xcode-27.0.0-Release.Candidate.app/Contents/Developer/Platforms/AppleTVOS.platform/Developer/usr/bin/swift-plugin-server\#PreviewsMacros -load-resolved-plugin /Applications/Xcode-27.0.0-Release.Candidate.app/Contents/Developer/Platforms/AppleTVOS.platform/Developer/usr/lib/swift/host/plugins/libSwiftMacros.dylib\#/Applications/Xcode-27.0.0-Release.Candidate.app/Contents/Developer/Platforms/AppleTVOS.platform/Developer/usr/bin/swift-plugin-server\#SwiftMacros -load-resolved-plugin /Applications/Xcode-27.0.0-Release.Candidate.app/Contents/Developer/Platforms/AppleTVOS.platform/Developer/usr/lib/swift/host/plugins/libSwiftUIMacros.dylib\#/Applications/Xcode-27.0.0-Release.Candidate.app/Contents/Developer/Platforms/AppleTVOS.platform/Developer/usr/bin/swift-plugin-server\#SwiftUIMacros -disable-implicit-swift-modules -Xcc -fno-implicit-modules -Xcc -fno-implicit-module-maps -explicit-swift-module-map-file /Users/admin/builder/spi-builder-workspace/.derivedData/Build/Intermediates.noindex/PackAPrefPane.build/Debug-appletvos/PackAPrefPane-t.build/Objects-normal/arm64/PackAPrefPane-dependencies-1.json -Xllvm -aarch64-use-tbi -enable-objc-interop -stack-check -sdk /Applications/Xcode-27.0.0-Release.Candidate.app/Contents/Developer/Platforms/AppleTVOS.platform/Developer/SDKs/AppleTVOS27.0.sdk -I /Users/admin/builder/spi-builder-workspace/.derivedData/Build/Products/Debug-appletvos -Isystem /Applications/Xcode-27.0.0-Release.Candidate.app/Contents/Developer/Platforms/AppleTVOS.platform/Developer/usr/lib -F /Users/admin/builder/spi-builder-workspace/.derivedData/Build/Products/Debug-appletvos -F /Applications/Xcode-27.0.0-Release.Candidate.app/Contents/Developer/Platforms/AppleTVOS.platform/Developer/Library/Frameworks -F /Applications/Xcode-27.0.0-Release.Candidate.app/Contents/Developer/Platforms/AppleTVOS.platform/Developer/SDKs/AppleTVOS27.0.sdk/Developer/Library/Frameworks -module-cache-path /Users/admin/builder/spi-builder-workspace/.derivedData/Build/Intermediates.noindex/SwiftExplicitPrecompiledModules -no-color-diagnostics -Xcc -fno-color-diagnostics -enable-testing -g -debug-info-format\=dwarf -dwarf-version\=4 -swift-version 5 -Onone -D SWIFT_PACKAGE -D DEBUG -D SWIFT_MODULE_RESOURCE_BUNDLE_AVAILABLE -D Xcode -serialize-debugging-options -enable-experimental-feature DebugDescriptionMacro -empty-abi-descriptor -validate-clang-modules-once -clang-build-session-file /Users/admin/builder/spi-builder-workspace/.derivedData/ModuleCache.noindex/Session.modulevalidation -Xcc -working-directory -Xcc /Users/admin/builder/spi-builder-workspace/.swiftpm/xcode -enable-anonymous-context-mangled-names -file-compilation-dir /Users/admin/builder/spi-builder-workspace/.swiftpm/xcode -Xcc -D_LIBCPP_HARDENING_MODE\=_LIBCPP_HARDENING_MODE_DEBUG -Xcc -ivfsstatcache -Xcc /Users/admin/builder/spi-builder-workspace/.derivedData/SDKStatCaches.noindex/appletvos27.0-24J360-e829b21a6f8c9b70876ba0858053c044b32bfd8d43560033f8d89884cdb90028.sdkstatcache -Xcc -fmodules-prune-interval\=86400 -Xcc -fmodules-prune-after\=345600 -Xcc -I/Users/admin/builder/spi-builder-workspace/.derivedData/Build/Products/Debug-appletvos/include -Xcc -I/Users/admin/builder/spi-builder-workspace/.derivedData/Build/Intermediates.noindex/PackAPrefPane.build/Debug-appletvos/PackAPrefPane-t.build/DerivedSources-normal/arm64 -Xcc -I/Users/admin/builder/spi-builder-workspace/.derivedData/Build/Intermediates.noindex/PackAPrefPane.build/Debug-appletvos/PackAPrefPane-t.build/DerivedSources/arm64 -Xcc -I/Users/admin/builder/spi-builder-workspace/.derivedData/Build/Intermediates.noindex/PackAPrefPane.build/Debug-appletvos/PackAPrefPane-t.build/DerivedSources -Xcc -DSWIFT_PACKAGE -Xcc -DDEBUG\=1 -no-auto-bridging-header-chaining -module-name PackAPrefPane -const-gather-protocols-file /Users/admin/builder/spi-builder-workspace/.derivedData/Build/Intermediates.noindex/PackAPrefPane.build/Debug-appletvos/PackAPrefPane-t.build/Objects-normal/arm64/PackAPrefPane_const_extract_protocols.json -disable-clang-spi -clang-target arm64-apple-tvos27.0 -target-sdk-version 27.0 -target-sdk-name appletvos27.0 -in-process-plugin-server-path /Applications/Xcode-27.0.0-Release.Candidate.app/Contents/Developer/Toolchains/XcodeDefault.xctoolchain/usr/lib/swift/host/libSwiftInProcPluginServer.dylib -parse-as-library -o /Users/admin/builder/spi-builder-workspace/.derivedData/Build/Intermediates.noindex/PackAPrefPane.build/Debug-appletvos/PackAPrefPane-t.build/Objects-normal/arm64/About.o -debug-module-path /Users/admin/builder/spi-builder-workspace/.derivedData/Build/Intermediates.noindex/PackAPrefPane.build/Debug-appletvos/PackAPrefPane-t.build/Objects-normal/arm64/PackAPrefPane.swiftmodule -index-unit-output-path /PackAPrefPane.build/Debug-appletvos/PackAPrefPane-t.build/Objects-normal/arm64/About.o -index-store-path /Users/admin/builder/spi-builder-workspace/.derivedData/Index.noindex/DataStore -index-system-modules
SwiftCompile normal arm64 /Users/admin/builder/spi-builder-workspace/Sources/PackAPrefPane/Views/About.swift (in target 'PackAPrefPane' from project 'PackAPrefPane')
    cd /Users/admin/builder/spi-builder-workspace/.swiftpm/xcode
    builtin-SwiftPerFileCompile About.swift
SwiftCompile normal arm64 Compiling\ PrefPaneHelper.swift /Users/admin/builder/spi-builder-workspace/Sources/PackAPrefPane/PrefPaneHelper.swift (in target 'PackAPrefPane' from project 'PackAPrefPane')
SwiftCompile normal arm64 /Users/admin/builder/spi-builder-workspace/Sources/PackAPrefPane/PrefPaneHelper.swift (in target 'PackAPrefPane' from project 'PackAPrefPane')
    cd /Users/admin/builder/spi-builder-workspace/.swiftpm/xcode
    builtin-SwiftPerFileCompile PrefPaneHelper.swift
SwiftCompile normal arm64 Compiling\ PackAPrefPane.swift /Users/admin/builder/spi-builder-workspace/Sources/PackAPrefPane/Views/PackAPrefPane.swift (in target 'PackAPrefPane' from project 'PackAPrefPane')
SwiftCompile normal arm64 /Users/admin/builder/spi-builder-workspace/Sources/PackAPrefPane/Views/PackAPrefPane.swift (in target 'PackAPrefPane' from project 'PackAPrefPane')
    cd /Users/admin/builder/spi-builder-workspace/.swiftpm/xcode
    builtin-SwiftPerFileCompile PackAPrefPane.swift
SwiftDriverJobDiscovery normal arm64 Emitting module for PackAPrefPane (in target 'PackAPrefPane' from project 'PackAPrefPane')
SwiftDriver\ Compilation\ Requirements PackAPrefPane normal arm64 com.apple.xcode.tools.swift.compiler (in target 'PackAPrefPane' from project 'PackAPrefPane')
    cd /Users/admin/builder/spi-builder-workspace/.swiftpm/xcode
    builtin-Swift-Compilation-Requirements -- /Applications/Xcode-27.0.0-Release.Candidate.app/Contents/Developer/Toolchains/XcodeDefault.xctoolchain/usr/bin/swiftc -parse-as-library -module-name PackAPrefPane -Onone @/Users/admin/builder/spi-builder-workspace/.derivedData/Build/Intermediates.noindex/PackAPrefPane.build/Debug-appletvos/PackAPrefPane-t.build/Objects-normal/arm64/PackAPrefPane.SwiftFileList -DSWIFT_PACKAGE -DDEBUG -DSWIFT_MODULE_RESOURCE_BUNDLE_AVAILABLE -DXcode -plugin-path /Applications/Xcode-27.0.0-Release.Candidate.app/Contents/Developer/Toolchains/XcodeDefault.xctoolchain/usr/lib/swift/host/plugins/testing -enable-experimental-feature DebugDescriptionMacro -sdk /Applications/Xcode-27.0.0-Release.Candidate.app/Contents/Developer/Platforms/AppleTVOS.platform/Developer/SDKs/AppleTVOS27.0.sdk -target arm64-apple-tvos15.0 -g -module-cache-path /Users/admin/builder/spi-builder-workspace/.derivedData/ModuleCache.noindex -Xfrontend -serialize-debugging-options -enable-testing -index-store-path /Users/admin/builder/spi-builder-workspace/.derivedData/Index.noindex/DataStore -Xcc -D_LIBCPP_HARDENING_MODE\=_LIBCPP_HARDENING_MODE_DEBUG -swift-version 5 -I /Users/admin/builder/spi-builder-workspace/.derivedData/Build/Products/Debug-appletvos -Isystem /Applications/Xcode-27.0.0-Release.Candidate.app/Contents/Developer/Platforms/AppleTVOS.platform/Developer/usr/lib -F /Users/admin/builder/spi-builder-workspace/.derivedData/Build/Products/Debug-appletvos -F /Applications/Xcode-27.0.0-Release.Candidate.app/Contents/Developer/Platforms/AppleTVOS.platform/Developer/Library/Frameworks -F /Applications/Xcode-27.0.0-Release.Candidate.app/Contents/Developer/Platforms/AppleTVOS.platform/Developer/SDKs/AppleTVOS27.0.sdk/Developer/Library/Frameworks -emit-localized-strings -emit-localized-strings-path /Users/admin/builder/spi-builder-workspace/.derivedData/Build/Intermediates.noindex/PackAPrefPane.build/Debug-appletvos/PackAPrefPane-t.build/Objects-normal/arm64 -c -j10 -enable-batch-mode -incremental -Xcc -ivfsstatcache -Xcc /Users/admin/builder/spi-builder-workspace/.derivedData/SDKStatCaches.noindex/appletvos27.0-24J360-e829b21a6f8c9b70876ba0858053c044b32bfd8d43560033f8d89884cdb90028.sdkstatcache -output-file-map /Users/admin/builder/spi-builder-workspace/.derivedData/Build/Intermediates.noindex/PackAPrefPane.build/Debug-appletvos/PackAPrefPane-t.build/Objects-normal/arm64/PackAPrefPane-OutputFileMap.json -save-temps -no-color-diagnostics -explicit-module-build -module-cache-path /Users/admin/builder/spi-builder-workspace/.derivedData/Build/Intermediates.noindex/SwiftExplicitPrecompiledModules -clang-scanner-module-cache-path /Users/admin/builder/spi-builder-workspace/.derivedData/ModuleCache.noindex -sdk-module-cache-path /Users/admin/builder/spi-builder-workspace/.derivedData/SDKExplicitPrecompiledModules -emit-dependencies -emit-module -emit-module-path /Users/admin/builder/spi-builder-workspace/.derivedData/Build/Intermediates.noindex/PackAPrefPane.build/Debug-appletvos/PackAPrefPane-t.build/Objects-normal/arm64/PackAPrefPane.swiftmodule -serialize-diagnostics -dependency-scan-serialize-diagnostics-path /Users/admin/builder/spi-builder-workspace/.derivedData/Build/Intermediates.noindex/PackAPrefPane.build/Debug-appletvos/PackAPrefPane-t.build/Objects-normal/arm64/PackAPrefPane-dependency-scan.dia -validate-clang-modules-once -clang-build-session-file /Users/admin/builder/spi-builder-workspace/.derivedData/ModuleCache.noindex/Session.modulevalidation -Xcc -fmodules-prune-interval\=86400 -Xcc -fmodules-prune-after\=345600 -emit-const-values -const-gather-protocols-list /Users/admin/builder/spi-builder-workspace/.derivedData/Build/Intermediates.noindex/PackAPrefPane.build/Debug-appletvos/PackAPrefPane-t.build/Objects-normal/arm64/PackAPrefPane_const_extract_protocols.json -Xcc -I/Users/admin/builder/spi-builder-workspace/.derivedData/Build/Products/Debug-appletvos/include -Xcc -I/Users/admin/builder/spi-builder-workspace/.derivedData/Build/Intermediates.noindex/PackAPrefPane.build/Debug-appletvos/PackAPrefPane-t.build/DerivedSources-normal/arm64 -Xcc -I/Users/admin/builder/spi-builder-workspace/.derivedData/Build/Intermediates.noindex/PackAPrefPane.build/Debug-appletvos/PackAPrefPane-t.build/DerivedSources/arm64 -Xcc -I/Users/admin/builder/spi-builder-workspace/.derivedData/Build/Intermediates.noindex/PackAPrefPane.build/Debug-appletvos/PackAPrefPane-t.build/DerivedSources -Xcc -DSWIFT_PACKAGE -Xcc -DDEBUG\=1 -emit-objc-header -emit-objc-header-path /Users/admin/builder/spi-builder-workspace/.derivedData/Build/Intermediates.noindex/PackAPrefPane.build/Debug-appletvos/PackAPrefPane-t.build/Objects-normal/arm64/PackAPrefPane-Swift.h -working-directory /Users/admin/builder/spi-builder-workspace/.swiftpm/xcode -experimental-emit-module-separately -disable-cmo
SwiftMergeGeneratedHeaders /Users/admin/builder/spi-builder-workspace/.derivedData/Build/Intermediates.noindex/GeneratedModuleMaps-appletvos/PackAPrefPane-Swift.h /Users/admin/builder/spi-builder-workspace/.derivedData/Build/Intermediates.noindex/PackAPrefPane.build/Debug-appletvos/PackAPrefPane-t.build/Objects-normal/arm64/PackAPrefPane-Swift.h (in target 'PackAPrefPane' from project 'PackAPrefPane')
    cd /Users/admin/builder/spi-builder-workspace
    builtin-swiftHeaderTool -arch arm64 /Users/admin/builder/spi-builder-workspace/.derivedData/Build/Intermediates.noindex/PackAPrefPane.build/Debug-appletvos/PackAPrefPane-t.build/Objects-normal/arm64/PackAPrefPane-Swift.h -o /Users/admin/builder/spi-builder-workspace/.derivedData/Build/Intermediates.noindex/GeneratedModuleMaps-appletvos/PackAPrefPane-Swift.h
Copy /Users/admin/builder/spi-builder-workspace/.derivedData/Build/Products/Debug-appletvos/PackAPrefPane.swiftmodule/arm64-apple-tvos.swiftmodule /Users/admin/builder/spi-builder-workspace/.derivedData/Build/Intermediates.noindex/PackAPrefPane.build/Debug-appletvos/PackAPrefPane-t.build/Objects-normal/arm64/PackAPrefPane.swiftmodule (in target 'PackAPrefPane' from project 'PackAPrefPane')
    cd /Users/admin/builder/spi-builder-workspace
    builtin-copy -exclude .DS_Store -exclude CVS -exclude .svn -exclude .git -exclude .hg -resolve-src-symlinks -rename /Users/admin/builder/spi-builder-workspace/.derivedData/Build/Intermediates.noindex/PackAPrefPane.build/Debug-appletvos/PackAPrefPane-t.build/Objects-normal/arm64/PackAPrefPane.swiftmodule /Users/admin/builder/spi-builder-workspace/.derivedData/Build/Products/Debug-appletvos/PackAPrefPane.swiftmodule/arm64-apple-tvos.swiftmodule
Copy /Users/admin/builder/spi-builder-workspace/.derivedData/Build/Products/Debug-appletvos/PackAPrefPane.swiftmodule/arm64-apple-tvos.swiftdoc /Users/admin/builder/spi-builder-workspace/.derivedData/Build/Intermediates.noindex/PackAPrefPane.build/Debug-appletvos/PackAPrefPane-t.build/Objects-normal/arm64/PackAPrefPane.swiftdoc (in target 'PackAPrefPane' from project 'PackAPrefPane')
    cd /Users/admin/builder/spi-builder-workspace
    builtin-copy -exclude .DS_Store -exclude CVS -exclude .svn -exclude .git -exclude .hg -resolve-src-symlinks -rename /Users/admin/builder/spi-builder-workspace/.derivedData/Build/Intermediates.noindex/PackAPrefPane.build/Debug-appletvos/PackAPrefPane-t.build/Objects-normal/arm64/PackAPrefPane.swiftdoc /Users/admin/builder/spi-builder-workspace/.derivedData/Build/Products/Debug-appletvos/PackAPrefPane.swiftmodule/arm64-apple-tvos.swiftdoc
Copy /Users/admin/builder/spi-builder-workspace/.derivedData/Build/Products/Debug-appletvos/PackAPrefPane.swiftmodule/arm64-apple-tvos.abi.json /Users/admin/builder/spi-builder-workspace/.derivedData/Build/Intermediates.noindex/PackAPrefPane.build/Debug-appletvos/PackAPrefPane-t.build/Objects-normal/arm64/PackAPrefPane.abi.json (in target 'PackAPrefPane' from project 'PackAPrefPane')
    cd /Users/admin/builder/spi-builder-workspace
    builtin-copy -exclude .DS_Store -exclude CVS -exclude .svn -exclude .git -exclude .hg -resolve-src-symlinks -rename /Users/admin/builder/spi-builder-workspace/.derivedData/Build/Intermediates.noindex/PackAPrefPane.build/Debug-appletvos/PackAPrefPane-t.build/Objects-normal/arm64/PackAPrefPane.abi.json /Users/admin/builder/spi-builder-workspace/.derivedData/Build/Products/Debug-appletvos/PackAPrefPane.swiftmodule/arm64-apple-tvos.abi.json
Copy /Users/admin/builder/spi-builder-workspace/.derivedData/Build/Products/Debug-appletvos/PackAPrefPane.swiftmodule/Project/arm64-apple-tvos.swiftsourceinfo /Users/admin/builder/spi-builder-workspace/.derivedData/Build/Intermediates.noindex/PackAPrefPane.build/Debug-appletvos/PackAPrefPane-t.build/Objects-normal/arm64/PackAPrefPane.swiftsourceinfo (in target 'PackAPrefPane' from project 'PackAPrefPane')
    cd /Users/admin/builder/spi-builder-workspace
    builtin-copy -exclude .DS_Store -exclude CVS -exclude .svn -exclude .git -exclude .hg -resolve-src-symlinks -rename /Users/admin/builder/spi-builder-workspace/.derivedData/Build/Intermediates.noindex/PackAPrefPane.build/Debug-appletvos/PackAPrefPane-t.build/Objects-normal/arm64/PackAPrefPane.swiftsourceinfo /Users/admin/builder/spi-builder-workspace/.derivedData/Build/Products/Debug-appletvos/PackAPrefPane.swiftmodule/Project/arm64-apple-tvos.swiftsourceinfo
SwiftDriver PackAPrefPaneTests normal arm64 com.apple.xcode.tools.swift.compiler (in target 'PackAPrefPaneTests-product' from project 'PackAPrefPane')
    cd /Users/admin/builder/spi-builder-workspace/.swiftpm/xcode
    builtin-SwiftDriver -- /Applications/Xcode-27.0.0-Release.Candidate.app/Contents/Developer/Toolchains/XcodeDefault.xctoolchain/usr/bin/swiftc -parse-as-library -module-name PackAPrefPaneTests -Onone @/Users/admin/builder/spi-builder-workspace/.derivedData/Build/Intermediates.noindex/PackAPrefPane.build/Debug-appletvos/PackAPrefPaneTests-p.build/Objects-normal/arm64/PackAPrefPaneTests.SwiftFileList -DSWIFT_PACKAGE -DDEBUG -DXcode -plugin-path /Applications/Xcode-27.0.0-Release.Candidate.app/Contents/Developer/Toolchains/XcodeDefault.xctoolchain/usr/lib/swift/host/plugins/testing -enable-experimental-feature DebugDescriptionMacro -sdk /Applications/Xcode-27.0.0-Release.Candidate.app/Contents/Developer/Platforms/AppleTVOS.platform/Developer/SDKs/AppleTVOS27.0.sdk -target arm64-apple-tvos17.0 -g -module-cache-path /Users/admin/builder/spi-builder-workspace/.derivedData/ModuleCache.noindex -Xfrontend -serialize-debugging-options -enable-testing -index-store-path /Users/admin/builder/spi-builder-workspace/.derivedData/Index.noindex/DataStore -Xcc -D_LIBCPP_HARDENING_MODE\=_LIBCPP_HARDENING_MODE_DEBUG -swift-version 5 -I /Users/admin/builder/spi-builder-workspace/.derivedData/Build/Products/Debug-appletvos -Isystem /Applications/Xcode-27.0.0-Release.Candidate.app/Contents/Developer/Platforms/AppleTVOS.platform/Developer/usr/lib -F /Users/admin/builder/spi-builder-workspace/.derivedData/Build/Products/Debug-appletvos/PackageFrameworks -F /Users/admin/builder/spi-builder-workspace/.derivedData/Build/Products/Debug-appletvos -F /Applications/Xcode-27.0.0-Release.Candidate.app/Contents/Developer/Platforms/AppleTVOS.platform/Developer/Library/Frameworks -F /Applications/Xcode-27.0.0-Release.Candidate.app/Contents/Developer/Platforms/AppleTVOS.platform/Developer/SDKs/AppleTVOS27.0.sdk/Developer/Library/Frameworks -emit-localized-strings -emit-localized-strings-path /Users/admin/builder/spi-builder-workspace/.derivedData/Build/Intermediates.noindex/PackAPrefPane.build/Debug-appletvos/PackAPrefPaneTests-p.build/Objects-normal/arm64 -c -j10 -enable-batch-mode -incremental -Xcc -ivfsstatcache -Xcc /Users/admin/builder/spi-builder-workspace/.derivedData/SDKStatCaches.noindex/appletvos27.0-24J360-e829b21a6f8c9b70876ba0858053c044b32bfd8d43560033f8d89884cdb90028.sdkstatcache -output-file-map /Users/admin/builder/spi-builder-workspace/.derivedData/Build/Intermediates.noindex/PackAPrefPane.build/Debug-appletvos/PackAPrefPaneTests-p.build/Objects-normal/arm64/PackAPrefPaneTests-OutputFileMap.json -save-temps -no-color-diagnostics -explicit-module-build -module-cache-path /Users/admin/builder/spi-builder-workspace/.derivedData/Build/Intermediates.noindex/SwiftExplicitPrecompiledModules -clang-scanner-module-cache-path /Users/admin/builder/spi-builder-workspace/.derivedData/ModuleCache.noindex -sdk-module-cache-path /Users/admin/builder/spi-builder-workspace/.derivedData/SDKExplicitPrecompiledModules -emit-dependencies -emit-module -emit-module-path /Users/admin/builder/spi-builder-workspace/.derivedData/Build/Intermediates.noindex/PackAPrefPane.build/Debug-appletvos/PackAPrefPaneTests-p.build/Objects-normal/arm64/PackAPrefPaneTests.swiftmodule -serialize-diagnostics -dependency-scan-serialize-diagnostics-path /Users/admin/builder/spi-builder-workspace/.derivedData/Build/Intermediates.noindex/PackAPrefPane.build/Debug-appletvos/PackAPrefPaneTests-p.build/Objects-normal/arm64/PackAPrefPaneTests-dependency-scan.dia -validate-clang-modules-once -clang-build-session-file /Users/admin/builder/spi-builder-workspace/.derivedData/ModuleCache.noindex/Session.modulevalidation -Xcc -fmodules-prune-interval\=86400 -Xcc -fmodules-prune-after\=345600 -emit-const-values -const-gather-protocols-list /Users/admin/builder/spi-builder-workspace/.derivedData/Build/Intermediates.noindex/PackAPrefPane.build/Debug-appletvos/PackAPrefPaneTests-p.build/Objects-normal/arm64/PackAPrefPaneTests_const_extract_protocols.json -Xcc -I/Users/admin/builder/spi-builder-workspace/.derivedData/Build/Products/Debug-appletvos/include -Xcc -I/Users/admin/builder/spi-builder-workspace/.derivedData/Build/Intermediates.noindex/PackAPrefPane.build/Debug-appletvos/PackAPrefPaneTests-p.build/DerivedSources-normal/arm64 -Xcc -I/Users/admin/builder/spi-builder-workspace/.derivedData/Build/Intermediates.noindex/PackAPrefPane.build/Debug-appletvos/PackAPrefPaneTests-p.build/DerivedSources/arm64 -Xcc -I/Users/admin/builder/spi-builder-workspace/.derivedData/Build/Intermediates.noindex/PackAPrefPane.build/Debug-appletvos/PackAPrefPaneTests-p.build/DerivedSources -Xcc -DSWIFT_PACKAGE -Xcc -DDEBUG\=1 -working-directory /Users/admin/builder/spi-builder-workspace/.swiftpm/xcode -experimental-emit-module-separately -disable-cmo
SwiftExplicitDependencyGeneratePcm arm64 /Users/admin/builder/spi-builder-workspace/.derivedData/Build/Intermediates.noindex/SwiftExplicitPrecompiledModules/XCUIAutomation-FJBJYHY5O0CJFAW58X6D04WA.pcm
SwiftExplicitDependencyGeneratePcm arm64 /Users/admin/builder/spi-builder-workspace/.derivedData/Build/Intermediates.noindex/SwiftExplicitPrecompiledModules/XCTest-7MV3G0KAJR9WCI4ZIQ137RH2R.pcm
SwiftExplicitDependencyCompileModuleFromInterface arm64 /Users/admin/builder/spi-builder-workspace/.derivedData/Build/Intermediates.noindex/SwiftExplicitPrecompiledModules/XCUIAutomation-11FHAB26TZA0P.swiftmodule
SwiftExplicitDependencyCompileModuleFromInterface arm64 /Users/admin/builder/spi-builder-workspace/.derivedData/Build/Intermediates.noindex/SwiftExplicitPrecompiledModules/XCTest-2NSBG261FIVW9.swiftmodule
SwiftEmitModule normal arm64 Emitting\ module\ for\ PackAPrefPaneTests (in target 'PackAPrefPaneTests-product' from project 'PackAPrefPane')
SwiftCompile normal arm64 (in target 'PackAPrefPaneTests-product' from project 'PackAPrefPane')
    cd /Users/admin/builder/spi-builder-workspace/.swiftpm/xcode

SwiftCompile normal arm64 Compiling\ PackAPrefPaneTests.swift /Users/admin/builder/spi-builder-workspace/Tests/PackAPrefPaneTests/PackAPrefPaneTests.swift (in target 'PackAPrefPaneTests-product' from project 'PackAPrefPane')
SwiftCompile normal arm64 /Users/admin/builder/spi-builder-workspace/Tests/PackAPrefPaneTests/PackAPrefPaneTests.swift (in target 'PackAPrefPaneTests-product' from project 'PackAPrefPane')
    cd /Users/admin/builder/spi-builder-workspace/.swiftpm/xcode
    builtin-SwiftPerFileCompile PackAPrefPaneTests.swift
SwiftDriverJobDiscovery normal arm64 Emitting module for PackAPrefPaneTests (in target 'PackAPrefPaneTests-product' from project 'PackAPrefPane')
SwiftDriver\ Compilation\ Requirements PackAPrefPaneTests normal arm64 com.apple.xcode.tools.swift.compiler (in target 'PackAPrefPaneTests-product' from project 'PackAPrefPane')
    cd /Users/admin/builder/spi-builder-workspace/.swiftpm/xcode
    builtin-Swift-Compilation-Requirements -- /Applications/Xcode-27.0.0-Release.Candidate.app/Contents/Developer/Toolchains/XcodeDefault.xctoolchain/usr/bin/swiftc -parse-as-library -module-name PackAPrefPaneTests -Onone @/Users/admin/builder/spi-builder-workspace/.derivedData/Build/Intermediates.noindex/PackAPrefPane.build/Debug-appletvos/PackAPrefPaneTests-p.build/Objects-normal/arm64/PackAPrefPaneTests.SwiftFileList -DSWIFT_PACKAGE -DDEBUG -DXcode -plugin-path /Applications/Xcode-27.0.0-Release.Candidate.app/Contents/Developer/Toolchains/XcodeDefault.xctoolchain/usr/lib/swift/host/plugins/testing -enable-experimental-feature DebugDescriptionMacro -sdk /Applications/Xcode-27.0.0-Release.Candidate.app/Contents/Developer/Platforms/AppleTVOS.platform/Developer/SDKs/AppleTVOS27.0.sdk -target arm64-apple-tvos17.0 -g -module-cache-path /Users/admin/builder/spi-builder-workspace/.derivedData/ModuleCache.noindex -Xfrontend -serialize-debugging-options -enable-testing -index-store-path /Users/admin/builder/spi-builder-workspace/.derivedData/Index.noindex/DataStore -Xcc -D_LIBCPP_HARDENING_MODE\=_LIBCPP_HARDENING_MODE_DEBUG -swift-version 5 -I /Users/admin/builder/spi-builder-workspace/.derivedData/Build/Products/Debug-appletvos -Isystem /Applications/Xcode-27.0.0-Release.Candidate.app/Contents/Developer/Platforms/AppleTVOS.platform/Developer/usr/lib -F /Users/admin/builder/spi-builder-workspace/.derivedData/Build/Products/Debug-appletvos/PackageFrameworks -F /Users/admin/builder/spi-builder-workspace/.derivedData/Build/Products/Debug-appletvos -F /Applications/Xcode-27.0.0-Release.Candidate.app/Contents/Developer/Platforms/AppleTVOS.platform/Developer/Library/Frameworks -F /Applications/Xcode-27.0.0-Release.Candidate.app/Contents/Developer/Platforms/AppleTVOS.platform/Developer/SDKs/AppleTVOS27.0.sdk/Developer/Library/Frameworks -emit-localized-strings -emit-localized-strings-path /Users/admin/builder/spi-builder-workspace/.derivedData/Build/Intermediates.noindex/PackAPrefPane.build/Debug-appletvos/PackAPrefPaneTests-p.build/Objects-normal/arm64 -c -j10 -enable-batch-mode -incremental -Xcc -ivfsstatcache -Xcc /Users/admin/builder/spi-builder-workspace/.derivedData/SDKStatCaches.noindex/appletvos27.0-24J360-e829b21a6f8c9b70876ba0858053c044b32bfd8d43560033f8d89884cdb90028.sdkstatcache -output-file-map /Users/admin/builder/spi-builder-workspace/.derivedData/Build/Intermediates.noindex/PackAPrefPane.build/Debug-appletvos/PackAPrefPaneTests-p.build/Objects-normal/arm64/PackAPrefPaneTests-OutputFileMap.json -save-temps -no-color-diagnostics -explicit-module-build -module-cache-path /Users/admin/builder/spi-builder-workspace/.derivedData/Build/Intermediates.noindex/SwiftExplicitPrecompiledModules -clang-scanner-module-cache-path /Users/admin/builder/spi-builder-workspace/.derivedData/ModuleCache.noindex -sdk-module-cache-path /Users/admin/builder/spi-builder-workspace/.derivedData/SDKExplicitPrecompiledModules -emit-dependencies -emit-module -emit-module-path /Users/admin/builder/spi-builder-workspace/.derivedData/Build/Intermediates.noindex/PackAPrefPane.build/Debug-appletvos/PackAPrefPaneTests-p.build/Objects-normal/arm64/PackAPrefPaneTests.swiftmodule -serialize-diagnostics -dependency-scan-serialize-diagnostics-path /Users/admin/builder/spi-builder-workspace/.derivedData/Build/Intermediates.noindex/PackAPrefPane.build/Debug-appletvos/PackAPrefPaneTests-p.build/Objects-normal/arm64/PackAPrefPaneTests-dependency-scan.dia -validate-clang-modules-once -clang-build-session-file /Users/admin/builder/spi-builder-workspace/.derivedData/ModuleCache.noindex/Session.modulevalidation -Xcc -fmodules-prune-interval\=86400 -Xcc -fmodules-prune-after\=345600 -emit-const-values -const-gather-protocols-list /Users/admin/builder/spi-builder-workspace/.derivedData/Build/Intermediates.noindex/PackAPrefPane.build/Debug-appletvos/PackAPrefPaneTests-p.build/Objects-normal/arm64/PackAPrefPaneTests_const_extract_protocols.json -Xcc -I/Users/admin/builder/spi-builder-workspace/.derivedData/Build/Products/Debug-appletvos/include -Xcc -I/Users/admin/builder/spi-builder-workspace/.derivedData/Build/Intermediates.noindex/PackAPrefPane.build/Debug-appletvos/PackAPrefPaneTests-p.build/DerivedSources-normal/arm64 -Xcc -I/Users/admin/builder/spi-builder-workspace/.derivedData/Build/Intermediates.noindex/PackAPrefPane.build/Debug-appletvos/PackAPrefPaneTests-p.build/DerivedSources/arm64 -Xcc -I/Users/admin/builder/spi-builder-workspace/.derivedData/Build/Intermediates.noindex/PackAPrefPane.build/Debug-appletvos/PackAPrefPaneTests-p.build/DerivedSources -Xcc -DSWIFT_PACKAGE -Xcc -DDEBUG\=1 -working-directory /Users/admin/builder/spi-builder-workspace/.swiftpm/xcode -experimental-emit-module-separately -disable-cmo
Copy /Users/admin/builder/spi-builder-workspace/.derivedData/Build/Products/Debug-appletvos/PackAPrefPaneTests.swiftmodule/arm64-apple-tvos.swiftdoc /Users/admin/builder/spi-builder-workspace/.derivedData/Build/Intermediates.noindex/PackAPrefPane.build/Debug-appletvos/PackAPrefPaneTests-p.build/Objects-normal/arm64/PackAPrefPaneTests.swiftdoc (in target 'PackAPrefPaneTests-product' from project 'PackAPrefPane')
    cd /Users/admin/builder/spi-builder-workspace
    builtin-copy -exclude .DS_Store -exclude CVS -exclude .svn -exclude .git -exclude .hg -resolve-src-symlinks -rename /Users/admin/builder/spi-builder-workspace/.derivedData/Build/Intermediates.noindex/PackAPrefPane.build/Debug-appletvos/PackAPrefPaneTests-p.build/Objects-normal/arm64/PackAPrefPaneTests.swiftdoc /Users/admin/builder/spi-builder-workspace/.derivedData/Build/Products/Debug-appletvos/PackAPrefPaneTests.swiftmodule/arm64-apple-tvos.swiftdoc
Copy /Users/admin/builder/spi-builder-workspace/.derivedData/Build/Products/Debug-appletvos/PackAPrefPaneTests.swiftmodule/arm64-apple-tvos.swiftmodule /Users/admin/builder/spi-builder-workspace/.derivedData/Build/Intermediates.noindex/PackAPrefPane.build/Debug-appletvos/PackAPrefPaneTests-p.build/Objects-normal/arm64/PackAPrefPaneTests.swiftmodule (in target 'PackAPrefPaneTests-product' from project 'PackAPrefPane')
    cd /Users/admin/builder/spi-builder-workspace
    builtin-copy -exclude .DS_Store -exclude CVS -exclude .svn -exclude .git -exclude .hg -resolve-src-symlinks -rename /Users/admin/builder/spi-builder-workspace/.derivedData/Build/Intermediates.noindex/PackAPrefPane.build/Debug-appletvos/PackAPrefPaneTests-p.build/Objects-normal/arm64/PackAPrefPaneTests.swiftmodule /Users/admin/builder/spi-builder-workspace/.derivedData/Build/Products/Debug-appletvos/PackAPrefPaneTests.swiftmodule/arm64-apple-tvos.swiftmodule
Copy /Users/admin/builder/spi-builder-workspace/.derivedData/Build/Products/Debug-appletvos/PackAPrefPaneTests.swiftmodule/arm64-apple-tvos.abi.json /Users/admin/builder/spi-builder-workspace/.derivedData/Build/Intermediates.noindex/PackAPrefPane.build/Debug-appletvos/PackAPrefPaneTests-p.build/Objects-normal/arm64/PackAPrefPaneTests.abi.json (in target 'PackAPrefPaneTests-product' from project 'PackAPrefPane')
    cd /Users/admin/builder/spi-builder-workspace
    builtin-copy -exclude .DS_Store -exclude CVS -exclude .svn -exclude .git -exclude .hg -resolve-src-symlinks -rename /Users/admin/builder/spi-builder-workspace/.derivedData/Build/Intermediates.noindex/PackAPrefPane.build/Debug-appletvos/PackAPrefPaneTests-p.build/Objects-normal/arm64/PackAPrefPaneTests.abi.json /Users/admin/builder/spi-builder-workspace/.derivedData/Build/Products/Debug-appletvos/PackAPrefPaneTests.swiftmodule/arm64-apple-tvos.abi.json
Copy /Users/admin/builder/spi-builder-workspace/.derivedData/Build/Products/Debug-appletvos/PackAPrefPaneTests.swiftmodule/Project/arm64-apple-tvos.swiftsourceinfo /Users/admin/builder/spi-builder-workspace/.derivedData/Build/Intermediates.noindex/PackAPrefPane.build/Debug-appletvos/PackAPrefPaneTests-p.build/Objects-normal/arm64/PackAPrefPaneTests.swiftsourceinfo (in target 'PackAPrefPaneTests-product' from project 'PackAPrefPane')
    cd /Users/admin/builder/spi-builder-workspace
    builtin-copy -exclude .DS_Store -exclude CVS -exclude .svn -exclude .git -exclude .hg -resolve-src-symlinks -rename /Users/admin/builder/spi-builder-workspace/.derivedData/Build/Intermediates.noindex/PackAPrefPane.build/Debug-appletvos/PackAPrefPaneTests-p.build/Objects-normal/arm64/PackAPrefPaneTests.swiftsourceinfo /Users/admin/builder/spi-builder-workspace/.derivedData/Build/Products/Debug-appletvos/PackAPrefPaneTests.swiftmodule/Project/arm64-apple-tvos.swiftsourceinfo
SwiftDriverJobDiscovery normal arm64 Compiling PrefPaneHelper.swift (in target 'PackAPrefPane' from project 'PackAPrefPane')
SwiftDriverJobDiscovery normal arm64 Compiling resource_bundle_accessor.swift (in target 'PackAPrefPane' from project 'PackAPrefPane')
SwiftDriverJobDiscovery normal arm64 Compiling PrefPaneData.swift (in target 'PackAPrefPane' from project 'PackAPrefPane')
SwiftDriverJobDiscovery normal arm64 Compiling PackAPrefPaneTests.swift (in target 'PackAPrefPaneTests-product' from project 'PackAPrefPane')
SwiftDriver\ Compilation PackAPrefPaneTests normal arm64 com.apple.xcode.tools.swift.compiler (in target 'PackAPrefPaneTests-product' from project 'PackAPrefPane')
    cd /Users/admin/builder/spi-builder-workspace/.swiftpm/xcode
    builtin-Swift-Compilation -- /Applications/Xcode-27.0.0-Release.Candidate.app/Contents/Developer/Toolchains/XcodeDefault.xctoolchain/usr/bin/swiftc -parse-as-library -module-name PackAPrefPaneTests -Onone @/Users/admin/builder/spi-builder-workspace/.derivedData/Build/Intermediates.noindex/PackAPrefPane.build/Debug-appletvos/PackAPrefPaneTests-p.build/Objects-normal/arm64/PackAPrefPaneTests.SwiftFileList -DSWIFT_PACKAGE -DDEBUG -DXcode -plugin-path /Applications/Xcode-27.0.0-Release.Candidate.app/Contents/Developer/Toolchains/XcodeDefault.xctoolchain/usr/lib/swift/host/plugins/testing -enable-experimental-feature DebugDescriptionMacro -sdk /Applications/Xcode-27.0.0-Release.Candidate.app/Contents/Developer/Platforms/AppleTVOS.platform/Developer/SDKs/AppleTVOS27.0.sdk -target arm64-apple-tvos17.0 -g -module-cache-path /Users/admin/builder/spi-builder-workspace/.derivedData/ModuleCache.noindex -Xfrontend -serialize-debugging-options -enable-testing -index-store-path /Users/admin/builder/spi-builder-workspace/.derivedData/Index.noindex/DataStore -Xcc -D_LIBCPP_HARDENING_MODE\=_LIBCPP_HARDENING_MODE_DEBUG -swift-version 5 -I /Users/admin/builder/spi-builder-workspace/.derivedData/Build/Products/Debug-appletvos -Isystem /Applications/Xcode-27.0.0-Release.Candidate.app/Contents/Developer/Platforms/AppleTVOS.platform/Developer/usr/lib -F /Users/admin/builder/spi-builder-workspace/.derivedData/Build/Products/Debug-appletvos/PackageFrameworks -F /Users/admin/builder/spi-builder-workspace/.derivedData/Build/Products/Debug-appletvos -F /Applications/Xcode-27.0.0-Release.Candidate.app/Contents/Developer/Platforms/AppleTVOS.platform/Developer/Library/Frameworks -F /Applications/Xcode-27.0.0-Release.Candidate.app/Contents/Developer/Platforms/AppleTVOS.platform/Developer/SDKs/AppleTVOS27.0.sdk/Developer/Library/Frameworks -emit-localized-strings -emit-localized-strings-path /Users/admin/builder/spi-builder-workspace/.derivedData/Build/Intermediates.noindex/PackAPrefPane.build/Debug-appletvos/PackAPrefPaneTests-p.build/Objects-normal/arm64 -c -j10 -enable-batch-mode -incremental -Xcc -ivfsstatcache -Xcc /Users/admin/builder/spi-builder-workspace/.derivedData/SDKStatCaches.noindex/appletvos27.0-24J360-e829b21a6f8c9b70876ba0858053c044b32bfd8d43560033f8d89884cdb90028.sdkstatcache -output-file-map /Users/admin/builder/spi-builder-workspace/.derivedData/Build/Intermediates.noindex/PackAPrefPane.build/Debug-appletvos/PackAPrefPaneTests-p.build/Objects-normal/arm64/PackAPrefPaneTests-OutputFileMap.json -save-temps -no-color-diagnostics -explicit-module-build -module-cache-path /Users/admin/builder/spi-builder-workspace/.derivedData/Build/Intermediates.noindex/SwiftExplicitPrecompiledModules -clang-scanner-module-cache-path /Users/admin/builder/spi-builder-workspace/.derivedData/ModuleCache.noindex -sdk-module-cache-path /Users/admin/builder/spi-builder-workspace/.derivedData/SDKExplicitPrecompiledModules -emit-dependencies -emit-module -emit-module-path /Users/admin/builder/spi-builder-workspace/.derivedData/Build/Intermediates.noindex/PackAPrefPane.build/Debug-appletvos/PackAPrefPaneTests-p.build/Objects-normal/arm64/PackAPrefPaneTests.swiftmodule -serialize-diagnostics -dependency-scan-serialize-diagnostics-path /Users/admin/builder/spi-builder-workspace/.derivedData/Build/Intermediates.noindex/PackAPrefPane.build/Debug-appletvos/PackAPrefPaneTests-p.build/Objects-normal/arm64/PackAPrefPaneTests-dependency-scan.dia -validate-clang-modules-once -clang-build-session-file /Users/admin/builder/spi-builder-workspace/.derivedData/ModuleCache.noindex/Session.modulevalidation -Xcc -fmodules-prune-interval\=86400 -Xcc -fmodules-prune-after\=345600 -emit-const-values -const-gather-protocols-list /Users/admin/builder/spi-builder-workspace/.derivedData/Build/Intermediates.noindex/PackAPrefPane.build/Debug-appletvos/PackAPrefPaneTests-p.build/Objects-normal/arm64/PackAPrefPaneTests_const_extract_protocols.json -Xcc -I/Users/admin/builder/spi-builder-workspace/.derivedData/Build/Products/Debug-appletvos/include -Xcc -I/Users/admin/builder/spi-builder-workspace/.derivedData/Build/Intermediates.noindex/PackAPrefPane.build/Debug-appletvos/PackAPrefPaneTests-p.build/DerivedSources-normal/arm64 -Xcc -I/Users/admin/builder/spi-builder-workspace/.derivedData/Build/Intermediates.noindex/PackAPrefPane.build/Debug-appletvos/PackAPrefPaneTests-p.build/DerivedSources/arm64 -Xcc -I/Users/admin/builder/spi-builder-workspace/.derivedData/Build/Intermediates.noindex/PackAPrefPane.build/Debug-appletvos/PackAPrefPaneTests-p.build/DerivedSources -Xcc -DSWIFT_PACKAGE -Xcc -DDEBUG\=1 -working-directory /Users/admin/builder/spi-builder-workspace/.swiftpm/xcode -experimental-emit-module-separately -disable-cmo
PruneExplicitPrecompiledModules /Users/admin/builder/spi-builder-workspace/.derivedData/Build/Intermediates.noindex/ExplicitPrecompiledModules
PruneExplicitPrecompiledModules /Users/admin/builder/spi-builder-workspace/.derivedData/SDKExplicitPrecompiledModules
PruneExplicitPrecompiledModules /Users/admin/builder/spi-builder-workspace/.derivedData/Build/Intermediates.noindex/SwiftExplicitPrecompiledModules
2026-09-17 22:25:04.964 xcodebuild[650:4228] [MT] IDERunDestination: Supported platforms for the buildables in the current scheme is empty.
2026-09-17 22:25:05.107 xcodebuild[650:4228] [MT] IDERunDestination: Supported platforms for the buildables in the current scheme is empty.
** BUILD FAILED **
The following build commands failed:
	SwiftCompile normal arm64 /Users/admin/builder/spi-builder-workspace/Sources/PackAPrefPane/Views/Help.swift (in target 'PackAPrefPane' from project 'PackAPrefPane')
	SwiftCompile normal arm64 Compiling\ Help.swift /Users/admin/builder/spi-builder-workspace/Sources/PackAPrefPane/Views/Help.swift (in target 'PackAPrefPane' from project 'PackAPrefPane')
	SwiftCompile normal arm64 Compiling\ Legal.swift /Users/admin/builder/spi-builder-workspace/Sources/PackAPrefPane/Views/Legal.swift (in target 'PackAPrefPane' from project 'PackAPrefPane')
	SwiftCompile normal arm64 /Users/admin/builder/spi-builder-workspace/Sources/PackAPrefPane/Views/Legal.swift (in target 'PackAPrefPane' from project 'PackAPrefPane')
	SwiftCompile normal arm64 Compiling\ About.swift /Users/admin/builder/spi-builder-workspace/Sources/PackAPrefPane/Views/About.swift (in target 'PackAPrefPane' from project 'PackAPrefPane')
	SwiftCompile normal arm64 /Users/admin/builder/spi-builder-workspace/Sources/PackAPrefPane/Views/About.swift (in target 'PackAPrefPane' from project 'PackAPrefPane')
	Building workspace PackAPrefPane with scheme PackAPrefPane
(7 failures)
Command line invocation:
    /Applications/Xcode-27.0.0-Release.Candidate.app/Contents/Developer/usr/bin/xcodebuild -IDEClonedSourcePackagesDirPathOverride=/Users/admin/builder/spi-builder-workspace/.dependencies -resolvePackageDependencies
Resolve Package Graph
Resolved source packages:
  PackAPrefPane: /Users/admin/builder/spi-builder-workspace
resolved source packages: PackAPrefPane
2026-09-17 22:25:14.273 xcodebuild[746:4697] [MT] IDERunDestination: Supported platforms for the buildables in the current scheme is empty.
2026-09-17 22:25:14.376 xcodebuild[746:4697] [MT] IDERunDestination: Supported platforms for the buildables in the current scheme is empty.
{
  "default_localization" : "en",
  "dependencies" : [
  ],
  "manifest_display_name" : "PackAPrefPane",
  "name" : "PackAPrefPane",
  "path" : "/Users/admin/builder/spi-builder-workspace",
  "platforms" : [
    {
      "name" : "macos",
      "version" : "11.0"
    },
    {
      "name" : "ios",
      "version" : "14.0"
    }
  ],
  "products" : [
    {
      "name" : "PackAPrefPane",
      "targets" : [
        "PackAPrefPane"
      ],
      "type" : {
        "library" : [
          "automatic"
        ]
      }
    }
  ],
  "targets" : [
    {
      "c99name" : "PackAPrefPaneTests",
      "module_type" : "SwiftTarget",
      "name" : "PackAPrefPaneTests",
      "path" : "Tests/PackAPrefPaneTests",
      "sources" : [
        "PackAPrefPaneTests.swift"
      ],
      "target_dependencies" : [
        "PackAPrefPane"
      ],
      "type" : "test"
    },
    {
      "c99name" : "PackAPrefPane",
      "module_type" : "SwiftTarget",
      "name" : "PackAPrefPane",
      "path" : "Sources/PackAPrefPane",
      "product_memberships" : [
        "PackAPrefPane"
      ],
      "resources" : [
        {
          "path" : "/Users/admin/builder/spi-builder-workspace/Sources/PackAPrefPane/Resources/en.lproj/Localizable.strings",
          "rule" : {
            "process" : {
              "localization" : "en"
            }
          }
        },
        {
          "path" : "/Users/admin/builder/spi-builder-workspace/Sources/PackAPrefPane/Resources/fr.lproj/Localizable.strings",
          "rule" : {
            "process" : {
              "localization" : "fr"
            }
          }
        }
      ],
      "sources" : [
        "PrefPaneData.swift",
        "PrefPaneHelper.swift",
        "Views/About.swift",
        "Views/Help.swift",
        "Views/Legal.swift",
        "Views/PackAPrefPane.swift"
      ],
      "type" : "library"
    }
  ],
  "tools_version" : "5.5"
}
{
  "workspace" : {
    "name" : "PackAPrefPane",
    "schemes" : [
      "PackAPrefPane"
    ]
  }
}
2026-09-17 22:25:15.487 xcodebuild[754:4769] [MT] IDERunDestination: Supported platforms for the buildables in the current scheme is empty.
2026-09-17 22:25:15.591 xcodebuild[754:4769] [MT] IDERunDestination: Supported platforms for the buildables in the current scheme is empty.
Running build ...
env DEVELOPER_DIR=/Applications/Xcode-27.0.0-Release.Candidate.app xcrun xcodebuild -IDEClonedSourcePackagesDirPathOverride=$PWD/.dependencies -skipMacroValidation -skipPackagePluginValidation -derivedDataPath $PWD/.derivedData build -scheme PackAPrefPane -destination generic/platform=tvOS
Command line invocation:
    /Applications/Xcode-27.0.0-Release.Candidate.app/Contents/Developer/usr/bin/xcodebuild -IDEClonedSourcePackagesDirPathOverride=/Users/admin/builder/spi-builder-workspace/.dependencies -skipMacroValidation -skipPackagePluginValidation -derivedDataPath /Users/admin/builder/spi-builder-workspace/.derivedData build -scheme PackAPrefPane -destination generic/platform=tvOS
Resolve Package Graph
Resolved source packages:
  PackAPrefPane: /Users/admin/builder/spi-builder-workspace
ComputePackagePrebuildTargetDependencyGraph
Prepare packages
CreateBuildRequest
SendProjectDescription
CreateBuildOperation
ComputeTargetDependencyGraph
note: Building targets in dependency order
note: Target dependency graph (4 targets)
    Target 'PackAPrefPaneTests-product' in project 'PackAPrefPane'
        ➜ Explicit dependency on target 'PackAPrefPane' in project 'PackAPrefPane'
    Target 'PackAPrefPane-product' in project 'PackAPrefPane'
        ➜ Explicit dependency on target 'PackAPrefPane' in project 'PackAPrefPane'
        ➜ Explicit dependency on target 'PackAPrefPane_PackAPrefPane' in project 'PackAPrefPane'
    Target 'PackAPrefPane' in project 'PackAPrefPane'
        ➜ Explicit dependency on target 'PackAPrefPane_PackAPrefPane' in project 'PackAPrefPane'
    Target 'PackAPrefPane_PackAPrefPane' in project 'PackAPrefPane' (no dependencies)
GatherProvisioningInputs
CreateBuildDescription
ClangStatCache /Applications/Xcode-27.0.0-Release.Candidate.app/Contents/Developer/Toolchains/XcodeDefault.xctoolchain/usr/bin/clang-stat-cache /Applications/Xcode-27.0.0-Release.Candidate.app/Contents/Developer/Platforms/AppleTVOS.platform/Developer/SDKs/AppleTVOS27.0.sdk /Users/admin/builder/spi-builder-workspace/.derivedData/SDKStatCaches.noindex/appletvos27.0-24J360-e829b21a6f8c9b70876ba0858053c044b32bfd8d43560033f8d89884cdb90028.sdkstatcache
    cd /Users/admin/builder/spi-builder-workspace/.swiftpm/xcode
    /Applications/Xcode-27.0.0-Release.Candidate.app/Contents/Developer/Toolchains/XcodeDefault.xctoolchain/usr/bin/clang-stat-cache /Applications/Xcode-27.0.0-Release.Candidate.app/Contents/Developer/Platforms/AppleTVOS.platform/Developer/SDKs/AppleTVOS27.0.sdk -o /Users/admin/builder/spi-builder-workspace/.derivedData/SDKStatCaches.noindex/appletvos27.0-24J360-e829b21a6f8c9b70876ba0858053c044b32bfd8d43560033f8d89884cdb90028.sdkstatcache
SwiftDriver PackAPrefPane normal arm64 com.apple.xcode.tools.swift.compiler (in target 'PackAPrefPane' from project 'PackAPrefPane')
    cd /Users/admin/builder/spi-builder-workspace/.swiftpm/xcode
    builtin-SwiftDriver -- /Applications/Xcode-27.0.0-Release.Candidate.app/Contents/Developer/Toolchains/XcodeDefault.xctoolchain/usr/bin/swiftc -parse-as-library -module-name PackAPrefPane -Onone @/Users/admin/builder/spi-builder-workspace/.derivedData/Build/Intermediates.noindex/PackAPrefPane.build/Debug-appletvos/PackAPrefPane-t.build/Objects-normal/arm64/PackAPrefPane.SwiftFileList -DSWIFT_PACKAGE -DDEBUG -DSWIFT_MODULE_RESOURCE_BUNDLE_AVAILABLE -DXcode -plugin-path /Applications/Xcode-27.0.0-Release.Candidate.app/Contents/Developer/Toolchains/XcodeDefault.xctoolchain/usr/lib/swift/host/plugins/testing -enable-experimental-feature DebugDescriptionMacro -sdk /Applications/Xcode-27.0.0-Release.Candidate.app/Contents/Developer/Platforms/AppleTVOS.platform/Developer/SDKs/AppleTVOS27.0.sdk -target arm64-apple-tvos15.0 -g -module-cache-path /Users/admin/builder/spi-builder-workspace/.derivedData/ModuleCache.noindex -Xfrontend -serialize-debugging-options -enable-testing -index-store-path /Users/admin/builder/spi-builder-workspace/.derivedData/Index.noindex/DataStore -Xcc -D_LIBCPP_HARDENING_MODE\=_LIBCPP_HARDENING_MODE_DEBUG -swift-version 5 -I /Users/admin/builder/spi-builder-workspace/.derivedData/Build/Products/Debug-appletvos -Isystem /Applications/Xcode-27.0.0-Release.Candidate.app/Contents/Developer/Platforms/AppleTVOS.platform/Developer/usr/lib -F /Users/admin/builder/spi-builder-workspace/.derivedData/Build/Products/Debug-appletvos -F /Applications/Xcode-27.0.0-Release.Candidate.app/Contents/Developer/Platforms/AppleTVOS.platform/Developer/Library/Frameworks -F /Applications/Xcode-27.0.0-Release.Candidate.app/Contents/Developer/Platforms/AppleTVOS.platform/Developer/SDKs/AppleTVOS27.0.sdk/Developer/Library/Frameworks -emit-localized-strings -emit-localized-strings-path /Users/admin/builder/spi-builder-workspace/.derivedData/Build/Intermediates.noindex/PackAPrefPane.build/Debug-appletvos/PackAPrefPane-t.build/Objects-normal/arm64 -c -j10 -enable-batch-mode -incremental -Xcc -ivfsstatcache -Xcc /Users/admin/builder/spi-builder-workspace/.derivedData/SDKStatCaches.noindex/appletvos27.0-24J360-e829b21a6f8c9b70876ba0858053c044b32bfd8d43560033f8d89884cdb90028.sdkstatcache -output-file-map /Users/admin/builder/spi-builder-workspace/.derivedData/Build/Intermediates.noindex/PackAPrefPane.build/Debug-appletvos/PackAPrefPane-t.build/Objects-normal/arm64/PackAPrefPane-OutputFileMap.json -save-temps -no-color-diagnostics -explicit-module-build -module-cache-path /Users/admin/builder/spi-builder-workspace/.derivedData/Build/Intermediates.noindex/SwiftExplicitPrecompiledModules -clang-scanner-module-cache-path /Users/admin/builder/spi-builder-workspace/.derivedData/ModuleCache.noindex -sdk-module-cache-path /Users/admin/builder/spi-builder-workspace/.derivedData/SDKExplicitPrecompiledModules -emit-dependencies -emit-module -emit-module-path /Users/admin/builder/spi-builder-workspace/.derivedData/Build/Intermediates.noindex/PackAPrefPane.build/Debug-appletvos/PackAPrefPane-t.build/Objects-normal/arm64/PackAPrefPane.swiftmodule -serialize-diagnostics -dependency-scan-serialize-diagnostics-path /Users/admin/builder/spi-builder-workspace/.derivedData/Build/Intermediates.noindex/PackAPrefPane.build/Debug-appletvos/PackAPrefPane-t.build/Objects-normal/arm64/PackAPrefPane-dependency-scan.dia -validate-clang-modules-once -clang-build-session-file /Users/admin/builder/spi-builder-workspace/.derivedData/ModuleCache.noindex/Session.modulevalidation -Xcc -fmodules-prune-interval\=86400 -Xcc -fmodules-prune-after\=345600 -emit-const-values -const-gather-protocols-list /Users/admin/builder/spi-builder-workspace/.derivedData/Build/Intermediates.noindex/PackAPrefPane.build/Debug-appletvos/PackAPrefPane-t.build/Objects-normal/arm64/PackAPrefPane_const_extract_protocols.json -Xcc -I/Users/admin/builder/spi-builder-workspace/.derivedData/Build/Products/Debug-appletvos/include -Xcc -I/Users/admin/builder/spi-builder-workspace/.derivedData/Build/Intermediates.noindex/PackAPrefPane.build/Debug-appletvos/PackAPrefPane-t.build/DerivedSources-normal/arm64 -Xcc -I/Users/admin/builder/spi-builder-workspace/.derivedData/Build/Intermediates.noindex/PackAPrefPane.build/Debug-appletvos/PackAPrefPane-t.build/DerivedSources/arm64 -Xcc -I/Users/admin/builder/spi-builder-workspace/.derivedData/Build/Intermediates.noindex/PackAPrefPane.build/Debug-appletvos/PackAPrefPane-t.build/DerivedSources -Xcc -DSWIFT_PACKAGE -Xcc -DDEBUG\=1 -emit-objc-header -emit-objc-header-path /Users/admin/builder/spi-builder-workspace/.derivedData/Build/Intermediates.noindex/PackAPrefPane.build/Debug-appletvos/PackAPrefPane-t.build/Objects-normal/arm64/PackAPrefPane-Swift.h -working-directory /Users/admin/builder/spi-builder-workspace/.swiftpm/xcode -experimental-emit-module-separately -disable-cmo
SwiftEmitModule normal arm64 Emitting\ module\ for\ PackAPrefPane (in target 'PackAPrefPane' from project 'PackAPrefPane')
SwiftCompile normal arm64 (in target 'PackAPrefPane' from project 'PackAPrefPane')
    cd /Users/admin/builder/spi-builder-workspace/.swiftpm/xcode

SwiftCompile normal arm64 Compiling\ Legal.swift /Users/admin/builder/spi-builder-workspace/Sources/PackAPrefPane/Views/Legal.swift (in target 'PackAPrefPane' from project 'PackAPrefPane')
SwiftCompile normal arm64 /Users/admin/builder/spi-builder-workspace/Sources/PackAPrefPane/Views/Legal.swift (in target 'PackAPrefPane' from project 'PackAPrefPane')
    cd /Users/admin/builder/spi-builder-workspace/.swiftpm/xcode
    builtin-SwiftPerFileCompile Legal.swift
SwiftCompile normal arm64 Compiling\ PackAPrefPane.swift /Users/admin/builder/spi-builder-workspace/Sources/PackAPrefPane/Views/PackAPrefPane.swift (in target 'PackAPrefPane' from project 'PackAPrefPane')
SwiftCompile normal arm64 /Users/admin/builder/spi-builder-workspace/Sources/PackAPrefPane/Views/PackAPrefPane.swift (in target 'PackAPrefPane' from project 'PackAPrefPane')
    cd /Users/admin/builder/spi-builder-workspace/.swiftpm/xcode
    builtin-SwiftPerFileCompile PackAPrefPane.swift
SwiftCompile normal arm64 Compiling\ Help.swift /Users/admin/builder/spi-builder-workspace/Sources/PackAPrefPane/Views/Help.swift (in target 'PackAPrefPane' from project 'PackAPrefPane')
SwiftCompile normal arm64 /Users/admin/builder/spi-builder-workspace/Sources/PackAPrefPane/Views/Help.swift (in target 'PackAPrefPane' from project 'PackAPrefPane')
    cd /Users/admin/builder/spi-builder-workspace/.swiftpm/xcode
    builtin-SwiftPerFileCompile Help.swift
SwiftCompile normal arm64 Compiling\ About.swift /Users/admin/builder/spi-builder-workspace/Sources/PackAPrefPane/Views/About.swift (in target 'PackAPrefPane' from project 'PackAPrefPane')
/Users/admin/builder/spi-builder-workspace/Sources/PackAPrefPane/Views/About.swift:60:13: error: 'DisclosureGroup' is unavailable in tvOS
 58 |     var body: some View {
 59 |         Section {
 60 |             DisclosureGroup(NSLocalizedString("Third-Party Code", tableName: "Localizable", bundle: .module, value: "", comment: ""), isExpanded: $thirdPartyCodeExpanded) {
    |             `- error: 'DisclosureGroup' is unavailable in tvOS
 61 |                 List {
 62 |                     ForEach(thirdPartyCode) { ThirdPartyCode in
SwiftUI.DisclosureGroup:4:27: note: 'DisclosureGroup' has been explicitly marked unavailable here
 2 | @available(tvOS, unavailable)
 3 | @available(watchOS, unavailable)
 4 | nonisolated public struct DisclosureGroup<Label, Content> : View, ~Sendable where Label : View, Content : View {
   |                           `- note: 'DisclosureGroup' has been explicitly marked unavailable here
 5 |     nonisolated public init(@ContentBuilder content: @escaping () -> Content, @ContentBuilder label: () -> Label)
 6 |     nonisolated public init(isExpanded: Binding<Bool>, @ContentBuilder content: @escaping () -> Content, @ContentBuilder label: () -> Label)
/Users/admin/builder/spi-builder-workspace/Sources/PackAPrefPane/Views/About.swift:60:13: error: 'init(_:isExpanded:content:)' is unavailable in tvOS
 58 |     var body: some View {
 59 |         Section {
 60 |             DisclosureGroup(NSLocalizedString("Third-Party Code", tableName: "Localizable", bundle: .module, value: "", comment: ""), isExpanded: $thirdPartyCodeExpanded) {
    |             `- error: 'init(_:isExpanded:content:)' is unavailable in tvOS
 61 |                 List {
 62 |                     ForEach(thirdPartyCode) { ThirdPartyCode in
SwiftUI.DisclosureGroup.init:2:20: note: 'init(_:isExpanded:content:)' has been explicitly marked unavailable here
1 | generic struct DisclosureGroup {
2 | nonisolated public init<S>(_ label: S, isExpanded: Binding<Bool>, @ContentBuilder content: @escaping () -> Content) where S : StringProtocol}
  |                    `- note: 'init(_:isExpanded:content:)' has been explicitly marked unavailable here
3 |
Failed frontend command:
/Applications/Xcode-27.0.0-Release.Candidate.app/Contents/Developer/Toolchains/XcodeDefault.xctoolchain/usr/bin/swift-frontend -frontend -c /Users/admin/builder/spi-builder-workspace/.derivedData/Build/Intermediates.noindex/PackAPrefPane.build/Debug-appletvos/PackAPrefPane-t.build/DerivedSources/resource_bundle_accessor.swift /Users/admin/builder/spi-builder-workspace/Sources/PackAPrefPane/PrefPaneData.swift /Users/admin/builder/spi-builder-workspace/Sources/PackAPrefPane/PrefPaneHelper.swift -primary-file /Users/admin/builder/spi-builder-workspace/Sources/PackAPrefPane/Views/About.swift /Users/admin/builder/spi-builder-workspace/Sources/PackAPrefPane/Views/Help.swift /Users/admin/builder/spi-builder-workspace/Sources/PackAPrefPane/Views/Legal.swift /Users/admin/builder/spi-builder-workspace/Sources/PackAPrefPane/Views/PackAPrefPane.swift -emit-dependencies-path /Users/admin/builder/spi-builder-workspace/.derivedData/Build/Intermediates.noindex/PackAPrefPane.build/Debug-appletvos/PackAPrefPane-t.build/Objects-normal/arm64/About.d -emit-const-values-path /Users/admin/builder/spi-builder-workspace/.derivedData/Build/Intermediates.noindex/PackAPrefPane.build/Debug-appletvos/PackAPrefPane-t.build/Objects-normal/arm64/About.swiftconstvalues -emit-reference-dependencies-path /Users/admin/builder/spi-builder-workspace/.derivedData/Build/Intermediates.noindex/PackAPrefPane.build/Debug-appletvos/PackAPrefPane-t.build/Objects-normal/arm64/About.swiftdeps -serialize-diagnostics-path /Users/admin/builder/spi-builder-workspace/.derivedData/Build/Intermediates.noindex/PackAPrefPane.build/Debug-appletvos/PackAPrefPane-t.build/Objects-normal/arm64/About.dia -emit-localized-strings -emit-localized-strings-path /Users/admin/builder/spi-builder-workspace/.derivedData/Build/Intermediates.noindex/PackAPrefPane.build/Debug-appletvos/PackAPrefPane-t.build/Objects-normal/arm64 -target arm64-apple-tvos15.0 -disable-cross-import-overlay-search -load-resolved-plugin /Applications/Xcode-27.0.0-Release.Candidate.app/Contents/Developer/Platforms/AppleTVOS.platform/Developer/usr/lib/swift/host/plugins/libFoundationMacros.dylib\#/Applications/Xcode-27.0.0-Release.Candidate.app/Contents/Developer/Platforms/AppleTVOS.platform/Developer/usr/bin/swift-plugin-server\#FoundationMacros -load-resolved-plugin /Applications/Xcode-27.0.0-Release.Candidate.app/Contents/Developer/Platforms/AppleTVOS.platform/Developer/usr/lib/swift/host/plugins/libObservationMacros.dylib\#/Applications/Xcode-27.0.0-Release.Candidate.app/Contents/Developer/Platforms/AppleTVOS.platform/Developer/usr/bin/swift-plugin-server\#ObservationMacros -load-resolved-plugin /Applications/Xcode-27.0.0-Release.Candidate.app/Contents/Developer/Platforms/AppleTVOS.platform/Developer/usr/lib/swift/host/plugins/libPreviewsMacros.dylib\#/Applications/Xcode-27.0.0-Release.Candidate.app/Contents/Developer/Platforms/AppleTVOS.platform/Developer/usr/bin/swift-plugin-server\#PreviewsMacros -load-resolved-plugin /Applications/Xcode-27.0.0-Release.Candidate.app/Contents/Developer/Platforms/AppleTVOS.platform/Developer/usr/lib/swift/host/plugins/libSwiftMacros.dylib\#/Applications/Xcode-27.0.0-Release.Candidate.app/Contents/Developer/Platforms/AppleTVOS.platform/Developer/usr/bin/swift-plugin-server\#SwiftMacros -load-resolved-plugin /Applications/Xcode-27.0.0-Release.Candidate.app/Contents/Developer/Platforms/AppleTVOS.platform/Developer/usr/lib/swift/host/plugins/libSwiftUIMacros.dylib\#/Applications/Xcode-27.0.0-Release.Candidate.app/Contents/Developer/Platforms/AppleTVOS.platform/Developer/usr/bin/swift-plugin-server\#SwiftUIMacros -disable-implicit-swift-modules -Xcc -fno-implicit-modules -Xcc -fno-implicit-module-maps -explicit-swift-module-map-file /Users/admin/builder/spi-builder-workspace/.derivedData/Build/Intermediates.noindex/PackAPrefPane.build/Debug-appletvos/PackAPrefPane-t.build/Objects-normal/arm64/PackAPrefPane-dependencies-1.json -Xllvm -aarch64-use-tbi -enable-objc-interop -stack-check -sdk /Applications/Xcode-27.0.0-Release.Candidate.app/Contents/Developer/Platforms/AppleTVOS.platform/Developer/SDKs/AppleTVOS27.0.sdk -I /Users/admin/builder/spi-builder-workspace/.derivedData/Build/Products/Debug-appletvos -Isystem /Applications/Xcode-27.0.0-Release.Candidate.app/Contents/Developer/Platforms/AppleTVOS.platform/Developer/usr/lib -F /Users/admin/builder/spi-builder-workspace/.derivedData/Build/Products/Debug-appletvos -F /Applications/Xcode-27.0.0-Release.Candidate.app/Contents/Developer/Platforms/AppleTVOS.platform/Developer/Library/Frameworks -F /Applications/Xcode-27.0.0-Release.Candidate.app/Contents/Developer/Platforms/AppleTVOS.platform/Developer/SDKs/AppleTVOS27.0.sdk/Developer/Library/Frameworks -module-cache-path /Users/admin/builder/spi-builder-workspace/.derivedData/Build/Intermediates.noindex/SwiftExplicitPrecompiledModules -no-color-diagnostics -Xcc -fno-color-diagnostics -enable-testing -g -debug-info-format\=dwarf -dwarf-version\=4 -swift-version 5 -Onone -D SWIFT_PACKAGE -D DEBUG -D SWIFT_MODULE_RESOURCE_BUNDLE_AVAILABLE -D Xcode -serialize-debugging-options -enable-experimental-feature DebugDescriptionMacro -empty-abi-descriptor -validate-clang-modules-once -clang-build-session-file /Users/admin/builder/spi-builder-workspace/.derivedData/ModuleCache.noindex/Session.modulevalidation -Xcc -working-directory -Xcc /Users/admin/builder/spi-builder-workspace/.swiftpm/xcode -enable-anonymous-context-mangled-names -file-compilation-dir /Users/admin/builder/spi-builder-workspace/.swiftpm/xcode -Xcc -D_LIBCPP_HARDENING_MODE\=_LIBCPP_HARDENING_MODE_DEBUG -Xcc -ivfsstatcache -Xcc /Users/admin/builder/spi-builder-workspace/.derivedData/SDKStatCaches.noindex/appletvos27.0-24J360-e829b21a6f8c9b70876ba0858053c044b32bfd8d43560033f8d89884cdb90028.sdkstatcache -Xcc -fmodules-prune-interval\=86400 -Xcc -fmodules-prune-after\=345600 -Xcc -I/Users/admin/builder/spi-builder-workspace/.derivedData/Build/Products/Debug-appletvos/include -Xcc -I/Users/admin/builder/spi-builder-workspace/.derivedData/Build/Intermediates.noindex/PackAPrefPane.build/Debug-appletvos/PackAPrefPane-t.build/DerivedSources-normal/arm64 -Xcc -I/Users/admin/builder/spi-builder-workspace/.derivedData/Build/Intermediates.noindex/PackAPrefPane.build/Debug-appletvos/PackAPrefPane-t.build/DerivedSources/arm64 -Xcc -I/Users/admin/builder/spi-builder-workspace/.derivedData/Build/Intermediates.noindex/PackAPrefPane.build/Debug-appletvos/PackAPrefPane-t.build/DerivedSources -Xcc -DSWIFT_PACKAGE -Xcc -DDEBUG\=1 -no-auto-bridging-header-chaining -module-name PackAPrefPane -const-gather-protocols-file /Users/admin/builder/spi-builder-workspace/.derivedData/Build/Intermediates.noindex/PackAPrefPane.build/Debug-appletvos/PackAPrefPane-t.build/Objects-normal/arm64/PackAPrefPane_const_extract_protocols.json -disable-clang-spi -clang-target arm64-apple-tvos27.0 -target-sdk-version 27.0 -target-sdk-name appletvos27.0 -in-process-plugin-server-path /Applications/Xcode-27.0.0-Release.Candidate.app/Contents/Developer/Toolchains/XcodeDefault.xctoolchain/usr/lib/swift/host/libSwiftInProcPluginServer.dylib -parse-as-library -o /Users/admin/builder/spi-builder-workspace/.derivedData/Build/Intermediates.noindex/PackAPrefPane.build/Debug-appletvos/PackAPrefPane-t.build/Objects-normal/arm64/About.o -debug-module-path /Users/admin/builder/spi-builder-workspace/.derivedData/Build/Intermediates.noindex/PackAPrefPane.build/Debug-appletvos/PackAPrefPane-t.build/Objects-normal/arm64/PackAPrefPane.swiftmodule -index-unit-output-path /PackAPrefPane.build/Debug-appletvos/PackAPrefPane-t.build/Objects-normal/arm64/About.o -index-store-path /Users/admin/builder/spi-builder-workspace/.derivedData/Index.noindex/DataStore -index-system-modules
SwiftCompile normal arm64 /Users/admin/builder/spi-builder-workspace/Sources/PackAPrefPane/Views/About.swift (in target 'PackAPrefPane' from project 'PackAPrefPane')
    cd /Users/admin/builder/spi-builder-workspace/.swiftpm/xcode
    builtin-SwiftPerFileCompile About.swift
PruneExplicitPrecompiledModules /Users/admin/builder/spi-builder-workspace/.derivedData/Build/Intermediates.noindex/ExplicitPrecompiledModules
PruneExplicitPrecompiledModules /Users/admin/builder/spi-builder-workspace/.derivedData/SDKExplicitPrecompiledModules
PruneExplicitPrecompiledModules /Users/admin/builder/spi-builder-workspace/.derivedData/Build/Intermediates.noindex/SwiftExplicitPrecompiledModules
2026-09-17 22:25:16.439 xcodebuild[755:4795] [MT] IDERunDestination: Supported platforms for the buildables in the current scheme is empty.
2026-09-17 22:25:16.543 xcodebuild[755:4795] [MT] IDERunDestination: Supported platforms for the buildables in the current scheme is empty.
** BUILD FAILED **
The following build commands failed:
	SwiftCompile normal arm64 Compiling\ About.swift /Users/admin/builder/spi-builder-workspace/Sources/PackAPrefPane/Views/About.swift (in target 'PackAPrefPane' from project 'PackAPrefPane')
	SwiftCompile normal arm64 /Users/admin/builder/spi-builder-workspace/Sources/PackAPrefPane/Views/About.swift (in target 'PackAPrefPane' from project 'PackAPrefPane')
	Building workspace PackAPrefPane with scheme PackAPrefPane
(3 failures)
BUILD FAILURE 6.4 tvOS