The Swift Package Index logo.Swift Package Index

Build Information

Failed to build StatusBarBadgeMaster, reference master (a4fa2f), with Swift 6.1 for macOS (SPM) on 11 Aug 2026 15:46:16 UTC.

Build Command

env DEVELOPER_DIR=/Applications/Xcode-16.3.0.app xcrun swift build --arch arm64

Build Log

========================================
RunAll
========================================
Builder version: undefined version: run 'make version' to update
Interrupt handler set up.
========================================
Checkout
========================================
Clone URL: https://github.com/moslienko/StatusBarBadgeMaster.git
Reference: master
Initialized empty Git repository in /Users/admin/builder/spi-builder-workspace/.git/
From https://github.com/moslienko/StatusBarBadgeMaster
 * branch            master     -> FETCH_HEAD
 * [new branch]      master     -> origin/master
HEAD is now at a4fa2f8 Merge pull request #1 from moslienko/develop
Cloned https://github.com/moslienko/StatusBarBadgeMaster.git
Revision (git rev-parse @):
a4fa2f8255d568096ba76e276d3dd6c0953897cb
SUCCESS checkout https://github.com/moslienko/StatusBarBadgeMaster.git at master
========================================
Build
========================================
Selected platform:         macosSpm
Swift version:             6.1
Building package at path:  $PWD
https://github.com/moslienko/StatusBarBadgeMaster.git
https://github.com/moslienko/StatusBarBadgeMaster.git
{
  "dependencies" : [
  ],
  "manifest_display_name" : "StatusBarBadgeMaster",
  "name" : "StatusBarBadgeMaster",
  "path" : "/Users/admin/builder/spi-builder-workspace",
  "platforms" : [
    {
      "name" : "ios",
      "version" : "12.0"
    }
  ],
  "products" : [
    {
      "name" : "StatusBarBadgeMaster",
      "targets" : [
        "StatusBarBadgeMaster"
      ],
      "type" : {
        "library" : [
          "automatic"
        ]
      }
    }
  ],
  "targets" : [
    {
      "c99name" : "StatusBarBadgeMasterTests",
      "module_type" : "SwiftTarget",
      "name" : "StatusBarBadgeMasterTests",
      "path" : "Tests/StatusBarBadgeMasterTests",
      "sources" : [
        "StatusBarBadgeMasterTests.swift"
      ],
      "target_dependencies" : [
        "StatusBarBadgeMaster"
      ],
      "type" : "test"
    },
    {
      "c99name" : "StatusBarBadgeMaster",
      "module_type" : "SwiftTarget",
      "name" : "StatusBarBadgeMaster",
      "path" : "Sources/StatusBarBadgeMaster",
      "product_memberships" : [
        "StatusBarBadgeMaster"
      ],
      "sources" : [
        "Data/BadgePosition.swift",
        "Data/Config/StatusBarBadgeConfig.swift",
        "Data/Config/StatusBarBadgeContainerConfig.swift",
        "Data/Config/StatusBarBadgeIconConfig.swift",
        "Data/Config/StatusBarBadgeTitleConfig.swift",
        "View/StatusBarBadgeView.swift"
      ],
      "type" : "library"
    }
  ],
  "tools_version" : "5.9"
}
Running build ...
env DEVELOPER_DIR=/Applications/Xcode-16.3.0.app xcrun swift build --arch arm64 -Xswiftc -Xfrontend -Xswiftc -stats-output-dir -Xswiftc -Xfrontend -Xswiftc .stats -Xswiftc -strict-concurrency=complete -Xswiftc -enable-upcoming-feature -Xswiftc StrictConcurrency -Xswiftc -enable-upcoming-feature -Xswiftc DisableOutwardActorInference -Xswiftc -enable-upcoming-feature -Xswiftc GlobalActorIsolatedTypesUsability -Xswiftc -enable-upcoming-feature -Xswiftc InferSendableFromCaptures
Building for debugging...
[0/2] Write sources
[1/2] Write swift-version-2F0A5646E1D333AE.txt
[3/9] Compiling StatusBarBadgeMaster StatusBarBadgeTitleConfig.swift
/Users/admin/builder/spi-builder-workspace/Sources/StatusBarBadgeMaster/Data/Config/StatusBarBadgeConfig.swift:9:8: error: no such module 'UIKit'
 7 |
 8 | import Foundation
 9 | import UIKit
   |        `- error: no such module 'UIKit'
10 |
11 | /// Basic status badge configuration.
[4/9] Compiling StatusBarBadgeMaster StatusBarBadgeView.swift
/Users/admin/builder/spi-builder-workspace/Sources/StatusBarBadgeMaster/Data/Config/StatusBarBadgeConfig.swift:9:8: error: no such module 'UIKit'
 7 |
 8 | import Foundation
 9 | import UIKit
   |        `- error: no such module 'UIKit'
10 |
11 | /// Basic status badge configuration.
error: emit-module command failed with exit code 1 (use -v to see invocation)
[5/9] Emitting module StatusBarBadgeMaster
/Users/admin/builder/spi-builder-workspace/Sources/StatusBarBadgeMaster/Data/Config/StatusBarBadgeConfig.swift:9:8: error: no such module 'UIKit'
 7 |
 8 | import Foundation
 9 | import UIKit
   |        `- error: no such module 'UIKit'
10 |
11 | /// Basic status badge configuration.
[6/9] Compiling StatusBarBadgeMaster StatusBarBadgeContainerConfig.swift
/Users/admin/builder/spi-builder-workspace/Sources/StatusBarBadgeMaster/Data/Config/StatusBarBadgeConfig.swift:9:8: error: no such module 'UIKit'
 7 |
 8 | import Foundation
 9 | import UIKit
   |        `- error: no such module 'UIKit'
10 |
11 | /// Basic status badge configuration.
[7/9] Compiling StatusBarBadgeMaster StatusBarBadgeIconConfig.swift
/Users/admin/builder/spi-builder-workspace/Sources/StatusBarBadgeMaster/Data/Config/StatusBarBadgeConfig.swift:9:8: error: no such module 'UIKit'
 7 |
 8 | import Foundation
 9 | import UIKit
   |        `- error: no such module 'UIKit'
10 |
11 | /// Basic status badge configuration.
[8/9] Compiling StatusBarBadgeMaster BadgePosition.swift
/Users/admin/builder/spi-builder-workspace/Sources/StatusBarBadgeMaster/Data/Config/StatusBarBadgeConfig.swift:9:8: error: no such module 'UIKit'
 7 |
 8 | import Foundation
 9 | import UIKit
   |        `- error: no such module 'UIKit'
10 |
11 | /// Basic status badge configuration.
[9/9] Compiling StatusBarBadgeMaster StatusBarBadgeConfig.swift
/Users/admin/builder/spi-builder-workspace/Sources/StatusBarBadgeMaster/Data/Config/StatusBarBadgeConfig.swift:9:8: error: no such module 'UIKit'
 7 |
 8 | import Foundation
 9 | import UIKit
   |        `- error: no such module 'UIKit'
10 |
11 | /// Basic status badge configuration.
Running build ...
env DEVELOPER_DIR=/Applications/Xcode-16.3.0.app xcrun swift build --arch arm64
[0/1] Planning build
Building for debugging...
[0/1] Write swift-version-2F0A5646E1D333AE.txt
error: emit-module command failed with exit code 1 (use -v to see invocation)
[2/8] Emitting module StatusBarBadgeMaster
/Users/admin/builder/spi-builder-workspace/Sources/StatusBarBadgeMaster/Data/Config/StatusBarBadgeConfig.swift:9:8: error: no such module 'UIKit'
 7 |
 8 | import Foundation
 9 | import UIKit
   |        `- error: no such module 'UIKit'
10 |
11 | /// Basic status badge configuration.
[3/8] Compiling StatusBarBadgeMaster StatusBarBadgeContainerConfig.swift
/Users/admin/builder/spi-builder-workspace/Sources/StatusBarBadgeMaster/Data/Config/StatusBarBadgeConfig.swift:9:8: error: no such module 'UIKit'
 7 |
 8 | import Foundation
 9 | import UIKit
   |        `- error: no such module 'UIKit'
10 |
11 | /// Basic status badge configuration.
[4/8] Compiling StatusBarBadgeMaster StatusBarBadgeIconConfig.swift
/Users/admin/builder/spi-builder-workspace/Sources/StatusBarBadgeMaster/Data/Config/StatusBarBadgeConfig.swift:9:8: error: no such module 'UIKit'
 7 |
 8 | import Foundation
 9 | import UIKit
   |        `- error: no such module 'UIKit'
10 |
11 | /// Basic status badge configuration.
[5/8] Compiling StatusBarBadgeMaster StatusBarBadgeView.swift
/Users/admin/builder/spi-builder-workspace/Sources/StatusBarBadgeMaster/Data/Config/StatusBarBadgeConfig.swift:9:8: error: no such module 'UIKit'
 7 |
 8 | import Foundation
 9 | import UIKit
   |        `- error: no such module 'UIKit'
10 |
11 | /// Basic status badge configuration.
[6/8] Compiling StatusBarBadgeMaster StatusBarBadgeConfig.swift
/Users/admin/builder/spi-builder-workspace/Sources/StatusBarBadgeMaster/Data/Config/StatusBarBadgeConfig.swift:9:8: error: no such module 'UIKit'
 7 |
 8 | import Foundation
 9 | import UIKit
   |        `- error: no such module 'UIKit'
10 |
11 | /// Basic status badge configuration.
[7/8] Compiling StatusBarBadgeMaster BadgePosition.swift
/Users/admin/builder/spi-builder-workspace/Sources/StatusBarBadgeMaster/Data/Config/StatusBarBadgeConfig.swift:9:8: error: no such module 'UIKit'
 7 |
 8 | import Foundation
 9 | import UIKit
   |        `- error: no such module 'UIKit'
10 |
11 | /// Basic status badge configuration.
[8/8] Compiling StatusBarBadgeMaster StatusBarBadgeTitleConfig.swift
/Users/admin/builder/spi-builder-workspace/Sources/StatusBarBadgeMaster/Data/Config/StatusBarBadgeConfig.swift:9:8: error: no such module 'UIKit'
 7 |
 8 | import Foundation
 9 | import UIKit
   |        `- error: no such module 'UIKit'
10 |
11 | /// Basic status badge configuration.
BUILD FAILURE 6.1 macosSpm