The Swift Package Index logo.Swift Package Index

Build Information

Failed to build ElevenLabs, reference main (e3b69b), with Swift 6.1 for Wasm on 3 Sep 2026 20:13:56 UTC.

Build Command

bash -c docker run --pull=always --rm -v "checkouts-54344849-0":/host -w "$PWD" -e JAVA_HOME="/root/.sdkman/candidates/java/current" -e SPI_BUILD="1" -e SPI_PROCESSING="1" registry.gitlab.com/saguaro1/spi-images:wasm-6.1-latest swift build --swift-sdk wasm32-unknown-wasi 2>&1

Build Log

========================================
RunAll
========================================
Builder version: 5.0.2
Interrupt handler set up.
========================================
Checkout
========================================
Clone URL: https://github.com/atacan/ElevenLabs.git
Reference: main
Initialized empty Git repository in /host/spi-builder-workspace/.git/
hint: Using 'master' as the name for the initial branch. This default branch name
hint: is subject to change. To configure the initial branch name to use in all
hint: of your new repositories, which will suppress this warning, call:
hint:
hint: 	git config --global init.defaultBranch <name>
hint:
hint: Names commonly chosen instead of 'master' are 'main', 'trunk' and
hint: 'development'. The just-created branch can be renamed via this command:
hint:
hint: 	git branch -m <name>
From https://github.com/atacan/ElevenLabs
 * branch            main       -> FETCH_HEAD
 * [new branch]      main       -> origin/main
HEAD is now at e3b69b6 test endpoints model list and voice list
Cloned https://github.com/atacan/ElevenLabs.git
Revision (git rev-parse @):
e3b69b6b70ad7756bb673f5c10747e38da6d2c53
SUCCESS checkout https://github.com/atacan/ElevenLabs.git at main
========================================
Build
========================================
Selected platform:         wasm
Swift version:             6.1
Building package at path:  $PWD
https://github.com/atacan/ElevenLabs.git
https://github.com/atacan/ElevenLabs.git
WARNING: environment variable SUPPRESS_SWIFT_6_FLAGS is not set
Running build ...
bash -c docker run --pull=always --rm -v "checkouts-54344849-0":/host -w "$PWD" -e JAVA_HOME="/root/.sdkman/candidates/java/current" -e SPI_BUILD="1" -e SPI_PROCESSING="1" registry.gitlab.com/saguaro1/spi-images:wasm-6.1-latest swift build --swift-sdk wasm32-unknown-wasi -Xswiftc -Xfrontend -Xswiftc -stats-output-dir -Xswiftc -Xfrontend -Xswiftc .stats -Xswiftc -strict-concurrency=complete -Xswiftc -enable-upcoming-feature -Xswiftc StrictConcurrency -Xswiftc -enable-upcoming-feature -Xswiftc DisableOutwardActorInference -Xswiftc -enable-upcoming-feature -Xswiftc GlobalActorIsolatedTypesUsability -Xswiftc -enable-upcoming-feature -Xswiftc InferSendableFromCaptures 2>&1
wasm-6.1-latest: Pulling from saguaro1/spi-images
Digest: sha256:290f441d1f5b7bf0dbbe61e8b7514208804cdcb507d57b3c762463ad036298f7
Status: Image is up to date for registry.gitlab.com/saguaro1/spi-images:wasm-6.1-latest
Fetching https://github.com/atacan/UsefulThings
[1/248] Fetching usefulthings
Fetched https://github.com/atacan/UsefulThings from cache (0.51s)
Fetching https://github.com/apple/swift-openapi-generator.git
Fetching https://github.com/apple/swift-openapi-runtime.git
Fetching https://github.com/swift-server/swift-openapi-async-http-client
[1/650] Fetching swift-openapi-async-http-client
[651/7534] Fetching swift-openapi-async-http-client, swift-openapi-runtime
Fetched https://github.com/swift-server/swift-openapi-async-http-client from cache (0.59s)
Fetched https://github.com/apple/swift-openapi-runtime.git from cache (0.59s)
[1/18296] Fetching swift-openapi-generator
Fetched https://github.com/apple/swift-openapi-generator.git from cache (0.88s)
Computing version for https://github.com/swift-server/swift-openapi-async-http-client
Computed https://github.com/swift-server/swift-openapi-async-http-client at 1.5.0 (1.84s)
Fetching https://github.com/swift-server/async-http-client.git
Fetching https://github.com/apple/swift-http-types
[1/1889] Fetching swift-http-types
[1890/18058] Fetching swift-http-types, async-http-client
Fetched https://github.com/apple/swift-http-types from cache (0.98s)
Fetched https://github.com/swift-server/async-http-client.git from cache (0.98s)
Computing version for https://github.com/apple/swift-openapi-runtime.git
Computed https://github.com/apple/swift-openapi-runtime.git at 1.12.1 (1.22s)
Computing version for https://github.com/apple/swift-openapi-generator.git
Computed https://github.com/apple/swift-openapi-generator.git at 1.13.1 (0.28s)
Fetching https://github.com/jpsim/Yams
Fetching https://github.com/apple/swift-algorithms
Fetching https://github.com/apple/swift-argument-parser
Fetching https://github.com/mattpolzin/OpenAPIKit
[1/6134] Fetching swift-algorithms
[6135/17995] Fetching swift-algorithms, yams
[6136/36766] Fetching swift-algorithms, yams, swift-argument-parser
Fetched https://github.com/jpsim/Yams from cache (1.27s)
[1/166027] Fetching openapikit
Fetched https://github.com/apple/swift-algorithms from cache (4.57s)
Fetched https://github.com/apple/swift-argument-parser from cache (4.57s)
Fetched https://github.com/mattpolzin/OpenAPIKit from cache (4.63s)
Computing version for https://github.com/mattpolzin/OpenAPIKit
Computed https://github.com/mattpolzin/OpenAPIKit at 6.2.0 (4.86s)
Computing version for https://github.com/apple/swift-algorithms
Computed https://github.com/apple/swift-algorithms at 1.2.1 (0.91s)
Fetching https://github.com/apple/swift-numerics.git
[1/6559] Fetching swift-numerics
Fetched https://github.com/apple/swift-numerics.git from cache (0.58s)
Computing version for https://github.com/apple/swift-numerics.git
Computed https://github.com/apple/swift-numerics.git at 1.1.1 (0.80s)
Computing version for https://github.com/apple/swift-http-types
Computed https://github.com/apple/swift-http-types at 1.7.0 (0.24s)
Computing version for https://github.com/apple/swift-argument-parser
Computed https://github.com/apple/swift-argument-parser at 1.8.2 (0.22s)
Computing version for https://github.com/swift-server/async-http-client.git
Computed https://github.com/swift-server/async-http-client.git at 1.36.1 (0.24s)
Fetching https://github.com/apple/swift-nio-extras.git
Fetching https://github.com/apple/swift-log.git
Fetching https://github.com/apple/swift-atomics.git
Fetching https://github.com/apple/swift-nio-transport-services.git
Fetching https://github.com/apple/swift-distributed-tracing.git
Fetching https://github.com/apple/swift-nio-http2.git
[1/2860] Fetching swift-nio-transport-services
[173/8867] Fetching swift-nio-transport-services, swift-distributed-tracing
[8868/16868] Fetching swift-nio-transport-services, swift-distributed-tracing, swift-log
[8869/23537] Fetching swift-nio-transport-services, swift-distributed-tracing, swift-log, swift-nio-extras
[8870/25412] Fetching swift-nio-transport-services, swift-distributed-tracing, swift-log, swift-nio-extras, swift-atomics
Fetched https://github.com/apple/swift-distributed-tracing.git from cache (0.51s)
[5129/19405] Fetching swift-nio-transport-services, swift-log, swift-nio-extras, swift-atomics
Fetching https://github.com/apple/swift-nio-ssl.git
Fetched https://github.com/apple/swift-atomics.git from cache (0.62s)
Fetched https://github.com/apple/swift-nio-extras.git from cache (0.62s)
Fetched https://github.com/apple/swift-log.git from cache (0.62s)
Fetching https://github.com/apple/swift-nio.git
[1/12249] Fetching swift-nio-http2
Fetched https://github.com/apple/swift-nio-transport-services.git from cache (0.96s)
Fetched https://github.com/apple/swift-nio-http2.git from cache (0.96s)
[1/16032] Fetching swift-nio-ssl
[16033/101741] Fetching swift-nio-ssl, swift-nio
Fetched https://github.com/apple/swift-nio-ssl.git from cache (1.35s)
[15428/85709] Fetching swift-nio
Fetched https://github.com/apple/swift-nio.git from cache (3.02s)
Computing version for https://github.com/apple/swift-distributed-tracing.git
Computed https://github.com/apple/swift-distributed-tracing.git at 1.4.1 (3.87s)
Fetching https://github.com/apple/swift-service-context.git
[1/1324] Fetching swift-service-context
Fetched https://github.com/apple/swift-service-context.git from cache (0.47s)
Computing version for https://github.com/apple/swift-service-context.git
Computed https://github.com/apple/swift-service-context.git at 1.3.0 (0.69s)
Computing version for https://github.com/apple/swift-atomics.git
Computed https://github.com/apple/swift-atomics.git at 1.3.1 (0.22s)
Computing version for https://github.com/apple/swift-nio.git
Computed https://github.com/apple/swift-nio.git at 2.102.0 (0.44s)
Fetching https://github.com/apple/swift-system.git
Fetching https://github.com/apple/swift-collections.git
[1/6854] Fetching swift-system
[2058/33987] Fetching swift-system, swift-collections
Fetched https://github.com/apple/swift-system.git from cache (1.12s)
Fetched https://github.com/apple/swift-collections.git from cache (1.13s)
Computing version for https://github.com/apple/swift-nio-transport-services.git
Computed https://github.com/apple/swift-nio-transport-services.git at 1.28.0 (1.37s)
Computing version for https://github.com/apple/swift-nio-http2.git
Computed https://github.com/apple/swift-nio-http2.git at 1.46.0 (0.24s)
Computing version for https://github.com/apple/swift-log.git
Computed https://github.com/apple/swift-log.git at 1.15.0 (0.23s)
Computing version for https://github.com/apple/swift-nio-ssl.git
Computed https://github.com/apple/swift-nio-ssl.git at 2.37.4 (0.26s)
Computing version for https://github.com/apple/swift-collections.git
Computed https://github.com/apple/swift-collections.git at 1.6.0 (0.32s)
Computing version for https://github.com/apple/swift-nio-extras.git
Computed https://github.com/apple/swift-nio-extras.git at 1.35.1 (0.33s)
Fetching https://github.com/apple/swift-async-algorithms.git
Fetching https://github.com/swift-server/swift-service-lifecycle.git
Fetching https://github.com/apple/swift-asn1.git
Fetching https://github.com/apple/swift-http-structured-headers.git
Fetching https://github.com/apple/swift-certificates.git
[1/1253] Fetching swift-http-structured-headers
[127/3192] Fetching swift-http-structured-headers, swift-asn1
[3058/6014] Fetching swift-http-structured-headers, swift-asn1, swift-service-lifecycle
Fetched https://github.com/apple/swift-asn1.git from cache (0.47s)
[2015/4075] Fetching swift-http-structured-headers, swift-service-lifecycle
[3202/11606] Fetching swift-http-structured-headers, swift-service-lifecycle, swift-certificates
Fetched https://github.com/swift-server/swift-service-lifecycle.git from cache (0.53s)
[6299/8784] Fetching swift-http-structured-headers, swift-certificates
[8785/15500] Fetching swift-http-structured-headers, swift-certificates, swift-async-algorithms
Fetched https://github.com/apple/swift-http-structured-headers.git from cache (0.76s)
Fetched https://github.com/apple/swift-async-algorithms.git from cache (0.76s)
Fetched https://github.com/apple/swift-certificates.git from cache (0.76s)
Computing version for https://github.com/swift-server/swift-service-lifecycle.git
Computed https://github.com/swift-server/swift-service-lifecycle.git at 2.12.0 (0.99s)
Computing version for https://github.com/apple/swift-async-algorithms.git
Computed https://github.com/apple/swift-async-algorithms.git at 1.1.5 (0.26s)
Computing version for https://github.com/apple/swift-http-structured-headers.git
Computed https://github.com/apple/swift-http-structured-headers.git at 1.7.0 (0.22s)
Computing version for https://github.com/apple/swift-asn1.git
Computed https://github.com/apple/swift-asn1.git at 1.7.2 (0.25s)
Computing version for https://github.com/apple/swift-certificates.git
Computed https://github.com/apple/swift-certificates.git at 1.20.0 (0.27s)
Fetching https://github.com/apple/swift-crypto.git
[1/18465] Fetching swift-crypto
Fetched https://github.com/apple/swift-crypto.git from cache (1.12s)
Computing version for https://github.com/apple/swift-system.git
Computed https://github.com/apple/swift-system.git at 1.8.1 (1.38s)
Computing version for https://github.com/apple/swift-crypto.git
Computed https://github.com/apple/swift-crypto.git at 4.5.2 (0.78s)
Computing version for https://github.com/jpsim/Yams
Computed https://github.com/jpsim/Yams at 6.2.2 (0.21s)
Creating working copy for https://github.com/apple/swift-openapi-runtime.git
Working copy of https://github.com/apple/swift-openapi-runtime.git resolved at 1.12.1
Creating working copy for https://github.com/apple/swift-atomics.git
Working copy of https://github.com/apple/swift-atomics.git resolved at 1.3.1
Creating working copy for https://github.com/swift-server/swift-openapi-async-http-client
Working copy of https://github.com/swift-server/swift-openapi-async-http-client resolved at 1.5.0
Creating working copy for https://github.com/mattpolzin/OpenAPIKit
Working copy of https://github.com/mattpolzin/OpenAPIKit resolved at 6.2.0
Creating working copy for https://github.com/apple/swift-service-context.git
Working copy of https://github.com/apple/swift-service-context.git resolved at 1.3.0
Creating working copy for https://github.com/apple/swift-log.git
Working copy of https://github.com/apple/swift-log.git resolved at 1.15.0
Creating working copy for https://github.com/apple/swift-crypto.git
Working copy of https://github.com/apple/swift-crypto.git resolved at 4.5.2
Creating working copy for https://github.com/apple/swift-system.git
Working copy of https://github.com/apple/swift-system.git resolved at 1.8.1
Creating working copy for https://github.com/apple/swift-algorithms
Working copy of https://github.com/apple/swift-algorithms resolved at 1.2.1
Creating working copy for https://github.com/apple/swift-nio-http2.git
Working copy of https://github.com/apple/swift-nio-http2.git resolved at 1.46.0
Creating working copy for https://github.com/apple/swift-nio.git
Working copy of https://github.com/apple/swift-nio.git resolved at 2.102.0
Creating working copy for https://github.com/apple/swift-nio-extras.git
Working copy of https://github.com/apple/swift-nio-extras.git resolved at 1.35.1
Creating working copy for https://github.com/apple/swift-collections.git
Working copy of https://github.com/apple/swift-collections.git resolved at 1.6.0
Creating working copy for https://github.com/apple/swift-distributed-tracing.git
Working copy of https://github.com/apple/swift-distributed-tracing.git resolved at 1.4.1
Creating working copy for https://github.com/atacan/UsefulThings
Working copy of https://github.com/atacan/UsefulThings resolved at main (3ba180c)
Creating working copy for https://github.com/apple/swift-nio-transport-services.git
Working copy of https://github.com/apple/swift-nio-transport-services.git resolved at 1.28.0
Creating working copy for https://github.com/apple/swift-numerics.git
Working copy of https://github.com/apple/swift-numerics.git resolved at 1.1.1
Creating working copy for https://github.com/apple/swift-certificates.git
Working copy of https://github.com/apple/swift-certificates.git resolved at 1.20.0
Creating working copy for https://github.com/apple/swift-asn1.git
Working copy of https://github.com/apple/swift-asn1.git resolved at 1.7.2
Creating working copy for https://github.com/apple/swift-openapi-generator.git
Working copy of https://github.com/apple/swift-openapi-generator.git resolved at 1.13.1
Creating working copy for https://github.com/apple/swift-http-types
Working copy of https://github.com/apple/swift-http-types resolved at 1.7.0
Creating working copy for https://github.com/apple/swift-nio-ssl.git
Working copy of https://github.com/apple/swift-nio-ssl.git resolved at 2.37.4
Creating working copy for https://github.com/jpsim/Yams
Working copy of https://github.com/jpsim/Yams resolved at 6.2.2
Creating working copy for https://github.com/apple/swift-argument-parser
Working copy of https://github.com/apple/swift-argument-parser resolved at 1.8.2
Creating working copy for https://github.com/swift-server/async-http-client.git
Working copy of https://github.com/swift-server/async-http-client.git resolved at 1.36.1
Creating working copy for https://github.com/apple/swift-http-structured-headers.git
Working copy of https://github.com/apple/swift-http-structured-headers.git resolved at 1.7.0
Creating working copy for https://github.com/swift-server/swift-service-lifecycle.git
Working copy of https://github.com/swift-server/swift-service-lifecycle.git resolved at 2.12.0
Creating working copy for https://github.com/apple/swift-async-algorithms.git
Working copy of https://github.com/apple/swift-async-algorithms.git resolved at 1.1.5
[1/1] Compiling plugin OpenAPIGeneratorCommand
[2/2] Compiling plugin OpenAPIGenerator
[3/3] Compiling plugin GenerateManual
[4/4] Compiling plugin GenerateDoccReference
Building for debugging...
[4/462] Write sources
[32/462] Compiling _CWASI _CWASI.c
[32/462] Compiling CNIOWindows WSAStartup.c
[34/462] Compiling CNIOWASI CNIOWASI.c
[35/462] Compiling _NumericsShims _NumericsShims.c
[36/462] Compiling CNIOWindows shim.c
[37/462] Compiling _AtomicsShims.c
[37/462] Compiling CNIOPosix event_loop_id.c
[39/462] Compiling CNIOOpenBSD shim.c
[40/462] Compiling CNIOLinux liburing_shims.c
[41/462] Compiling CNIOLinux shim.c
[42/462] Compiling CNIOFreeBSD shim.c
[43/462] Compiling CNIOLLHTTP c_nio_http.c
[44/462] Compiling CNIOExtrasZlib zutil.c
[45/462] Compiling CNIOLLHTTP c_nio_api.c
[46/462] Compiling CNIOExtrasZlib inftrees.c
[47/462] Compiling CNIOExtrasZlib inffast.c
[48/462] Compiling CNIODarwin shim.c
[49/462] Compiling CNIOExtrasZlib trees.c
[50/462] Compiling CNIOExtrasZlib adler32.c
[51/462] Compiling CNIOExtrasZlib crc32.c
[52/462] Compiling CNIOExtrasZlib inflate.c
[53/462] Compiling fiat_p256_adx_sqr.S
[54/462] Compiling fiat_p256_adx_mul.S
[55/462] Compiling fiat_curve25519_adx_square.S
[56/462] Compiling CNIOExtrasZlib deflate.c
[57/462] Compiling fiat_curve25519_adx_mul.S
[58/462] Write swift-version-24593BA9C3E375BF.txt
[59/466] Compiling CNIOBoringSSLShims shims.c
[60/468] Compiling CNIOLLHTTP c_nio_llhttp.c
In file included from /host/spi-builder-workspace/.build/checkouts/swift-nio-ssl/Sources/CNIOBoringSSL/ssl/tls13_client.cc:30:
/host/spi-builder-workspace/.build/checkouts/swift-nio-ssl/Sources/CNIOBoringSSL/ssl/../crypto/internal.h:32:10: fatal error: 'pthread.h' file not found
   32 | #include <pthread.h>
      |          ^~~~~~~~~~~
1 error generated.
[61/471] Compiling tls13_client.cc
In file included from /host/spi-builder-workspace/.build/checkouts/swift-nio-ssl/Sources/CNIOBoringSSL/ssl/tls13_server.cc:32:
/host/spi-builder-workspace/.build/checkouts/swift-nio-ssl/Sources/CNIOBoringSSL/ssl/../crypto/internal.h:32:10: fatal error: 'pthread.h' file not found
   32 | #include <pthread.h>
      |          ^~~~~~~~~~~
1 error generated.
[61/471] Compiling tls13_server.cc
[62/471] Emitting module _NIOBase64
<unknown>:0: warning: upcoming feature 'InferSendableFromCaptures' is already enabled as of Swift version 6
<unknown>:0: warning: upcoming feature 'GlobalActorIsolatedTypesUsability' is already enabled as of Swift version 6
<unknown>:0: warning: upcoming feature 'DisableOutwardActorInference' is already enabled as of Swift version 6
[62/471] Compiling tls_method.cc
In file included from /host/spi-builder-workspace/.build/checkouts/swift-nio-ssl/Sources/CNIOBoringSSL/ssl/tls13_enc.cc:34:
/host/spi-builder-workspace/.build/checkouts/swift-nio-ssl/Sources/CNIOBoringSSL/ssl/../crypto/internal.h:32:10: fatal error: 'pthread.h' file not found
   32 | #include <pthread.h>
      |          ^~~~~~~~~~~
[62/471] Compiling tls13_enc.cc
<unknown>:0: warning: upcoming feature 'InferSendableFromCaptures' is already enabled as of Swift version 6
<unknown>:0: warning: upcoming feature 'GlobalActorIsolatedTypesUsability' is already enabled as of Swift version 6
<unknown>:0: warning: upcoming feature 'DisableOutwardActorInference' is already enabled as of Swift version 6
<unknown>:0: warning: upcoming feature 'InferSendableFromCaptures' is already enabled as of Swift version 6
<unknown>:0: warning: upcoming feature 'GlobalActorIsolatedTypesUsability' is already enabled as of Swift version 6
<unknown>:0: warning: upcoming feature 'DisableOutwardActorInference' is already enabled as of Swift version 6
In file included from /host/spi-builder-workspace/.build/checkouts/swift-nio-ssl/Sources/CNIOBoringSSL/ssl/tls_record.cc:19:
/host/spi-builder-workspace/.build/checkouts/swift-nio-ssl/Sources/CNIOBoringSSL/ssl/../crypto/internal.h:32:10: fatal error: 'pthread.h' file not found
   32 | #include <pthread.h>
      |          ^~~~~~~~~~~
[62/471] Compiling tls_record.cc
Running build ...
bash -c docker run --pull=always --rm -v "checkouts-54344849-0":/host -w "$PWD" -e JAVA_HOME="/root/.sdkman/candidates/java/current" -e SPI_BUILD="1" -e SPI_PROCESSING="1" registry.gitlab.com/saguaro1/spi-images:wasm-6.1-latest swift build --swift-sdk wasm32-unknown-wasi 2>&1
wasm-6.1-latest: Pulling from saguaro1/spi-images
Digest: sha256:290f441d1f5b7bf0dbbe61e8b7514208804cdcb507d57b3c762463ad036298f7
Status: Image is up to date for registry.gitlab.com/saguaro1/spi-images:wasm-6.1-latest
[0/1] Planning build
[1/1] Compiling plugin OpenAPIGeneratorCommand
[2/2] Compiling plugin OpenAPIGenerator
[3/3] Compiling plugin GenerateManual
[4/4] Compiling plugin GenerateDoccReference
Building for debugging...
In file included from /host/spi-builder-workspace/.build/checkouts/swift-nio-ssl/Sources/CNIOBoringSSL/ssl/tls13_client.cc:30:
/host/spi-builder-workspace/.build/checkouts/swift-nio-ssl/Sources/CNIOBoringSSL/ssl/../crypto/internal.h:32:10: fatal error: 'pthread.h' file not found
   32 | #include <pthread.h>
      |          ^~~~~~~~~~~
1 error generated.
[4/406] Compiling tls13_client.cc
In file included from /host/spi-builder-workspace/.build/checkouts/swift-nio-ssl/Sources/CNIOBoringSSL/ssl/tls13_server.cc:32:
/host/spi-builder-workspace/.build/checkouts/swift-nio-ssl/Sources/CNIOBoringSSL/ssl/../crypto/internal.h:32:10: fatal error: 'pthread.h' file not found
   32 | #include <pthread.h>
      |          ^~~~~~~~~~~
[4/406] Compiling tls13_server.cc
In file included from /host/spi-builder-workspace/.build/checkouts/swift-nio-ssl/Sources/CNIOBoringSSL/ssl/tls13_both.cc:29:
/host/spi-builder-workspace/.build/checkouts/swift-nio-ssl/Sources/CNIOBoringSSL/ssl/../crypto/internal.h:32:10: fatal error: 'pthread.h' file not found
   32 | #include <pthread.h>
      |          ^~~~~~~~~~~
[4/406] Compiling tls13_both.cc
In file included from /host/spi-builder-workspace/.build/checkouts/swift-nio-ssl/Sources/CNIOBoringSSL/ssl/tls_method.cc:17:
/host/spi-builder-workspace/.build/checkouts/swift-nio-ssl/Sources/CNIOBoringSSL/ssl/../crypto/internal.h:32:10: fatal error: 'pthread.h' file not found
   32 | #include <pthread.h>
      |          ^~~~~~~~~~~
[4/406] Compiling tls_method.cc
In file included from /host/spi-builder-workspace/.build/checkouts/swift-nio-ssl/Sources/CNIOBoringSSL/ssl/t1_enc.cc:28:
/host/spi-builder-workspace/.build/checkouts/swift-nio-ssl/Sources/CNIOBoringSSL/ssl/../crypto/internal.h:32:10: fatal error: 'pthread.h' file not found
   32 | #include <pthread.h>
      |          ^~~~~~~~~~~
[4/406] Compiling t1_enc.cc
In file included from /host/spi-builder-workspace/.build/checkouts/swift-nio-ssl/Sources/CNIOBoringSSL/ssl/tls_record.cc:19:
/host/spi-builder-workspace/.build/checkouts/swift-nio-ssl/Sources/CNIOBoringSSL/ssl/../crypto/internal.h:32:10: fatal error: 'pthread.h' file not found
   32 | #include <pthread.h>
      |          ^~~~~~~~~~~
[4/406] Compiling tls_record.cc
In file included from /host/spi-builder-workspace/.build/checkouts/swift-nio-ssl/Sources/CNIOBoringSSL/ssl/ssl_x509.cc:23:
/host/spi-builder-workspace/.build/checkouts/swift-nio-ssl/Sources/CNIOBoringSSL/ssl/../crypto/internal.h:32:10: fatal error: 'pthread.h' file not found
   32 | #include <pthread.h>
      |          ^~~~~~~~~~~
[4/406] Compiling ssl_x509.cc
In file included from /host/spi-builder-workspace/.build/checkouts/swift-nio-ssl/Sources/CNIOBoringSSL/ssl/tls13_enc.cc:34:
/host/spi-builder-workspace/.build/checkouts/swift-nio-ssl/Sources/CNIOBoringSSL/ssl/../crypto/internal.h:32:10: fatal error: 'pthread.h' file not found
   32 | #include <pthread.h>
      |          ^~~~~~~~~~~
[4/406] Compiling tls13_enc.cc
BUILD FAILURE 6.1 wasm