The Swift Package Index logo.Swift Package Index

Build Information

Failed to build WWSQLite3Manager, reference 2.4.4 (3692e6), with Swift 6.3 for macOS (SPM) on 11 Jul 2026 19:59:22 UTC.

Build Command

env DEVELOPER_DIR=/Applications/Xcode-26.4.0.app xcrun swift build --arch arm64

Build Log

========================================
RunAll
========================================
Builder version: undefined version: run 'make version' to update
Interrupt handler set up.
========================================
Checkout
========================================
Clone URL: https://github.com/William-Weng/WWSQLite3Manager.git
Reference: 2.4.4
Initialized empty Git repository in /Users/admin/builder/spi-builder-workspace/.git/
From https://github.com/William-Weng/WWSQLite3Manager
 * tag               2.4.4      -> FETCH_HEAD
HEAD is now at 3692e61 - query(sql:)
Cloned https://github.com/William-Weng/WWSQLite3Manager.git
Revision (git rev-parse @):
3692e6158ced08c2b9d7611e9e267ac478d45331
SUCCESS checkout https://github.com/William-Weng/WWSQLite3Manager.git at 2.4.4
========================================
ResolveProductDependencies
========================================
Resolving dependencies ...
{
  "identity": ".resolve-product-dependencies",
  "name": "resolve-dependencies",
  "url": "/Users/admin/builder/spi-builder-workspace/.resolve-product-dependencies",
  "version": "unspecified",
  "path": "/Users/admin/builder/spi-builder-workspace/.resolve-product-dependencies",
  "traits": [
    "default"
  ],
  "dependencies": [
    {
      "identity": "wwsqlite3manager",
      "name": "WWSQLite3Manager",
      "url": "https://github.com/William-Weng/WWSQLite3Manager.git",
      "version": "unspecified",
      "path": "/Users/admin/builder/spi-builder-workspace/.resolve-product-dependencies/.build/checkouts/WWSQLite3Manager",
      "traits": [
        "default"
      ],
      "dependencies": [
      ]
    }
  ]
}
Fetching https://github.com/William-Weng/WWSQLite3Manager.git
[1/874] Fetching wwsqlite3manager
Fetched https://github.com/William-Weng/WWSQLite3Manager.git from cache (1.07s)
Creating working copy for https://github.com/William-Weng/WWSQLite3Manager.git
Working copy of https://github.com/William-Weng/WWSQLite3Manager.git resolved at 2.4.4 (3692e61)
warning: '.resolve-product-dependencies': dependency 'wwsqlite3manager' is not used by any target
Found 0 product dependencies
========================================
Build
========================================
Selected platform:         macosSpm
Swift version:             6.3
Building package at path:  $PWD
https://github.com/William-Weng/WWSQLite3Manager.git
Running build ...
env DEVELOPER_DIR=/Applications/Xcode-26.4.0.app xcrun swift build --arch arm64
Building for debugging...
[0/3] Write sources
[1/3] Copying Privacy
[2/3] Write swift-version--6988338F2F200930.txt
error: emit-module command failed with exit code 1 (use -v to see invocation)
[4/20] Emitting module WWSQLite3Manager
/Users/admin/builder/spi-builder-workspace/Sources/WWSQLite3Manager/Model/SchemeDelegate.swift:8:8: error: no such module 'UIKit'
 6 | //
 7 |
 8 | import UIKit
   |        `- error: no such module 'UIKit'
 9 |
10 | // MARK: - SchemeDelegate
[5/20] Compiling WWSQLite3Manager Typealias.swift
/Users/admin/builder/spi-builder-workspace/Sources/WWSQLite3Manager/Model/SchemeDelegate.swift:8:8: error: no such module 'UIKit'
 6 | //
 7 |
 8 | import UIKit
   |        `- error: no such module 'UIKit'
 9 |
10 | // MARK: - SchemeDelegate
[6/20] Compiling WWSQLite3Manager Extension.swift
/Users/admin/builder/spi-builder-workspace/Sources/WWSQLite3Manager/Model/SchemeDelegate.swift:8:8: error: no such module 'UIKit'
 6 | //
 7 |
 8 | import UIKit
   |        `- error: no such module 'UIKit'
 9 |
10 | // MARK: - SchemeDelegate
[7/20] Compiling WWSQLite3Manager GroupBy.swift
/Users/admin/builder/spi-builder-workspace/Sources/WWSQLite3Manager/Model/SchemeDelegate.swift:8:8: error: no such module 'UIKit'
 6 | //
 7 |
 8 | import UIKit
   |        `- error: no such module 'UIKit'
 9 |
10 | // MARK: - SchemeDelegate
[8/20] Compiling WWSQLite3Manager Having.swift
/Users/admin/builder/spi-builder-workspace/Sources/WWSQLite3Manager/Model/SchemeDelegate.swift:8:8: error: no such module 'UIKit'
 6 | //
 7 |
 8 | import UIKit
   |        `- error: no such module 'UIKit'
 9 |
10 | // MARK: - SchemeDelegate
[9/20] Compiling WWSQLite3Manager SelectMethod.swift
/Users/admin/builder/spi-builder-workspace/Sources/WWSQLite3Manager/Model/SchemeDelegate.swift:8:8: error: no such module 'UIKit'
 6 | //
 7 |
 8 | import UIKit
   |        `- error: no such module 'UIKit'
 9 |
10 | // MARK: - SchemeDelegate
[10/20] Compiling WWSQLite3Manager FTS5Configuration.swift
/Users/admin/builder/spi-builder-workspace/Sources/WWSQLite3Manager/Model/SchemeDelegate.swift:8:8: error: no such module 'UIKit'
 6 | //
 7 |
 8 | import UIKit
   |        `- error: no such module 'UIKit'
 9 |
10 | // MARK: - SchemeDelegate
[11/20] Compiling WWSQLite3Manager Where.swift
/Users/admin/builder/spi-builder-workspace/Sources/WWSQLite3Manager/Model/SchemeDelegate.swift:8:8: error: no such module 'UIKit'
 6 | //
 7 |
 8 | import UIKit
   |        `- error: no such module 'UIKit'
 9 |
10 | // MARK: - SchemeDelegate
[12/20] Compiling WWSQLite3Manager Database.swift
/Users/admin/builder/spi-builder-workspace/Sources/WWSQLite3Manager/Model/SchemeDelegate.swift:8:8: error: no such module 'UIKit'
 6 | //
 7 |
 8 | import UIKit
   |        `- error: no such module 'UIKit'
 9 |
10 | // MARK: - SchemeDelegate
[13/20] Compiling WWSQLite3Manager SQLite3Manager.swift
/Users/admin/builder/spi-builder-workspace/Sources/WWSQLite3Manager/Model/SchemeDelegate.swift:8:8: error: no such module 'UIKit'
 6 | //
 7 |
 8 | import UIKit
   |        `- error: no such module 'UIKit'
 9 |
10 | // MARK: - SchemeDelegate
[14/20] Compiling WWSQLite3Manager Constant.swift
/Users/admin/builder/spi-builder-workspace/Sources/WWSQLite3Manager/Model/SchemeDelegate.swift:8:8: error: no such module 'UIKit'
 6 | //
 7 |
 8 | import UIKit
   |        `- error: no such module 'UIKit'
 9 |
10 | // MARK: - SchemeDelegate
[15/20] Compiling WWSQLite3Manager FTS5Result.swift
/Users/admin/builder/spi-builder-workspace/Sources/WWSQLite3Manager/Model/SchemeDelegate.swift:8:8: error: no such module 'UIKit'
 6 | //
 7 |
 8 | import UIKit
   |        `- error: no such module 'UIKit'
 9 |
10 | // MARK: - SchemeDelegate
[16/20] Compiling WWSQLite3Manager SchemeDelegate.swift
/Users/admin/builder/spi-builder-workspace/Sources/WWSQLite3Manager/Model/SchemeDelegate.swift:8:8: error: no such module 'UIKit'
 6 | //
 7 |
 8 | import UIKit
   |        `- error: no such module 'UIKit'
 9 |
10 | // MARK: - SchemeDelegate
[17/20] Compiling WWSQLite3Manager Limit.swift
/Users/admin/builder/spi-builder-workspace/Sources/WWSQLite3Manager/Model/SchemeDelegate.swift:8:8: error: no such module 'UIKit'
 6 | //
 7 |
 8 | import UIKit
   |        `- error: no such module 'UIKit'
 9 |
10 | // MARK: - SchemeDelegate
[18/20] Compiling WWSQLite3Manager OrderBy.swift
/Users/admin/builder/spi-builder-workspace/Sources/WWSQLite3Manager/Model/SchemeDelegate.swift:8:8: error: no such module 'UIKit'
 6 | //
 7 |
 8 | import UIKit
   |        `- error: no such module 'UIKit'
 9 |
10 | // MARK: - SchemeDelegate
[19/21] Compiling WWSQLite3Manager SqliteMaster.swift
/Users/admin/builder/spi-builder-workspace/Sources/WWSQLite3Manager/Model/SchemeDelegate.swift:8:8: error: no such module 'UIKit'
 6 | //
 7 |
 8 | import UIKit
   |        `- error: no such module 'UIKit'
 9 |
10 | // MARK: - SchemeDelegate
[20/21] Compiling WWSQLite3Manager TableScheme.swift
/Users/admin/builder/spi-builder-workspace/Sources/WWSQLite3Manager/Model/SchemeDelegate.swift:8:8: error: no such module 'UIKit'
 6 | //
 7 |
 8 | import UIKit
   |        `- error: no such module 'UIKit'
 9 |
10 | // MARK: - SchemeDelegate
[21/21] Compiling WWSQLite3Manager resource_bundle_accessor.swift
/Users/admin/builder/spi-builder-workspace/Sources/WWSQLite3Manager/Model/SchemeDelegate.swift:8:8: error: no such module 'UIKit'
 6 | //
 7 |
 8 | import UIKit
   |        `- error: no such module 'UIKit'
 9 |
10 | // MARK: - SchemeDelegate
BUILD FAILURE 6.3 macosSpm