The Swift Package Index logo.Swift Package Index

Build Information

Failed to build swift-driver, reference 1.0.1 (1c07ce), with Swift 6.4 for Android on 20 Sep 2026 09:09:31 UTC.

Build Command

bash -c docker run --pull=always --rm -v "checkouts-53886769-0":/host -w "$PWD" -e JAVA_HOME="/root/.sdkman/candidates/java/current" -e SPI_BUILD="1" -e SPI_PROCESSING="1" registry.gitlab.com/saguaro1/spi-images:android-6.4-latest swift build --swift-sdk aarch64-unknown-linux-android28 2>&1

Build Log

========================================
RunAll
========================================
Builder version: 5.1.0
Interrupt handler set up.
========================================
Checkout
========================================
Clone URL: https://github.com/art-divin/swift-driver.git
Reference: 1.0.1
Initialized empty Git repository in /host/spi-builder-workspace/.git/
hint: Using 'master' as the name for the initial branch. This default branch name
hint: is subject to change. To configure the initial branch name to use in all
hint: of your new repositories, which will suppress this warning, call:
hint:
hint: 	git config --global init.defaultBranch <name>
hint:
hint: Names commonly chosen instead of 'master' are 'main', 'trunk' and
hint: 'development'. The just-created branch can be renamed via this command:
hint:
hint: 	git branch -m <name>
From https://github.com/art-divin/swift-driver
 * tag               1.0.1      -> FETCH_HEAD
HEAD is now at 1c07ced Update Package.swift
Cloned https://github.com/art-divin/swift-driver.git
Revision (git rev-parse @):
1c07ced84c1dfc1f9c3253dcbaa216fc9c76ee25
SUCCESS checkout https://github.com/art-divin/swift-driver.git at 1.0.1
========================================
Build
========================================
Selected platform:         android
Swift version:             6.4
Building package at path:  $PWD
https://github.com/art-divin/swift-driver.git
Running build ...
bash -c docker run --pull=always --rm -v "checkouts-53886769-0":/host -w "$PWD" -e JAVA_HOME="/root/.sdkman/candidates/java/current" -e SPI_BUILD="1" -e SPI_PROCESSING="1" registry.gitlab.com/saguaro1/spi-images:android-6.4-latest swift build --swift-sdk aarch64-unknown-linux-android28 2>&1
android-6.4-latest: Pulling from saguaro1/spi-images
Digest: sha256:abadcff584c273feba50641b454858d377ba30b35ea7287a94f45ebd8afd0ea0
Status: Image is up to date for registry.gitlab.com/saguaro1/spi-images:android-6.4-latest
Fetching https://github.com/jpsim/Yams.git
Fetching https://github.com/apple/swift-argument-parser.git
Fetching https://github.com/art-divin/swift-llbuild.git
Fetching https://github.com/art-divin/swift-tools-support-core.git
[1/17437] Fetching swift-llbuild
[2/20928] Fetching swift-llbuild, swift-tools-support-core
[3/32789] Fetching swift-llbuild, swift-tools-support-core, yams
[12151/51707] Fetching swift-llbuild, swift-tools-support-core, yams, swift-argument-parser
Fetched https://github.com/apple/swift-argument-parser.git (0.89s)
Fetched https://github.com/art-divin/swift-tools-support-core.git (1.00s)
Fetched https://github.com/art-divin/swift-llbuild.git (1.01s)
Fetched https://github.com/jpsim/Yams.git (1.02s)
Computing version for https://github.com/art-divin/swift-tools-support-core.git
Computed https://github.com/art-divin/swift-tools-support-core.git at 1.0.0 (1.24s)
Computing version for https://github.com/art-divin/swift-llbuild.git
Computed https://github.com/art-divin/swift-llbuild.git at 1.0.0 (0.22s)
Computing version for https://github.com/apple/swift-argument-parser.git
Computed https://github.com/apple/swift-argument-parser.git at 1.2.3 (0.19s)
Computing version for https://github.com/jpsim/Yams.git
Computed https://github.com/jpsim/Yams.git at 5.0.6 (0.17s)
Creating working copy for https://github.com/art-divin/swift-llbuild.git
Working copy of https://github.com/art-divin/swift-llbuild.git resolved at 1.0.0
Creating working copy for https://github.com/jpsim/Yams.git
Working copy of https://github.com/jpsim/Yams.git resolved at 5.0.6
Creating working copy for https://github.com/apple/swift-argument-parser.git
Working copy of https://github.com/apple/swift-argument-parser.git resolved at 1.2.3
Creating working copy for https://github.com/art-divin/swift-tools-support-core.git
Working copy of https://github.com/art-divin/swift-tools-support-core.git resolved at 1.0.0
Building for debugging...
[Computing dependencies]
[Pre-planning 1 / 892]
[Planning deferred tasks]
[145 / 344] llvmSupport
/host/spi-builder-workspace/Sources/makeOptions/makeOptions.cpp:422:2: warning: "Unable to include 'swift/Option/Options.inc', `makeOptions` will not be usable" [-W#warnings]
  422 | #warning "Unable to include 'swift/Option/Options.inc', `makeOptions` will not be usable"
      |  ^
1 warning generated.
[148 / 344] llvmSupport
[151 / 344] llvmSupport
[152 / 344] llvmSupport
[153 / 344] llvmSupport
[156 / 344] llvmSupport
[159 / 344] llvmSupport
[161 / 344] llvmSupport
[162 / 344] llvmSupport
[165 / 344] llvmSupport
[167 / 344] llvmSupport
[168 / 344] llvmSupport
[169 / 344] llvmSupport
[171 / 344] llvmSupport
[173 / 344] llvmSupport
[176 / 344] llvmSupport
[177 / 344] llvmSupport
[179 / 344] llvmSupport
[181 / 344] llvmSupport
[185 / 344] llvmSupport
[186 / 344] llvmSupport
[187 / 344]
[191 / 353] llvmSupport
[193 / 353] llbuildNinja
[193 / 353] llvmSupport
[195 / 353] llbuildSwift
[195 / 353] llvmDemangle
[198 / 353] llbuildSwift
[199 / 353] llbuildSwift
error: SwiftCompile normal aarch64 failed with a nonzero exit code. Command line:     cd /host

/host/spi-builder-workspace/.build/checkouts/swift-llbuild/products/llbuildSwift/BuildDBBindings.swift:21:8: error: Missing libc or equivalent
 19 | import Musl
 20 | #else
 21 | #error("Missing libc or equivalent")
    |        `- error: Missing libc or equivalent
 22 | #endif
 23 |
/host/spi-builder-workspace/.build/checkouts/swift-llbuild/products/llbuildSwift/BuildKey.swift:21:8: error: Missing libc or equivalent
 19 | import Musl
 20 | #else
 21 | #error("Missing libc or equivalent")
    |        `- error: Missing libc or equivalent
 22 | #endif
 23 |
/host/spi-builder-workspace/.build/checkouts/swift-llbuild/products/llbuildSwift/BuildSystemBindings.swift:21:8: error: Missing libc or equivalent
  19 | import Musl
  20 | #else
  21 | #error("Missing libc or equivalent")
     |        `- error: Missing libc or equivalent
  22 | #endif
  23 |
/host/spi-builder-workspace/.build/checkouts/swift-llbuild/products/llbuildSwift/BuildValue.swift:21:8: error: Missing libc or equivalent
 19 | import Musl
 20 | #else
 21 | #error("Missing libc or equivalent")
    |        `- error: Missing libc or equivalent
 22 | #endif
 23 |
/host/spi-builder-workspace/.build/checkouts/swift-llbuild/products/llbuildSwift/Internals.swift:21:8: error: Missing libc or equivalent
19 | import Musl
20 | #else
21 | #error("Missing libc or equivalent")
   |        `- error: Missing libc or equivalent
22 | #endif
23 |
/host/spi-builder-workspace/.build/checkouts/swift-llbuild/products/llbuildSwift/BuildSystemBindings.swift:788:21: error: cannot find type 'stat' in scope
 786 | public protocol FileInfo {
 787 |     /// Creates a new `FileInfo` object.
 788 |     init(_ statBuf: stat)
     |                     `- error: cannot find type 'stat' in scope
 789 |
 790 |     var statBuf: stat { get }
/host/spi-builder-workspace/.build/checkouts/swift-llbuild/products/llbuildSwift/BuildSystemBindings.swift:790:18: error: cannot find type 'stat' in scope
 788 |     init(_ statBuf: stat)
 789 |
 790 |     var statBuf: stat { get }
     |                  `- error: cannot find type 'stat' in scope
 791 | }
 792 |
Failed frontend command:
/root/.local/share/swiftly/toolchains/6.4.x-snapshot-2026-09-04/usr/bin/swift-frontend -frontend -emit-module -experimental-skip-non-inlinable-function-bodies-without-types /host/spi-builder-workspace/.build/checkouts/swift-llbuild/products/llbuildSwift/BuildDBBindings.swift /host/spi-builder-workspace/.build/checkouts/swift-llbuild/products/llbuildSwift/BuildKey.swift /host/spi-builder-workspace/.build/checkouts/swift-llbuild/products/llbuildSwift/BuildSystemBindings.swift /host/spi-builder-workspace/.build/checkouts/swift-llbuild/products/llbuildSwift/BuildValue.swift /host/spi-builder-workspace/.build/checkouts/swift-llbuild/products/llbuildSwift/CoreBindings.swift /host/spi-builder-workspace/.build/checkouts/swift-llbuild/products/llbuildSwift/Internals.swift /host/spi-builder-workspace/.build/checkouts/swift-llbuild/products/llbuildSwift/NinjaManifest.swift -target aarch64-unknown-linux-android28 -Xllvm -aarch64-use-tbi -disable-objc-interop -sdk /android-ndk/android-ndk-r27d/toolchains/llvm/prebuilt/linux-x86_64/sysroot -sysroot /android-ndk/android-ndk-r27d/toolchains/llvm/prebuilt/linux-x86_64/sysroot -I /host/spi-builder-workspace/.build/out/Products/Debug-android-aarch64 -module-cache-path /host/spi-builder-workspace/.build/out/ModuleCache.noindex -color-diagnostics -Xcc -fcolor-diagnostics -enable-testing -g -debug-info-format\=dwarf -dwarf-version\=4 -suppress-warnings -swift-version 5 -Onone -D SWIFT_PACKAGE -D DEBUG -D SWIFT_MODULE_RESOURCE_BUNDLE_UNAVAILABLE -D Xcode -serialize-debugging-options -enable-experimental-feature DebugDescriptionMacro -empty-abi-descriptor -external-plugin-path /root/.local/share/swiftly/toolchains/6.4.x-snapshot-2026-09-04/usr/lib/swift/host/plugins/testing\#/root/.local/share/swiftly/toolchains/6.4.x-snapshot-2026-09-04/usr/bin/swift-plugin-server -validate-clang-modules-once -clang-build-session-file /host/spi-builder-workspace/.build/out/ModuleCache.noindex/Session.modulevalidation -Xcc -working-directory -Xcc /host -resource-dir /root/.swiftpm/swift-sdks/swift-6.4.x-DEVELOPMENT-SNAPSHOT-2026-09-04-a_android.artifactbundle/swift-android/swift-resources/usr/lib/swift-aarch64 -enable-anonymous-context-mangled-names -file-compilation-dir /host -Xcc -resource-dir -Xcc /android-ndk/android-ndk-r27d/toolchains/llvm/prebuilt/linux-x86_64/lib/clang/18 -Xcc -fmodule-map-file\=/host/spi-builder-workspace/.build/checkouts/swift-llbuild/products/libllbuild/include/module.modulemap -Xcc -fmodule-map-file\=/host/spi-builder-workspace/.build/out/Intermediates.noindex/GeneratedModuleMaps-android-aarch64/llbuildNinja.modulemap -Xcc -fmodule-map-file\=/host/spi-builder-workspace/.build/out/Intermediates.noindex/GeneratedModuleMaps-android-aarch64/llbuildBuildSystem.modulemap -Xcc -fmodule-map-file\=/host/spi-builder-workspace/.build/out/Intermediates.noindex/GeneratedModuleMaps-android-aarch64/llbuildCore.modulemap -Xcc -fmodule-map-file\=/host/spi-builder-workspace/.build/out/Intermediates.noindex/GeneratedModuleMaps-android-aarch64/llbuildBasic.modulemap -Xcc -fmodule-map-file\=/host/spi-builder-workspace/.build/out/Intermediates.noindex/GeneratedModuleMaps-android-aarch64/llvmSupport.modulemap -Xcc -fmodule-map-file\=/host/spi-builder-workspace/.build/out/Intermediates.noindex/GeneratedModuleMaps-android-aarch64/llvmDemangle.modulemap -Xcc -fno-omit-frame-pointer -Xcc -D_LIBCPP_HARDENING_MODE\=_LIBCPP_HARDENING_MODE_DEBUG -Xcc -fmodules-prune-interval\=86400 -Xcc -fmodules-prune-after\=345600 -Xcc -I/host/spi-builder-workspace/.build/checkouts/swift-llbuild/products/libllbuild/include -Xcc -I/host/spi-builder-workspace/.build/checkouts/swift-llbuild/lib/Ninja/include -Xcc -I/host/spi-builder-workspace/.build/checkouts/swift-llbuild/lib/BuildSystem/include -Xcc -I/host/spi-builder-workspace/.build/checkouts/swift-llbuild/lib/Core/include -Xcc -I/host/spi-builder-workspace/.build/checkouts/swift-llbuild/lib/Basic/include -Xcc -I/host/spi-builder-workspace/.build/checkouts/swift-llbuild/lib/llvm/Support/include -Xcc -I/host/spi-builder-workspace/.build/checkouts/swift-llbuild/lib/llvm/Demangle/include -Xcc -I/host/spi-builder-workspace/.build/out/Products/Debug-android-aarch64/include -Xcc -I/host/spi-builder-workspace/.build/out/Intermediates.noindex/llbuild.build/Debug-android-aarch64/llbuildSwift-t.build/DerivedSources-normal/aarch64 -Xcc -I/host/spi-builder-workspace/.build/out/Intermediates.noindex/llbuild.build/Debug-android-aarch64/llbuildSwift-t.build/DerivedSources/aarch64 -Xcc -I/host/spi-builder-workspace/.build/out/Intermediates.noindex/llbuild.build/Debug-android-aarch64/llbuildSwift-t.build/DerivedSources -Xcc -DSWIFT_PACKAGE -Xcc -DDEBUG\=1 -no-auto-bridging-header-chaining -module-name llbuildSwift -const-gather-protocols-file /host/spi-builder-workspace/.build/out/Intermediates.noindex/llbuild.build/Debug-android-aarch64/llbuildSwift-t.build/Objects-normal/aarch64/llbuildSwift_const_extract_protocols.json -in-process-plugin-server-path /root/.local/share/swiftly/toolchains/6.4.x-snapshot-2026-09-04/usr/lib/swift/host/libSwiftInProcPluginServer.so -plugin-path /root/.local/share/swiftly/toolchains/6.4.x-snapshot-2026-09-04/usr/lib/swift/host/plugins -plugin-path /root/.local/share/swiftly/toolchains/6.4.x-snapshot-2026-09-04/usr/local/lib/swift/host/plugins -emit-module-doc-path /host/spi-builder-workspace/.build/out/Intermediates.noindex/llbuild.build/Debug-android-aarch64/llbuildSwift-t.build/Objects-normal/aarch64/Modules/llbuildSwift.swiftdoc -emit-module-source-info-path /host/spi-builder-workspace/.build/out/Intermediates.noindex/llbuild.build/Debug-android-aarch64/llbuildSwift-t.build/Objects-normal/aarch64/Modules/llbuildSwift.swiftsourceinfo -emit-objc-header-path /host/spi-builder-workspace/.build/out/Intermediates.noindex/llbuild.build/Debug-android-aarch64/llbuildSwift-t.build/Objects-normal/aarch64/llbuildSwift-Swift.h -serialize-diagnostics-path /host/spi-builder-workspace/.build/out/Intermediates.noindex/llbuild.build/Debug-android-aarch64/llbuildSwift-t.build/Objects-normal/aarch64/llbuildSwift-primary-emit-module.dia -emit-dependencies-path /host/spi-builder-workspace/.build/out/Intermediates.noindex/llbuild.build/Debug-android-aarch64/llbuildSwift-t.build/Objects-normal/aarch64/llbuildSwift-primary-emit-module.d -parse-as-library -o /host/spi-builder-workspace/.build/out/Intermediates.noindex/llbuild.build/Debug-android-aarch64/llbuildSwift-t.build/Objects-normal/aarch64/Modules/llbuildSwift.swiftmodule
[201 / 353] llbuildSwift
error: Build failed
BUILD FAILURE 6.4 android