The Swift Package Index logo.Swift Package Index

Build Information

Failed to build OpenSwiftUI, reference main (4916d2), with Swift 6.4 for Android on 17 Oct 2026 17:54:25 UTC.

Build Command

bash -c docker run --pull=always --rm -v "checkouts-54344844-0":/host -w "$PWD" -e JAVA_HOME="/root/.sdkman/candidates/java/current" -e SPI_BUILD="1" -e SPI_PROCESSING="1" registry.gitlab.com/saguaro1/spi-images:android-6.4-latest swift build --swift-sdk aarch64-unknown-linux-android28 2>&1

Build Log

========================================
RunAll
========================================
Builder version: 5.1.3
Interrupt handler set up.
========================================
Checkout
========================================
Clone URL: https://github.com/OpenSwiftUIProject/OpenSwiftUI.git
Reference: main
Initialized empty Git repository in /host/spi-builder-workspace/.git/
hint: Using 'master' as the name for the initial branch. This default branch name
hint: is subject to change. To configure the initial branch name to use in all
hint: of your new repositories, which will suppress this warning, call:
hint:
hint: 	git config --global init.defaultBranch <name>
hint:
hint: Names commonly chosen instead of 'master' are 'main', 'trunk' and
hint: 'development'. The just-created branch can be renamed via this command:
hint:
hint: 	git branch -m <name>
From https://github.com/OpenSwiftUIProject/OpenSwiftUI
 * branch            main       -> FETCH_HEAD
 * [new branch]      main       -> origin/main
HEAD is now at 4916d29 fix(material): fall back to system colors for foreground material style (#1174)
Cloned https://github.com/OpenSwiftUIProject/OpenSwiftUI.git
Revision (git rev-parse @):
4916d2924a23fe90b240c96e2820f1d43db3e173
SPI manifest file found: $PWD/.spi.yml
SUCCESS checkout https://github.com/OpenSwiftUIProject/OpenSwiftUI.git at main
========================================
Build
========================================
Selected platform:         android
Swift version:             6.4
Building package at path:  $PWD
https://github.com/OpenSwiftUIProject/OpenSwiftUI.git
Running build ...
bash -c docker run --pull=always --rm -v "checkouts-54344844-0":/host -w "$PWD" -e JAVA_HOME="/root/.sdkman/candidates/java/current" -e SPI_BUILD="1" -e SPI_PROCESSING="1" registry.gitlab.com/saguaro1/spi-images:android-6.4-latest swift build --swift-sdk aarch64-unknown-linux-android28 2>&1
android-6.4-latest: Pulling from saguaro1/spi-images
Digest: sha256:d9a84d7647394b4473e054b8d8a8f0e0b43300080afc6972ec459a3a608366e4
Status: Image is up to date for registry.gitlab.com/saguaro1/spi-images:android-6.4-latest
warning: 'spi-builder-workspace': [Env] OPENSWIFTUI_BUILD_FOR_DARWIN_PLATFORM not set -> false(default)
[Env] VDC_GENERATE_DOCS not set -> false(default)
[Env] OPENSWIFTUI_DEVELOPMENT not set -> false(default)
[Env] OPENSWIFTUI_WERROR not set -> false(default)
[Env] OPENSWIFTUI_TARGET_RELEASE not set -> 2024(default)
[Env] OPENSWIFTUI_LIBRARY_EVOLUTION not set -> false(default)
[Env] OPENSWIFTUI_COMPATIBILITY_TEST not set -> false(default)
[Env] OPENSWIFTUI_USE_LOCAL_DEPS not set -> false(default)
[Env] OPENSWIFTUI_VERSIONED_DOCC_PLUGIN not set -> false(default)
[Env] OPENSWIFTUI_OPENATTRIBUTESHIMS_COMPUTE not set -> false(default)
[Env] OPENSWIFTUI_OPENATTRIBUTESHIMS_DANCEUIGRAPH not set -> false(default)
[Env] OPENSWIFTUI_OPENATTRIBUTESHIMS_ATTRIBUTEGRAPH not set -> false(default)
[Env] OPENSWIFTUI_RENDERBOX not set -> false(default)
[Env] OPENSWIFTUI_LINK_COREUI not set -> false(default)
[Env] OPENSWIFTUI_LINK_CORESVG not set -> false(default)
[Env] OPENSWIFTUI_LINK_SFSYMBOLS not set -> false(default)
[Env] OPENSWIFTUI_LINK_FEATUREFLAGS not set -> false(default)
[Env] OPENSWIFTUI_LINK_BACKLIGHTSERVICES not set -> false(default)
[Env] OPENSWIFTUI_LINK_GESTURES not set -> false(default)
[Env] OPENSWIFTUI_LINK_TESTING not set -> false(default)
[Env] OPENSWIFTUI_SYMBOL_LOCATOR not set -> false(default)
[Env] OPENSWIFTUI_OPENCOMBINE not set -> true(default)
[Env] OPENSWIFTUI_SWIFT_LOG not set -> true(default)
[Env] OPENSWIFTUI_SWIFT_CRYPTO not set -> true(default)
[Env] OPENSWIFTUI_RENDER_GTK not set -> true(default)
[Env] OPENSWIFTUI_SWIFTUI_RENDERER not set -> false(default)
[Env] OPENSWIFTUI_IGNORE_AVAILABILITY not set -> true(default)
[Env] OPENSWIFTUI_ENABLE_PRIVATE_IMPORTS not set -> true(default)
[Env] OPENSWIFTUI_ENABLE_RUNTIME_CONCURRENCY_CHECK not set -> false(default)
[Env] OPENSWIFTUI_OPENSWIFTUI_BRIDGE_FRAMEWORK not set -> SwiftUI(default)
[Env] OPENSWIFTUI_SUPPORT_MULTI_PRODUCTS not set -> true(default)
[Env] OPENSWIFTUI_CF_CGTYPES not set -> false(default)
Fetching https://github.com/OpenSwiftUIProject/OpenCoreGraphics
[1/232] Fetching opencoregraphics
Fetched https://github.com/OpenSwiftUIProject/OpenCoreGraphics (0.37s)
warning: 'opencoregraphics': [Env] OPENCOREGRAPHICS_BUILD_FOR_DARWIN_PLATFORM not set -> false(default)
[Env] OPENCOREGRAPHICS_DEVELOPMENT not set -> false(default)
[Env] OPENCOREGRAPHICS_COREGRAPHICS not set -> false(default)
[Env] OPENCOREGRAPHICS_WERROR not set -> false(default)
[Env] OPENCOREGRAPHICS_LIBRARY_EVOLUTION not set -> false(default)
Fetching https://github.com/OpenSwiftUIProject/OpenAttributeGraph
[1/10183] Fetching openattributegraph
Fetched https://github.com/OpenSwiftUIProject/OpenAttributeGraph (0.55s)
warning: 'openattributegraph': [Env] OPENATTRIBUTEGRAPH_BUILD_FOR_DARWIN_PLATFORM not set -> false(default)
[Env] SPI_GENERATE_DOCS not set -> false(default)
[Env] SPI_BUILD=1 -> true
[Env] OPENATTRIBUTEGRAPH_DEVELOPMENT not set -> false(default)
[Env] OPENATTRIBUTEGRAPH_WERROR not set -> false(default)
[Env] OPENATTRIBUTEGRAPH_TARGET_RELEASE not set -> 2024(default)
[Env] OPENATTRIBUTEGRAPH_LIBRARY_EVOLUTION not set -> false(default)
[Env] OPENATTRIBUTEGRAPH_COMPATIBILITY_TEST not set -> false(default)
[Env] OPENATTRIBUTEGRAPH_USE_LOCAL_DEPS not set -> false(default)
[Env] OPENATTRIBUTEGRAPH_OPENATTRIBUTESHIMS_DANCEUIGRAPH not set -> false(default)
[Env] OPENATTRIBUTEGRAPH_OPENATTRIBUTESHIMS_COMPUTE not set -> false(default)
[Env] OPENATTRIBUTEGRAPH_OPENATTRIBUTESHIMS_ATTRIBUTEGRAPH not set -> false(default)
[Env] OPENATTRIBUTEGRAPH_OPENATTRIBUTESHIMS_OAG_USE_BINARY not set -> false(default)
Fetching https://github.com/OpenSwiftUIProject/OpenRenderBox
[1/1674] Fetching openrenderbox
Fetched https://github.com/OpenSwiftUIProject/OpenRenderBox (0.42s)
warning: 'openrenderbox': [Env] OPENRENDERBOX_BUILD_FOR_DARWIN_PLATFORM not set -> false(default)
[Env] SPI_GENERATE_DOCS not set -> false(default)
[Env] SPI_BUILD=1 -> true
[Env] OPENRENDERBOX_DEVELOPMENT not set -> false(default)
[Env] OPENRENDERBOX_TARGET_RELEASE not set -> 2024(default)
[Env] OPENRENDERBOX_LIBRARY_EVOLUTION not set -> false(default)
[Env] OPENRENDERBOX_COMPATIBILITY_TEST not set -> false(default)
[Env] OPENRENDERBOX_USE_LOCAL_DEPS not set -> false(default)
[Env] OPENRENDERBOX_RENDERBOX not set -> false(default)
[Env] OPENRENDERBOX_CF_CGTYPES not set -> false(default)
Fetching https://github.com/OpenSwiftUIProject/OpenObservation
[1/147] Fetching openobservation
Fetched https://github.com/OpenSwiftUIProject/OpenObservation (0.35s)
warning: 'openobservation': [env] OPENSWIFTUI_BUILD_FOR_DARWIN_PLATFORM not set, using default: false
[env] OPENOBSERVATION_DEVELOPMENT not set, using default: false
[env] OPENSWIFTUI_SWIFT_TOOLCHAIN_SUPPORTED not set, using default: false
[env] OPENSWIFTUI_LIBRARY_EVOLUTION not set, using default: false
Fetching https://github.com/apple/swift-crypto.git
Fetching https://github.com/OpenSwiftUIProject/OpenCombine.git
Fetching https://github.com/apple/swift-numerics
Fetching https://github.com/swiftlang/swift-syntax
Fetching https://github.com/apple/swift-log
[1/8305] Fetching swift-log
[1662/26987] Fetching swift-log, swift-crypto
[3158/33743] Fetching swift-log, swift-crypto, swift-numerics
[9559/39650] Fetching swift-log, swift-crypto, swift-numerics, opencombine
Fetched https://github.com/apple/swift-log (0.51s)
[9177/31345] Fetching swift-crypto, swift-numerics, opencombine
Fetched https://github.com/apple/swift-crypto.git (1.28s)
[1/80802] Fetching swift-syntax
Fetched https://github.com/apple/swift-numerics (4.05s)
Fetched https://github.com/OpenSwiftUIProject/OpenCombine.git (4.05s)
Fetched https://github.com/swiftlang/swift-syntax (4.07s)
Computing version for https://github.com/OpenSwiftUIProject/OpenCombine.git
Computed https://github.com/OpenSwiftUIProject/OpenCombine.git at 0.17.0 (4.31s)
Computing version for https://github.com/swiftlang/swift-syntax
Computed https://github.com/swiftlang/swift-syntax at 603.0.2 (0.96s)
Computing version for https://github.com/apple/swift-numerics
Computed https://github.com/apple/swift-numerics at 1.1.1 (0.14s)
Computing version for https://github.com/apple/swift-crypto.git
Computed https://github.com/apple/swift-crypto.git at 3.15.1 (0.22s)
Fetching https://github.com/apple/swift-asn1.git
[1/2051] Fetching swift-asn1
Fetched https://github.com/apple/swift-asn1.git (0.39s)
Computing version for https://github.com/apple/swift-asn1.git
Computed https://github.com/apple/swift-asn1.git at 1.7.3 (0.58s)
Computing version for https://github.com/apple/swift-log
Computed https://github.com/apple/swift-log at 1.16.1 (0.16s)
Creating working copy for https://github.com/apple/swift-log
Working copy of https://github.com/apple/swift-log resolved at 1.16.1
Creating working copy for https://github.com/apple/swift-asn1.git
Working copy of https://github.com/apple/swift-asn1.git resolved at 1.7.3
Creating working copy for https://github.com/apple/swift-numerics
Working copy of https://github.com/apple/swift-numerics resolved at 1.1.1
Creating working copy for https://github.com/OpenSwiftUIProject/OpenCombine.git
Working copy of https://github.com/OpenSwiftUIProject/OpenCombine.git resolved at 0.17.0
Creating working copy for https://github.com/swiftlang/swift-syntax
Working copy of https://github.com/swiftlang/swift-syntax resolved at 603.0.2
Creating working copy for https://github.com/OpenSwiftUIProject/OpenCoreGraphics
Working copy of https://github.com/OpenSwiftUIProject/OpenCoreGraphics resolved at main (df5ab4c)
Creating working copy for https://github.com/OpenSwiftUIProject/OpenAttributeGraph
Working copy of https://github.com/OpenSwiftUIProject/OpenAttributeGraph resolved at main (46f2e1b)
Creating working copy for https://github.com/OpenSwiftUIProject/OpenRenderBox
Working copy of https://github.com/OpenSwiftUIProject/OpenRenderBox resolved at main (f94140b)
Creating working copy for https://github.com/OpenSwiftUIProject/OpenObservation
Working copy of https://github.com/OpenSwiftUIProject/OpenObservation resolved at main (51c52f3)
Creating working copy for https://github.com/apple/swift-crypto.git
Working copy of https://github.com/apple/swift-crypto.git resolved at 3.15.1
warning: 'openobservation': [env] OPENSWIFTUI_BUILD_FOR_DARWIN_PLATFORM not set, using default: false
[env] OPENOBSERVATION_DEVELOPMENT not set, using default: false
[env] OPENSWIFTUI_SWIFT_TOOLCHAIN_SUPPORTED not set, using default: false
[env] OPENSWIFTUI_LIBRARY_EVOLUTION not set, using default: false
warning: 'opencoregraphics': [Env] OPENCOREGRAPHICS_BUILD_FOR_DARWIN_PLATFORM not set -> false(default)
[Env] OPENCOREGRAPHICS_DEVELOPMENT not set -> false(default)
[Env] OPENCOREGRAPHICS_COREGRAPHICS not set -> false(default)
[Env] OPENCOREGRAPHICS_WERROR not set -> false(default)
[Env] OPENCOREGRAPHICS_LIBRARY_EVOLUTION not set -> false(default)
warning: 'openrenderbox': [Env] OPENRENDERBOX_BUILD_FOR_DARWIN_PLATFORM not set -> false(default)
[Env] SPI_GENERATE_DOCS not set -> false(default)
[Env] SPI_BUILD=1 -> true
[Env] OPENRENDERBOX_DEVELOPMENT not set -> false(default)
[Env] OPENRENDERBOX_TARGET_RELEASE not set -> 2024(default)
[Env] OPENRENDERBOX_LIBRARY_EVOLUTION not set -> false(default)
[Env] OPENRENDERBOX_COMPATIBILITY_TEST not set -> false(default)
[Env] OPENRENDERBOX_USE_LOCAL_DEPS not set -> false(default)
[Env] OPENRENDERBOX_RENDERBOX not set -> false(default)
[Env] OPENRENDERBOX_CF_CGTYPES not set -> false(default)
warning: 'openattributegraph': [Env] OPENATTRIBUTEGRAPH_BUILD_FOR_DARWIN_PLATFORM not set -> false(default)
[Env] SPI_GENERATE_DOCS not set -> false(default)
[Env] SPI_BUILD=1 -> true
[Env] OPENATTRIBUTEGRAPH_DEVELOPMENT not set -> false(default)
[Env] OPENATTRIBUTEGRAPH_WERROR not set -> false(default)
[Env] OPENATTRIBUTEGRAPH_TARGET_RELEASE not set -> 2024(default)
[Env] OPENATTRIBUTEGRAPH_LIBRARY_EVOLUTION not set -> false(default)
[Env] OPENATTRIBUTEGRAPH_COMPATIBILITY_TEST not set -> false(default)
[Env] OPENATTRIBUTEGRAPH_USE_LOCAL_DEPS not set -> false(default)
[Env] OPENATTRIBUTEGRAPH_OPENATTRIBUTESHIMS_DANCEUIGRAPH not set -> false(default)
[Env] OPENATTRIBUTEGRAPH_OPENATTRIBUTESHIMS_COMPUTE not set -> false(default)
[Env] OPENATTRIBUTEGRAPH_OPENATTRIBUTESHIMS_ATTRIBUTEGRAPH not set -> false(default)
[Env] OPENATTRIBUTEGRAPH_OPENATTRIBUTESHIMS_OAG_USE_BINARY not set -> false(default)
Downloading package prebuilt https://download.swift.org/prebuilts/swift-syntax/603.0.2/swift-6.4.0-RELEASE-ubuntu_noble_x86_64-MacroSupport.tar.gz
Downloaded https://download.swift.org/prebuilts/swift-syntax/603.0.2/swift-6.4.0-RELEASE-ubuntu_noble_x86_64-MacroSupport.tar.gz (0.17s)
warning: 'spi-builder-workspace': you may be able to install gtk4 using your system-packager:
    apt-get install libgtk-4-dev clang
Building for debugging...
[Computing dependencies]
[Pre-planning 1 / 1129]
[Planning 951 / 1129]
[Planning deferred tasks]
[Writing build description]
[175 / 826] CCryptoBoringSSL
In file included from /host/spi-builder-workspace/.build/checkouts/OpenRenderBox/Sources/OpenRenderBoxCxx/Util/assert.cpp:5:
In file included from /host/spi-builder-workspace/.build/checkouts/OpenRenderBox/Sources/OpenRenderBoxCxx/include/OpenRenderBoxCxx/Util/assert.hpp:7:
/host/spi-builder-workspace/.build/checkouts/OpenRenderBox/Sources/OpenRenderBoxCxx/include/OpenRenderBox/ORBBase.h:45:10: fatal error: 'CoreFoundation/CoreFoundation.h' file not found
   45 | #include <CoreFoundation/CoreFoundation.h>
      |          ^~~~~~~~~~~~~~~~~~~~~~~~~~~~~~~~~
1 error generated.
error: CompileC /host/spi-builder-workspace/.build/out/Intermediates.noindex/OpenRenderBox.build/Debug-android-aarch64/OpenRenderBoxCxx-t.build/Objects-normal/aarch64/assert.o /host/spi-builder-workspace/.build/checkouts/OpenRenderBox/Sources/OpenRenderBoxCxx/Util/assert.cpp normal aarch64 c++ com.apple.compilers.llvm.clang.1_0.compiler failed with a nonzero exit code. Command line:     cd /host

    Using response file: /host/spi-builder-workspace/.build/out/Intermediates.noindex/OpenRenderBox.build/Debug-android-aarch64/OpenRenderBoxCxx-t.build/Objects-normal/aarch64/11b881b950eb02e21769317df93e9b41d1d7f0348e4e0901ae810dce93ca1a57-common-args.resp

    /root/.local/share/swiftly/toolchains/6.4.0/usr/bin/clang -x c++ -target aarch64-unknown-linux-android28 -fmessage-length\=0 -fdiagnostics-show-note-include-stack -fmacro-backtrace-limit\=0 -fcolor-diagnostics -Wno-trigraphs -Wno-missing-field-initializers -Wno-missing-prototypes -Wno-return-type -Wno-non-virtual-dtor -Wno-overloaded-virtual -Wno-exit-time-destructors -Wno-missing-braces -Wparentheses -Wswitch -Wno-unused-function -Wno-unused-label -Wno-unused-parameter -Wno-unused-variable -Wunused-value -Wno-empty-body -Wno-uninitialized -Wno-unknown-pragmas -w -Wno-shadow -Wno-four-char-constants -Wno-conversion -Wno-constant-conversion -Wno-int-conversion -Wno-bool-conversion -Wno-enum-conversion -Wno-float-conversion -Wno-non-literal-null-conversion -Wno-objc-literal-conversion -Wno-shorten-64-to-32 -Wno-newline-eof -Wno-c++11-extensions -Wno-implicit-fallthrough -fstrict-aliasing -Wdeprecated-declarations -Winvalid-offsetof -Wno-sign-conversion -Wno-infinite-recursion -Wno-move -Wno-comma -Wno-block-capture-autoreleasing -Wno-strict-prototypes -Wno-range-loop-analysis -Wno-semicolon-before-method-body --sysroot /android-ndk/android-ndk-r30/toolchains/llvm/prebuilt/linux-x86_64/sysroot @/host/spi-builder-workspace/.build/out/Intermediates.noindex/OpenRenderBox.build/Debug-android-aarch64/OpenRenderBoxCxx-t.build/Objects-normal/aarch64/11b881b950eb02e21769317df93e9b41d1d7f0348e4e0901ae810dce93ca1a57-common-args.resp -MMD -MT dependencies -MF /host/spi-builder-workspace/.build/out/Intermediates.noindex/OpenRenderBox.build/Debug-android-aarch64/OpenRenderBoxCxx-t.build/Objects-normal/aarch64/assert.d --serialize-diagnostics /host/spi-builder-workspace/.build/out/Intermediates.noindex/OpenRenderBox.build/Debug-android-aarch64/OpenRenderBoxCxx-t.build/Objects-normal/aarch64/assert.dia -c /host/spi-builder-workspace/.build/checkouts/OpenRenderBox/Sources/OpenRenderBoxCxx/Util/assert.cpp -o /host/spi-builder-workspace/.build/out/Intermediates.noindex/OpenRenderBox.build/Debug-android-aarch64/OpenRenderBoxCxx-t.build/Objects-normal/aarch64/assert.o
In file included from /host/spi-builder-workspace/.build/checkouts/OpenRenderBox/Sources/OpenRenderBoxCxx/Version/ORBVersion.c:5:
In file included from /host/spi-builder-workspace/.build/checkouts/OpenRenderBox/Sources/OpenRenderBoxCxx/include/OpenRenderBox/ORBVersion.h:7:
/host/spi-builder-workspace/.build/checkouts/OpenRenderBox/Sources/OpenRenderBoxCxx/include/OpenRenderBox/ORBBase.h:45:10: fatal error: 'CoreFoundation/CoreFoundation.h' file not found
   45 | #include <CoreFoundation/CoreFoundation.h>
      |          ^~~~~~~~~~~~~~~~~~~~~~~~~~~~~~~~~
1 error generated.
error: CompileC /host/spi-builder-workspace/.build/out/Intermediates.noindex/OpenRenderBox.build/Debug-android-aarch64/OpenRenderBoxCxx-t.build/Objects-normal/aarch64/ORBVersion.o /host/spi-builder-workspace/.build/checkouts/OpenRenderBox/Sources/OpenRenderBoxCxx/Version/ORBVersion.c normal aarch64 c com.apple.compilers.llvm.clang.1_0.compiler failed with a nonzero exit code. Command line:     cd /host

    Using response file: /host/spi-builder-workspace/.build/out/Intermediates.noindex/OpenRenderBox.build/Debug-android-aarch64/OpenRenderBoxCxx-t.build/Objects-normal/aarch64/9f65232cb83f8421e3a495a5062eba382369c975104ee97bafc405ab795bfc5e-common-args.resp

    /root/.local/share/swiftly/toolchains/6.4.0/usr/bin/clang -x c -target aarch64-unknown-linux-android28 -fmessage-length\=0 -fdiagnostics-show-note-include-stack -fmacro-backtrace-limit\=0 -fcolor-diagnostics -Wno-trigraphs -Wno-missing-field-initializers -Wno-missing-prototypes -Wno-return-type -Wno-missing-braces -Wparentheses -Wswitch -Wno-unused-function -Wno-unused-label -Wno-unused-parameter -Wno-unused-variable -Wunused-value -Wno-empty-body -Wno-uninitialized -Wno-unknown-pragmas -w -Wno-shadow -Wno-four-char-constants -Wno-conversion -Wno-constant-conversion -Wno-int-conversion -Wno-bool-conversion -Wno-enum-conversion -Wno-float-conversion -Wno-non-literal-null-conversion -Wno-objc-literal-conversion -Wno-shorten-64-to-32 -Wpointer-sign -Wno-newline-eof -Wno-implicit-fallthrough -fstrict-aliasing -Wdeprecated-declarations -Wno-sign-conversion -Wno-infinite-recursion -Wno-comma -Wno-block-capture-autoreleasing -Wno-strict-prototypes -Wno-semicolon-before-method-body --sysroot /android-ndk/android-ndk-r30/toolchains/llvm/prebuilt/linux-x86_64/sysroot @/host/spi-builder-workspace/.build/out/Intermediates.noindex/OpenRenderBox.build/Debug-android-aarch64/OpenRenderBoxCxx-t.build/Objects-normal/aarch64/9f65232cb83f8421e3a495a5062eba382369c975104ee97bafc405ab795bfc5e-common-args.resp -MMD -MT dependencies -MF /host/spi-builder-workspace/.build/out/Intermediates.noindex/OpenRenderBox.build/Debug-android-aarch64/OpenRenderBoxCxx-t.build/Objects-normal/aarch64/ORBVersion.d --serialize-diagnostics /host/spi-builder-workspace/.build/out/Intermediates.noindex/OpenRenderBox.build/Debug-android-aarch64/OpenRenderBoxCxx-t.build/Objects-normal/aarch64/ORBVersion.dia -c /host/spi-builder-workspace/.build/checkouts/OpenRenderBox/Sources/OpenRenderBoxCxx/Version/ORBVersion.c -o /host/spi-builder-workspace/.build/out/Intermediates.noindex/OpenRenderBox.build/Debug-android-aarch64/OpenRenderBoxCxx-t.build/Objects-normal/aarch64/ORBVersion.o
In file included from /host/spi-builder-workspace/.build/checkouts/OpenRenderBox/Sources/OpenRenderBoxCxx/Util/log.cpp:5:
In file included from /host/spi-builder-workspace/.build/checkouts/OpenRenderBox/Sources/OpenRenderBoxCxx/include/OpenRenderBoxCxx/Util/log.hpp:7:
/host/spi-builder-workspace/.build/checkouts/OpenRenderBox/Sources/OpenRenderBoxCxx/include/OpenRenderBox/ORBBase.h:45:10: fatal error: 'CoreFoundation/CoreFoundation.h' file not found
   45 | #include <CoreFoundation/CoreFoundation.h>
      |          ^~~~~~~~~~~~~~~~~~~~~~~~~~~~~~~~~
1 error generated.
error: CompileC /host/spi-builder-workspace/.build/out/Intermediates.noindex/OpenRenderBox.build/Debug-android-aarch64/OpenRenderBoxCxx-t.build/Objects-normal/aarch64/log.o /host/spi-builder-workspace/.build/checkouts/OpenRenderBox/Sources/OpenRenderBoxCxx/Util/log.cpp normal aarch64 c++ com.apple.compilers.llvm.clang.1_0.compiler failed with a nonzero exit code. Command line:     cd /host

    Using response file: /host/spi-builder-workspace/.build/out/Intermediates.noindex/OpenRenderBox.build/Debug-android-aarch64/OpenRenderBoxCxx-t.build/Objects-normal/aarch64/11b881b950eb02e21769317df93e9b41d1d7f0348e4e0901ae810dce93ca1a57-common-args.resp

    /root/.local/share/swiftly/toolchains/6.4.0/usr/bin/clang -x c++ -target aarch64-unknown-linux-android28 -fmessage-length\=0 -fdiagnostics-show-note-include-stack -fmacro-backtrace-limit\=0 -fcolor-diagnostics -Wno-trigraphs -Wno-missing-field-initializers -Wno-missing-prototypes -Wno-return-type -Wno-non-virtual-dtor -Wno-overloaded-virtual -Wno-exit-time-destructors -Wno-missing-braces -Wparentheses -Wswitch -Wno-unused-function -Wno-unused-label -Wno-unused-parameter -Wno-unused-variable -Wunused-value -Wno-empty-body -Wno-uninitialized -Wno-unknown-pragmas -w -Wno-shadow -Wno-four-char-constants -Wno-conversion -Wno-constant-conversion -Wno-int-conversion -Wno-bool-conversion -Wno-enum-conversion -Wno-float-conversion -Wno-non-literal-null-conversion -Wno-objc-literal-conversion -Wno-shorten-64-to-32 -Wno-newline-eof -Wno-c++11-extensions -Wno-implicit-fallthrough -fstrict-aliasing -Wdeprecated-declarations -Winvalid-offsetof -Wno-sign-conversion -Wno-infinite-recursion -Wno-move -Wno-comma -Wno-block-capture-autoreleasing -Wno-strict-prototypes -Wno-range-loop-analysis -Wno-semicolon-before-method-body --sysroot /android-ndk/android-ndk-r30/toolchains/llvm/prebuilt/linux-x86_64/sysroot @/host/spi-builder-workspace/.build/out/Intermediates.noindex/OpenRenderBox.build/Debug-android-aarch64/OpenRenderBoxCxx-t.build/Objects-normal/aarch64/11b881b950eb02e21769317df93e9b41d1d7f0348e4e0901ae810dce93ca1a57-common-args.resp -MMD -MT dependencies -MF /host/spi-builder-workspace/.build/out/Intermediates.noindex/OpenRenderBox.build/Debug-android-aarch64/OpenRenderBoxCxx-t.build/Objects-normal/aarch64/log.d --serialize-diagnostics /host/spi-builder-workspace/.build/out/Intermediates.noindex/OpenRenderBox.build/Debug-android-aarch64/OpenRenderBoxCxx-t.build/Objects-normal/aarch64/log.dia -c /host/spi-builder-workspace/.build/checkouts/OpenRenderBox/Sources/OpenRenderBoxCxx/Util/log.cpp -o /host/spi-builder-workspace/.build/out/Intermediates.noindex/OpenRenderBox.build/Debug-android-aarch64/OpenRenderBoxCxx-t.build/Objects-normal/aarch64/log.o
error: Build failed
BUILD FAILURE 6.4 android