Build Information
Failed to build Huminize, reference master (ed7938), with Swift 6.2 for watchOS using Xcode 26.3 on 29 Jun 2026 02:14:55 UTC.
Build Command
env DEVELOPER_DIR=/Applications/Xcode-26.3.0.app xcrun xcodebuild -IDEClonedSourcePackagesDirPathOverride=$PWD/.dependencies -skipMacroValidation -skipPackagePluginValidation -derivedDataPath $PWD/.derivedData build -scheme Huminize -destination generic/platform=watchOSBuild Log
========================================
RunAll
========================================
Builder version: undefined version: run 'make version' to update
Interrupt handler set up.
========================================
Checkout
========================================
Clone URL: https://github.com/akvilary/swift-huminize.git
Reference: master
Initialized empty Git repository in /Users/admin/builder/spi-builder-workspace/.git/
From https://github.com/akvilary/swift-huminize
* branch master -> FETCH_HEAD
* [new branch] master -> origin/master
HEAD is now at ed79383 Initial release v0.0.1: human-friendly formatting library for Swift 6
Cloned https://github.com/akvilary/swift-huminize.git
Revision (git rev-parse @):
ed79383d83ba28b9532540967e29613922ad9896
SUCCESS checkout https://github.com/akvilary/swift-huminize.git at master
========================================
Build
========================================
Selected platform: watchOS
Swift version: 6.2
Building package at path: $PWD
https://github.com/akvilary/swift-huminize.git
Command line invocation:
/Applications/Xcode-26.3.0.app/Contents/Developer/usr/bin/xcodebuild -IDEClonedSourcePackagesDirPathOverride=/Users/admin/builder/spi-builder-workspace/.dependencies -resolvePackageDependencies
Resolve Package Graph
Resolve Package Graph
Resolved source packages:
Huminize: /Users/admin/builder/spi-builder-workspace
resolved source packages: Huminize
2026-06-28 22:14:26.594 xcodebuild[538:3114] [MT] IDERunDestination: Supported platforms for the buildables in the current scheme is empty.
{
"dependencies" : [
],
"manifest_display_name" : "Huminize",
"name" : "Huminize",
"path" : "/Users/admin/builder/spi-builder-workspace",
"platforms" : [
{
"name" : "macos",
"version" : "13.0"
},
{
"name" : "ios",
"version" : "16.0"
},
{
"name" : "tvos",
"version" : "16.0"
},
{
"name" : "watchos",
"version" : "9.0"
},
{
"name" : "visionos",
"version" : "1.0"
}
],
"products" : [
{
"name" : "Huminize",
"targets" : [
"Huminize"
],
"type" : {
"library" : [
"automatic"
]
}
}
],
"targets" : [
{
"c99name" : "HuminizeTests",
"module_type" : "SwiftTarget",
"name" : "HuminizeTests",
"path" : "Tests/HuminizeTests",
"sources" : [
"HuminizeTests.swift"
],
"target_dependencies" : [
"Huminize"
],
"type" : "test"
},
{
"c99name" : "Huminize",
"module_type" : "SwiftTarget",
"name" : "Huminize",
"path" : "Sources/Huminize",
"product_memberships" : [
"Huminize"
],
"sources" : [
"Filesize.swift",
"Huminize.swift",
"HuminizeLocale.swift",
"List.swift",
"Number.swift",
"SI.swift",
"Strings.swift",
"Time.swift"
],
"type" : "library"
}
],
"tools_version" : "6.0"
}
{
"workspace" : {
"name" : "spi-builder-workspace",
"schemes" : [
"Huminize"
]
}
}
2026-06-28 22:14:44.109 xcodebuild[673:4218] [MT] IDERunDestination: Supported platforms for the buildables in the current scheme is empty.
Running build ...
env DEVELOPER_DIR=/Applications/Xcode-26.3.0.app xcrun xcodebuild -IDEClonedSourcePackagesDirPathOverride=$PWD/.dependencies -skipMacroValidation -skipPackagePluginValidation -derivedDataPath $PWD/.derivedData build -scheme Huminize -destination generic/platform=watchOS
Command line invocation:
/Applications/Xcode-26.3.0.app/Contents/Developer/usr/bin/xcodebuild -IDEClonedSourcePackagesDirPathOverride=/Users/admin/builder/spi-builder-workspace/.dependencies -skipMacroValidation -skipPackagePluginValidation -derivedDataPath /Users/admin/builder/spi-builder-workspace/.derivedData build -scheme Huminize -destination generic/platform=watchOS
Resolve Package Graph
Resolved source packages:
Huminize: /Users/admin/builder/spi-builder-workspace
ComputePackagePrebuildTargetDependencyGraph
Prepare packages
CreateBuildRequest
SendProjectDescription
CreateBuildOperation
ComputeTargetDependencyGraph
note: Building targets in dependency order
note: Target dependency graph (2 targets)
Target 'Huminize' in project 'Huminize'
➜ Explicit dependency on target 'Huminize' in project 'Huminize'
Target 'Huminize' in project 'Huminize' (no dependencies)
GatherProvisioningInputs
CreateBuildDescription
ExecuteExternalTool /Applications/Xcode-26.3.0.app/Contents/Developer/Toolchains/XcodeDefault.xctoolchain/usr/bin/clang -v -E -dM -isysroot /Applications/Xcode-26.3.0.app/Contents/Developer/Platforms/WatchOS.platform/Developer/SDKs/WatchOS26.2.sdk -x c -c /dev/null
ExecuteExternalTool /Applications/Xcode-26.3.0.app/Contents/Developer/Toolchains/XcodeDefault.xctoolchain/usr/bin/swiftc --version
ExecuteExternalTool /Applications/Xcode-26.3.0.app/Contents/Developer/Toolchains/XcodeDefault.xctoolchain/usr/bin/ld -version_details
Build description signature: 30e2b61c278871c6bb9c4018ea00b95c
Build description path: /Users/admin/builder/spi-builder-workspace/.derivedData/Build/Intermediates.noindex/XCBuildData/30e2b61c278871c6bb9c4018ea00b95c.xcbuilddata
CreateBuildDirectory /Users/admin/builder/spi-builder-workspace/.derivedData/Build/Products
cd /Users/admin/builder/spi-builder-workspace/.swiftpm/xcode
builtin-create-build-directory /Users/admin/builder/spi-builder-workspace/.derivedData/Build/Products
CreateBuildDirectory /Users/admin/builder/spi-builder-workspace/.derivedData/Build/Intermediates.noindex
cd /Users/admin/builder/spi-builder-workspace/.swiftpm/xcode
builtin-create-build-directory /Users/admin/builder/spi-builder-workspace/.derivedData/Build/Intermediates.noindex
ClangStatCache /Applications/Xcode-26.3.0.app/Contents/Developer/Toolchains/XcodeDefault.xctoolchain/usr/bin/clang-stat-cache /Applications/Xcode-26.3.0.app/Contents/Developer/Platforms/WatchOS.platform/Developer/SDKs/WatchOS26.2.sdk /Users/admin/builder/spi-builder-workspace/.derivedData/SDKStatCaches.noindex/watchos26.2-23S303-dc75598d0054f22ec865fa860f139d721753b489057de6bda919edfa1c59a62b.sdkstatcache
cd /Users/admin/builder/spi-builder-workspace/.swiftpm/xcode
/Applications/Xcode-26.3.0.app/Contents/Developer/Toolchains/XcodeDefault.xctoolchain/usr/bin/clang-stat-cache /Applications/Xcode-26.3.0.app/Contents/Developer/Platforms/WatchOS.platform/Developer/SDKs/WatchOS26.2.sdk -o /Users/admin/builder/spi-builder-workspace/.derivedData/SDKStatCaches.noindex/watchos26.2-23S303-dc75598d0054f22ec865fa860f139d721753b489057de6bda919edfa1c59a62b.sdkstatcache
CreateBuildDirectory /Users/admin/builder/spi-builder-workspace/.derivedData/Build/Intermediates.noindex/SwiftExplicitPrecompiledModules
cd /Users/admin/builder/spi-builder-workspace/.swiftpm/xcode
builtin-create-build-directory /Users/admin/builder/spi-builder-workspace/.derivedData/Build/Intermediates.noindex/SwiftExplicitPrecompiledModules
CreateBuildDirectory /Users/admin/builder/spi-builder-workspace/.derivedData/Build/Products/Debug-watchos
cd /Users/admin/builder/spi-builder-workspace/.swiftpm/xcode
builtin-create-build-directory /Users/admin/builder/spi-builder-workspace/.derivedData/Build/Products/Debug-watchos
CreateBuildDirectory /Users/admin/builder/spi-builder-workspace/.derivedData/Build/Intermediates.noindex/ExplicitPrecompiledModules
cd /Users/admin/builder/spi-builder-workspace/.swiftpm/xcode
builtin-create-build-directory /Users/admin/builder/spi-builder-workspace/.derivedData/Build/Intermediates.noindex/ExplicitPrecompiledModules
CreateBuildDirectory /Users/admin/builder/spi-builder-workspace/.derivedData/Build/Intermediates.noindex/EagerLinkingTBDs/Debug-watchos
cd /Users/admin/builder/spi-builder-workspace/.swiftpm/xcode
builtin-create-build-directory /Users/admin/builder/spi-builder-workspace/.derivedData/Build/Intermediates.noindex/EagerLinkingTBDs/Debug-watchos
CreateBuildDirectory /Users/admin/builder/spi-builder-workspace/.derivedData/Build/Products/Debug-watchos/PackageFrameworks
cd /Users/admin/builder/spi-builder-workspace/.swiftpm/xcode
builtin-create-build-directory /Users/admin/builder/spi-builder-workspace/.derivedData/Build/Products/Debug-watchos/PackageFrameworks
WriteAuxiliaryFile /Users/admin/builder/spi-builder-workspace/.derivedData/Build/Intermediates.noindex/Huminize.build/Debug-watchos/Huminize.build/Huminize.modulemap (in target 'Huminize' from project 'Huminize')
cd /Users/admin/builder/spi-builder-workspace
write-file /Users/admin/builder/spi-builder-workspace/.derivedData/Build/Intermediates.noindex/Huminize.build/Debug-watchos/Huminize.build/Huminize.modulemap
WriteAuxiliaryFile /Users/admin/builder/spi-builder-workspace/.derivedData/Build/Intermediates.noindex/Huminize.build/Debug-watchos/Huminize.build/Objects-normal/arm64_32/Huminize.SwiftConstValuesFileList (in target 'Huminize' from project 'Huminize')
cd /Users/admin/builder/spi-builder-workspace
write-file /Users/admin/builder/spi-builder-workspace/.derivedData/Build/Intermediates.noindex/Huminize.build/Debug-watchos/Huminize.build/Objects-normal/arm64_32/Huminize.SwiftConstValuesFileList
WriteAuxiliaryFile /Users/admin/builder/spi-builder-workspace/.derivedData/Build/Intermediates.noindex/Huminize.build/Debug-watchos/Huminize.build/Objects-normal/arm64_32/Huminize-OutputFileMap.json (in target 'Huminize' from project 'Huminize')
cd /Users/admin/builder/spi-builder-workspace
write-file /Users/admin/builder/spi-builder-workspace/.derivedData/Build/Intermediates.noindex/Huminize.build/Debug-watchos/Huminize.build/Objects-normal/arm64_32/Huminize-OutputFileMap.json
WriteAuxiliaryFile /Users/admin/builder/spi-builder-workspace/.derivedData/Build/Intermediates.noindex/Huminize.build/Debug-watchos/Huminize.build/Objects-normal/arm64/Huminize.SwiftFileList (in target 'Huminize' from project 'Huminize')
cd /Users/admin/builder/spi-builder-workspace
write-file /Users/admin/builder/spi-builder-workspace/.derivedData/Build/Intermediates.noindex/Huminize.build/Debug-watchos/Huminize.build/Objects-normal/arm64/Huminize.SwiftFileList
WriteAuxiliaryFile /Users/admin/builder/spi-builder-workspace/.derivedData/Build/Intermediates.noindex/Huminize.build/Debug-watchos/Huminize.build/Objects-normal/arm64_32/Huminize.SwiftFileList (in target 'Huminize' from project 'Huminize')
cd /Users/admin/builder/spi-builder-workspace
write-file /Users/admin/builder/spi-builder-workspace/.derivedData/Build/Intermediates.noindex/Huminize.build/Debug-watchos/Huminize.build/Objects-normal/arm64_32/Huminize.SwiftFileList
WriteAuxiliaryFile /Users/admin/builder/spi-builder-workspace/.derivedData/Build/Intermediates.noindex/Huminize.build/Debug-watchos/Huminize.build/Objects-normal/arm64_32/Huminize.LinkFileList (in target 'Huminize' from project 'Huminize')
cd /Users/admin/builder/spi-builder-workspace
write-file /Users/admin/builder/spi-builder-workspace/.derivedData/Build/Intermediates.noindex/Huminize.build/Debug-watchos/Huminize.build/Objects-normal/arm64_32/Huminize.LinkFileList
WriteAuxiliaryFile /Users/admin/builder/spi-builder-workspace/.derivedData/Build/Intermediates.noindex/Huminize.build/Debug-watchos/Huminize.build/Objects-normal/arm64_32/Huminize_const_extract_protocols.json (in target 'Huminize' from project 'Huminize')
cd /Users/admin/builder/spi-builder-workspace
write-file /Users/admin/builder/spi-builder-workspace/.derivedData/Build/Intermediates.noindex/Huminize.build/Debug-watchos/Huminize.build/Objects-normal/arm64_32/Huminize_const_extract_protocols.json
WriteAuxiliaryFile /Users/admin/builder/spi-builder-workspace/.derivedData/Build/Intermediates.noindex/Huminize.build/Debug-watchos/Huminize.build/Objects-normal/arm64/Huminize.SwiftConstValuesFileList (in target 'Huminize' from project 'Huminize')
cd /Users/admin/builder/spi-builder-workspace
write-file /Users/admin/builder/spi-builder-workspace/.derivedData/Build/Intermediates.noindex/Huminize.build/Debug-watchos/Huminize.build/Objects-normal/arm64/Huminize.SwiftConstValuesFileList
WriteAuxiliaryFile /Users/admin/builder/spi-builder-workspace/.derivedData/Build/Intermediates.noindex/Huminize.build/Debug-watchos/Huminize.build/Objects-normal/arm64/Huminize_const_extract_protocols.json (in target 'Huminize' from project 'Huminize')
cd /Users/admin/builder/spi-builder-workspace
write-file /Users/admin/builder/spi-builder-workspace/.derivedData/Build/Intermediates.noindex/Huminize.build/Debug-watchos/Huminize.build/Objects-normal/arm64/Huminize_const_extract_protocols.json
WriteAuxiliaryFile /Users/admin/builder/spi-builder-workspace/.derivedData/Build/Intermediates.noindex/Huminize.build/Debug-watchos/Huminize.build/Objects-normal/arm64/Huminize.LinkFileList (in target 'Huminize' from project 'Huminize')
cd /Users/admin/builder/spi-builder-workspace
write-file /Users/admin/builder/spi-builder-workspace/.derivedData/Build/Intermediates.noindex/Huminize.build/Debug-watchos/Huminize.build/Objects-normal/arm64/Huminize.LinkFileList
WriteAuxiliaryFile /Users/admin/builder/spi-builder-workspace/.derivedData/Build/Intermediates.noindex/Huminize.build/Debug-watchos/Huminize.build/Objects-normal/arm64/Huminize-OutputFileMap.json (in target 'Huminize' from project 'Huminize')
cd /Users/admin/builder/spi-builder-workspace
write-file /Users/admin/builder/spi-builder-workspace/.derivedData/Build/Intermediates.noindex/Huminize.build/Debug-watchos/Huminize.build/Objects-normal/arm64/Huminize-OutputFileMap.json
WriteAuxiliaryFile /Users/admin/builder/spi-builder-workspace/.derivedData/Build/Intermediates.noindex/Huminize.build/Debug-watchos/Huminize.build/Huminize.DependencyStaticMetadataFileList (in target 'Huminize' from project 'Huminize')
cd /Users/admin/builder/spi-builder-workspace
write-file /Users/admin/builder/spi-builder-workspace/.derivedData/Build/Intermediates.noindex/Huminize.build/Debug-watchos/Huminize.build/Huminize.DependencyStaticMetadataFileList
WriteAuxiliaryFile /Users/admin/builder/spi-builder-workspace/.derivedData/Build/Intermediates.noindex/Huminize.build/Debug-watchos/Huminize.build/Huminize.DependencyMetadataFileList (in target 'Huminize' from project 'Huminize')
cd /Users/admin/builder/spi-builder-workspace
write-file /Users/admin/builder/spi-builder-workspace/.derivedData/Build/Intermediates.noindex/Huminize.build/Debug-watchos/Huminize.build/Huminize.DependencyMetadataFileList
Copy /Users/admin/builder/spi-builder-workspace/.derivedData/Build/Intermediates.noindex/GeneratedModuleMaps-watchos/Huminize.modulemap /Users/admin/builder/spi-builder-workspace/.derivedData/Build/Intermediates.noindex/Huminize.build/Debug-watchos/Huminize.build/Huminize.modulemap (in target 'Huminize' from project 'Huminize')
cd /Users/admin/builder/spi-builder-workspace
builtin-copy -exclude .DS_Store -exclude CVS -exclude .svn -exclude .git -exclude .hg -resolve-src-symlinks /Users/admin/builder/spi-builder-workspace/.derivedData/Build/Intermediates.noindex/Huminize.build/Debug-watchos/Huminize.build/Huminize.modulemap /Users/admin/builder/spi-builder-workspace/.derivedData/Build/Intermediates.noindex/GeneratedModuleMaps-watchos
SwiftDriver Huminize normal arm64_32 com.apple.xcode.tools.swift.compiler (in target 'Huminize' from project 'Huminize')
cd /Users/admin/builder/spi-builder-workspace/.swiftpm/xcode
builtin-SwiftDriver -- /Applications/Xcode-26.3.0.app/Contents/Developer/Toolchains/XcodeDefault.xctoolchain/usr/bin/swiftc -module-name Huminize -Onone -enforce-exclusivity\=checked @/Users/admin/builder/spi-builder-workspace/.derivedData/Build/Intermediates.noindex/Huminize.build/Debug-watchos/Huminize.build/Objects-normal/arm64_32/Huminize.SwiftFileList -DSWIFT_PACKAGE -DDEBUG -DSWIFT_MODULE_RESOURCE_BUNDLE_UNAVAILABLE -DXcode -plugin-path /Applications/Xcode-26.3.0.app/Contents/Developer/Toolchains/XcodeDefault.xctoolchain/usr/lib/swift/host/plugins/testing -enable-experimental-feature DebugDescriptionMacro -sdk /Applications/Xcode-26.3.0.app/Contents/Developer/Platforms/WatchOS.platform/Developer/SDKs/WatchOS26.2.sdk -target arm64_32-apple-watchos9.0 -g -module-cache-path /Users/admin/builder/spi-builder-workspace/.derivedData/ModuleCache.noindex -Xfrontend -serialize-debugging-options -profile-coverage-mapping -profile-generate -enable-testing -index-store-path /Users/admin/builder/spi-builder-workspace/.derivedData/Index.noindex/DataStore -Xcc -D_LIBCPP_HARDENING_MODE\=_LIBCPP_HARDENING_MODE_DEBUG -swift-version 6 -I /Users/admin/builder/spi-builder-workspace/.derivedData/Build/Products/Debug-watchos -Isystem /Applications/Xcode-26.3.0.app/Contents/Developer/Platforms/WatchOS.platform/Developer/usr/lib -F /Users/admin/builder/spi-builder-workspace/.derivedData/Build/Products/Debug-watchos -F /Applications/Xcode-26.3.0.app/Contents/Developer/Platforms/WatchOS.platform/Developer/Library/Frameworks -F /Applications/Xcode-26.3.0.app/Contents/Developer/Platforms/WatchOS.platform/Developer/SDKs/WatchOS26.2.sdk/Developer/Library/Frameworks -c -j10 -enable-batch-mode -incremental -Xcc -ivfsstatcache -Xcc /Users/admin/builder/spi-builder-workspace/.derivedData/SDKStatCaches.noindex/watchos26.2-23S303-dc75598d0054f22ec865fa860f139d721753b489057de6bda919edfa1c59a62b.sdkstatcache -output-file-map /Users/admin/builder/spi-builder-workspace/.derivedData/Build/Intermediates.noindex/Huminize.build/Debug-watchos/Huminize.build/Objects-normal/arm64_32/Huminize-OutputFileMap.json -use-frontend-parseable-output -save-temps -no-color-diagnostics -explicit-module-build -module-cache-path /Users/admin/builder/spi-builder-workspace/.derivedData/Build/Intermediates.noindex/SwiftExplicitPrecompiledModules -clang-scanner-module-cache-path /Users/admin/builder/spi-builder-workspace/.derivedData/ModuleCache.noindex -sdk-module-cache-path /Users/admin/builder/spi-builder-workspace/.derivedData/ModuleCache.noindex -serialize-diagnostics -emit-dependencies -emit-module -emit-module-path /Users/admin/builder/spi-builder-workspace/.derivedData/Build/Intermediates.noindex/Huminize.build/Debug-watchos/Huminize.build/Objects-normal/arm64_32/Huminize.swiftmodule -validate-clang-modules-once -clang-build-session-file /Users/admin/builder/spi-builder-workspace/.derivedData/ModuleCache.noindex/Session.modulevalidation -package-name spi_builder_workspace -Xcc -I/Users/admin/builder/spi-builder-workspace/.derivedData/Build/Intermediates.noindex/Huminize.build/Debug-watchos/Huminize.build/swift-overrides.hmap -emit-const-values -Xfrontend -const-gather-protocols-file -Xfrontend /Users/admin/builder/spi-builder-workspace/.derivedData/Build/Intermediates.noindex/Huminize.build/Debug-watchos/Huminize.build/Objects-normal/arm64_32/Huminize_const_extract_protocols.json -Xcc -I/Users/admin/builder/spi-builder-workspace/.derivedData/Build/Products/Debug-watchos/include -Xcc -I/Users/admin/builder/spi-builder-workspace/.derivedData/Build/Intermediates.noindex/Huminize.build/Debug-watchos/Huminize.build/DerivedSources-normal/arm64_32 -Xcc -I/Users/admin/builder/spi-builder-workspace/.derivedData/Build/Intermediates.noindex/Huminize.build/Debug-watchos/Huminize.build/DerivedSources/arm64_32 -Xcc -I/Users/admin/builder/spi-builder-workspace/.derivedData/Build/Intermediates.noindex/Huminize.build/Debug-watchos/Huminize.build/DerivedSources -Xcc -DSWIFT_PACKAGE -Xcc -DDEBUG\=1 -emit-objc-header -emit-objc-header-path /Users/admin/builder/spi-builder-workspace/.derivedData/Build/Intermediates.noindex/Huminize.build/Debug-watchos/Huminize.build/Objects-normal/arm64_32/Huminize-Swift.h -working-directory /Users/admin/builder/spi-builder-workspace/.swiftpm/xcode -experimental-emit-module-separately -disable-cmo
SwiftDriver Huminize normal arm64 com.apple.xcode.tools.swift.compiler (in target 'Huminize' from project 'Huminize')
cd /Users/admin/builder/spi-builder-workspace/.swiftpm/xcode
builtin-SwiftDriver -- /Applications/Xcode-26.3.0.app/Contents/Developer/Toolchains/XcodeDefault.xctoolchain/usr/bin/swiftc -module-name Huminize -Onone -enforce-exclusivity\=checked @/Users/admin/builder/spi-builder-workspace/.derivedData/Build/Intermediates.noindex/Huminize.build/Debug-watchos/Huminize.build/Objects-normal/arm64/Huminize.SwiftFileList -DSWIFT_PACKAGE -DDEBUG -DSWIFT_MODULE_RESOURCE_BUNDLE_UNAVAILABLE -DXcode -plugin-path /Applications/Xcode-26.3.0.app/Contents/Developer/Toolchains/XcodeDefault.xctoolchain/usr/lib/swift/host/plugins/testing -enable-experimental-feature DebugDescriptionMacro -sdk /Applications/Xcode-26.3.0.app/Contents/Developer/Platforms/WatchOS.platform/Developer/SDKs/WatchOS26.2.sdk -target arm64-apple-watchos9.0 -g -module-cache-path /Users/admin/builder/spi-builder-workspace/.derivedData/ModuleCache.noindex -Xfrontend -serialize-debugging-options -profile-coverage-mapping -profile-generate -enable-testing -index-store-path /Users/admin/builder/spi-builder-workspace/.derivedData/Index.noindex/DataStore -Xcc -D_LIBCPP_HARDENING_MODE\=_LIBCPP_HARDENING_MODE_DEBUG -swift-version 6 -I /Users/admin/builder/spi-builder-workspace/.derivedData/Build/Products/Debug-watchos -Isystem /Applications/Xcode-26.3.0.app/Contents/Developer/Platforms/WatchOS.platform/Developer/usr/lib -F /Users/admin/builder/spi-builder-workspace/.derivedData/Build/Products/Debug-watchos -F /Applications/Xcode-26.3.0.app/Contents/Developer/Platforms/WatchOS.platform/Developer/Library/Frameworks -F /Applications/Xcode-26.3.0.app/Contents/Developer/Platforms/WatchOS.platform/Developer/SDKs/WatchOS26.2.sdk/Developer/Library/Frameworks -c -j10 -enable-batch-mode -incremental -Xcc -ivfsstatcache -Xcc /Users/admin/builder/spi-builder-workspace/.derivedData/SDKStatCaches.noindex/watchos26.2-23S303-dc75598d0054f22ec865fa860f139d721753b489057de6bda919edfa1c59a62b.sdkstatcache -output-file-map /Users/admin/builder/spi-builder-workspace/.derivedData/Build/Intermediates.noindex/Huminize.build/Debug-watchos/Huminize.build/Objects-normal/arm64/Huminize-OutputFileMap.json -use-frontend-parseable-output -save-temps -no-color-diagnostics -explicit-module-build -module-cache-path /Users/admin/builder/spi-builder-workspace/.derivedData/Build/Intermediates.noindex/SwiftExplicitPrecompiledModules -clang-scanner-module-cache-path /Users/admin/builder/spi-builder-workspace/.derivedData/ModuleCache.noindex -sdk-module-cache-path /Users/admin/builder/spi-builder-workspace/.derivedData/ModuleCache.noindex -serialize-diagnostics -emit-dependencies -emit-module -emit-module-path /Users/admin/builder/spi-builder-workspace/.derivedData/Build/Intermediates.noindex/Huminize.build/Debug-watchos/Huminize.build/Objects-normal/arm64/Huminize.swiftmodule -validate-clang-modules-once -clang-build-session-file /Users/admin/builder/spi-builder-workspace/.derivedData/ModuleCache.noindex/Session.modulevalidation -package-name spi_builder_workspace -Xcc -I/Users/admin/builder/spi-builder-workspace/.derivedData/Build/Intermediates.noindex/Huminize.build/Debug-watchos/Huminize.build/swift-overrides.hmap -emit-const-values -Xfrontend -const-gather-protocols-file -Xfrontend /Users/admin/builder/spi-builder-workspace/.derivedData/Build/Intermediates.noindex/Huminize.build/Debug-watchos/Huminize.build/Objects-normal/arm64/Huminize_const_extract_protocols.json -Xcc -I/Users/admin/builder/spi-builder-workspace/.derivedData/Build/Products/Debug-watchos/include -Xcc -I/Users/admin/builder/spi-builder-workspace/.derivedData/Build/Intermediates.noindex/Huminize.build/Debug-watchos/Huminize.build/DerivedSources-normal/arm64 -Xcc -I/Users/admin/builder/spi-builder-workspace/.derivedData/Build/Intermediates.noindex/Huminize.build/Debug-watchos/Huminize.build/DerivedSources/arm64 -Xcc -I/Users/admin/builder/spi-builder-workspace/.derivedData/Build/Intermediates.noindex/Huminize.build/Debug-watchos/Huminize.build/DerivedSources -Xcc -DSWIFT_PACKAGE -Xcc -DDEBUG\=1 -emit-objc-header -emit-objc-header-path /Users/admin/builder/spi-builder-workspace/.derivedData/Build/Intermediates.noindex/Huminize.build/Debug-watchos/Huminize.build/Objects-normal/arm64/Huminize-Swift.h -working-directory /Users/admin/builder/spi-builder-workspace/.swiftpm/xcode -experimental-emit-module-separately -disable-cmo
SwiftExplicitDependencyGeneratePcm arm64 /Users/admin/builder/spi-builder-workspace/.derivedData/ModuleCache.noindex/SwiftShims-7I20DMCTK17Q8T32LA04FWAMX.pcm
SwiftExplicitDependencyGeneratePcm arm64 /Users/admin/builder/spi-builder-workspace/.derivedData/ModuleCache.noindex/ptrcheck-4YU0IIP3FXMEGKRFTVKLD8FLA.pcm
SwiftExplicitDependencyGeneratePcm arm64 /Users/admin/builder/spi-builder-workspace/.derivedData/ModuleCache.noindex/_Builtin_stdarg-RZPX1L7HC0FE24QDJB88HMGH.pcm
SwiftExplicitDependencyGeneratePcm arm64 /Users/admin/builder/spi-builder-workspace/.derivedData/ModuleCache.noindex/_AvailabilityInternal-2O3RFBUGA1RPVNII2XIZ3QNC3.pcm
SwiftExplicitDependencyGeneratePcm arm64 /Users/admin/builder/spi-builder-workspace/.derivedData/ModuleCache.noindex/_SwiftConcurrencyShims-6I3LH2ITNOZQ7GZSIWV3YFHI2.pcm
SwiftExplicitDependencyGeneratePcm arm64 /Users/admin/builder/spi-builder-workspace/.derivedData/ModuleCache.noindex/ptrauth-23V973HP08H1G8HHZ6OAJWG6Z.pcm
SwiftExplicitDependencyGeneratePcm arm64 /Users/admin/builder/spi-builder-workspace/.derivedData/ModuleCache.noindex/_Builtin_stdbool-6XT6P5XUZWCFLZBIHXXS8S9EV.pcm
SwiftExplicitDependencyGeneratePcm arm64 /Users/admin/builder/spi-builder-workspace/.derivedData/ModuleCache.noindex/_Builtin_stddef-85JH2ZGWLM4WGGJWD7P19JNV6.pcm
SwiftExplicitDependencyGeneratePcm arm64 /Users/admin/builder/spi-builder-workspace/.derivedData/ModuleCache.noindex/_Builtin_float-5QRDZB35Y522CLCFL7NT2LPUF.pcm
SwiftExplicitDependencyGeneratePcm arm64_32 /Users/admin/builder/spi-builder-workspace/.derivedData/ModuleCache.noindex/ptrauth-625I4K1NIQYS1FZEGD4TBZD97.pcm
SwiftExplicitDependencyGeneratePcm arm64_32 /Users/admin/builder/spi-builder-workspace/.derivedData/ModuleCache.noindex/ptrcheck-9AZUY5IS5PCZJH0IGF6KZ1CS4.pcm
SwiftExplicitDependencyGeneratePcm arm64_32 /Users/admin/builder/spi-builder-workspace/.derivedData/ModuleCache.noindex/_Builtin_stdarg-D40VS4Q2KALO38V4FLA1GBDYO.pcm
SwiftExplicitDependencyGeneratePcm arm64_32 /Users/admin/builder/spi-builder-workspace/.derivedData/ModuleCache.noindex/SwiftShims-1KDDRF0T4GF3KEVBC8BQQ0CZ5.pcm
SwiftExplicitDependencyGeneratePcm arm64_32 /Users/admin/builder/spi-builder-workspace/.derivedData/ModuleCache.noindex/_SwiftConcurrencyShims-BE6OCM46C4HZFNWL8BR101QWH.pcm
SwiftExplicitDependencyGeneratePcm arm64_32 /Users/admin/builder/spi-builder-workspace/.derivedData/ModuleCache.noindex/_AvailabilityInternal-2P7I2A0IHHWZTWSQ7YWZKAXBX.pcm
SwiftExplicitDependencyGeneratePcm arm64_32 /Users/admin/builder/spi-builder-workspace/.derivedData/ModuleCache.noindex/_Builtin_float-57NF6Z0LMY2BSAMQJ9NJ49CVA.pcm
SwiftExplicitDependencyGeneratePcm arm64_32 /Users/admin/builder/spi-builder-workspace/.derivedData/ModuleCache.noindex/_Builtin_stdbool-5P7XRQ5AQ02CJZQOFJGPCI3TD.pcm
SwiftExplicitDependencyGeneratePcm arm64_32 /Users/admin/builder/spi-builder-workspace/.derivedData/ModuleCache.noindex/_Builtin_stddef-CVMDFD2LRC6J8Y1G2VDJIK5XT.pcm
SwiftExplicitDependencyGeneratePcm arm64 /Users/admin/builder/spi-builder-workspace/.derivedData/ModuleCache.noindex/_DarwinFoundation1-9CHGZVG6Q11ZVI9VKIOS0DH8R.pcm
SwiftExplicitDependencyGeneratePcm arm64_32 /Users/admin/builder/spi-builder-workspace/.derivedData/ModuleCache.noindex/_DarwinFoundation1-B5IP3NLVAB98PUH6026E7IU3Z.pcm
SwiftExplicitDependencyGeneratePcm arm64 /Users/admin/builder/spi-builder-workspace/.derivedData/ModuleCache.noindex/_DarwinFoundation2-91AUNY1B00JVZZS04EHZ5P78E.pcm
SwiftExplicitDependencyGeneratePcm arm64 /Users/admin/builder/spi-builder-workspace/.derivedData/ModuleCache.noindex/_Builtin_limits-DDBVG65V69EW9COVSML9AW08G.pcm
SwiftExplicitDependencyGeneratePcm arm64_32 /Users/admin/builder/spi-builder-workspace/.derivedData/ModuleCache.noindex/_DarwinFoundation2-BE53KZ13PGS3ADMTR162NWOT8.pcm
SwiftExplicitDependencyGeneratePcm arm64_32 /Users/admin/builder/spi-builder-workspace/.derivedData/ModuleCache.noindex/_Builtin_limits-85C3GEXRWK1KZJSJYR1SLAHJZ.pcm
SwiftExplicitDependencyGeneratePcm arm64 /Users/admin/builder/spi-builder-workspace/.derivedData/ModuleCache.noindex/_Builtin_stdint-BFTPAV7DTJR0UZMVITWJ89G3Z.pcm
SwiftExplicitDependencyGeneratePcm arm64 /Users/admin/builder/spi-builder-workspace/.derivedData/ModuleCache.noindex/sys_types-3UK4M66LJG7B93KMPGCYXJLGJ.pcm
SwiftExplicitDependencyGeneratePcm arm64 /Users/admin/builder/spi-builder-workspace/.derivedData/ModuleCache.noindex/_DarwinFoundation3-5VMZVD9RI030DGKFFW74MIHMQ.pcm
SwiftExplicitDependencyGeneratePcm arm64_32 /Users/admin/builder/spi-builder-workspace/.derivedData/ModuleCache.noindex/sys_types-5220JAOP6QAKP1ZZSQXQIGT3N.pcm
SwiftExplicitDependencyGeneratePcm arm64_32 /Users/admin/builder/spi-builder-workspace/.derivedData/ModuleCache.noindex/_Builtin_stdint-DHK9W4154W1VADFICW26EF51A.pcm
SwiftExplicitDependencyGeneratePcm arm64_32 /Users/admin/builder/spi-builder-workspace/.derivedData/ModuleCache.noindex/_DarwinFoundation3-ECPZQXPEKKE17FVBYD1POXRMU.pcm
SwiftExplicitDependencyGeneratePcm arm64 /Users/admin/builder/spi-builder-workspace/.derivedData/ModuleCache.noindex/_Builtin_inttypes-EAYG1OYRDQ7HO6J9WI6WA5Y2M.pcm
SwiftExplicitDependencyGeneratePcm arm64 /Users/admin/builder/spi-builder-workspace/.derivedData/ModuleCache.noindex/Darwin-E1ZCMHXYOAUQKSA4QO0SMGPXA.pcm
SwiftExplicitDependencyGeneratePcm arm64_32 /Users/admin/builder/spi-builder-workspace/.derivedData/ModuleCache.noindex/_Builtin_inttypes-DVW4DAGN9X56OUK4E1BD9DBZ7.pcm
SwiftExplicitDependencyGeneratePcm arm64_32 /Users/admin/builder/spi-builder-workspace/.derivedData/ModuleCache.noindex/Darwin-C8WYVRDE1BASWGOHXGC15GM9F.pcm
SwiftExplicitDependencyGeneratePcm arm64 /Users/admin/builder/spi-builder-workspace/.derivedData/ModuleCache.noindex/ObjectiveC-2PU9OT47G6RBOHSXQR2STMWWR.pcm
SwiftExplicitDependencyGeneratePcm arm64_32 /Users/admin/builder/spi-builder-workspace/.derivedData/ModuleCache.noindex/ObjectiveC-AVYBQYXS0QCLOEQGWXNFUFJ0V.pcm
SwiftExplicitDependencyGeneratePcm arm64 /Users/admin/builder/spi-builder-workspace/.derivedData/ModuleCache.noindex/os_object-CIUJ5N1V1HWSGEK024IV96R1M.pcm
SwiftExplicitDependencyGeneratePcm arm64_32 /Users/admin/builder/spi-builder-workspace/.derivedData/ModuleCache.noindex/os_object-8N6RR4J5VVS62U9VXHR1297AW.pcm
SwiftExplicitDependencyGeneratePcm arm64 /Users/admin/builder/spi-builder-workspace/.derivedData/ModuleCache.noindex/os_workgroup-5S02ISLSMHO6BA5HLY5UNJ6A3.pcm
SwiftExplicitDependencyGeneratePcm arm64_32 /Users/admin/builder/spi-builder-workspace/.derivedData/ModuleCache.noindex/os_workgroup-EGGSTWNSSUGG124AQRBUF2J85.pcm
SwiftExplicitDependencyGeneratePcm arm64 /Users/admin/builder/spi-builder-workspace/.derivedData/ModuleCache.noindex/Dispatch-4KQN7RRX0L9C07MGTWHYRJGYM.pcm
SwiftExplicitDependencyGeneratePcm arm64_32 /Users/admin/builder/spi-builder-workspace/.derivedData/ModuleCache.noindex/Dispatch-DV1SP0JEXVJ6MTIWZ3XCJTXSW.pcm
SwiftExplicitDependencyGeneratePcm arm64 /Users/admin/builder/spi-builder-workspace/.derivedData/ModuleCache.noindex/CoreFoundation-C0JIKJUNM7J0IFUIZ8S5RWP5A.pcm
SwiftExplicitDependencyGeneratePcm arm64_32 /Users/admin/builder/spi-builder-workspace/.derivedData/ModuleCache.noindex/CoreFoundation-EN8GNA4ERP0UOK1XPZ1YRZKGF.pcm
SwiftExplicitDependencyGeneratePcm arm64 /Users/admin/builder/spi-builder-workspace/.derivedData/ModuleCache.noindex/Security-8WXKZYCC8N3IYZ7GEEYK1LTTC.pcm
SwiftExplicitDependencyGeneratePcm arm64_32 /Users/admin/builder/spi-builder-workspace/.derivedData/ModuleCache.noindex/Security-8KJEGVX0ECINJU374GLCNITFA.pcm
SwiftExplicitDependencyGeneratePcm arm64 /Users/admin/builder/spi-builder-workspace/.derivedData/ModuleCache.noindex/Foundation-188QGUU7PNEMS0JL2JNA4L9D.pcm
SwiftExplicitDependencyGeneratePcm arm64_32 /Users/admin/builder/spi-builder-workspace/.derivedData/ModuleCache.noindex/Foundation-1ZQJQ54U4TUPUQFY2U9YK0983.pcm
SwiftEmitModule normal arm64 Emitting\ module\ for\ Huminize (in target 'Huminize' from project 'Huminize')
EmitSwiftModule normal arm64 (in target 'Huminize' from project 'Huminize')
cd /Users/admin/builder/spi-builder-workspace/.swiftpm/xcode
SwiftCompile normal arm64 Compiling\ Strings.swift /Users/admin/builder/spi-builder-workspace/Sources/Huminize/Strings.swift (in target 'Huminize' from project 'Huminize')
SwiftCompile normal arm64 /Users/admin/builder/spi-builder-workspace/Sources/Huminize/Strings.swift (in target 'Huminize' from project 'Huminize')
cd /Users/admin/builder/spi-builder-workspace/.swiftpm/xcode
SwiftCompile normal arm64 Compiling\ Number.swift /Users/admin/builder/spi-builder-workspace/Sources/Huminize/Number.swift (in target 'Huminize' from project 'Huminize')
SwiftCompile normal arm64 /Users/admin/builder/spi-builder-workspace/Sources/Huminize/Number.swift (in target 'Huminize' from project 'Huminize')
cd /Users/admin/builder/spi-builder-workspace/.swiftpm/xcode
SwiftCompile normal arm64 Compiling\ Time.swift /Users/admin/builder/spi-builder-workspace/Sources/Huminize/Time.swift (in target 'Huminize' from project 'Huminize')
SwiftCompile normal arm64 /Users/admin/builder/spi-builder-workspace/Sources/Huminize/Time.swift (in target 'Huminize' from project 'Huminize')
cd /Users/admin/builder/spi-builder-workspace/.swiftpm/xcode
SwiftCompile normal arm64 Compiling\ HuminizeLocale.swift /Users/admin/builder/spi-builder-workspace/Sources/Huminize/HuminizeLocale.swift (in target 'Huminize' from project 'Huminize')
SwiftCompile normal arm64 /Users/admin/builder/spi-builder-workspace/Sources/Huminize/HuminizeLocale.swift (in target 'Huminize' from project 'Huminize')
cd /Users/admin/builder/spi-builder-workspace/.swiftpm/xcode
SwiftCompile normal arm64 Compiling\ Filesize.swift /Users/admin/builder/spi-builder-workspace/Sources/Huminize/Filesize.swift (in target 'Huminize' from project 'Huminize')
SwiftCompile normal arm64 /Users/admin/builder/spi-builder-workspace/Sources/Huminize/Filesize.swift (in target 'Huminize' from project 'Huminize')
cd /Users/admin/builder/spi-builder-workspace/.swiftpm/xcode
SwiftCompile normal arm64 Compiling\ Huminize.swift /Users/admin/builder/spi-builder-workspace/Sources/Huminize/Huminize.swift (in target 'Huminize' from project 'Huminize')
SwiftCompile normal arm64 /Users/admin/builder/spi-builder-workspace/Sources/Huminize/Huminize.swift (in target 'Huminize' from project 'Huminize')
cd /Users/admin/builder/spi-builder-workspace/.swiftpm/xcode
SwiftCompile normal arm64 Compiling\ List.swift /Users/admin/builder/spi-builder-workspace/Sources/Huminize/List.swift (in target 'Huminize' from project 'Huminize')
SwiftCompile normal arm64 /Users/admin/builder/spi-builder-workspace/Sources/Huminize/List.swift (in target 'Huminize' from project 'Huminize')
cd /Users/admin/builder/spi-builder-workspace/.swiftpm/xcode
SwiftCompile normal arm64 Compiling\ SI.swift /Users/admin/builder/spi-builder-workspace/Sources/Huminize/SI.swift (in target 'Huminize' from project 'Huminize')
SwiftCompile normal arm64 /Users/admin/builder/spi-builder-workspace/Sources/Huminize/SI.swift (in target 'Huminize' from project 'Huminize')
cd /Users/admin/builder/spi-builder-workspace/.swiftpm/xcode
SwiftEmitModule normal arm64_32 Emitting\ module\ for\ Huminize (in target 'Huminize' from project 'Huminize')
EmitSwiftModule normal arm64_32 (in target 'Huminize' from project 'Huminize')
cd /Users/admin/builder/spi-builder-workspace/.swiftpm/xcode
SwiftCompile normal arm64_32 Compiling\ Number.swift /Users/admin/builder/spi-builder-workspace/Sources/Huminize/Number.swift (in target 'Huminize' from project 'Huminize')
SwiftCompile normal arm64_32 /Users/admin/builder/spi-builder-workspace/Sources/Huminize/Number.swift (in target 'Huminize' from project 'Huminize')
cd /Users/admin/builder/spi-builder-workspace/.swiftpm/xcode
SwiftDriverJobDiscovery normal arm64 Emitting module for Huminize (in target 'Huminize' from project 'Huminize')
SwiftDriver\ Compilation\ Requirements Huminize normal arm64 com.apple.xcode.tools.swift.compiler (in target 'Huminize' from project 'Huminize')
cd /Users/admin/builder/spi-builder-workspace/.swiftpm/xcode
builtin-Swift-Compilation-Requirements -- /Applications/Xcode-26.3.0.app/Contents/Developer/Toolchains/XcodeDefault.xctoolchain/usr/bin/swiftc -module-name Huminize -Onone -enforce-exclusivity\=checked @/Users/admin/builder/spi-builder-workspace/.derivedData/Build/Intermediates.noindex/Huminize.build/Debug-watchos/Huminize.build/Objects-normal/arm64/Huminize.SwiftFileList -DSWIFT_PACKAGE -DDEBUG -DSWIFT_MODULE_RESOURCE_BUNDLE_UNAVAILABLE -DXcode -plugin-path /Applications/Xcode-26.3.0.app/Contents/Developer/Toolchains/XcodeDefault.xctoolchain/usr/lib/swift/host/plugins/testing -enable-experimental-feature DebugDescriptionMacro -sdk /Applications/Xcode-26.3.0.app/Contents/Developer/Platforms/WatchOS.platform/Developer/SDKs/WatchOS26.2.sdk -target arm64-apple-watchos9.0 -g -module-cache-path /Users/admin/builder/spi-builder-workspace/.derivedData/ModuleCache.noindex -Xfrontend -serialize-debugging-options -profile-coverage-mapping -profile-generate -enable-testing -index-store-path /Users/admin/builder/spi-builder-workspace/.derivedData/Index.noindex/DataStore -Xcc -D_LIBCPP_HARDENING_MODE\=_LIBCPP_HARDENING_MODE_DEBUG -swift-version 6 -I /Users/admin/builder/spi-builder-workspace/.derivedData/Build/Products/Debug-watchos -Isystem /Applications/Xcode-26.3.0.app/Contents/Developer/Platforms/WatchOS.platform/Developer/usr/lib -F /Users/admin/builder/spi-builder-workspace/.derivedData/Build/Products/Debug-watchos -F /Applications/Xcode-26.3.0.app/Contents/Developer/Platforms/WatchOS.platform/Developer/Library/Frameworks -F /Applications/Xcode-26.3.0.app/Contents/Developer/Platforms/WatchOS.platform/Developer/SDKs/WatchOS26.2.sdk/Developer/Library/Frameworks -c -j10 -enable-batch-mode -incremental -Xcc -ivfsstatcache -Xcc /Users/admin/builder/spi-builder-workspace/.derivedData/SDKStatCaches.noindex/watchos26.2-23S303-dc75598d0054f22ec865fa860f139d721753b489057de6bda919edfa1c59a62b.sdkstatcache -output-file-map /Users/admin/builder/spi-builder-workspace/.derivedData/Build/Intermediates.noindex/Huminize.build/Debug-watchos/Huminize.build/Objects-normal/arm64/Huminize-OutputFileMap.json -use-frontend-parseable-output -save-temps -no-color-diagnostics -explicit-module-build -module-cache-path /Users/admin/builder/spi-builder-workspace/.derivedData/Build/Intermediates.noindex/SwiftExplicitPrecompiledModules -clang-scanner-module-cache-path /Users/admin/builder/spi-builder-workspace/.derivedData/ModuleCache.noindex -sdk-module-cache-path /Users/admin/builder/spi-builder-workspace/.derivedData/ModuleCache.noindex -serialize-diagnostics -emit-dependencies -emit-module -emit-module-path /Users/admin/builder/spi-builder-workspace/.derivedData/Build/Intermediates.noindex/Huminize.build/Debug-watchos/Huminize.build/Objects-normal/arm64/Huminize.swiftmodule -validate-clang-modules-once -clang-build-session-file /Users/admin/builder/spi-builder-workspace/.derivedData/ModuleCache.noindex/Session.modulevalidation -package-name spi_builder_workspace -Xcc -I/Users/admin/builder/spi-builder-workspace/.derivedData/Build/Intermediates.noindex/Huminize.build/Debug-watchos/Huminize.build/swift-overrides.hmap -emit-const-values -Xfrontend -const-gather-protocols-file -Xfrontend /Users/admin/builder/spi-builder-workspace/.derivedData/Build/Intermediates.noindex/Huminize.build/Debug-watchos/Huminize.build/Objects-normal/arm64/Huminize_const_extract_protocols.json -Xcc -I/Users/admin/builder/spi-builder-workspace/.derivedData/Build/Products/Debug-watchos/include -Xcc -I/Users/admin/builder/spi-builder-workspace/.derivedData/Build/Intermediates.noindex/Huminize.build/Debug-watchos/Huminize.build/DerivedSources-normal/arm64 -Xcc -I/Users/admin/builder/spi-builder-workspace/.derivedData/Build/Intermediates.noindex/Huminize.build/Debug-watchos/Huminize.build/DerivedSources/arm64 -Xcc -I/Users/admin/builder/spi-builder-workspace/.derivedData/Build/Intermediates.noindex/Huminize.build/Debug-watchos/Huminize.build/DerivedSources -Xcc -DSWIFT_PACKAGE -Xcc -DDEBUG\=1 -emit-objc-header -emit-objc-header-path /Users/admin/builder/spi-builder-workspace/.derivedData/Build/Intermediates.noindex/Huminize.build/Debug-watchos/Huminize.build/Objects-normal/arm64/Huminize-Swift.h -working-directory /Users/admin/builder/spi-builder-workspace/.swiftpm/xcode -experimental-emit-module-separately -disable-cmo
SwiftDriverJobDiscovery normal arm64_32 Emitting module for Huminize (in target 'Huminize' from project 'Huminize')
SwiftDriver\ Compilation\ Requirements Huminize normal arm64_32 com.apple.xcode.tools.swift.compiler (in target 'Huminize' from project 'Huminize')
cd /Users/admin/builder/spi-builder-workspace/.swiftpm/xcode
builtin-Swift-Compilation-Requirements -- /Applications/Xcode-26.3.0.app/Contents/Developer/Toolchains/XcodeDefault.xctoolchain/usr/bin/swiftc -module-name Huminize -Onone -enforce-exclusivity\=checked @/Users/admin/builder/spi-builder-workspace/.derivedData/Build/Intermediates.noindex/Huminize.build/Debug-watchos/Huminize.build/Objects-normal/arm64_32/Huminize.SwiftFileList -DSWIFT_PACKAGE -DDEBUG -DSWIFT_MODULE_RESOURCE_BUNDLE_UNAVAILABLE -DXcode -plugin-path /Applications/Xcode-26.3.0.app/Contents/Developer/Toolchains/XcodeDefault.xctoolchain/usr/lib/swift/host/plugins/testing -enable-experimental-feature DebugDescriptionMacro -sdk /Applications/Xcode-26.3.0.app/Contents/Developer/Platforms/WatchOS.platform/Developer/SDKs/WatchOS26.2.sdk -target arm64_32-apple-watchos9.0 -g -module-cache-path /Users/admin/builder/spi-builder-workspace/.derivedData/ModuleCache.noindex -Xfrontend -serialize-debugging-options -profile-coverage-mapping -profile-generate -enable-testing -index-store-path /Users/admin/builder/spi-builder-workspace/.derivedData/Index.noindex/DataStore -Xcc -D_LIBCPP_HARDENING_MODE\=_LIBCPP_HARDENING_MODE_DEBUG -swift-version 6 -I /Users/admin/builder/spi-builder-workspace/.derivedData/Build/Products/Debug-watchos -Isystem /Applications/Xcode-26.3.0.app/Contents/Developer/Platforms/WatchOS.platform/Developer/usr/lib -F /Users/admin/builder/spi-builder-workspace/.derivedData/Build/Products/Debug-watchos -F /Applications/Xcode-26.3.0.app/Contents/Developer/Platforms/WatchOS.platform/Developer/Library/Frameworks -F /Applications/Xcode-26.3.0.app/Contents/Developer/Platforms/WatchOS.platform/Developer/SDKs/WatchOS26.2.sdk/Developer/Library/Frameworks -c -j10 -enable-batch-mode -incremental -Xcc -ivfsstatcache -Xcc /Users/admin/builder/spi-builder-workspace/.derivedData/SDKStatCaches.noindex/watchos26.2-23S303-dc75598d0054f22ec865fa860f139d721753b489057de6bda919edfa1c59a62b.sdkstatcache -output-file-map /Users/admin/builder/spi-builder-workspace/.derivedData/Build/Intermediates.noindex/Huminize.build/Debug-watchos/Huminize.build/Objects-normal/arm64_32/Huminize-OutputFileMap.json -use-frontend-parseable-output -save-temps -no-color-diagnostics -explicit-module-build -module-cache-path /Users/admin/builder/spi-builder-workspace/.derivedData/Build/Intermediates.noindex/SwiftExplicitPrecompiledModules -clang-scanner-module-cache-path /Users/admin/builder/spi-builder-workspace/.derivedData/ModuleCache.noindex -sdk-module-cache-path /Users/admin/builder/spi-builder-workspace/.derivedData/ModuleCache.noindex -serialize-diagnostics -emit-dependencies -emit-module -emit-module-path /Users/admin/builder/spi-builder-workspace/.derivedData/Build/Intermediates.noindex/Huminize.build/Debug-watchos/Huminize.build/Objects-normal/arm64_32/Huminize.swiftmodule -validate-clang-modules-once -clang-build-session-file /Users/admin/builder/spi-builder-workspace/.derivedData/ModuleCache.noindex/Session.modulevalidation -package-name spi_builder_workspace -Xcc -I/Users/admin/builder/spi-builder-workspace/.derivedData/Build/Intermediates.noindex/Huminize.build/Debug-watchos/Huminize.build/swift-overrides.hmap -emit-const-values -Xfrontend -const-gather-protocols-file -Xfrontend /Users/admin/builder/spi-builder-workspace/.derivedData/Build/Intermediates.noindex/Huminize.build/Debug-watchos/Huminize.build/Objects-normal/arm64_32/Huminize_const_extract_protocols.json -Xcc -I/Users/admin/builder/spi-builder-workspace/.derivedData/Build/Products/Debug-watchos/include -Xcc -I/Users/admin/builder/spi-builder-workspace/.derivedData/Build/Intermediates.noindex/Huminize.build/Debug-watchos/Huminize.build/DerivedSources-normal/arm64_32 -Xcc -I/Users/admin/builder/spi-builder-workspace/.derivedData/Build/Intermediates.noindex/Huminize.build/Debug-watchos/Huminize.build/DerivedSources/arm64_32 -Xcc -I/Users/admin/builder/spi-builder-workspace/.derivedData/Build/Intermediates.noindex/Huminize.build/Debug-watchos/Huminize.build/DerivedSources -Xcc -DSWIFT_PACKAGE -Xcc -DDEBUG\=1 -emit-objc-header -emit-objc-header-path /Users/admin/builder/spi-builder-workspace/.derivedData/Build/Intermediates.noindex/Huminize.build/Debug-watchos/Huminize.build/Objects-normal/arm64_32/Huminize-Swift.h -working-directory /Users/admin/builder/spi-builder-workspace/.swiftpm/xcode -experimental-emit-module-separately -disable-cmo
SwiftCompile normal arm64_32 Compiling\ Strings.swift /Users/admin/builder/spi-builder-workspace/Sources/Huminize/Strings.swift (in target 'Huminize' from project 'Huminize')
Failed frontend command:
/Applications/Xcode-26.3.0.app/Contents/Developer/Toolchains/XcodeDefault.xctoolchain/usr/bin/swift-frontend -frontend -c /Users/admin/builder/spi-builder-workspace/Sources/Huminize/Filesize.swift /Users/admin/builder/spi-builder-workspace/Sources/Huminize/Huminize.swift /Users/admin/builder/spi-builder-workspace/Sources/Huminize/HuminizeLocale.swift /Users/admin/builder/spi-builder-workspace/Sources/Huminize/List.swift /Users/admin/builder/spi-builder-workspace/Sources/Huminize/Number.swift /Users/admin/builder/spi-builder-workspace/Sources/Huminize/SI.swift -primary-file /Users/admin/builder/spi-builder-workspace/Sources/Huminize/Strings.swift /Users/admin/builder/spi-builder-workspace/Sources/Huminize/Time.swift -emit-dependencies-path /Users/admin/builder/spi-builder-workspace/.derivedData/Build/Intermediates.noindex/Huminize.build/Debug-watchos/Huminize.build/Objects-normal/arm64_32/Strings.d -emit-const-values-path /Users/admin/builder/spi-builder-workspace/.derivedData/Build/Intermediates.noindex/Huminize.build/Debug-watchos/Huminize.build/Objects-normal/arm64_32/Strings.swiftconstvalues -emit-reference-dependencies-path /Users/admin/builder/spi-builder-workspace/.derivedData/Build/Intermediates.noindex/Huminize.build/Debug-watchos/Huminize.build/Objects-normal/arm64_32/Strings.swiftdeps -serialize-diagnostics-path /Users/admin/builder/spi-builder-workspace/.derivedData/Build/Intermediates.noindex/Huminize.build/Debug-watchos/Huminize.build/Objects-normal/arm64_32/Strings.dia -target arm64_32-apple-watchos9.0 -load-resolved-plugin /Applications/Xcode-26.3.0.app/Contents/Developer/Platforms/WatchOS.platform/Developer/usr/lib/swift/host/plugins/libFoundationMacros.dylib\#/Applications/Xcode-26.3.0.app/Contents/Developer/Platforms/WatchOS.platform/Developer/usr/bin/swift-plugin-server\#FoundationMacros -load-resolved-plugin /Applications/Xcode-26.3.0.app/Contents/Developer/Platforms/WatchOS.platform/Developer/usr/lib/swift/host/plugins/libObservationMacros.dylib\#/Applications/Xcode-26.3.0.app/Contents/Developer/Platforms/WatchOS.platform/Developer/usr/bin/swift-plugin-server\#ObservationMacros -load-resolved-plugin /Applications/Xcode-26.3.0.app/Contents/Developer/Platforms/WatchOS.platform/Developer/usr/lib/swift/host/plugins/libSwiftMacros.dylib\#/Applications/Xcode-26.3.0.app/Contents/Developer/Platforms/WatchOS.platform/Developer/usr/bin/swift-plugin-server\#SwiftMacros -disable-implicit-swift-modules -Xcc -fno-implicit-modules -Xcc -fno-implicit-module-maps -explicit-swift-module-map-file /Users/admin/builder/spi-builder-workspace/.derivedData/Build/Intermediates.noindex/Huminize.build/Debug-watchos/Huminize.build/Objects-normal/arm64_32/Huminize-dependencies-1.json -enable-objc-interop -sdk /Applications/Xcode-26.3.0.app/Contents/Developer/Platforms/WatchOS.platform/Developer/SDKs/WatchOS26.2.sdk -I /Users/admin/builder/spi-builder-workspace/.derivedData/Build/Products/Debug-watchos -Isystem /Applications/Xcode-26.3.0.app/Contents/Developer/Platforms/WatchOS.platform/Developer/usr/lib -F /Users/admin/builder/spi-builder-workspace/.derivedData/Build/Products/Debug-watchos -F /Applications/Xcode-26.3.0.app/Contents/Developer/Platforms/WatchOS.platform/Developer/Library/Frameworks -F /Applications/Xcode-26.3.0.app/Contents/Developer/Platforms/WatchOS.platform/Developer/SDKs/WatchOS26.2.sdk/Developer/Library/Frameworks -no-color-diagnostics -Xcc -fno-color-diagnostics -enable-testing -g -debug-info-format\=dwarf -dwarf-version\=4 -module-cache-path /Users/admin/builder/spi-builder-workspace/.derivedData/Build/Intermediates.noindex/SwiftExplicitPrecompiledModules -profile-generate -profile-coverage-mapping -swift-version 6 -enforce-exclusivity\=checked -Onone -D SWIFT_PACKAGE -D DEBUG -D SWIFT_MODULE_RESOURCE_BUNDLE_UNAVAILABLE -D Xcode -serialize-debugging-options -const-gather-protocols-file /Users/admin/builder/spi-builder-workspace/.derivedData/Build/Intermediates.noindex/Huminize.build/Debug-watchos/Huminize.build/Objects-normal/arm64_32/Huminize_const_extract_protocols.json -enable-experimental-feature DebugDescriptionMacro -empty-abi-descriptor -validate-clang-modules-once -clang-build-session-file /Users/admin/builder/spi-builder-workspace/.derivedData/ModuleCache.noindex/Session.modulevalidation -Xcc -working-directory -Xcc /Users/admin/builder/spi-builder-workspace/.swiftpm/xcode -enable-anonymous-context-mangled-names -file-compilation-dir /Users/admin/builder/spi-builder-workspace/.swiftpm/xcode -Xcc -D_LIBCPP_HARDENING_MODE\=_LIBCPP_HARDENING_MODE_DEBUG -Xcc -ivfsstatcache -Xcc /Users/admin/builder/spi-builder-workspace/.derivedData/SDKStatCaches.noindex/watchos26.2-23S303-dc75598d0054f22ec865fa860f139d721753b489057de6bda919edfa1c59a62b.sdkstatcache -Xcc -I/Users/admin/builder/spi-builder-workspace/.derivedData/Build/Intermediates.noindex/Huminize.build/Debug-watchos/Huminize.build/swift-overrides.hmap -Xcc -I/Users/admin/builder/spi-builder-workspace/.derivedData/Build/Products/Debug-watchos/include -Xcc -I/Users/admin/builder/spi-builder-workspace/.derivedData/Build/Intermediates.noindex/Huminize.build/Debug-watchos/Huminize.build/DerivedSources-normal/arm64_32 -Xcc -I/Users/admin/builder/spi-builder-workspace/.derivedData/Build/Intermediates.noindex/Huminize.build/Debug-watchos/Huminize.build/DerivedSources/arm64_32 -Xcc -I/Users/admin/builder/spi-builder-workspace/.derivedData/Build/Intermediates.noindex/Huminize.build/Debug-watchos/Huminize.build/DerivedSources -Xcc -DSWIFT_PACKAGE -Xcc -DDEBUG\=1 -no-auto-bridging-header-chaining -module-name Huminize -package-name spi_builder_workspace -frontend-parseable-output -disable-clang-spi -target-sdk-version 26.2 -target-sdk-name watchos26.2 -clang-target arm64_32-apple-watchos26.2 -in-process-plugin-server-path /Applications/Xcode-26.3.0.app/Contents/Developer/Toolchains/XcodeDefault.xctoolchain/usr/lib/swift/host/libSwiftInProcPluginServer.dylib -o /Users/admin/builder/spi-builder-workspace/.derivedData/Build/Intermediates.noindex/Huminize.build/Debug-watchos/Huminize.build/Objects-normal/arm64_32/Strings.o -index-unit-output-path /Huminize.build/Debug-watchos/Huminize.build/Objects-normal/arm64_32/Strings.o -index-store-path /Users/admin/builder/spi-builder-workspace/.derivedData/Index.noindex/DataStore -index-system-modules
SwiftCompile normal arm64_32 /Users/admin/builder/spi-builder-workspace/Sources/Huminize/Strings.swift (in target 'Huminize' from project 'Huminize')
cd /Users/admin/builder/spi-builder-workspace/.swiftpm/xcode
/Users/admin/builder/spi-builder-workspace/Sources/Huminize/Strings.swift:124:71: error: integer literal '1000000000000' overflows when stored into 'Int'
case 1_000_000_000_000...: return formatLargeRu(n, scale: 1_000_000_000_000, forms: ("триллион", "триллиона", "триллионов"))
/Users/admin/builder/spi-builder-workspace/Sources/Huminize/Strings.swift:121:20: error: integer literal '1000000000000' overflows when stored into signed 'Builtin.Int32'
switch n {
^
/Users/admin/builder/spi-builder-workspace/Sources/Huminize/Strings.swift:123:75: error: integer literal '1000000000000000' overflows when stored into 'Int'
case 1_000_000_000_000_000...: return formatLargeRu(n, scale: 1_000_000_000_000_000, forms: ("квадриллион", "квадриллиона", "квадриллионов"))
/Users/admin/builder/spi-builder-workspace/Sources/Huminize/Strings.swift:121:20: error: integer literal '1000000000000000' overflows when stored into signed 'Builtin.Int32'
switch n {
^
/Users/admin/builder/spi-builder-workspace/Sources/Huminize/Strings.swift:122:79: error: integer literal '1000000000000000000' overflows when stored into 'Int'
case 1_000_000_000_000_000_000...: return formatLargeRu(n, scale: 1_000_000_000_000_000_000, forms: ("квинтиллион", "квинтиллиона", "квинтиллионов"))
/Users/admin/builder/spi-builder-workspace/Sources/Huminize/Strings.swift:121:20: error: integer literal '1000000000000000000' overflows when stored into signed 'Builtin.Int32'
switch n {
^
/Users/admin/builder/spi-builder-workspace/Sources/Huminize/Strings.swift:113:69: error: integer literal '1000000000000' overflows when stored into 'Int'
case 1_000_000_000_000...: return formatLarge(n, scale: 1_000_000_000_000, singular: "trillion", plural: "trillion")
^
/Users/admin/builder/spi-builder-workspace/Sources/Huminize/Strings.swift:110:20: error: integer literal '1000000000000' overflows when stored into signed 'Builtin.Int32'
switch n {
^
/Users/admin/builder/spi-builder-workspace/Sources/Huminize/Strings.swift:112:73: error: integer literal '1000000000000000' overflows when stored into 'Int'
case 1_000_000_000_000_000...: return formatLarge(n, scale: 1_000_000_000_000_000, singular: "quadrillion", plural: "quadrillions")
^
/Users/admin/builder/spi-builder-workspace/Sources/Huminize/Strings.swift:110:20: error: integer literal '1000000000000000' overflows when stored into signed 'Builtin.Int32'
switch n {
^
/Users/admin/builder/spi-builder-workspace/Sources/Huminize/Strings.swift:111:77: error: integer literal '1000000000000000000' overflows when stored into 'Int'
case 1_000_000_000_000_000_000...: return formatLarge(n, scale: 1_000_000_000_000_000_000, singular: "quintillion", plural: "quintillion")
^
/Users/admin/builder/spi-builder-workspace/Sources/Huminize/Strings.swift:110:20: error: integer literal '1000000000000000000' overflows when stored into signed 'Builtin.Int32'
switch n {
^
SwiftMergeGeneratedHeaders /Users/admin/builder/spi-builder-workspace/.derivedData/Build/Intermediates.noindex/GeneratedModuleMaps-watchos/Huminize-Swift.h /Users/admin/builder/spi-builder-workspace/.derivedData/Build/Intermediates.noindex/Huminize.build/Debug-watchos/Huminize.build/Objects-normal/arm64/Huminize-Swift.h /Users/admin/builder/spi-builder-workspace/.derivedData/Build/Intermediates.noindex/Huminize.build/Debug-watchos/Huminize.build/Objects-normal/arm64_32/Huminize-Swift.h (in target 'Huminize' from project 'Huminize')
cd /Users/admin/builder/spi-builder-workspace
builtin-swiftHeaderTool -arch arm64 /Users/admin/builder/spi-builder-workspace/.derivedData/Build/Intermediates.noindex/Huminize.build/Debug-watchos/Huminize.build/Objects-normal/arm64/Huminize-Swift.h -arch arm64_32 /Users/admin/builder/spi-builder-workspace/.derivedData/Build/Intermediates.noindex/Huminize.build/Debug-watchos/Huminize.build/Objects-normal/arm64_32/Huminize-Swift.h -o /Users/admin/builder/spi-builder-workspace/.derivedData/Build/Intermediates.noindex/GeneratedModuleMaps-watchos/Huminize-Swift.h
SwiftDriverJobDiscovery normal arm64 Compiling Huminize.swift (in target 'Huminize' from project 'Huminize')
Copy /Users/admin/builder/spi-builder-workspace/.derivedData/Build/Products/Debug-watchos/Huminize.swiftmodule/arm64_32-apple-watchos.swiftmodule /Users/admin/builder/spi-builder-workspace/.derivedData/Build/Intermediates.noindex/Huminize.build/Debug-watchos/Huminize.build/Objects-normal/arm64_32/Huminize.swiftmodule (in target 'Huminize' from project 'Huminize')
cd /Users/admin/builder/spi-builder-workspace
builtin-copy -exclude .DS_Store -exclude CVS -exclude .svn -exclude .git -exclude .hg -resolve-src-symlinks -rename /Users/admin/builder/spi-builder-workspace/.derivedData/Build/Intermediates.noindex/Huminize.build/Debug-watchos/Huminize.build/Objects-normal/arm64_32/Huminize.swiftmodule /Users/admin/builder/spi-builder-workspace/.derivedData/Build/Products/Debug-watchos/Huminize.swiftmodule/arm64_32-apple-watchos.swiftmodule
Copy /Users/admin/builder/spi-builder-workspace/.derivedData/Build/Products/Debug-watchos/Huminize.swiftmodule/arm64_32-apple-watchos.swiftdoc /Users/admin/builder/spi-builder-workspace/.derivedData/Build/Intermediates.noindex/Huminize.build/Debug-watchos/Huminize.build/Objects-normal/arm64_32/Huminize.swiftdoc (in target 'Huminize' from project 'Huminize')
cd /Users/admin/builder/spi-builder-workspace
builtin-copy -exclude .DS_Store -exclude CVS -exclude .svn -exclude .git -exclude .hg -resolve-src-symlinks -rename /Users/admin/builder/spi-builder-workspace/.derivedData/Build/Intermediates.noindex/Huminize.build/Debug-watchos/Huminize.build/Objects-normal/arm64_32/Huminize.swiftdoc /Users/admin/builder/spi-builder-workspace/.derivedData/Build/Products/Debug-watchos/Huminize.swiftmodule/arm64_32-apple-watchos.swiftdoc
Copy /Users/admin/builder/spi-builder-workspace/.derivedData/Build/Products/Debug-watchos/Huminize.swiftmodule/arm64_32-apple-watchos.abi.json /Users/admin/builder/spi-builder-workspace/.derivedData/Build/Intermediates.noindex/Huminize.build/Debug-watchos/Huminize.build/Objects-normal/arm64_32/Huminize.abi.json (in target 'Huminize' from project 'Huminize')
cd /Users/admin/builder/spi-builder-workspace
builtin-copy -exclude .DS_Store -exclude CVS -exclude .svn -exclude .git -exclude .hg -resolve-src-symlinks -rename /Users/admin/builder/spi-builder-workspace/.derivedData/Build/Intermediates.noindex/Huminize.build/Debug-watchos/Huminize.build/Objects-normal/arm64_32/Huminize.abi.json /Users/admin/builder/spi-builder-workspace/.derivedData/Build/Products/Debug-watchos/Huminize.swiftmodule/arm64_32-apple-watchos.abi.json
Copy /Users/admin/builder/spi-builder-workspace/.derivedData/Build/Products/Debug-watchos/Huminize.swiftmodule/arm64-apple-watchos.swiftmodule /Users/admin/builder/spi-builder-workspace/.derivedData/Build/Intermediates.noindex/Huminize.build/Debug-watchos/Huminize.build/Objects-normal/arm64/Huminize.swiftmodule (in target 'Huminize' from project 'Huminize')
cd /Users/admin/builder/spi-builder-workspace
builtin-copy -exclude .DS_Store -exclude CVS -exclude .svn -exclude .git -exclude .hg -resolve-src-symlinks -rename /Users/admin/builder/spi-builder-workspace/.derivedData/Build/Intermediates.noindex/Huminize.build/Debug-watchos/Huminize.build/Objects-normal/arm64/Huminize.swiftmodule /Users/admin/builder/spi-builder-workspace/.derivedData/Build/Products/Debug-watchos/Huminize.swiftmodule/arm64-apple-watchos.swiftmodule
Copy /Users/admin/builder/spi-builder-workspace/.derivedData/Build/Products/Debug-watchos/Huminize.swiftmodule/arm64-apple-watchos.swiftdoc /Users/admin/builder/spi-builder-workspace/.derivedData/Build/Intermediates.noindex/Huminize.build/Debug-watchos/Huminize.build/Objects-normal/arm64/Huminize.swiftdoc (in target 'Huminize' from project 'Huminize')
cd /Users/admin/builder/spi-builder-workspace
builtin-copy -exclude .DS_Store -exclude CVS -exclude .svn -exclude .git -exclude .hg -resolve-src-symlinks -rename /Users/admin/builder/spi-builder-workspace/.derivedData/Build/Intermediates.noindex/Huminize.build/Debug-watchos/Huminize.build/Objects-normal/arm64/Huminize.swiftdoc /Users/admin/builder/spi-builder-workspace/.derivedData/Build/Products/Debug-watchos/Huminize.swiftmodule/arm64-apple-watchos.swiftdoc
Copy /Users/admin/builder/spi-builder-workspace/.derivedData/Build/Products/Debug-watchos/Huminize.swiftmodule/arm64-apple-watchos.abi.json /Users/admin/builder/spi-builder-workspace/.derivedData/Build/Intermediates.noindex/Huminize.build/Debug-watchos/Huminize.build/Objects-normal/arm64/Huminize.abi.json (in target 'Huminize' from project 'Huminize')
cd /Users/admin/builder/spi-builder-workspace
builtin-copy -exclude .DS_Store -exclude CVS -exclude .svn -exclude .git -exclude .hg -resolve-src-symlinks -rename /Users/admin/builder/spi-builder-workspace/.derivedData/Build/Intermediates.noindex/Huminize.build/Debug-watchos/Huminize.build/Objects-normal/arm64/Huminize.abi.json /Users/admin/builder/spi-builder-workspace/.derivedData/Build/Products/Debug-watchos/Huminize.swiftmodule/arm64-apple-watchos.abi.json
Copy /Users/admin/builder/spi-builder-workspace/.derivedData/Build/Products/Debug-watchos/Huminize.swiftmodule/Project/arm64_32-apple-watchos.swiftsourceinfo /Users/admin/builder/spi-builder-workspace/.derivedData/Build/Intermediates.noindex/Huminize.build/Debug-watchos/Huminize.build/Objects-normal/arm64_32/Huminize.swiftsourceinfo (in target 'Huminize' from project 'Huminize')
cd /Users/admin/builder/spi-builder-workspace
builtin-copy -exclude .DS_Store -exclude CVS -exclude .svn -exclude .git -exclude .hg -resolve-src-symlinks -rename /Users/admin/builder/spi-builder-workspace/.derivedData/Build/Intermediates.noindex/Huminize.build/Debug-watchos/Huminize.build/Objects-normal/arm64_32/Huminize.swiftsourceinfo /Users/admin/builder/spi-builder-workspace/.derivedData/Build/Products/Debug-watchos/Huminize.swiftmodule/Project/arm64_32-apple-watchos.swiftsourceinfo
SwiftDriverJobDiscovery normal arm64 Compiling HuminizeLocale.swift (in target 'Huminize' from project 'Huminize')
Copy /Users/admin/builder/spi-builder-workspace/.derivedData/Build/Products/Debug-watchos/Huminize.swiftmodule/Project/arm64-apple-watchos.swiftsourceinfo /Users/admin/builder/spi-builder-workspace/.derivedData/Build/Intermediates.noindex/Huminize.build/Debug-watchos/Huminize.build/Objects-normal/arm64/Huminize.swiftsourceinfo (in target 'Huminize' from project 'Huminize')
cd /Users/admin/builder/spi-builder-workspace
builtin-copy -exclude .DS_Store -exclude CVS -exclude .svn -exclude .git -exclude .hg -resolve-src-symlinks -rename /Users/admin/builder/spi-builder-workspace/.derivedData/Build/Intermediates.noindex/Huminize.build/Debug-watchos/Huminize.build/Objects-normal/arm64/Huminize.swiftsourceinfo /Users/admin/builder/spi-builder-workspace/.derivedData/Build/Products/Debug-watchos/Huminize.swiftmodule/Project/arm64-apple-watchos.swiftsourceinfo
SwiftCompile normal arm64_32 Compiling\ Huminize.swift /Users/admin/builder/spi-builder-workspace/Sources/Huminize/Huminize.swift (in target 'Huminize' from project 'Huminize')
SwiftCompile normal arm64_32 /Users/admin/builder/spi-builder-workspace/Sources/Huminize/Huminize.swift (in target 'Huminize' from project 'Huminize')
cd /Users/admin/builder/spi-builder-workspace/.swiftpm/xcode
SwiftCompile normal arm64_32 Compiling\ HuminizeLocale.swift /Users/admin/builder/spi-builder-workspace/Sources/Huminize/HuminizeLocale.swift (in target 'Huminize' from project 'Huminize')
SwiftCompile normal arm64_32 /Users/admin/builder/spi-builder-workspace/Sources/Huminize/HuminizeLocale.swift (in target 'Huminize' from project 'Huminize')
cd /Users/admin/builder/spi-builder-workspace/.swiftpm/xcode
SwiftDriverJobDiscovery normal arm64 Compiling List.swift (in target 'Huminize' from project 'Huminize')
SwiftCompile normal arm64_32 Compiling\ SI.swift /Users/admin/builder/spi-builder-workspace/Sources/Huminize/SI.swift (in target 'Huminize' from project 'Huminize')
SwiftCompile normal arm64_32 /Users/admin/builder/spi-builder-workspace/Sources/Huminize/SI.swift (in target 'Huminize' from project 'Huminize')
cd /Users/admin/builder/spi-builder-workspace/.swiftpm/xcode
SwiftCompile normal arm64_32 Compiling\ List.swift /Users/admin/builder/spi-builder-workspace/Sources/Huminize/List.swift (in target 'Huminize' from project 'Huminize')
SwiftCompile normal arm64_32 /Users/admin/builder/spi-builder-workspace/Sources/Huminize/List.swift (in target 'Huminize' from project 'Huminize')
cd /Users/admin/builder/spi-builder-workspace/.swiftpm/xcode
SwiftDriverJobDiscovery normal arm64_32 Compiling Huminize.swift (in target 'Huminize' from project 'Huminize')
SwiftCompile normal arm64_32 Compiling\ Filesize.swift /Users/admin/builder/spi-builder-workspace/Sources/Huminize/Filesize.swift (in target 'Huminize' from project 'Huminize')
SwiftCompile normal arm64_32 /Users/admin/builder/spi-builder-workspace/Sources/Huminize/Filesize.swift (in target 'Huminize' from project 'Huminize')
cd /Users/admin/builder/spi-builder-workspace/.swiftpm/xcode
SwiftDriverJobDiscovery normal arm64_32 Compiling HuminizeLocale.swift (in target 'Huminize' from project 'Huminize')
SwiftCompile normal arm64_32 Compiling\ Time.swift /Users/admin/builder/spi-builder-workspace/Sources/Huminize/Time.swift (in target 'Huminize' from project 'Huminize')
SwiftCompile normal arm64_32 /Users/admin/builder/spi-builder-workspace/Sources/Huminize/Time.swift (in target 'Huminize' from project 'Huminize')
cd /Users/admin/builder/spi-builder-workspace/.swiftpm/xcode
SwiftDriverJobDiscovery normal arm64_32 Compiling List.swift (in target 'Huminize' from project 'Huminize')
2026-06-28 22:14:45.532 xcodebuild[675:4268] [MT] IDERunDestination: Supported platforms for the buildables in the current scheme is empty.
** BUILD FAILED **
The following build commands failed:
SwiftCompile normal arm64_32 Compiling\ Strings.swift /Users/admin/builder/spi-builder-workspace/Sources/Huminize/Strings.swift (in target 'Huminize' from project 'Huminize')
SwiftCompile normal arm64_32 /Users/admin/builder/spi-builder-workspace/Sources/Huminize/Strings.swift (in target 'Huminize' from project 'Huminize')
Building workspace spi-builder-workspace with scheme Huminize
(3 failures)
Command line invocation:
/Applications/Xcode-26.3.0.app/Contents/Developer/usr/bin/xcodebuild -IDEClonedSourcePackagesDirPathOverride=/Users/admin/builder/spi-builder-workspace/.dependencies -resolvePackageDependencies
Resolve Package Graph
Resolved source packages:
Huminize: /Users/admin/builder/spi-builder-workspace
resolved source packages: Huminize
2026-06-28 22:14:52.295 xcodebuild[757:4624] [MT] IDERunDestination: Supported platforms for the buildables in the current scheme is empty.
{
"dependencies" : [
],
"manifest_display_name" : "Huminize",
"name" : "Huminize",
"path" : "/Users/admin/builder/spi-builder-workspace",
"platforms" : [
{
"name" : "macos",
"version" : "13.0"
},
{
"name" : "ios",
"version" : "16.0"
},
{
"name" : "tvos",
"version" : "16.0"
},
{
"name" : "watchos",
"version" : "9.0"
},
{
"name" : "visionos",
"version" : "1.0"
}
],
"products" : [
{
"name" : "Huminize",
"targets" : [
"Huminize"
],
"type" : {
"library" : [
"automatic"
]
}
}
],
"targets" : [
{
"c99name" : "HuminizeTests",
"module_type" : "SwiftTarget",
"name" : "HuminizeTests",
"path" : "Tests/HuminizeTests",
"sources" : [
"HuminizeTests.swift"
],
"target_dependencies" : [
"Huminize"
],
"type" : "test"
},
{
"c99name" : "Huminize",
"module_type" : "SwiftTarget",
"name" : "Huminize",
"path" : "Sources/Huminize",
"product_memberships" : [
"Huminize"
],
"sources" : [
"Filesize.swift",
"Huminize.swift",
"HuminizeLocale.swift",
"List.swift",
"Number.swift",
"SI.swift",
"Strings.swift",
"Time.swift"
],
"type" : "library"
}
],
"tools_version" : "6.0"
}
{
"workspace" : {
"name" : "spi-builder-workspace",
"schemes" : [
"Huminize"
]
}
}
2026-06-28 22:14:53.315 xcodebuild[765:4700] [MT] IDERunDestination: Supported platforms for the buildables in the current scheme is empty.
Running build ...
env DEVELOPER_DIR=/Applications/Xcode-26.3.0.app xcrun xcodebuild -IDEClonedSourcePackagesDirPathOverride=$PWD/.dependencies -skipMacroValidation -skipPackagePluginValidation -derivedDataPath $PWD/.derivedData build -scheme Huminize -destination generic/platform=watchOS
Command line invocation:
/Applications/Xcode-26.3.0.app/Contents/Developer/usr/bin/xcodebuild -IDEClonedSourcePackagesDirPathOverride=/Users/admin/builder/spi-builder-workspace/.dependencies -skipMacroValidation -skipPackagePluginValidation -derivedDataPath /Users/admin/builder/spi-builder-workspace/.derivedData build -scheme Huminize -destination generic/platform=watchOS
Resolve Package Graph
Resolved source packages:
Huminize: /Users/admin/builder/spi-builder-workspace
ComputePackagePrebuildTargetDependencyGraph
Prepare packages
CreateBuildRequest
SendProjectDescription
CreateBuildOperation
ComputeTargetDependencyGraph
note: Building targets in dependency order
note: Target dependency graph (2 targets)
Target 'Huminize' in project 'Huminize'
➜ Explicit dependency on target 'Huminize' in project 'Huminize'
Target 'Huminize' in project 'Huminize' (no dependencies)
GatherProvisioningInputs
CreateBuildDescription
ClangStatCache /Applications/Xcode-26.3.0.app/Contents/Developer/Toolchains/XcodeDefault.xctoolchain/usr/bin/clang-stat-cache /Applications/Xcode-26.3.0.app/Contents/Developer/Platforms/WatchOS.platform/Developer/SDKs/WatchOS26.2.sdk /Users/admin/builder/spi-builder-workspace/.derivedData/SDKStatCaches.noindex/watchos26.2-23S303-dc75598d0054f22ec865fa860f139d721753b489057de6bda919edfa1c59a62b.sdkstatcache
cd /Users/admin/builder/spi-builder-workspace/.swiftpm/xcode
/Applications/Xcode-26.3.0.app/Contents/Developer/Toolchains/XcodeDefault.xctoolchain/usr/bin/clang-stat-cache /Applications/Xcode-26.3.0.app/Contents/Developer/Platforms/WatchOS.platform/Developer/SDKs/WatchOS26.2.sdk -o /Users/admin/builder/spi-builder-workspace/.derivedData/SDKStatCaches.noindex/watchos26.2-23S303-dc75598d0054f22ec865fa860f139d721753b489057de6bda919edfa1c59a62b.sdkstatcache
SwiftDriver Huminize normal arm64 com.apple.xcode.tools.swift.compiler (in target 'Huminize' from project 'Huminize')
cd /Users/admin/builder/spi-builder-workspace/.swiftpm/xcode
builtin-SwiftDriver -- /Applications/Xcode-26.3.0.app/Contents/Developer/Toolchains/XcodeDefault.xctoolchain/usr/bin/swiftc -module-name Huminize -Onone -enforce-exclusivity\=checked @/Users/admin/builder/spi-builder-workspace/.derivedData/Build/Intermediates.noindex/Huminize.build/Debug-watchos/Huminize.build/Objects-normal/arm64/Huminize.SwiftFileList -DSWIFT_PACKAGE -DDEBUG -DSWIFT_MODULE_RESOURCE_BUNDLE_UNAVAILABLE -DXcode -plugin-path /Applications/Xcode-26.3.0.app/Contents/Developer/Toolchains/XcodeDefault.xctoolchain/usr/lib/swift/host/plugins/testing -enable-experimental-feature DebugDescriptionMacro -sdk /Applications/Xcode-26.3.0.app/Contents/Developer/Platforms/WatchOS.platform/Developer/SDKs/WatchOS26.2.sdk -target arm64-apple-watchos9.0 -g -module-cache-path /Users/admin/builder/spi-builder-workspace/.derivedData/ModuleCache.noindex -Xfrontend -serialize-debugging-options -profile-coverage-mapping -profile-generate -enable-testing -index-store-path /Users/admin/builder/spi-builder-workspace/.derivedData/Index.noindex/DataStore -Xcc -D_LIBCPP_HARDENING_MODE\=_LIBCPP_HARDENING_MODE_DEBUG -swift-version 6 -I /Users/admin/builder/spi-builder-workspace/.derivedData/Build/Products/Debug-watchos -Isystem /Applications/Xcode-26.3.0.app/Contents/Developer/Platforms/WatchOS.platform/Developer/usr/lib -F /Users/admin/builder/spi-builder-workspace/.derivedData/Build/Products/Debug-watchos -F /Applications/Xcode-26.3.0.app/Contents/Developer/Platforms/WatchOS.platform/Developer/Library/Frameworks -F /Applications/Xcode-26.3.0.app/Contents/Developer/Platforms/WatchOS.platform/Developer/SDKs/WatchOS26.2.sdk/Developer/Library/Frameworks -c -j10 -enable-batch-mode -incremental -Xcc -ivfsstatcache -Xcc /Users/admin/builder/spi-builder-workspace/.derivedData/SDKStatCaches.noindex/watchos26.2-23S303-dc75598d0054f22ec865fa860f139d721753b489057de6bda919edfa1c59a62b.sdkstatcache -output-file-map /Users/admin/builder/spi-builder-workspace/.derivedData/Build/Intermediates.noindex/Huminize.build/Debug-watchos/Huminize.build/Objects-normal/arm64/Huminize-OutputFileMap.json -use-frontend-parseable-output -save-temps -no-color-diagnostics -explicit-module-build -module-cache-path /Users/admin/builder/spi-builder-workspace/.derivedData/Build/Intermediates.noindex/SwiftExplicitPrecompiledModules -clang-scanner-module-cache-path /Users/admin/builder/spi-builder-workspace/.derivedData/ModuleCache.noindex -sdk-module-cache-path /Users/admin/builder/spi-builder-workspace/.derivedData/ModuleCache.noindex -serialize-diagnostics -emit-dependencies -emit-module -emit-module-path /Users/admin/builder/spi-builder-workspace/.derivedData/Build/Intermediates.noindex/Huminize.build/Debug-watchos/Huminize.build/Objects-normal/arm64/Huminize.swiftmodule -validate-clang-modules-once -clang-build-session-file /Users/admin/builder/spi-builder-workspace/.derivedData/ModuleCache.noindex/Session.modulevalidation -package-name spi_builder_workspace -Xcc -I/Users/admin/builder/spi-builder-workspace/.derivedData/Build/Intermediates.noindex/Huminize.build/Debug-watchos/Huminize.build/swift-overrides.hmap -emit-const-values -Xfrontend -const-gather-protocols-file -Xfrontend /Users/admin/builder/spi-builder-workspace/.derivedData/Build/Intermediates.noindex/Huminize.build/Debug-watchos/Huminize.build/Objects-normal/arm64/Huminize_const_extract_protocols.json -Xcc -I/Users/admin/builder/spi-builder-workspace/.derivedData/Build/Products/Debug-watchos/include -Xcc -I/Users/admin/builder/spi-builder-workspace/.derivedData/Build/Intermediates.noindex/Huminize.build/Debug-watchos/Huminize.build/DerivedSources-normal/arm64 -Xcc -I/Users/admin/builder/spi-builder-workspace/.derivedData/Build/Intermediates.noindex/Huminize.build/Debug-watchos/Huminize.build/DerivedSources/arm64 -Xcc -I/Users/admin/builder/spi-builder-workspace/.derivedData/Build/Intermediates.noindex/Huminize.build/Debug-watchos/Huminize.build/DerivedSources -Xcc -DSWIFT_PACKAGE -Xcc -DDEBUG\=1 -emit-objc-header -emit-objc-header-path /Users/admin/builder/spi-builder-workspace/.derivedData/Build/Intermediates.noindex/Huminize.build/Debug-watchos/Huminize.build/Objects-normal/arm64/Huminize-Swift.h -working-directory /Users/admin/builder/spi-builder-workspace/.swiftpm/xcode -experimental-emit-module-separately -disable-cmo
SwiftDriver Huminize normal arm64_32 com.apple.xcode.tools.swift.compiler (in target 'Huminize' from project 'Huminize')
cd /Users/admin/builder/spi-builder-workspace/.swiftpm/xcode
builtin-SwiftDriver -- /Applications/Xcode-26.3.0.app/Contents/Developer/Toolchains/XcodeDefault.xctoolchain/usr/bin/swiftc -module-name Huminize -Onone -enforce-exclusivity\=checked @/Users/admin/builder/spi-builder-workspace/.derivedData/Build/Intermediates.noindex/Huminize.build/Debug-watchos/Huminize.build/Objects-normal/arm64_32/Huminize.SwiftFileList -DSWIFT_PACKAGE -DDEBUG -DSWIFT_MODULE_RESOURCE_BUNDLE_UNAVAILABLE -DXcode -plugin-path /Applications/Xcode-26.3.0.app/Contents/Developer/Toolchains/XcodeDefault.xctoolchain/usr/lib/swift/host/plugins/testing -enable-experimental-feature DebugDescriptionMacro -sdk /Applications/Xcode-26.3.0.app/Contents/Developer/Platforms/WatchOS.platform/Developer/SDKs/WatchOS26.2.sdk -target arm64_32-apple-watchos9.0 -g -module-cache-path /Users/admin/builder/spi-builder-workspace/.derivedData/ModuleCache.noindex -Xfrontend -serialize-debugging-options -profile-coverage-mapping -profile-generate -enable-testing -index-store-path /Users/admin/builder/spi-builder-workspace/.derivedData/Index.noindex/DataStore -Xcc -D_LIBCPP_HARDENING_MODE\=_LIBCPP_HARDENING_MODE_DEBUG -swift-version 6 -I /Users/admin/builder/spi-builder-workspace/.derivedData/Build/Products/Debug-watchos -Isystem /Applications/Xcode-26.3.0.app/Contents/Developer/Platforms/WatchOS.platform/Developer/usr/lib -F /Users/admin/builder/spi-builder-workspace/.derivedData/Build/Products/Debug-watchos -F /Applications/Xcode-26.3.0.app/Contents/Developer/Platforms/WatchOS.platform/Developer/Library/Frameworks -F /Applications/Xcode-26.3.0.app/Contents/Developer/Platforms/WatchOS.platform/Developer/SDKs/WatchOS26.2.sdk/Developer/Library/Frameworks -c -j10 -enable-batch-mode -incremental -Xcc -ivfsstatcache -Xcc /Users/admin/builder/spi-builder-workspace/.derivedData/SDKStatCaches.noindex/watchos26.2-23S303-dc75598d0054f22ec865fa860f139d721753b489057de6bda919edfa1c59a62b.sdkstatcache -output-file-map /Users/admin/builder/spi-builder-workspace/.derivedData/Build/Intermediates.noindex/Huminize.build/Debug-watchos/Huminize.build/Objects-normal/arm64_32/Huminize-OutputFileMap.json -use-frontend-parseable-output -save-temps -no-color-diagnostics -explicit-module-build -module-cache-path /Users/admin/builder/spi-builder-workspace/.derivedData/Build/Intermediates.noindex/SwiftExplicitPrecompiledModules -clang-scanner-module-cache-path /Users/admin/builder/spi-builder-workspace/.derivedData/ModuleCache.noindex -sdk-module-cache-path /Users/admin/builder/spi-builder-workspace/.derivedData/ModuleCache.noindex -serialize-diagnostics -emit-dependencies -emit-module -emit-module-path /Users/admin/builder/spi-builder-workspace/.derivedData/Build/Intermediates.noindex/Huminize.build/Debug-watchos/Huminize.build/Objects-normal/arm64_32/Huminize.swiftmodule -validate-clang-modules-once -clang-build-session-file /Users/admin/builder/spi-builder-workspace/.derivedData/ModuleCache.noindex/Session.modulevalidation -package-name spi_builder_workspace -Xcc -I/Users/admin/builder/spi-builder-workspace/.derivedData/Build/Intermediates.noindex/Huminize.build/Debug-watchos/Huminize.build/swift-overrides.hmap -emit-const-values -Xfrontend -const-gather-protocols-file -Xfrontend /Users/admin/builder/spi-builder-workspace/.derivedData/Build/Intermediates.noindex/Huminize.build/Debug-watchos/Huminize.build/Objects-normal/arm64_32/Huminize_const_extract_protocols.json -Xcc -I/Users/admin/builder/spi-builder-workspace/.derivedData/Build/Products/Debug-watchos/include -Xcc -I/Users/admin/builder/spi-builder-workspace/.derivedData/Build/Intermediates.noindex/Huminize.build/Debug-watchos/Huminize.build/DerivedSources-normal/arm64_32 -Xcc -I/Users/admin/builder/spi-builder-workspace/.derivedData/Build/Intermediates.noindex/Huminize.build/Debug-watchos/Huminize.build/DerivedSources/arm64_32 -Xcc -I/Users/admin/builder/spi-builder-workspace/.derivedData/Build/Intermediates.noindex/Huminize.build/Debug-watchos/Huminize.build/DerivedSources -Xcc -DSWIFT_PACKAGE -Xcc -DDEBUG\=1 -emit-objc-header -emit-objc-header-path /Users/admin/builder/spi-builder-workspace/.derivedData/Build/Intermediates.noindex/Huminize.build/Debug-watchos/Huminize.build/Objects-normal/arm64_32/Huminize-Swift.h -working-directory /Users/admin/builder/spi-builder-workspace/.swiftpm/xcode -experimental-emit-module-separately -disable-cmo
SwiftCompile normal arm64 Compiling\ Number.swift /Users/admin/builder/spi-builder-workspace/Sources/Huminize/Number.swift (in target 'Huminize' from project 'Huminize')
SwiftCompile normal arm64 /Users/admin/builder/spi-builder-workspace/Sources/Huminize/Number.swift (in target 'Huminize' from project 'Huminize')
cd /Users/admin/builder/spi-builder-workspace/.swiftpm/xcode
SwiftCompile normal arm64 Compiling\ Time.swift /Users/admin/builder/spi-builder-workspace/Sources/Huminize/Time.swift (in target 'Huminize' from project 'Huminize')
SwiftCompile normal arm64 /Users/admin/builder/spi-builder-workspace/Sources/Huminize/Time.swift (in target 'Huminize' from project 'Huminize')
cd /Users/admin/builder/spi-builder-workspace/.swiftpm/xcode
SwiftEmitModule normal arm64 Emitting\ module\ for\ Huminize (in target 'Huminize' from project 'Huminize')
EmitSwiftModule normal arm64 (in target 'Huminize' from project 'Huminize')
cd /Users/admin/builder/spi-builder-workspace/.swiftpm/xcode
SwiftCompile normal arm64_32 Compiling\ Filesize.swift /Users/admin/builder/spi-builder-workspace/Sources/Huminize/Filesize.swift (in target 'Huminize' from project 'Huminize')
SwiftCompile normal arm64_32 /Users/admin/builder/spi-builder-workspace/Sources/Huminize/Filesize.swift (in target 'Huminize' from project 'Huminize')
cd /Users/admin/builder/spi-builder-workspace/.swiftpm/xcode
SwiftCompile normal arm64_32 Compiling\ Number.swift /Users/admin/builder/spi-builder-workspace/Sources/Huminize/Number.swift (in target 'Huminize' from project 'Huminize')
SwiftCompile normal arm64_32 /Users/admin/builder/spi-builder-workspace/Sources/Huminize/Number.swift (in target 'Huminize' from project 'Huminize')
cd /Users/admin/builder/spi-builder-workspace/.swiftpm/xcode
SwiftCompile normal arm64_32 Compiling\ Strings.swift /Users/admin/builder/spi-builder-workspace/Sources/Huminize/Strings.swift (in target 'Huminize' from project 'Huminize')
Failed frontend command:
/Applications/Xcode-26.3.0.app/Contents/Developer/Toolchains/XcodeDefault.xctoolchain/usr/bin/swift-frontend -frontend -c /Users/admin/builder/spi-builder-workspace/Sources/Huminize/Filesize.swift /Users/admin/builder/spi-builder-workspace/Sources/Huminize/Huminize.swift /Users/admin/builder/spi-builder-workspace/Sources/Huminize/HuminizeLocale.swift /Users/admin/builder/spi-builder-workspace/Sources/Huminize/List.swift /Users/admin/builder/spi-builder-workspace/Sources/Huminize/Number.swift /Users/admin/builder/spi-builder-workspace/Sources/Huminize/SI.swift -primary-file /Users/admin/builder/spi-builder-workspace/Sources/Huminize/Strings.swift /Users/admin/builder/spi-builder-workspace/Sources/Huminize/Time.swift -emit-dependencies-path /Users/admin/builder/spi-builder-workspace/.derivedData/Build/Intermediates.noindex/Huminize.build/Debug-watchos/Huminize.build/Objects-normal/arm64_32/Strings.d -emit-const-values-path /Users/admin/builder/spi-builder-workspace/.derivedData/Build/Intermediates.noindex/Huminize.build/Debug-watchos/Huminize.build/Objects-normal/arm64_32/Strings.swiftconstvalues -emit-reference-dependencies-path /Users/admin/builder/spi-builder-workspace/.derivedData/Build/Intermediates.noindex/Huminize.build/Debug-watchos/Huminize.build/Objects-normal/arm64_32/Strings.swiftdeps -serialize-diagnostics-path /Users/admin/builder/spi-builder-workspace/.derivedData/Build/Intermediates.noindex/Huminize.build/Debug-watchos/Huminize.build/Objects-normal/arm64_32/Strings.dia -target arm64_32-apple-watchos9.0 -load-resolved-plugin /Applications/Xcode-26.3.0.app/Contents/Developer/Platforms/WatchOS.platform/Developer/usr/lib/swift/host/plugins/libFoundationMacros.dylib\#/Applications/Xcode-26.3.0.app/Contents/Developer/Platforms/WatchOS.platform/Developer/usr/bin/swift-plugin-server\#FoundationMacros -load-resolved-plugin /Applications/Xcode-26.3.0.app/Contents/Developer/Platforms/WatchOS.platform/Developer/usr/lib/swift/host/plugins/libObservationMacros.dylib\#/Applications/Xcode-26.3.0.app/Contents/Developer/Platforms/WatchOS.platform/Developer/usr/bin/swift-plugin-server\#ObservationMacros -load-resolved-plugin /Applications/Xcode-26.3.0.app/Contents/Developer/Platforms/WatchOS.platform/Developer/usr/lib/swift/host/plugins/libSwiftMacros.dylib\#/Applications/Xcode-26.3.0.app/Contents/Developer/Platforms/WatchOS.platform/Developer/usr/bin/swift-plugin-server\#SwiftMacros -disable-implicit-swift-modules -Xcc -fno-implicit-modules -Xcc -fno-implicit-module-maps -explicit-swift-module-map-file /Users/admin/builder/spi-builder-workspace/.derivedData/Build/Intermediates.noindex/Huminize.build/Debug-watchos/Huminize.build/Objects-normal/arm64_32/Huminize-dependencies-2.json -enable-objc-interop -sdk /Applications/Xcode-26.3.0.app/Contents/Developer/Platforms/WatchOS.platform/Developer/SDKs/WatchOS26.2.sdk -I /Users/admin/builder/spi-builder-workspace/.derivedData/Build/Products/Debug-watchos -Isystem /Applications/Xcode-26.3.0.app/Contents/Developer/Platforms/WatchOS.platform/Developer/usr/lib -F /Users/admin/builder/spi-builder-workspace/.derivedData/Build/Products/Debug-watchos -F /Applications/Xcode-26.3.0.app/Contents/Developer/Platforms/WatchOS.platform/Developer/Library/Frameworks -F /Applications/Xcode-26.3.0.app/Contents/Developer/Platforms/WatchOS.platform/Developer/SDKs/WatchOS26.2.sdk/Developer/Library/Frameworks -no-color-diagnostics -Xcc -fno-color-diagnostics -enable-testing -g -debug-info-format\=dwarf -dwarf-version\=4 -module-cache-path /Users/admin/builder/spi-builder-workspace/.derivedData/Build/Intermediates.noindex/SwiftExplicitPrecompiledModules -profile-generate -profile-coverage-mapping -swift-version 6 -enforce-exclusivity\=checked -Onone -D SWIFT_PACKAGE -D DEBUG -D SWIFT_MODULE_RESOURCE_BUNDLE_UNAVAILABLE -D Xcode -serialize-debugging-options -const-gather-protocols-file /Users/admin/builder/spi-builder-workspace/.derivedData/Build/Intermediates.noindex/Huminize.build/Debug-watchos/Huminize.build/Objects-normal/arm64_32/Huminize_const_extract_protocols.json -enable-experimental-feature DebugDescriptionMacro -empty-abi-descriptor -validate-clang-modules-once -clang-build-session-file /Users/admin/builder/spi-builder-workspace/.derivedData/ModuleCache.noindex/Session.modulevalidation -Xcc -working-directory -Xcc /Users/admin/builder/spi-builder-workspace/.swiftpm/xcode -enable-anonymous-context-mangled-names -file-compilation-dir /Users/admin/builder/spi-builder-workspace/.swiftpm/xcode -Xcc -D_LIBCPP_HARDENING_MODE\=_LIBCPP_HARDENING_MODE_DEBUG -Xcc -ivfsstatcache -Xcc /Users/admin/builder/spi-builder-workspace/.derivedData/SDKStatCaches.noindex/watchos26.2-23S303-dc75598d0054f22ec865fa860f139d721753b489057de6bda919edfa1c59a62b.sdkstatcache -Xcc -I/Users/admin/builder/spi-builder-workspace/.derivedData/Build/Intermediates.noindex/Huminize.build/Debug-watchos/Huminize.build/swift-overrides.hmap -Xcc -I/Users/admin/builder/spi-builder-workspace/.derivedData/Build/Products/Debug-watchos/include -Xcc -I/Users/admin/builder/spi-builder-workspace/.derivedData/Build/Intermediates.noindex/Huminize.build/Debug-watchos/Huminize.build/DerivedSources-normal/arm64_32 -Xcc -I/Users/admin/builder/spi-builder-workspace/.derivedData/Build/Intermediates.noindex/Huminize.build/Debug-watchos/Huminize.build/DerivedSources/arm64_32 -Xcc -I/Users/admin/builder/spi-builder-workspace/.derivedData/Build/Intermediates.noindex/Huminize.build/Debug-watchos/Huminize.build/DerivedSources -Xcc -DSWIFT_PACKAGE -Xcc -DDEBUG\=1 -no-auto-bridging-header-chaining -module-name Huminize -package-name spi_builder_workspace -frontend-parseable-output -disable-clang-spi -target-sdk-version 26.2 -target-sdk-name watchos26.2 -clang-target arm64_32-apple-watchos26.2 -in-process-plugin-server-path /Applications/Xcode-26.3.0.app/Contents/Developer/Toolchains/XcodeDefault.xctoolchain/usr/lib/swift/host/libSwiftInProcPluginServer.dylib -o /Users/admin/builder/spi-builder-workspace/.derivedData/Build/Intermediates.noindex/Huminize.build/Debug-watchos/Huminize.build/Objects-normal/arm64_32/Strings.o -index-unit-output-path /Huminize.build/Debug-watchos/Huminize.build/Objects-normal/arm64_32/Strings.o -index-store-path /Users/admin/builder/spi-builder-workspace/.derivedData/Index.noindex/DataStore -index-system-modules
SwiftCompile normal arm64_32 /Users/admin/builder/spi-builder-workspace/Sources/Huminize/Strings.swift (in target 'Huminize' from project 'Huminize')
cd /Users/admin/builder/spi-builder-workspace/.swiftpm/xcode
/Users/admin/builder/spi-builder-workspace/Sources/Huminize/Strings.swift:124:71: error: integer literal '1000000000000' overflows when stored into 'Int'
case 1_000_000_000_000...: return formatLargeRu(n, scale: 1_000_000_000_000, forms: ("триллион", "триллиона", "триллионов"))
/Users/admin/builder/spi-builder-workspace/Sources/Huminize/Strings.swift:121:20: error: integer literal '1000000000000' overflows when stored into signed 'Builtin.Int32'
switch n {
^
/Users/admin/builder/spi-builder-workspace/Sources/Huminize/Strings.swift:123:75: error: integer literal '1000000000000000' overflows when stored into 'Int'
case 1_000_000_000_000_000...: return formatLargeRu(n, scale: 1_000_000_000_000_000, forms: ("квадриллион", "квадриллиона", "квадриллионов"))
/Users/admin/builder/spi-builder-workspace/Sources/Huminize/Strings.swift:121:20: error: integer literal '1000000000000000' overflows when stored into signed 'Builtin.Int32'
switch n {
^
/Users/admin/builder/spi-builder-workspace/Sources/Huminize/Strings.swift:122:79: error: integer literal '1000000000000000000' overflows when stored into 'Int'
case 1_000_000_000_000_000_000...: return formatLargeRu(n, scale: 1_000_000_000_000_000_000, forms: ("квинтиллион", "квинтиллиона", "квинтиллионов"))
/Users/admin/builder/spi-builder-workspace/Sources/Huminize/Strings.swift:121:20: error: integer literal '1000000000000000000' overflows when stored into signed 'Builtin.Int32'
switch n {
^
/Users/admin/builder/spi-builder-workspace/Sources/Huminize/Strings.swift:113:69: error: integer literal '1000000000000' overflows when stored into 'Int'
case 1_000_000_000_000...: return formatLarge(n, scale: 1_000_000_000_000, singular: "trillion", plural: "trillion")
^
/Users/admin/builder/spi-builder-workspace/Sources/Huminize/Strings.swift:110:20: error: integer literal '1000000000000' overflows when stored into signed 'Builtin.Int32'
switch n {
^
/Users/admin/builder/spi-builder-workspace/Sources/Huminize/Strings.swift:112:73: error: integer literal '1000000000000000' overflows when stored into 'Int'
case 1_000_000_000_000_000...: return formatLarge(n, scale: 1_000_000_000_000_000, singular: "quadrillion", plural: "quadrillions")
^
/Users/admin/builder/spi-builder-workspace/Sources/Huminize/Strings.swift:110:20: error: integer literal '1000000000000000' overflows when stored into signed 'Builtin.Int32'
switch n {
^
/Users/admin/builder/spi-builder-workspace/Sources/Huminize/Strings.swift:111:77: error: integer literal '1000000000000000000' overflows when stored into 'Int'
case 1_000_000_000_000_000_000...: return formatLarge(n, scale: 1_000_000_000_000_000_000, singular: "quintillion", plural: "quintillion")
^
/Users/admin/builder/spi-builder-workspace/Sources/Huminize/Strings.swift:110:20: error: integer literal '1000000000000000000' overflows when stored into signed 'Builtin.Int32'
switch n {
^
SwiftEmitModule normal arm64_32 Emitting\ module\ for\ Huminize (in target 'Huminize' from project 'Huminize')
EmitSwiftModule normal arm64_32 (in target 'Huminize' from project 'Huminize')
cd /Users/admin/builder/spi-builder-workspace/.swiftpm/xcode
SwiftCompile normal arm64_32 Compiling\ Time.swift /Users/admin/builder/spi-builder-workspace/Sources/Huminize/Time.swift (in target 'Huminize' from project 'Huminize')
SwiftCompile normal arm64_32 /Users/admin/builder/spi-builder-workspace/Sources/Huminize/Time.swift (in target 'Huminize' from project 'Huminize')
cd /Users/admin/builder/spi-builder-workspace/.swiftpm/xcode
SwiftCompile normal arm64 Compiling\ Strings.swift /Users/admin/builder/spi-builder-workspace/Sources/Huminize/Strings.swift (in target 'Huminize' from project 'Huminize')
SwiftCompile normal arm64 /Users/admin/builder/spi-builder-workspace/Sources/Huminize/Strings.swift (in target 'Huminize' from project 'Huminize')
cd /Users/admin/builder/spi-builder-workspace/.swiftpm/xcode
SwiftCompile normal arm64_32 Compiling\ SI.swift /Users/admin/builder/spi-builder-workspace/Sources/Huminize/SI.swift (in target 'Huminize' from project 'Huminize')
SwiftCompile normal arm64_32 /Users/admin/builder/spi-builder-workspace/Sources/Huminize/SI.swift (in target 'Huminize' from project 'Huminize')
cd /Users/admin/builder/spi-builder-workspace/.swiftpm/xcode
SwiftCompile normal arm64 Compiling\ Filesize.swift /Users/admin/builder/spi-builder-workspace/Sources/Huminize/Filesize.swift (in target 'Huminize' from project 'Huminize')
SwiftCompile normal arm64 /Users/admin/builder/spi-builder-workspace/Sources/Huminize/Filesize.swift (in target 'Huminize' from project 'Huminize')
cd /Users/admin/builder/spi-builder-workspace/.swiftpm/xcode
SwiftCompile normal arm64 Compiling\ SI.swift /Users/admin/builder/spi-builder-workspace/Sources/Huminize/SI.swift (in target 'Huminize' from project 'Huminize')
SwiftCompile normal arm64 /Users/admin/builder/spi-builder-workspace/Sources/Huminize/SI.swift (in target 'Huminize' from project 'Huminize')
cd /Users/admin/builder/spi-builder-workspace/.swiftpm/xcode
2026-06-28 22:14:54.135 xcodebuild[767:4729] [MT] IDERunDestination: Supported platforms for the buildables in the current scheme is empty.
** BUILD FAILED **
The following build commands failed:
SwiftCompile normal arm64_32 Compiling\ Strings.swift /Users/admin/builder/spi-builder-workspace/Sources/Huminize/Strings.swift (in target 'Huminize' from project 'Huminize')
SwiftCompile normal arm64_32 /Users/admin/builder/spi-builder-workspace/Sources/Huminize/Strings.swift (in target 'Huminize' from project 'Huminize')
Building workspace spi-builder-workspace with scheme Huminize
(3 failures)
BUILD FAILURE 6.2 watchOS