The Swift Package Index logo.Swift Package Index

Build Information

Failed to build redis-kit, reference master (6348b2), with Swift 6.4 for Wasm on 16 Sep 2026 13:40:54 UTC.

Build Command

bash -c docker run --pull=always --rm -v "checkouts-54344844-0":/host -w "$PWD" -e JAVA_HOME="/root/.sdkman/candidates/java/current" -e SPI_BUILD="1" -e SPI_PROCESSING="1" registry.gitlab.com/saguaro1/spi-images:wasm-6.4-latest swift build --swift-sdk swift-6.4.x-DEVELOPMENT-SNAPSHOT-2026-09-04-a_wasm 2>&1

Build Log

========================================
RunAll
========================================
Builder version: 5.1.0
Interrupt handler set up.
========================================
Checkout
========================================
Clone URL: https://github.com/vapor/redis-kit.git
Reference: master
Initialized empty Git repository in /host/spi-builder-workspace/.git/
hint: Using 'master' as the name for the initial branch. This default branch name
hint: is subject to change. To configure the initial branch name to use in all
hint: of your new repositories, which will suppress this warning, call:
hint:
hint: 	git config --global init.defaultBranch <name>
hint:
hint: Names commonly chosen instead of 'master' are 'main', 'trunk' and
hint: 'development'. The just-created branch can be renamed via this command:
hint:
hint: 	git branch -m <name>
From https://github.com/vapor/redis-kit
 * branch            master     -> FETCH_HEAD
 * [new branch]      master     -> origin/master
HEAD is now at 6348b29 Update README on obsolete status
Cloned https://github.com/vapor/redis-kit.git
Revision (git rev-parse @):
6348b29f3ee4de0e7e5523065a69a019d0210820
SUCCESS checkout https://github.com/vapor/redis-kit.git at master
========================================
Build
========================================
Selected platform:         wasm
Swift version:             6.4
Building package at path:  $PWD
https://github.com/vapor/redis-kit.git
Running build ...
bash -c docker run --pull=always --rm -v "checkouts-54344844-0":/host -w "$PWD" -e JAVA_HOME="/root/.sdkman/candidates/java/current" -e SPI_BUILD="1" -e SPI_PROCESSING="1" registry.gitlab.com/saguaro1/spi-images:wasm-6.4-latest swift build --swift-sdk swift-6.4.x-DEVELOPMENT-SNAPSHOT-2026-09-04-a_wasm 2>&1
wasm-6.4-latest: Pulling from saguaro1/spi-images
Digest: sha256:4328fdb43c680d205c1d6761b1e3267aa38277eefdda9ddfb17b6a0f1a77857a
Status: Image is up to date for registry.gitlab.com/saguaro1/spi-images:wasm-6.4-latest
Fetching https://github.com/vapor/async-kit.git
Fetching https://github.com/apple/swift-log.git
Fetching https://gitlab.com/mordil/RediStack.git
[1/2504] Fetching async-kit
[1980/10587] Fetching async-kit, swift-log
Fetched https://github.com/vapor/async-kit.git (0.56s)
[1/4634] Fetching redistack
Fetched https://gitlab.com/mordil/RediStack.git (2.44s)
Fetched https://github.com/apple/swift-log.git (2.44s)
Computing version for https://github.com/apple/swift-log.git
Computed https://github.com/apple/swift-log.git at 1.15.1 (2.66s)
Computing version for https://gitlab.com/mordil/RediStack.git
Computed https://gitlab.com/mordil/RediStack.git at 1.0.0-alpha.10 (0.20s)
Fetching https://github.com/apple/swift-nio.git
Fetching https://github.com/apple/swift-metrics.git
[1/3508] Fetching swift-metrics
[3509/89455] Fetching swift-metrics, swift-nio
Fetched https://github.com/apple/swift-metrics.git (2.99s)
Fetched https://github.com/apple/swift-nio.git (3.03s)
Computing version for https://github.com/apple/swift-metrics.git
Computed https://github.com/apple/swift-metrics.git at 2.11.0 (3.22s)
Computing version for https://github.com/apple/swift-nio.git
Computed https://github.com/apple/swift-nio.git at 2.102.0 (0.34s)
Fetching https://github.com/apple/swift-system.git
Fetching https://github.com/apple/swift-atomics.git
Fetching https://github.com/apple/swift-collections.git
[1/1875] Fetching swift-atomics
[1876/8773] Fetching swift-atomics, swift-system
Fetched https://github.com/apple/swift-atomics.git (0.56s)
[1449/6898] Fetching swift-system
[1588/34143] Fetching swift-system, swift-collections
Fetched https://github.com/apple/swift-system.git (1.06s)
Fetched https://github.com/apple/swift-collections.git (1.07s)
Computing version for https://github.com/apple/swift-atomics.git
Computed https://github.com/apple/swift-atomics.git at 1.3.1 (1.24s)
Computing version for https://github.com/apple/swift-collections.git
Computed https://github.com/apple/swift-collections.git at 1.6.0 (0.29s)
Computing version for https://github.com/apple/swift-system.git
Computed https://github.com/apple/swift-system.git at 1.8.1 (0.21s)
Computing version for https://github.com/vapor/async-kit.git
Computed https://github.com/vapor/async-kit.git at 1.22.0 (0.16s)
Fetching https://github.com/apple/swift-algorithms.git
[1/6140] Fetching swift-algorithms
Fetched https://github.com/apple/swift-algorithms.git (0.75s)
Computing version for https://github.com/apple/swift-algorithms.git
Computed https://github.com/apple/swift-algorithms.git at 1.2.1 (0.94s)
Fetching https://github.com/apple/swift-numerics.git
[1/6636] Fetching swift-numerics
Fetched https://github.com/apple/swift-numerics.git (0.66s)
Computing version for https://github.com/apple/swift-numerics.git
Computed https://github.com/apple/swift-numerics.git at 1.1.1 (0.83s)
Creating working copy for https://github.com/apple/swift-atomics.git
Working copy of https://github.com/apple/swift-atomics.git resolved at 1.3.1
Creating working copy for https://github.com/apple/swift-numerics.git
Working copy of https://github.com/apple/swift-numerics.git resolved at 1.1.1
Creating working copy for https://github.com/apple/swift-algorithms.git
Working copy of https://github.com/apple/swift-algorithms.git resolved at 1.2.1
Creating working copy for https://github.com/apple/swift-collections.git
Working copy of https://github.com/apple/swift-collections.git resolved at 1.6.0
Creating working copy for https://github.com/vapor/async-kit.git
Working copy of https://github.com/vapor/async-kit.git resolved at 1.22.0
Creating working copy for https://github.com/apple/swift-log.git
Working copy of https://github.com/apple/swift-log.git resolved at 1.15.1
Creating working copy for https://gitlab.com/mordil/RediStack.git
Working copy of https://gitlab.com/mordil/RediStack.git resolved at 1.0.0-alpha.10
Creating working copy for https://github.com/apple/swift-metrics.git
Working copy of https://github.com/apple/swift-metrics.git resolved at 2.11.0
Creating working copy for https://github.com/apple/swift-nio.git
Working copy of https://github.com/apple/swift-nio.git resolved at 2.102.0
Creating working copy for https://github.com/apple/swift-system.git
Working copy of https://github.com/apple/swift-system.git resolved at 1.8.1
Building for debugging...
[Computing dependencies]
[Constructing description]
[Pre-planning 1 / 1075]
[Planning deferred tasks]
[171 / 369] _NIOBase64
[184 / 422] CNIOWindows
[186 / 422] _NIOBase64
[216 / 422] CNIOFreeBSD
[221 / 422] Logging
[228 / 422] Logging
[237 / 422] RealModule-product
[238 / 422] _NIODataStructures
[251 / 423] _NIOBase64
[253 / 423] NIOConcurrencyHelpers
[256 / 424] NIOConcurrencyHelpers
[261 / 424] Logging
[262 / 424] Logging
[270 / 425] _NIODataStructures
[272 / 426] Logging
[279 / 426] InternalCollectionsUtilities
[280 / 426] HeapModule
[284 / 426] CoreMetrics
[288 / 426] Atomics
[292 / 427] Atomics-product
[296 / 427] CNIODarwin
[301 / 430] Metrics
[305 / 452] _RopeModule
[306 / 453] Metrics
[309 / 461] HeapModule
[310 / 470] HashTreeCollections
[311 / 470] CNIOAtomics
[313 / 470] OrderedCollections
[315 / 470] Metrics
[322 / 470] Metrics
[327 / 471] _RopeModule
[327 / 471] OrderedCollections
[336 / 471] OrderedCollections
[337 / 471] _RopeModule
[341 / 471] _RopeModule
[345 / 471] OrderedCollections
[345 / 471] _RopeModule
[351 / 471] HashTreeCollections
[359 / 471] InternalCollectionsUtilities
[365 / 472] _RopeModule
[367 / 472] HashTreeCollections
[369 / 473] HeapModule
[373 / 474] OrderedCollections
[375 / 475] OrderedCollections
[380 / 475] CoreMetrics
[386 / 488] BitCollections
[390 / 505] ContainersPreview
[394 / 505] ContainersPreview
[400 / 505] DequeModule
[404 / 506] ContainersPreview
[405 / 506] ContainersPreview
[409 / 506] BitCollections
[414 / 506] BitCollections
[416 / 506] BitCollections
[418 / 506] Atomics
[419 / 506] HashTreeCollections
[422 / 507] Algorithms
[426 / 507] Algorithms
[427 / 507] Algorithms
[428 / 508] BitCollections
[435 / 509] ContainersPreview
[438 / 509] Algorithms
[445 / 518] Algorithms
[450 / 518] DequeModule
[451 / 518] DequeModule
[452 / 518] DequeModule
[452 / 518] Algorithms
[452 / 518] DequeModule
[452 / 518] Algorithms
[455 / 519] DequeModule
[455 / 520] DequeModule
[481 / 538] Collections
[485 / 538] Collections
[488 / 538] NIOCore
[488 / 539] NIOCore
[502 / 545] NIOPosix
error: SwiftCompile normal wasm32 failed with a nonzero exit code. Command line:     cd /host

/host/spi-builder-workspace/.build/checkouts/swift-nio/Sources/NIOPosix/BaseSocketChannel+AccessibleTransport.swift:17:11: error: cannot find type 'BaseSocketChannel' in scope
15 | import NIOCore
16 |
17 | extension BaseSocketChannel where SocketType: BaseSocket {
   |           `- error: cannot find type 'BaseSocketChannel' in scope
18 |     /// The underlying transport type backing this channel.
19 |     typealias Transport = NIOBSDSocket.Handle
/host/spi-builder-workspace/.build/checkouts/swift-nio/Sources/NIOPosix/BaseSocketChannel+AccessibleTransport.swift:27:11: error: cannot find type 'BaseSocketChannel' in scope
25 | }
26 |
27 | extension BaseSocketChannel where SocketType: PipePair {
   |           `- error: cannot find type 'BaseSocketChannel' in scope
28 |     /// The underlying transport type backing this channel.
29 |     typealias Transport = NIOBSDSocket.PipeHandle
/host/spi-builder-workspace/.build/checkouts/swift-nio/Sources/NIOPosix/BaseSocketChannel+AccessibleTransport.swift:42:11: error: cannot find type 'SocketChannel' in scope
40 | }
41 |
42 | extension SocketChannel: NIOTransportAccessibleChannelCore {}
   |           `- error: cannot find type 'SocketChannel' in scope
43 | extension ServerSocketChannel: NIOTransportAccessibleChannelCore {}
44 | extension DatagramChannel: NIOTransportAccessibleChannelCore {}
/host/spi-builder-workspace/.build/checkouts/swift-nio/Sources/NIOPosix/BaseSocketChannel+AccessibleTransport.swift:43:11: error: cannot find type 'ServerSocketChannel' in scope
41 |
42 | extension SocketChannel: NIOTransportAccessibleChannelCore {}
43 | extension ServerSocketChannel: NIOTransportAccessibleChannelCore {}
   |           `- error: cannot find type 'ServerSocketChannel' in scope
44 | extension DatagramChannel: NIOTransportAccessibleChannelCore {}
45 | extension PipeChannel: NIOTransportAccessibleChannelCore {}
/host/spi-builder-workspace/.build/checkouts/swift-nio/Sources/NIOPosix/BaseSocketChannel+AccessibleTransport.swift:44:11: error: cannot find type 'DatagramChannel' in scope
42 | extension SocketChannel: NIOTransportAccessibleChannelCore {}
43 | extension ServerSocketChannel: NIOTransportAccessibleChannelCore {}
44 | extension DatagramChannel: NIOTransportAccessibleChannelCore {}
   |           `- error: cannot find type 'DatagramChannel' in scope
45 | extension PipeChannel: NIOTransportAccessibleChannelCore {}
46 |
/host/spi-builder-workspace/.build/checkouts/swift-nio/Sources/NIOPosix/BaseSocketChannel+AccessibleTransport.swift:45:11: error: cannot find type 'PipeChannel' in scope
43 | extension ServerSocketChannel: NIOTransportAccessibleChannelCore {}
44 | extension DatagramChannel: NIOTransportAccessibleChannelCore {}
45 | extension PipeChannel: NIOTransportAccessibleChannelCore {}
   |           `- error: cannot find type 'PipeChannel' in scope
46 |
Failed frontend command:
/usr/bin/swift-frontend -frontend -emit-module -experimental-skip-non-inlinable-function-bodies-without-types /host/spi-builder-workspace/.build/checkouts/swift-nio/Sources/NIOPosix/BSDSocketAPICommon.swift /host/spi-builder-workspace/.build/checkouts/swift-nio/Sources/NIOPosix/BSDSocketAPIPosix.swift /host/spi-builder-workspace/.build/checkouts/swift-nio/Sources/NIOPosix/BSDSocketAPIWindows.swift /host/spi-builder-workspace/.build/checkouts/swift-nio/Sources/NIOPosix/BaseSocket.swift /host/spi-builder-workspace/.build/checkouts/swift-nio/Sources/NIOPosix/BaseSocketChannel+AccessibleTransport.swift /host/spi-builder-workspace/.build/checkouts/swift-nio/Sources/NIOPosix/BaseSocketChannel+SocketOptionProvider.swift /host/spi-builder-workspace/.build/checkouts/swift-nio/Sources/NIOPosix/BaseSocketChannel.swift /host/spi-builder-workspace/.build/checkouts/swift-nio/Sources/NIOPosix/BaseStreamSocketChannel.swift /host/spi-builder-workspace/.build/checkouts/swift-nio/Sources/NIOPosix/Bootstrap.swift /host/spi-builder-workspace/.build/checkouts/swift-nio/Sources/NIOPosix/ControlMessage.swift /host/spi-builder-workspace/.build/checkouts/swift-nio/Sources/NIOPosix/DatagramVectorReadManager.swift /host/spi-builder-workspace/.build/checkouts/swift-nio/Sources/NIOPosix/Errors+Any.swift /host/spi-builder-workspace/.build/checkouts/swift-nio/Sources/NIOPosix/FileDescriptor.swift /host/spi-builder-workspace/.build/checkouts/swift-nio/Sources/NIOPosix/GetaddrinfoResolver.swift /host/spi-builder-workspace/.build/checkouts/swift-nio/Sources/NIOPosix/HappyEyeballs.swift /host/spi-builder-workspace/.build/checkouts/swift-nio/Sources/NIOPosix/IO.swift /host/spi-builder-workspace/.build/checkouts/swift-nio/Sources/NIOPosix/IntegerBitPacking.swift /host/spi-builder-workspace/.build/checkouts/swift-nio/Sources/NIOPosix/IntegerTypes.swift /host/spi-builder-workspace/.build/checkouts/swift-nio/Sources/NIOPosix/Linux.swift /host/spi-builder-workspace/.build/checkouts/swift-nio/Sources/NIOPosix/LinuxCPUSet.swift /host/spi-builder-workspace/.build/checkouts/swift-nio/Sources/NIOPosix/LinuxUring.swift /host/spi-builder-workspace/.build/checkouts/swift-nio/Sources/NIOPosix/MultiThreadedEventLoopGroup.swift /host/spi-builder-workspace/.build/checkouts/swift-nio/Sources/NIOPosix/NIOPosixSendableMetatype.swift /host/spi-builder-workspace/.build/checkouts/swift-nio/Sources/NIOPosix/NIORandomizedDNSResolver.swift /host/spi-builder-workspace/.build/checkouts/swift-nio/Sources/NIOPosix/NIOThreadPool.swift /host/spi-builder-workspace/.build/checkouts/swift-nio/Sources/NIOPosix/NonBlockingFileIO.swift /host/spi-builder-workspace/.build/checkouts/swift-nio/Sources/NIOPosix/PendingDatagramWritesManager.swift /host/spi-builder-workspace/.build/checkouts/swift-nio/Sources/NIOPosix/PendingWritesManager.swift /host/spi-builder-workspace/.build/checkouts/swift-nio/Sources/NIOPosix/PipeChannel.swift /host/spi-builder-workspace/.build/checkouts/swift-nio/Sources/NIOPosix/PipePair.swift /host/spi-builder-workspace/.build/checkouts/swift-nio/Sources/NIOPosix/Pool.swift /host/spi-builder-workspace/.build/checkouts/swift-nio/Sources/NIOPosix/PosixSingletons+ConcurrencyTakeOver.swift /host/spi-builder-workspace/.build/checkouts/swift-nio/Sources/NIOPosix/PosixSingletons.swift /host/spi-builder-workspace/.build/checkouts/swift-nio/Sources/NIOPosix/RawSocketBootstrap.swift /host/spi-builder-workspace/.build/checkouts/swift-nio/Sources/NIOPosix/Resolver.swift /host/spi-builder-workspace/.build/checkouts/swift-nio/Sources/NIOPosix/Selectable.swift /host/spi-builder-workspace/.build/checkouts/swift-nio/Sources/NIOPosix/SelectableChannel.swift /host/spi-builder-workspace/.build/checkouts/swift-nio/Sources/NIOPosix/SelectableEventLoop.swift /host/spi-builder-workspace/.build/checkouts/swift-nio/Sources/NIOPosix/SelectorEpoll.swift /host/spi-builder-workspace/.build/checkouts/swift-nio/Sources/NIOPosix/SelectorGeneric.swift /host/spi-builder-workspace/.build/checkouts/swift-nio/Sources/NIOPosix/SelectorKqueue.swift /host/spi-builder-workspace/.build/checkouts/swift-nio/Sources/NIOPosix/SelectorUring.swift /host/spi-builder-workspace/.build/checkouts/swift-nio/Sources/NIOPosix/SelectorWSAPoll.swift /host/spi-builder-workspace/.build/checkouts/swift-nio/Sources/NIOPosix/ServerSocket.swift /host/spi-builder-workspace/.build/checkouts/swift-nio/Sources/NIOPosix/Socket.swift /host/spi-builder-workspace/.build/checkouts/swift-nio/Sources/NIOPosix/SocketChannel.swift /host/spi-builder-workspace/.build/checkouts/swift-nio/Sources/NIOPosix/SocketProtocols.swift /host/spi-builder-workspace/.build/checkouts/swift-nio/Sources/NIOPosix/StructuredConcurrencyHelpers.swift /host/spi-builder-workspace/.build/checkouts/swift-nio/Sources/NIOPosix/System.swift /host/spi-builder-workspace/.build/checkouts/swift-nio/Sources/NIOPosix/Thread.swift /host/spi-builder-workspace/.build/checkouts/swift-nio/Sources/NIOPosix/ThreadPosix.swift /host/spi-builder-workspace/.build/checkouts/swift-nio/Sources/NIOPosix/ThreadWindows.swift /host/spi-builder-workspace/.build/checkouts/swift-nio/Sources/NIOPosix/Utilities.swift /host/spi-builder-workspace/.build/checkouts/swift-nio/Sources/NIOPosix/VsockAddress.swift /host/spi-builder-workspace/.build/checkouts/swift-nio/Sources/NIOPosix/VsockChannelEvents.swift /host/spi-builder-workspace/.build/checkouts/swift-nio/Sources/NIOPosix/Windows.swift -target wasm32-unknown-wasip1 -disable-objc-interop -sdk /root/.swiftpm/swift-sdks/swift-6.4.x-DEVELOPMENT-SNAPSHOT-2026-09-04-a_wasm.artifactbundle/swift-6.4.x-DEVELOPMENT-SNAPSHOT-2026-09-04-a_wasm/wasm32-unknown-wasip1/WASI.sdk -sysroot /root/.swiftpm/swift-sdks/swift-6.4.x-DEVELOPMENT-SNAPSHOT-2026-09-04-a_wasm.artifactbundle/swift-6.4.x-DEVELOPMENT-SNAPSHOT-2026-09-04-a_wasm/wasm32-unknown-wasip1/WASI.sdk -I /host/spi-builder-workspace/.build/out/Products/Debug-webassembly-wasm32 -module-cache-path /host/spi-builder-workspace/.build/out/ModuleCache.noindex -color-diagnostics -Xcc -fcolor-diagnostics -enable-testing -g -debug-info-format\=dwarf -dwarf-version\=4 -suppress-warnings -swift-version 6 -Onone -D SWIFT_PACKAGE -D DEBUG -D SWIFT_MODULE_RESOURCE_BUNDLE_UNAVAILABLE -D Xcode -serialize-debugging-options -enable-experimental-feature Lifetimes -enable-upcoming-feature MemberImportVisibility -enable-experimental-feature DebugDescriptionMacro -empty-abi-descriptor -external-plugin-path /usr/lib/swift/host/plugins/testing\#/usr/bin/swift-plugin-server -user-module-version 2.102.0 -validate-clang-modules-once -clang-build-session-file /host/spi-builder-workspace/.build/out/ModuleCache.noindex/Session.modulevalidation -Xcc -working-directory -Xcc /host -resource-dir /root/.swiftpm/swift-sdks/swift-6.4.x-DEVELOPMENT-SNAPSHOT-2026-09-04-a_wasm.artifactbundle/swift-6.4.x-DEVELOPMENT-SNAPSHOT-2026-09-04-a_wasm/wasm32-unknown-wasip1/swift.xctoolchain/usr/lib/swift_static -use-static-resource-dir -enable-anonymous-context-mangled-names -file-compilation-dir /host -Xcc -resource-dir -Xcc /root/.swiftpm/swift-sdks/swift-6.4.x-DEVELOPMENT-SNAPSHOT-2026-09-04-a_wasm.artifactbundle/swift-6.4.x-DEVELOPMENT-SNAPSHOT-2026-09-04-a_wasm/wasm32-unknown-wasip1/swift.xctoolchain/usr/lib/swift_static/clang -Xcc -fmodule-map-file\=/host/spi-builder-workspace/.build/checkouts/swift-atomics/Sources/_AtomicsShims/include/module.modulemap -Xcc -fmodule-map-file\=/host/spi-builder-workspace/.build/out/Intermediates.noindex/GeneratedModuleMaps-webassembly-wasm32/CNIOPosix.modulemap -Xcc -fmodule-map-file\=/host/spi-builder-workspace/.build/out/Intermediates.noindex/GeneratedModuleMaps-webassembly-wasm32/CNIOWASI.modulemap -Xcc -fmodule-map-file\=/host/spi-builder-workspace/.build/out/Intermediates.noindex/GeneratedModuleMaps-webassembly-wasm32/CNIOFreeBSD.modulemap -Xcc -fmodule-map-file\=/host/spi-builder-workspace/.build/out/Intermediates.noindex/GeneratedModuleMaps-webassembly-wasm32/CNIOAtomics.modulemap -Xcc -fmodule-map-file\=/host/spi-builder-workspace/.build/checkouts/swift-nio/Sources/CNIOWindows/include/module.modulemap -Xcc -fmodule-map-file\=/host/spi-builder-workspace/.build/out/Intermediates.noindex/GeneratedModuleMaps-webassembly-wasm32/CNIODarwin.modulemap -Xcc -fmodule-map-file\=/host/spi-builder-workspace/.build/out/Intermediates.noindex/GeneratedModuleMaps-webassembly-wasm32/CNIOLinux.modulemap -Xcc -fmodule-map-file\=/host/spi-builder-workspace/.build/out/Intermediates.noindex/GeneratedModuleMaps-webassembly-wasm32/CNIOOpenBSD.modulemap -Xcc -D_LIBCPP_HARDENING_MODE\=_LIBCPP_HARDENING_MODE_DEBUG -Xcc -fmodules-prune-interval\=86400 -Xcc -fmodules-prune-after\=345600 -Xcc -I/host/spi-builder-workspace/.build/checkouts/swift-atomics/Sources/_AtomicsShims/include -Xcc -I/host/spi-builder-workspace/.build/checkouts/swift-nio/Sources/CNIOPosix/include -Xcc -I/host/spi-builder-workspace/.build/checkouts/swift-nio/Sources/CNIOWASI/include -Xcc -I/host/spi-builder-workspace/.build/checkouts/swift-nio/Sources/CNIOFreeBSD/include -Xcc -I/host/spi-builder-workspace/.build/checkouts/swift-nio/Sources/CNIOAtomics/include -Xcc -I/host/spi-builder-workspace/.build/checkouts/swift-nio/Sources/CNIOWindows/include -Xcc -I/host/spi-builder-workspace/.build/checkouts/swift-nio/Sources/CNIODarwin/include -Xcc -I/host/spi-builder-workspace/.build/checkouts/swift-nio/Sources/CNIOLinux/include -Xcc -I/host/spi-builder-workspace/.build/checkouts/swift-nio/Sources/CNIOOpenBSD/include -Xcc -I/host/spi-builder-workspace/.build/out/Products/Debug-webassembly-wasm32/include -Xcc -I/host/spi-builder-workspace/.build/out/Intermediates.noindex/swift-nio.build/Debug-webassembly-wasm32/NIOPosix-t.build/DerivedSources-normal/wasm32 -Xcc -I/host/spi-builder-workspace/.build/out/Intermediates.noindex/swift-nio.build/Debug-webassembly-wasm32/NIOPosix-t.build/DerivedSources/wasm32 -Xcc -I/host/spi-builder-workspace/.build/out/Intermediates.noindex/swift-nio.build/Debug-webassembly-wasm32/NIOPosix-t.build/DerivedSources -Xcc -DSWIFT_PACKAGE -Xcc -DDEBUG\=1 -no-auto-bridging-header-chaining -module-name NIOPosix -package-name swift_nio -const-gather-protocols-file /host/spi-builder-workspace/.build/out/Intermediates.noindex/swift-nio.build/Debug-webassembly-wasm32/NIOPosix-t.build/Objects-normal/wasm32/NIOPosix_const_extract_protocols.json -in-process-plugin-server-path /usr/lib/swift/host/libSwiftInProcPluginServer.so -plugin-path /usr/lib/swift/host/plugins -plugin-path /usr/local/lib/swift/host/plugins -emit-module-doc-path /host/spi-builder-workspace/.build/out/Intermediates.noindex/swift-nio.build/Debug-webassembly-wasm32/NIOPosix-t.build/Objects-normal/wasm32/Modules/NIOPosix.swiftdoc -emit-module-source-info-path /host/spi-builder-workspace/.build/out/Intermediates.noindex/swift-nio.build/Debug-webassembly-wasm32/NIOPosix-t.build/Objects-normal/wasm32/Modules/NIOPosix.swiftsourceinfo -emit-objc-header-path /host/spi-builder-workspace/.build/out/Intermediates.noindex/swift-nio.build/Debug-webassembly-wasm32/NIOPosix-t.build/Objects-normal/wasm32/NIOPosix-Swift.h -serialize-diagnostics-path /host/spi-builder-workspace/.build/out/Intermediates.noindex/swift-nio.build/Debug-webassembly-wasm32/NIOPosix-t.build/Objects-normal/wasm32/NIOPosix-primary-emit-module.dia -emit-dependencies-path /host/spi-builder-workspace/.build/out/Intermediates.noindex/swift-nio.build/Debug-webassembly-wasm32/NIOPosix-t.build/Objects-normal/wasm32/NIOPosix-primary-emit-module.d -parse-as-library -o /host/spi-builder-workspace/.build/out/Intermediates.noindex/swift-nio.build/Debug-webassembly-wasm32/NIOPosix-t.build/Objects-normal/wasm32/Modules/NIOPosix.swiftmodule
error: Build failed
BUILD FAILURE 6.4 wasm