Build Information
Failed to build SwiftDI with Swift 5.8 for watchOS using Xcode 14.3 at 1.0.1.
Build Command
env DEVELOPER_DIR="/Applications/Xcode-14.3.0.app" xcrun xcodebuild -IDEClonedSourcePackagesDirPathOverride="$PWD/.dependencies" -derivedDataPath "$PWD/.derivedData" build -scheme SwiftDI -destination "generic/platform=watchos"
Build Log
ft -enable-anonymous-context-mangled-names -Xcc -ivfsstatcache -Xcc /Users/builder/builds/o86TiJKT/0/finestructure/swiftpackageindex-builder/spi-builder-workspace/.derivedData/SDKStatCaches.noindex/watchos9.4-20T248-.sdkstatcache -Xcc -I/Users/builder/builds/o86TiJKT/0/finestructure/swiftpackageindex-builder/spi-builder-workspace/.derivedData/Build/Intermediates.noindex/SwiftDI.build/Debug-watchos/SwiftDI.build/swift-overrides.hmap -Xcc -I/Users/builder/builds/o86TiJKT/0/finestructure/swiftpackageindex-builder/spi-builder-workspace/.derivedData/Build/Products/Debug-watchos/include -Xcc -I/Users/builder/builds/o86TiJKT/0/finestructure/swiftpackageindex-builder/spi-builder-workspace/.derivedData/Build/Intermediates.noindex/SwiftDI.build/Debug-watchos/SwiftDI.build/DerivedSources-normal/armv7k -Xcc -I/Users/builder/builds/o86TiJKT/0/finestructure/swiftpackageindex-builder/spi-builder-workspace/.derivedData/Build/Intermediates.noindex/SwiftDI.build/Debug-watchos/SwiftDI.build/DerivedSources/armv7k -Xcc -I/Users/builder/builds/o86TiJKT/0/finestructure/swiftpackageindex-builder/spi-builder-workspace/.derivedData/Build/Intermediates.noindex/SwiftDI.build/Debug-watchos/SwiftDI.build/DerivedSources -Xcc -DSWIFT_PACKAGE -Xcc -DDEBUG\=1 -module-name SwiftDI -frontend-parseable-output -disable-clang-spi -target-sdk-version 9.4 -target-sdk-name watchos9.4 -o /Users/builder/builds/o86TiJKT/0/finestructure/swiftpackageindex-builder/spi-builder-workspace/.derivedData/Build/Intermediates.noindex/SwiftDI.build/Debug-watchos/SwiftDI.build/Objects-normal/armv7k/Resolver.o -index-unit-output-path /SwiftDI.build/Debug-watchos/SwiftDI.build/Objects-normal/armv7k/Resolver.o -index-store-path /Users/builder/builds/o86TiJKT/0/finestructure/swiftpackageindex-builder/spi-builder-workspace/.derivedData/Index.noindex/DataStore -index-system-modules
SwiftEmitModule normal armv7k Emitting\ module\ for\ SwiftDI (in target 'SwiftDI' from project 'SwiftDI')
cd /Users/builder/builds/o86TiJKT/0/finestructure/swiftpackageindex-builder/spi-builder-workspace
builtin-swiftTaskExecution -- /Applications/Xcode-14.3.0.app/Contents/Developer/Toolchains/XcodeDefault.xctoolchain/usr/bin/swift-frontend -frontend -emit-module -experimental-skip-non-inlinable-function-bodies-without-types /Users/builder/builds/o86TiJKT/0/finestructure/swiftpackageindex-builder/spi-builder-workspace/Sources/SwiftDI/DIComponentContext.swift /Users/builder/builds/o86TiJKT/0/finestructure/swiftpackageindex-builder/spi-builder-workspace/Sources/SwiftDI/DIComponentManager.swift /Users/builder/builds/o86TiJKT/0/finestructure/swiftpackageindex-builder/spi-builder-workspace/Sources/SwiftDI/DIContainer.swift /Users/builder/builds/o86TiJKT/0/finestructure/swiftpackageindex-builder/spi-builder-workspace/Sources/SwiftDI/DIContainerConvertible.swift /Users/builder/builds/o86TiJKT/0/finestructure/swiftpackageindex-builder/spi-builder-workspace/Sources/SwiftDI/DIObject.swift /Users/builder/builds/o86TiJKT/0/finestructure/swiftpackageindex-builder/spi-builder-workspace/Sources/SwiftDI/DIPart.swift /Users/builder/builds/o86TiJKT/0/finestructure/swiftpackageindex-builder/spi-builder-workspace/Sources/SwiftDI/Extensions.swift /Users/builder/builds/o86TiJKT/0/finestructure/swiftpackageindex-builder/spi-builder-workspace/Sources/SwiftDI/Injectable.swift /Users/builder/builds/o86TiJKT/0/finestructure/swiftpackageindex-builder/spi-builder-workspace/Sources/SwiftDI/InjectableObjectBinding.swift /Users/builder/builds/o86TiJKT/0/finestructure/swiftpackageindex-builder/spi-builder-workspace/Sources/SwiftDI/InjectableProperty.swift /Users/builder/builds/o86TiJKT/0/finestructure/swiftpackageindex-builder/spi-builder-workspace/Sources/SwiftDI/Resolver.swift /Users/builder/builds/o86TiJKT/0/finestructure/swiftpackageindex-builder/spi-builder-workspace/Sources/SwiftDI/SwiftDI.swift /Users/builder/builds/o86TiJKT/0/finestructure/swiftpackageindex-builder/spi-builder-workspace/Sources/SwiftDI/Utils.swift -target armv7k-apple-watchos4.0 -enable-objc-interop -sdk /Applications/Xcode-14.3.0.app/Contents/Developer/Platforms/WatchOS.platform/Developer/SDKs/WatchOS9.4.sdk -I /Users/builder/builds/o86TiJKT/0/finestructure/swiftpackageindex-builder/spi-builder-workspace/.derivedData/Build/Products/Debug-watchos -I /Applications/Xcode-14.3.0.app/Contents/Developer/Platforms/WatchOS.platform/Developer/usr/lib -F /Users/builder/builds/o86TiJKT/0/finestructure/swiftpackageindex-builder/spi-builder-workspace/.derivedData/Build/Products/Debug-watchos -F /Applications/Xcode-14.3.0.app/Contents/Developer/Platforms/WatchOS.platform/Developer/Library/Frameworks -F /Applications/Xcode-14.3.0.app/Contents/Developer/Platforms/WatchOS.platform/Developer/SDKs/WatchOS9.4.sdk/Developer/Library/Frameworks -no-color-diagnostics -enable-testing -g -module-cache-path /Users/builder/builds/o86TiJKT/0/finestructure/swiftpackageindex-builder/spi-builder-workspace/.derivedData/ModuleCache.noindex -swift-version 5 -enforce-exclusivity\=checked -Onone -D SWIFT_PACKAGE -D DEBUG -D Xcode -serialize-debugging-options -empty-abi-descriptor -Xcc -working-directory -Xcc /Users/builder/builds/o86TiJKT/0/finestructure/swiftpackageindex-builder/spi-builder-workspace -resource-dir /Applications/Xcode-14.3.0.app/Contents/Developer/Toolchains/XcodeDefault.xctoolchain/usr/lib/swift -enable-anonymous-context-mangled-names -Xcc -ivfsstatcache -Xcc /Users/builder/builds/o86TiJKT/0/finestructure/swiftpackageindex-builder/spi-builder-workspace/.derivedData/SDKStatCaches.noindex/watchos9.4-20T248-.sdkstatcache -Xcc -I/Users/builder/builds/o86TiJKT/0/finestructure/swiftpackageindex-builder/spi-builder-workspace/.derivedData/Build/Intermediates.noindex/SwiftDI.build/Debug-watchos/SwiftDI.build/swift-overrides.hmap -Xcc -I/Users/builder/builds/o86TiJKT/0/finestructure/swiftpackageindex-builder/spi-builder-workspace/.derivedData/Build/Products/Debug-watchos/include -Xcc -I/Users/builder/builds/o86TiJKT/0/finestructure/swiftpackageindex-builder/spi-builder-workspace/.derivedData/Build/Intermediates.noindex/SwiftDI.build/Debug-watchos/SwiftDI.build/DerivedSources-normal/armv7k -Xcc -I/Users/builder/builds/o86TiJKT/0/finestructure/swiftpackageindex-builder/spi-builder-workspace/.derivedData/Build/Intermediates.noindex/SwiftDI.build/Debug-watchos/SwiftDI.build/DerivedSources/armv7k -Xcc -I/Users/builder/builds/o86TiJKT/0/finestructure/swiftpackageindex-builder/spi-builder-workspace/.derivedData/Build/Intermediates.noindex/SwiftDI.build/Debug-watchos/SwiftDI.build/DerivedSources -Xcc -DSWIFT_PACKAGE -Xcc -DDEBUG\=1 -module-name SwiftDI -disable-clang-spi -target-sdk-version 9.4 -target-sdk-name watchos9.4 -emit-module-doc-path /Users/builder/builds/o86TiJKT/0/finestructure/swiftpackageindex-builder/spi-builder-workspace/.derivedData/Build/Intermediates.noindex/SwiftDI.build/Debug-watchos/SwiftDI.build/Objects-normal/armv7k/SwiftDI.swiftdoc -emit-module-source-info-path /Users/builder/builds/o86TiJKT/0/finestructure/swiftpackageindex-builder/spi-builder-workspace/.derivedData/Build/Intermediates.noindex/SwiftDI.build/Debug-watchos/SwiftDI.build/Objects-normal/armv7k/SwiftDI.swiftsourceinfo -emit-objc-header-path /Users/builder/builds/o86TiJKT/0/finestructure/swiftpackageindex-builder/spi-builder-workspace/.derivedData/Build/Intermediates.noindex/SwiftDI.build/Debug-watchos/SwiftDI.build/Objects-normal/armv7k/SwiftDI-Swift.h -serialize-diagnostics-path /Users/builder/builds/o86TiJKT/0/finestructure/swiftpackageindex-builder/spi-builder-workspace/.derivedData/Build/Intermediates.noindex/SwiftDI.build/Debug-watchos/SwiftDI.build/Objects-normal/armv7k/SwiftDI-master-emit-module.dia -emit-dependencies-path /Users/builder/builds/o86TiJKT/0/finestructure/swiftpackageindex-builder/spi-builder-workspace/.derivedData/Build/Intermediates.noindex/SwiftDI.build/Debug-watchos/SwiftDI.build/Objects-normal/armv7k/SwiftDI-master-emit-module.d -o /Users/builder/builds/o86TiJKT/0/finestructure/swiftpackageindex-builder/spi-builder-workspace/.derivedData/Build/Intermediates.noindex/SwiftDI.build/Debug-watchos/SwiftDI.build/Objects-normal/armv7k/SwiftDI.swiftmodule -emit-abi-descriptor-path /Users/builder/builds/o86TiJKT/0/finestructure/swiftpackageindex-builder/spi-builder-workspace/.derivedData/Build/Intermediates.noindex/SwiftDI.build/Debug-watchos/SwiftDI.build/Objects-normal/armv7k/SwiftDI.abi.json
SwiftEmitModule normal arm64 Emitting\ module\ for\ SwiftDI (in target 'SwiftDI' from project 'SwiftDI')
cd /Users/builder/builds/o86TiJKT/0/finestructure/swiftpackageindex-builder/spi-builder-workspace
builtin-swiftTaskExecution -- /Applications/Xcode-14.3.0.app/Contents/Developer/Toolchains/XcodeDefault.xctoolchain/usr/bin/swift-frontend -frontend -emit-module -experimental-skip-non-inlinable-function-bodies-without-types /Users/builder/builds/o86TiJKT/0/finestructure/swiftpackageindex-builder/spi-builder-workspace/Sources/SwiftDI/DIComponentContext.swift /Users/builder/builds/o86TiJKT/0/finestructure/swiftpackageindex-builder/spi-builder-workspace/Sources/SwiftDI/DIComponentManager.swift /Users/builder/builds/o86TiJKT/0/finestructure/swiftpackageindex-builder/spi-builder-workspace/Sources/SwiftDI/DIContainer.swift /Users/builder/builds/o86TiJKT/0/finestructure/swiftpackageindex-builder/spi-builder-workspace/Sources/SwiftDI/DIContainerConvertible.swift /Users/builder/builds/o86TiJKT/0/finestructure/swiftpackageindex-builder/spi-builder-workspace/Sources/SwiftDI/DIObject.swift /Users/builder/builds/o86TiJKT/0/finestructure/swiftpackageindex-builder/spi-builder-workspace/Sources/SwiftDI/DIPart.swift /Users/builder/builds/o86TiJKT/0/finestructure/swiftpackageindex-builder/spi-builder-workspace/Sources/SwiftDI/Extensions.swift /Users/builder/builds/o86TiJKT/0/finestructure/swiftpackageindex-builder/spi-builder-workspace/Sources/SwiftDI/Injectable.swift /Users/builder/builds/o86TiJKT/0/finestructure/swiftpackageindex-builder/spi-builder-workspace/Sources/SwiftDI/InjectableObjectBinding.swift /Users/builder/builds/o86TiJKT/0/finestructure/swiftpackageindex-builder/spi-builder-workspace/Sources/SwiftDI/InjectableProperty.swift /Users/builder/builds/o86TiJKT/0/finestructure/swiftpackageindex-builder/spi-builder-workspace/Sources/SwiftDI/Resolver.swift /Users/builder/builds/o86TiJKT/0/finestructure/swiftpackageindex-builder/spi-builder-workspace/Sources/SwiftDI/SwiftDI.swift /Users/builder/builds/o86TiJKT/0/finestructure/swiftpackageindex-builder/spi-builder-workspace/Sources/SwiftDI/Utils.swift -target arm64-apple-watchos4.0 -Xllvm -aarch64-use-tbi -enable-objc-interop -sdk /Applications/Xcode-14.3.0.app/Contents/Developer/Platforms/WatchOS.platform/Developer/SDKs/WatchOS9.4.sdk -I /Users/builder/builds/o86TiJKT/0/finestructure/swiftpackageindex-builder/spi-builder-workspace/.derivedData/Build/Products/Debug-watchos -I /Applications/Xcode-14.3.0.app/Contents/Developer/Platforms/WatchOS.platform/Developer/usr/lib -F /Users/builder/builds/o86TiJKT/0/finestructure/swiftpackageindex-builder/spi-builder-workspace/.derivedData/Build/Products/Debug-watchos -F /Applications/Xcode-14.3.0.app/Contents/Developer/Platforms/WatchOS.platform/Developer/Library/Frameworks -F /Applications/Xcode-14.3.0.app/Contents/Developer/Platforms/WatchOS.platform/Developer/SDKs/WatchOS9.4.sdk/Developer/Library/Frameworks -no-color-diagnostics -enable-testing -g -module-cache-path /Users/builder/builds/o86TiJKT/0/finestructure/swiftpackageindex-builder/spi-builder-workspace/.derivedData/ModuleCache.noindex -swift-version 5 -enforce-exclusivity\=checked -Onone -D SWIFT_PACKAGE -D DEBUG -D Xcode -serialize-debugging-options -empty-abi-descriptor -Xcc -working-directory -Xcc /Users/builder/builds/o86TiJKT/0/finestructure/swiftpackageindex-builder/spi-builder-workspace -resource-dir /Applications/Xcode-14.3.0.app/Contents/Developer/Toolchains/XcodeDefault.xctoolchain/usr/lib/swift -enable-anonymous-context-mangled-names -Xcc -ivfsstatcache -Xcc /Users/builder/builds/o86TiJKT/0/finestructure/swiftpackageindex-builder/spi-builder-workspace/.derivedData/SDKStatCaches.noindex/watchos9.4-20T248-.sdkstatcache -Xcc -I/Users/builder/builds/o86TiJKT/0/finestructure/swiftpackageindex-builder/spi-builder-workspace/.derivedData/Build/Intermediates.noindex/SwiftDI.build/Debug-watchos/SwiftDI.build/swift-overrides.hmap -Xcc -I/Users/builder/builds/o86TiJKT/0/finestructure/swiftpackageindex-builder/spi-builder-workspace/.derivedData/Build/Products/Debug-watchos/include -Xcc -I/Users/builder/builds/o86TiJKT/0/finestructure/swiftpackageindex-builder/spi-builder-workspace/.derivedData/Build/Intermediates.noindex/SwiftDI.build/Debug-watchos/SwiftDI.build/DerivedSources-normal/arm64 -Xcc -I/Users/builder/builds/o86TiJKT/0/finestructure/swiftpackageindex-builder/spi-builder-workspace/.derivedData/Build/Intermediates.noindex/SwiftDI.build/Debug-watchos/SwiftDI.build/DerivedSources/arm64 -Xcc -I/Users/builder/builds/o86TiJKT/0/finestructure/swiftpackageindex-builder/spi-builder-workspace/.derivedData/Build/Intermediates.noindex/SwiftDI.build/Debug-watchos/SwiftDI.build/DerivedSources -Xcc -DSWIFT_PACKAGE -Xcc -DDEBUG\=1 -module-name SwiftDI -disable-clang-spi -target-sdk-version 9.4 -target-sdk-name watchos9.4 -emit-module-doc-path /Users/builder/builds/o86TiJKT/0/finestructure/swiftpackageindex-builder/spi-builder-workspace/.derivedData/Build/Intermediates.noindex/SwiftDI.build/Debug-watchos/SwiftDI.build/Objects-normal/arm64/SwiftDI.swiftdoc -emit-module-source-info-path /Users/builder/builds/o86TiJKT/0/finestructure/swiftpackageindex-builder/spi-builder-workspace/.derivedData/Build/Intermediates.noindex/SwiftDI.build/Debug-watchos/SwiftDI.build/Objects-normal/arm64/SwiftDI.swiftsourceinfo -emit-objc-header-path /Users/builder/builds/o86TiJKT/0/finestructure/swiftpackageindex-builder/spi-builder-workspace/.derivedData/Build/Intermediates.noindex/SwiftDI.build/Debug-watchos/SwiftDI.build/Objects-normal/arm64/SwiftDI-Swift.h -serialize-diagnostics-path /Users/builder/builds/o86TiJKT/0/finestructure/swiftpackageindex-builder/spi-builder-workspace/.derivedData/Build/Intermediates.noindex/SwiftDI.build/Debug-watchos/SwiftDI.build/Objects-normal/arm64/SwiftDI-master-emit-module.dia -emit-dependencies-path /Users/builder/builds/o86TiJKT/0/finestructure/swiftpackageindex-builder/spi-builder-workspace/.derivedData/Build/Intermediates.noindex/SwiftDI.build/Debug-watchos/SwiftDI.build/Objects-normal/arm64/SwiftDI-master-emit-module.d -o /Users/builder/builds/o86TiJKT/0/finestructure/swiftpackageindex-builder/spi-builder-workspace/.derivedData/Build/Intermediates.noindex/SwiftDI.build/Debug-watchos/SwiftDI.build/Objects-normal/arm64/SwiftDI.swiftmodule -emit-abi-descriptor-path /Users/builder/builds/o86TiJKT/0/finestructure/swiftpackageindex-builder/spi-builder-workspace/.derivedData/Build/Intermediates.noindex/SwiftDI.build/Debug-watchos/SwiftDI.build/Objects-normal/arm64/SwiftDI.abi.json
/Users/builder/builds/o86TiJKT/0/finestructure/swiftpackageindex-builder/spi-builder-workspace/Sources/SwiftDI/InjectableObjectBinding.swift:15:107: error: cannot find type 'BindableObject' in scope
public struct InjectableObjectBinding<BindableObjectType>: DynamicViewProperty where BindableObjectType : BindableObject {
^~~~~~~~~~~~~~
/Users/builder/builds/o86TiJKT/0/finestructure/swiftpackageindex-builder/spi-builder-workspace/Sources/SwiftDI/InjectableObjectBinding.swift:15:60: error: cannot find type 'DynamicViewProperty' in scope
public struct InjectableObjectBinding<BindableObjectType>: DynamicViewProperty where BindableObjectType : BindableObject {
^~~~~~~~~~~~~~~~~~~
/Users/builder/builds/o86TiJKT/0/finestructure/swiftpackageindex-builder/spi-builder-workspace/Sources/SwiftDI/InjectableObjectBinding.swift:30:29: warning: property wrapper's 'wrapperValue' property should be renamed to 'projectedValue'; use of 'wrapperValue' is deprecated
public private(set) var wrapperValue: ObjectBinding<BindableObjectType>.Wrapper
^~~~~~~~~~~~
projectedValue
/Users/builder/builds/o86TiJKT/0/finestructure/swiftpackageindex-builder/spi-builder-workspace/Sources/SwiftDI/InjectableObjectBinding.swift:30:43: error
: cannot find type 'ObjectBinding' in scope
public private(set) var wrapperValue: ObjectBinding<BindableObjectType>.Wrapper
^~~~~~~~~~~~~
/Users/builder/builds/o86TiJKT/0/finestructure/swiftpackageindex-builder/spi-builder-workspace/Sources/SwiftDI/InjectableObjectBinding.swift:17:24: error: cannot find type 'ObjectBinding' in scope
var _bindingValue: ObjectBinding<BindableObjectType>
^~~~~~~~~~~~~
/Users/builder/builds/o86TiJKT/0/finestructure/swiftpackageindex-builder/spi-builder-workspace/Sources/SwiftDI/InjectableProperty.swift:28:11: error: 'InjectableObjectBinding' is only available in watchOS 6.0 or newer
extension InjectableObjectBinding: InjectableProperty {
^
/Users/builder/builds/o86TiJKT/0/finestructure/swiftpackageindex-builder/spi-builder-workspace/Sources/SwiftDI/InjectableProperty.swift:28:1: note: add @available attribute to enclosing extension
extension InjectableObjectBinding: InjectableProperty {
^
SwiftEmitModule normal arm64_32 Emitting\ module\ for\ SwiftDI (in target 'SwiftDI' from project 'SwiftDI')
cd /Users/builder/builds/o86TiJKT/0/finestructure/swiftpackageindex-builder/spi-builder-workspace
builtin-swiftTaskExecution -- /Applications/Xcode-14.3.0.app/Contents/Developer/Toolchains/XcodeDefault.xctoolchain/usr/bin/swift-frontend -frontend -emit-module -experimental-skip-non-inlinable-function-bodies-without-types /Users/builder/builds/o86TiJKT/0/finestructure/swiftpackageindex-builder/spi-builder-workspace/Sources/SwiftDI/DIComponentContext.swift /Users/builder/builds/o86TiJKT/0/finestructure/swiftpackageindex-builder/spi-builder-workspace/Sources/SwiftDI/DIComponentManager.swift /Users/builder/builds/o86TiJKT/0/finestructure/swiftpackageindex-builder/spi-builder-workspace/Sources/SwiftDI/DIContainer.swift /Users/builder/builds/o86TiJKT/0/finestructure/swiftpackageindex-builder/spi-builder-workspace/Sources/SwiftDI/DIContainerConvertible.swift /Users/builder/builds/o86TiJKT/0/finestructure/swiftpackageindex-builder/spi-builder-workspace/Sources/SwiftDI/DIObject.swift /Users/builder/builds/o86TiJKT/0/finestructure/swiftpackageindex-builder/spi-builder-workspace/Sources/SwiftDI/DIPart.swift /Users/builder/builds/o86TiJKT/0/finestructure/swiftpackageindex-builder/spi-builder-workspace/Sources/SwiftDI/Extensions.swift /Users/builder/builds/o86TiJKT/0/finestructure/swiftpackageindex-builder/spi-builder-workspace/Sources/SwiftDI/Injectable.swift /Users/builder/builds/o86TiJKT/0/finestructure/swiftpackageindex-builder/spi-builder-workspace/Sources/SwiftDI/InjectableObjectBinding.swift /Users/builder/builds/o86TiJKT/0/finestructure/swiftpackageindex-builder/spi-builder-workspace/Sources/SwiftDI/InjectableProperty.swift /Users/builder/builds/o86TiJKT/0/finestructure/swiftpackageindex-builder/spi-builder-workspace/Sources/SwiftDI/Resolver.swift /Users/builder/builds/o86TiJKT/0/finestructure/swiftpackageindex-builder/spi-builder-workspace/Sources/SwiftDI/SwiftDI.swift /Users/builder/builds/o86TiJKT/0/finestructure/swiftpackageindex-builder/spi-builder-workspace/Sources/SwiftDI/Utils.swift -target arm64_32-apple-watchos4.0 -enable-objc-interop -sdk /Applications/Xcode-14.3.0.app/Contents/Developer/Platforms/WatchOS.platform/Developer/SDKs/WatchOS9.4.sdk -I /Users/builder/builds/o86TiJKT/0/finestructure/swiftpackageindex-builder/spi-builder-workspace/.derivedData/Build/Products/Debug-watchos -I /Applications/Xcode-14.3.0.app/Contents/Developer/Platforms/WatchOS.platform/Developer/usr/lib -F /Users/builder/builds/o86TiJKT/0/finestructure/swiftpackageindex-builder/spi-builder-workspace/.derivedData/Build/Products/Debug-watchos -F /Applications/Xcode-14.3.0.app/Contents/Developer/Platforms/WatchOS.platform/Developer/Library/Frameworks -F /Applications/Xcode-14.3.0.app/Contents/Developer/Platforms/WatchOS.platform/Developer/SDKs/WatchOS9.4.sdk/Developer/Library/Frameworks -no-color-diagnostics -enable-testing -g -module-cache-path /Users/builder/builds/o86TiJKT/0/finestructure/swiftpackageindex-builder/spi-builder-workspace/.derivedData/ModuleCache.noindex -swift-version 5 -enforce-exclusivity\=checked -Onone -D SWIFT_PACKAGE -D DEBUG -D Xcode -serialize-debugging-options -empty-abi-descriptor -Xcc -working-directory -Xcc /Users/builder/builds/o86TiJKT/0/finestructure/swiftpackageindex-builder/spi-builder-workspace -resource-dir /Applications/Xcode-14.3.0.app/Contents/Developer/Toolchains/XcodeDefault.xctoolchain/usr/lib/swift -enable-anonymous-context-mangled-names -Xcc -ivfsstatcache -Xcc /Users/builder/builds/o86TiJKT/0/finestructure/swiftpackageindex-builder/spi-builder-workspace/.derivedData/SDKStatCaches.noindex/watchos9.4-20T248-.sdkstatcache -Xcc -I/Users/builder/builds/o86TiJKT/0/finestructure/swiftpackageindex-builder/spi-builder-workspace/.derivedData/Build/Intermediates.noindex/SwiftDI.build/Debug-watchos/SwiftDI.build/swift-overrides.hmap -Xcc -I/Users/builder/builds/o86TiJKT/0/finestructure/swiftpackageindex-builder/spi-builder-workspace/.derivedData/Build/Products/Debug-watchos/include -Xcc -I/Users/builder/builds/o86TiJKT/0/finestructure/swiftpackageindex-builder/spi-builder-workspace/.derivedData/Build/Intermediates.noindex/SwiftDI.build/Debug-watchos/SwiftDI.build/DerivedSources-normal/arm64_32 -Xcc -I/Users/builder/builds/o86TiJKT/0/finestructure/swiftpackageindex-builder/spi-builder-workspace/.derivedData/Build/Intermediates.noindex/SwiftDI.build/Debug-watchos/SwiftDI.build/DerivedSources/arm64_32 -Xcc -I/Users/builder/builds/o86TiJKT/0/finestructure/swiftpackageindex-builder/spi-builder-workspace/.derivedData/Build/Intermediates.noindex/SwiftDI.build/Debug-watchos/SwiftDI.build/DerivedSources -Xcc -DSWIFT_PACKAGE -Xcc -DDEBUG\=1 -module-name SwiftDI -disable-clang-spi -target-sdk-version 9.4 -target-sdk-name watchos9.4 -emit-module-doc-path /Users/builder/builds/o86TiJKT/0/finestructure/swiftpackageindex-builder/spi-builder-workspace/.derivedData/Build/Intermediates.noindex/SwiftDI.build/Debug-watchos/SwiftDI.build/Objects-normal/arm64_32/SwiftDI.swiftdoc -emit-module-source-info-path /Users/builder/builds/o86TiJKT/0/finestructure/swiftpackageindex-builder/spi-builder-workspace/.derivedData/Build/Intermediates.noindex/SwiftDI.build/Debug-watchos/SwiftDI.build/Objects-normal/arm64_32/SwiftDI.swiftsourceinfo -emit-objc-header-path /Users/builder/builds/o86TiJKT/0/finestructure/swiftpackageindex-builder/spi-builder-workspace/.derivedData/Build/Intermediates.noindex/SwiftDI.build/Debug-watchos/SwiftDI.build/Objects-normal/arm64_32/SwiftDI-Swift.h -serialize-diagnostics-path /Users/builder/builds/o86TiJKT/0/finestructure/swiftpackageindex-builder/spi-builder-workspace/.derivedData/Build/Intermediates.noindex/SwiftDI.build/Debug-watchos/SwiftDI.build/Objects-normal/arm64_32/SwiftDI-master-emit-module.dia -emit-dependencies-path /Users/builder/builds/o86TiJKT/0/finestructure/swiftpackageindex-builder/spi-builder-workspace/.derivedData/Build/Intermediates.noindex/SwiftDI.build/Debug-watchos/SwiftDI.build/Objects-normal/arm64_32/SwiftDI-master-emit-module.d -o /Users/builder/builds/o86TiJKT/0/finestructure/swiftpackageindex-builder/spi-builder-workspace/.derivedData/Build/Intermediates.noindex/SwiftDI.build/Debug-watchos/SwiftDI.build/Objects-normal/arm64_32/SwiftDI.swiftmodule -emit-abi-descriptor-path /Users/builder/builds/o86TiJKT/0/finestructure/swiftpackageindex-builder/spi-builder-workspace/.derivedData/Build/Intermediates.noindex/SwiftDI.build/Debug-watchos/SwiftDI.build/Objects-normal/arm64_32/SwiftDI.abi.json
/Users/builder/builds/o86TiJKT/0/finestructure/swiftpackageindex-builder/spi-builder-workspace/Sources/SwiftDI/InjectableObjectBinding.swift:15:107: error: cannot find type 'BindableObject' in scope
public struct InjectableObjectBinding<BindableObjectType>: DynamicViewProperty where BindableObjectType : BindableObject {
^~~~~~~~~~~~~~
/Users/builder/builds/o86TiJKT/0/finestructure/swiftpackageindex-builder/spi-builder-workspace/Sources/SwiftDI/InjectableObjectBinding.swift:15:60: error: cannot find type 'DynamicViewProperty' in scope
public struct InjectableObjectBinding<BindableObjectType>: DynamicViewProperty where BindableObjectType : BindableObject {
^~~~~~~~~~~~~~~~~~~
/Users/builder/builds/o86TiJKT/0/finestructure/swiftpackageindex-builder/spi-builder-workspace/Sources/SwiftDI/InjectableObjectBinding.swift:30:29: warning: property wrapper's 'wrapperValue' property should be renamed to 'projectedValue'; use of 'wrapperValue' is deprecated
public private(set) var wrapperValue: ObjectBinding<BindableObjectType>.Wrapper
^~~~~~~~~~~~
projectedValue
/Users/builder/builds/o86TiJKT/0/finestructure/swiftpackageindex-builder/spi-builder-workspace/Sources/SwiftDI/InjectableObjectBinding.swift:30:43: error: cannot find type 'ObjectBinding' in scope
public private(set) var wrapperValue: ObjectBinding<BindableObjectType>.Wrapper
^~~~~~~~~~~~~
/Users/builder/builds/o86TiJKT/0/finestructure/swiftpackageindex-builder/spi-builder-workspace/Sources/SwiftDI/InjectableObjectBinding.swift:17:24: error: cannot find type 'ObjectBinding' in scope
var _bindingValue: ObjectBinding<BindableObjectType>
^~~~~~~~~~~~~
/Users/builder/builds/o86TiJKT/0/finestructure/swiftpackageindex-builder/spi-builder-workspace/Sources/SwiftDI/InjectableProperty.swift:28:11: error: 'InjectableObjectBinding' is only available in watchOS 6.0 or newer
extension InjectableObjectBinding: InjectableProperty {
^
/Users/builder/builds/o86TiJKT/0/finestructure/swiftpackageindex-builder/spi-builder-workspace/Sources/SwiftDI/InjectableProperty.swift:28:1: note: add @available attribute to enclosing extension
extension InjectableObjectBinding: InjectableProperty {
^
SwiftCompile normal arm64_32 Compiling\ Resolver.swift /Users/builder/builds/o86TiJKT/0/finestructure/swiftpackageindex-builder/spi-builder-workspace/Sources/SwiftDI/Resolver.swift (in target 'SwiftDI' from project 'SwiftDI')
cd /Users/builder/builds/o86TiJKT/0/finestructure/swiftpackageindex-builder/spi-builder-workspace
builtin-swiftTaskExecution -- /Applications/Xcode-14.3.0.app/Contents/Developer/Toolchains/XcodeDefault.xctoolchain/usr/bin/swift-frontend -frontend -c /Users/builder/builds/o86TiJKT/0/finestructure/swiftpackageindex-builder/spi-builder-workspace/Sources/SwiftDI/DIComponentContext.swift /Users/builder/builds/o86TiJKT/0/finestructure/swiftpackageindex-builder/spi-builder-workspace/Sources/SwiftDI/DIComponentManager.swift /Users/builder/builds/o86TiJKT/0/finestructure/swiftpackageindex-builder/spi-builder-workspace/Sources/SwiftDI/DIContainer.swift /Users/builder/builds/o86TiJKT/0/finestructure/swiftpackageindex-builder/spi-builder-workspace/Sources/SwiftDI/DIContainerConvertible.swift /Users/builder/builds/o86TiJKT/0/finestructure/swiftpackageindex-builder/spi-builder-workspace/Sources/SwiftDI/DIObject.swift /Users/builder/builds/o86TiJKT/0/finestructure/swiftpackageindex-builder/spi-builder-workspace/Sources/SwiftDI/DIPart.swift /Users/builder/builds/o86TiJKT/0/finestructure/swiftpackageindex-builder/spi-builder-workspace/Sources/SwiftDI/Extensions.swift /Users/builder/builds/o86TiJKT/0/finestructure/swiftpackageindex-builder/spi-builder-workspace/Sources/SwiftDI/Injectable.swift /Users/builder/builds/o86TiJKT/0/finestructure/swiftpackageindex-builder/spi-builder-workspace/Sources/SwiftDI/InjectableObjectBinding.swift /Users/builder/builds/o86TiJKT/0/finestructure/swiftpackageindex-builder/spi-builder-workspace/Sources/SwiftDI/InjectableProperty.swift -primary-file /Users/builder/builds/o86TiJKT/0/finestructure/swiftpackageindex-builder/spi-builder-workspace/Sources/SwiftDI/Resolver.swift /Users/builder/builds/o86TiJKT/0/finestructure/swiftpackageindex-builder/spi-builder-workspace/Sources/SwiftDI/SwiftDI.swift /Users/builder/builds/o86TiJKT/0/finestructure/swiftpackageindex-builder/spi-builder-workspace/Sources/SwiftDI/Utils.swift -emit-dependencies-path /Users/builder/builds/o86TiJKT/0/finestructure/swiftpackageindex-builder/spi-builder-workspace/.derivedData/Build/Intermediates.noindex/SwiftDI.build/Debug-watchos/SwiftDI.build/Objects-normal/arm64_32/Resolver.d -emit-reference-dependencies-path /Users/builder/builds/o86TiJKT/0/finestructure/swiftpackageindex-builder/spi-builder-workspace/.derivedData/Build/Intermediates.noindex/SwiftDI.build/Debug-watchos/SwiftDI.build/Objects-normal/arm64_32/Resolver.swiftdeps -serialize-diagnostics-path /Users/builder/builds/o86TiJKT/0/finestructure/swiftpackageindex-builder/spi-builder-workspace/.derivedData/Build/Intermediates.noindex/SwiftDI.build/Debug-watchos/SwiftDI.build/Objects-normal/arm64_32/Resolver.dia -target arm64_32-apple-watchos4.0 -enable-objc-interop -sdk /Applications/Xcode-14.3.0.app/Contents/Developer/Platforms/WatchOS.platform/Developer/SDKs/WatchOS9.4.sdk -I /Users/builder/builds/o86TiJKT/0/finestructure/swiftpackageindex-builder/spi-builder-workspace/.derivedData/Build/Products/Debug-watchos -I /Applications/Xcode-14.3.0.app/Contents/Developer/Platforms/WatchOS.platform/Developer/usr/lib -F /Users/builder/builds/o86TiJKT/0/finestructure/swiftpackageindex-builder/spi-builder-workspace/.derivedData/Build/Products/Debug-watchos -F /Applications/Xcode-14.3.0.app/Contents/Developer/Platforms/WatchOS.platform/Developer/Library/Frameworks -F /Applications/Xcode-14.3.0.app/Contents/Developer/Platforms/WatchOS.platform/Developer/SDKs/WatchOS9.4.sdk/Developer/Library/Frameworks -no-color-diagnostics -enable-testing -g -module-cache-path /Users/builder/builds/o86TiJKT/0/finestructure/swiftpackageindex-builder/spi-builder-workspace/.derivedData/ModuleCache.noindex -swift-version 5 -enforce-exclusivity\=checked -Onone -D SWIFT_PACKAGE -D DEBUG -D Xcode -serialize-debugging-options -empty-abi-descriptor -Xcc -working-directory -Xcc /Users/builder/builds/o86TiJKT/0/finestructure/swiftpackageindex-builder/spi-builder-workspace -resource-dir /Applications/Xcode-14.3.0.app/Contents/Developer/Toolchains/XcodeDefault.xctoolchain/usr/lib/swift -enable-anonymous-context-mangled-names -Xcc -ivfsstatcache -Xcc /Users/builder/builds/o86TiJKT/0/finestructure/swiftpackageindex-builder/spi-builder-workspace/.derivedData/SDKStatCaches.noindex/watchos9.4-20T248-.sdkstatcache -Xcc -I/Users/builder/builds/o86TiJKT/0/finestructure/swiftpackageindex-builder/spi-builder-workspace/.derivedData/Build/Intermediates.noindex/SwiftDI.build/Debug-watchos/SwiftDI.build/swift-overrides.hmap -Xcc -I/Users/builder/builds/o86TiJKT/0/finestructure/swiftpackageindex-builder/spi-builder-workspace/.derivedData/Build/Products/Debug-watchos/include -Xcc -I/Users/builder/builds/o86TiJKT/0/finestructure/swiftpackageindex-builder/spi-builder-workspace/.derivedData/Build/Intermediates.noindex/SwiftDI.build/Debug-watchos/SwiftDI.build/DerivedSources-normal/arm64_32 -Xcc -I/Users/builder/builds/o86TiJKT/0/finestructure/swiftpackageindex-builder/spi-builder-workspace/.derivedData/Build/Intermediates.noindex/SwiftDI.build/Debug-watchos/SwiftDI.build/DerivedSources/arm64_32 -Xcc -I/Users/builder/builds/o86TiJKT/0/finestructure/swiftpackageindex-builder/spi-builder-workspace/.derivedData/Build/Intermediates.noindex/SwiftDI.build/Debug-watchos/SwiftDI.build/DerivedSources -Xcc -DSWIFT_PACKAGE -Xcc -DDEBUG\=1 -module-name SwiftDI -frontend-parseable-output -disable-clang-spi -target-sdk-version 9.4 -target-sdk-name watchos9.4 -o /Users/builder/builds/o86TiJKT/0/finestructure/swiftpackageindex-builder/spi-builder-workspace/.derivedData/Build/Intermediates.noindex/SwiftDI.build/Debug-watchos/SwiftDI.build/Objects-normal/arm64_32/Resolver.o -index-unit-output-path /SwiftDI.build/Debug-watchos/SwiftDI.build/Objects-normal/arm64_32/Resolver.o -index-store-path /Users/builder/builds/o86TiJKT/0/finestructure/swiftpackageindex-builder/spi-builder-workspace/.derivedData/Index.noindex/DataStore -index-system-modules
SwiftCompile normal arm64_32 /Users/builder/builds/o86TiJKT/0/finestructure/swiftpackageindex-builder/spi-builder-workspace/Sources/SwiftDI/Resolver.swift (in target 'SwiftDI' from project 'SwiftDI')
cd /Users/builder/builds/o86TiJKT/0/finestructure/swiftpackageindex-builder/spi-builder-workspace
/Applications/Xcode-14.3.0.app/Contents/Developer/Toolchains/XcodeDefault.xctoolchain/usr/bin/swift-frontend -c /Users/builder/builds/o86TiJKT/0/finestructure/swiftpackageindex-builder/spi-builder-workspace/Sources/SwiftDI/DIComponentContext.swift /Users/builder/builds/o86TiJKT/0/finestructure/swiftpackageindex-builder/spi-builder-workspace/Sources/SwiftDI/DIComponentManager.swift /Users/builder/builds/o86TiJKT/0/finestructure/swiftpackageindex-builder/spi-builder-workspace/Sources/SwiftDI/DIContainer.swift /Users/builder/builds/o86TiJKT/0/finestructure/swiftpackageindex-builder/spi-builder-workspace/Sources/SwiftDI/DIContainerConvertible.swift /Users/builder/builds/o86TiJKT/0/finestructure/swiftpackageindex-builder/spi-builder-workspace/Sources/SwiftDI/DIObject.swift /Users/builder/builds/o86TiJKT/0/finestructure/swiftpackageindex-builder/spi-builder-workspace/Sources/SwiftDI/DIPart.swift /Users/builder/builds/o86TiJKT/0/finestructure/swiftpackageindex-builder/spi-builder-workspace/Sources/SwiftDI/Extensions.swift /Users/builder/builds/o86TiJKT/0/finestructure/swiftpackageindex-builder/spi-builder-workspace/Sources/SwiftDI/Injectable.swift /Users/builder/builds/o86TiJKT/0/finestructure/swiftpackageindex-builder/spi-builder-workspace/Sources/SwiftDI/InjectableObjectBinding.swift /Users/builder/builds/o86TiJKT/0/finestructure/swiftpackageindex-builder/spi-builder-workspace/Sources/SwiftDI/InjectableProperty.swift -primary-file /Users/builder/builds/o86TiJKT/0/finestructure/swiftpackageindex-builder/spi-builder-workspace/Sources/SwiftDI/Resolver.swift /Users/builder/builds/o86TiJKT/0/finestructure/swiftpackageindex-builder/spi-builder-workspace/Sources/SwiftDI/SwiftDI.swift /Users/builder/builds/o86TiJKT/0/finestructure/swiftpackageindex-builder/spi-builder-workspace/Sources/SwiftDI/Utils.swift -emit-dependencies-path /Users/builder/builds/o86TiJKT/0/finestructure/swiftpackageindex-builder/spi-builder-workspace/.derivedData/Build/Intermediates.noindex/SwiftDI.build/Debug-watchos/SwiftDI.build/Objects-normal/arm64_32/Resolver.d -emit-reference-dependencies-path /Users/builder/builds/o86TiJKT/0/finestructure/swiftpackageindex-builder/spi-builder-workspace/.derivedData/Build/Intermediates.noindex/SwiftDI.build/Debug-watchos/SwiftDI.build/Objects-normal/arm64_32/Resolver.swiftdeps -serialize-diagnostics-path /Users/builder/builds/o86TiJKT/0/finestructure/swiftpackageindex-builder/spi-builder-workspace/.derivedData/Build/Intermediates.noindex/SwiftDI.build/Debug-watchos/SwiftDI.build/Objects-normal/arm64_32/Resolver.dia -target arm64_32-apple-watchos4.0 -enable-objc-interop -sdk /Applications/Xcode-14.3.0.app/Contents/Developer/Platforms/WatchOS.platform/Developer/SDKs/WatchOS9.4.sdk -I /Users/builder/builds/o86TiJKT/0/finestructure/swiftpackageindex-builder/spi-builder-workspace/.derivedData/Build/Products/Debug-watchos -I /Applications/Xcode-14.3.0.app/Contents/Developer/Platforms/WatchOS.platform/Developer/usr/lib -F /Users/builder/builds/o86TiJKT/0/finestructure/swiftpackageindex-builder/spi-builder-workspace/.derivedData/Build/Products/Debug-watchos -F /Applications/Xcode-14.3.0.app/Contents/Developer/Platforms/WatchOS.platform/Developer/Library/Frameworks -F /Applications/Xcode-14.3.0.app/Contents/Developer/Platforms/WatchOS.platform/Developer/SDKs/WatchOS9.4.sdk/Developer/Library/Frameworks -no-color-diagnostics -enable-testing -g -module-cache-path /Users/builder/builds/o86TiJKT/0/finestructure/swiftpackageindex-builder/spi-builder-workspace/.derivedData/ModuleCache.noindex -swift-version 5 -enforce-exclusivity\=checked -Onone -D SWIFT_PACKAGE -D DEBUG -D Xcode -serialize-debugging-options -empty-abi-descriptor -Xcc -working-directory -Xcc /Users/builder/builds/o86TiJKT/0/finestructure/swiftpackageindex-builder/spi-builder-workspace -resource-dir /Applications/Xcode-14.3.0.app/Contents/Developer/Toolchains/XcodeDefault.xctoolchain/usr/lib/swift -enable-anonymous-context-mangled-names -Xcc -ivfsstatcache -Xcc /Users/builder/builds/o86TiJKT/0/finestructure/swiftpackageindex-builder/spi-builder-workspace/.derivedData/SDKStatCaches.noindex/watchos9.4-20T248-.sdkstatcache -Xcc -I/Users/builder/builds/o86TiJKT/0/finestructure/swiftpackageindex-builder/spi-builder-workspace/.derivedData/Build/Intermediates.noindex/SwiftDI.build/Debug-watchos/SwiftDI.build/swift-overrides.hmap -Xcc -I/Users/builder/builds/o86TiJKT/0/finestructure/swiftpackageindex-builder/spi-builder-workspace/.derivedData/Build/Products/Debug-watchos/include -Xcc -I/Users/builder/builds/o86TiJKT/0/finestructure/swiftpackageindex-builder/spi-builder-workspace/.derivedData/Build/Intermediates.noindex/SwiftDI.build/Debug-watchos/SwiftDI.build/DerivedSources-normal/arm64_32 -Xcc -I/Users/builder/builds/o86TiJKT/0/finestructure/swiftpackageindex-builder/spi-builder-workspace/.derivedData/Build/Intermediates.noindex/SwiftDI.build/Debug-watchos/SwiftDI.build/DerivedSources/arm64_32 -Xcc -I/Users/builder/builds/o86TiJKT/0/finestructure/swiftpackageindex-builder/spi-builder-workspace/.derivedData/Build/Intermediates.noindex/SwiftDI.build/Debug-watchos/SwiftDI.build/DerivedSources -Xcc -DSWIFT_PACKAGE -Xcc -DDEBUG\=1 -module-name SwiftDI -frontend-parseable-output -disable-clang-spi -target-sdk-version 9.4 -target-sdk-name watchos9.4 -o /Users/builder/builds/o86TiJKT/0/finestructure/swiftpackageindex-builder/spi-builder-workspace/.derivedData/Build/Intermediates.noindex/SwiftDI.build/Debug-watchos/SwiftDI.build/Objects-normal/arm64_32/Resolver.o -index-unit-output-path /SwiftDI.build/Debug-watchos/SwiftDI.build/Objects-normal/arm64_32/Resolver.o -index-store-path /Users/builder/builds/o86TiJKT/0/finestructure/swiftpackageindex-builder/spi-builder-workspace/.derivedData/Index.noindex/DataStore -index-system-modules
SwiftCompile normal arm64_32 Compiling\ SwiftDI.swift /Users/builder/builds/o86TiJKT/0/finestructure/swiftpackageindex-builder/spi-builder-workspace/Sources/SwiftDI/SwiftDI.swift (in target 'SwiftDI' from project 'SwiftDI')
cd /Users/builder/builds/o86TiJKT/0/finestructure/swiftpackageindex-builder/spi-builder-workspace
builtin-swiftTaskExecution -- /Applications/Xcode-14.3.0.app/Contents/Developer/Toolchains/XcodeDefault.xctoolchain/usr/bin/swift-frontend -frontend -c /Users/builder/builds/o86TiJKT/0/finestructure/swiftpackageindex-builder/spi-builder-workspace/Sources/SwiftDI/DIComponentContext.swift /Users/builder/builds/o86TiJKT/0/finestructure/swiftpackageindex-builder/spi-builder-workspace/Sources/SwiftDI/DIComponentManager.swift /Users/builder/builds/o86TiJKT/0/finestructure/swiftpackageindex-builder/spi-builder-workspace/Sources/SwiftDI/DIContainer.swift /Users/builder/builds/o86TiJKT/0/finestructure/swiftpackageindex-builder/spi-builder-workspace/Sources/SwiftDI/DIContainerConvertible.swift /Users/builder/builds/o86TiJKT/0/finestructure/swiftpackageindex-builder/spi-builder-workspace/Sources/SwiftDI/DIObject.swift /Users/builder/builds/o86TiJKT/0/finestructure/swiftpackageindex-builder/spi-builder-workspace/Sources/SwiftDI/DIPart.swift /Users/builder/builds/o86TiJKT/0/finestructure/swiftpackageindex-builder/spi-builder-workspace/Sources/SwiftDI/Extensions.swift /Users/builder/builds/o86TiJKT/0/finestructure/swiftpackageindex-builder/spi-builder-workspace/Sources/SwiftDI/Injectable.swift /Users/builder/builds/o86TiJKT/0/finestructure/swiftpackageindex-builder/spi-builder-workspace/Sources/SwiftDI/InjectableObjectBinding.swift /Users/builder/builds/o86TiJKT/0/finestructure/swiftpackageindex-builder/spi-builder-workspace/Sources/SwiftDI/InjectableProperty.swift /Users/builder/builds/o86TiJKT/0/finestructure/swiftpackageindex-builder/spi-builder-workspace/Sources/SwiftDI/Resolver.swift -primary-file /Users/builder/builds/o86TiJKT/0/finestructure/swiftpackageindex-builder/spi-builder-workspace/Sources/SwiftDI/SwiftDI.swift /Users/builder/builds/o86TiJKT/0/finestructure/swiftpackageindex-builder/spi-builder-workspace/Sources/SwiftDI/Utils.swift -emit-dependencies-path /Users/builder/builds/o86TiJKT/0/finestructure/swiftpackageindex-builder/spi-builder-workspace/.derivedData/Build/Intermediates.noindex/SwiftDI.build/Debug-watchos/SwiftDI.build/Objects-normal/arm64_32/SwiftDI.d -emit-reference-dependencies-path /Users/builder/builds/o86TiJKT/0/finestructure/swiftpackageindex-builder/spi-builder-workspace/.derivedData/Build/Intermediates.noindex/SwiftDI.build/Debug-watchos/SwiftDI.build/Objects-normal/arm64_32/SwiftDI.swiftdeps -serialize-diagnostics-path /Users/builder/builds/o86TiJKT/0/finestructure/swiftpackageindex-builder/spi-builder-workspace/.derivedData/Build/Intermediates.noindex/SwiftDI.build/Debug-watchos/SwiftDI.build/Objects-normal/arm64_32/SwiftDI.dia -target arm64_32-apple-watchos4.0 -enable-objc-interop -sdk /Applications/Xcode-14.3.0.app/Contents/Developer/Platforms/WatchOS.platform/Developer/SDKs/WatchOS9.4.sdk -I /Users/builder/builds/o86TiJKT/0/finestructure/swiftpackageindex-builder/spi-builder-workspace/.derivedData/Build/Products/Debug-watchos -I /Applications/Xcode-14.3.0.app/Contents/Developer/Platforms/WatchOS.platform/Developer/usr/lib -F /Users/builder/builds/o86TiJKT/0/finestructure/swiftpackageindex-builder/spi-builder-workspace/.derivedData/Build/Products/Debug-watchos -F /Applications/Xcode-14.3.0.app/Contents/Developer/Platforms/WatchOS.platform/Developer/Library/Frameworks -F /Applications/Xcode-14.3.0.app/Contents/Developer/Platforms/WatchOS.platform/Developer/SDKs/WatchOS9.4.sdk/Developer/Library/Frameworks -no-color-diagnostics -enable-testing -g -module-cache-path /Users/builder/builds/o86TiJKT/0/finestructure/swiftpackageindex-builder/spi-builder-workspace/.derivedData/ModuleCache.noindex -swift-version 5 -enforce-exclusivity\=checked -Onone -D SWIFT_PACKAGE -D DEBUG -D Xcode -serialize-debugging-options -empty-abi-descriptor -Xcc -working-directory -Xcc /Users/builder/builds/o86TiJKT/0/finestructure/swiftpackageindex-builder/spi-builder-workspace -resource-dir /Applications/Xcode-14.3.0.app/Contents/Developer/Toolchains/XcodeDefault.xctoolchain/usr/lib/swift -enable-anonymous-context-mangled-names -Xcc -ivfsstatcache -Xcc /Users/builder/builds/o86TiJKT/0/finestructure/swiftpackageindex-builder/spi-builder-workspace/.derivedData/SDKStatCaches.noindex/watchos9.4-20T248-.sdkstatcache -Xcc -I/Users/builder/builds/o86TiJKT/0/finestructure/swiftpackageindex-builder/spi-builder-workspace/.derivedData/Build/Intermediates.noindex/SwiftDI.build/Debug-watchos/SwiftDI.build/swift-overrides.hmap -Xcc -I/Users/builder/builds/o86TiJKT/0/finestructure/swiftpackageindex-builder/spi-builder-workspace/.derivedData/Build/Products/Debug-watchos/include -Xcc -I/Users/builder/builds/o86TiJKT/0/finestructure/swiftpackageindex-builder/spi-builder-workspace/.derivedData/Build/Intermediates.noindex/SwiftDI.build/Debug-watchos/SwiftDI.build/DerivedSources-normal/arm64_32 -Xcc -I/Users/builder/builds/o86TiJKT/0/finestructure/swiftpackageindex-builder/spi-builder-workspace/.derivedData/Build/Intermediates.noindex/SwiftDI.build/Debug-watchos/SwiftDI.build/DerivedSources/arm64_32 -Xcc -I/Users/builder/builds/o86TiJKT/0/finestructure/swiftpackageindex-builder/spi-builder-workspace/.derivedData/Build/Intermediates.noindex/SwiftDI.build/Debug-watchos/SwiftDI.build/DerivedSources -Xcc -DSWIFT_PACKAGE -Xcc -DDEBUG\=1 -module-name SwiftDI -frontend-parseable-output -disable-clang-spi -target-sdk-version 9.4 -target-sdk-name watchos9.4 -o /Users/builder/builds/o86TiJKT/0/finestructure/swiftpackageindex-builder/spi-builder-workspace/.derivedData/Build/Intermediates.noindex/SwiftDI.build/Debug-watchos/SwiftDI.build/Objects-normal/arm64_32/SwiftDI.o -index-unit-output-path /SwiftDI.build/Debug-watchos/SwiftDI.build/Objects-normal/arm64_32/SwiftDI.o -index-store-path /Users/builder/builds/o86TiJKT/0/finestructure/swiftpackageindex-builder/spi-builder-workspace/.derivedData/Index.noindex/DataStore -index-system-modules
SwiftCompile normal arm64_32 /Users/builder/builds/o86TiJKT/0/finestructure/swiftpackageindex-builder/spi-builder-workspace/Sources/SwiftDI/SwiftDI.swift (in target 'SwiftDI' from project 'SwiftDI')
cd /Users/builder/builds/o86TiJKT/0/finestructure/swiftpackageindex-builder/spi-builder-workspace
/Applications/Xcode-14.3.0.app/Contents/Developer/Toolchains/XcodeDefault.xctoolchain/usr/bin/swift-frontend -c /Users/builder/builds/o86TiJKT/0/finestructure/swiftpackageindex-builder/spi-builder-workspace/Sources/SwiftDI/DIComponentContext.swift /Users/builder/builds/o86TiJKT/0/finestructure/swiftpackageindex-builder/spi-builder-workspace/Sources/SwiftDI/DIComponentManager.swift /Users/builder/builds/o86TiJKT/0/finestructure/swiftpackageindex-builder/spi-builder-workspace/Sources/SwiftDI/DIContainer.swift /Users/builder/builds/o86TiJKT/0/finestructure/swiftpackageindex-builder/spi-builder-workspace/Sources/SwiftDI/DIContainerConvertible.swift /Users/builder/builds/o86TiJKT/0/finestructure/swiftpackageindex-builder/spi-builder-workspace/Sources/SwiftDI/DIObject.swift /Users/builder/builds/o86TiJKT/0/finestructure/swiftpackageindex-builder/spi-builder-workspace/Sources/SwiftDI/DIPart.swift /Users/builder/builds/o86TiJKT/0/finestructure/swiftpackageindex-builder/spi-builder-workspace/Sources/SwiftDI/Extensions.swift /Users/builder/builds/o86TiJKT/0/finestructure/swiftpackageindex-builder/spi-builder-workspace/Sources/SwiftDI/Injectable.swift /Users/builder/builds/o86TiJKT/0/finestructure/swiftpackageindex-builder/spi-builder-workspace/Sources/SwiftDI/InjectableObjectBinding.swift /Users/builder/builds/o86TiJKT/0/finestructure/swiftpackageindex-builder/spi-builder-workspace/Sources/SwiftDI/InjectableProperty.swift /Users/builder/builds/o86TiJKT/0/finestructure/swiftpackageindex-builder/spi-builder-workspace/Sources/SwiftDI/Resolver.swift -primary-file /Users/builder/builds/o86TiJKT/0/finestructure/swiftpackageindex-builder/spi-builder-workspace/Sources/SwiftDI/SwiftDI.swift /Users/builder/builds/o86TiJKT/0/finestructure/swiftpackageindex-builder/spi-builder-workspace/Sources/SwiftDI/Utils.swift -emit-dependencies-path /Users/builder/builds/o86TiJKT/0/finestructure/swiftpackageindex-builder/spi-builder-workspace/.derivedData/Build/Intermediates.noindex/SwiftDI.build/Debug-watchos/SwiftDI.build/Objects-normal/arm64_32/SwiftDI.d -emit-reference-dependencies-path /Users/builder/builds/o86TiJKT/0/finestructure/swiftpackageindex-builder/spi-builder-workspace/.derivedData/Build/Intermediates.noindex/SwiftDI.build/Debug-watchos/SwiftDI.build/Objects-normal/arm64_32/SwiftDI.swiftdeps -serialize-diagnostics-path /Users/builder/builds/o86TiJKT/0/finestructure/swiftpackageindex-builder/spi-builder-workspace/.derivedData/Build/Intermediates.noindex/SwiftDI.build/Debug-watchos/SwiftDI.build/Objects-normal/arm64_32/SwiftDI.dia -target arm64_32-apple-watchos4.0 -enable-objc-interop -sdk /Applications/Xcode-14.3.0.app/Contents/Developer/Platforms/WatchOS.platform/Developer/SDKs/WatchOS9.4.sdk -I /Users/builder/builds/o86TiJKT/0/finestructure/swiftpackageindex-builder/spi-builder-workspace/.derivedData/Build/Products/Debug-watchos -I /Applications/Xcode-14.3.0.app/Contents/Developer/Platforms/WatchOS.platform/Developer/usr/lib -F /Users/builder/builds/o86TiJKT/0/finestructure/swiftpackageindex-builder/spi-builder-workspace/.derivedData/Build/Products/Debug-watchos -F /Applications/Xcode-14.3.0.app/Contents/Developer/Platforms/WatchOS.platform/Developer/Library/Frameworks -F /Applications/Xcode-14.3.0.app/Contents/Developer/Platforms/WatchOS.platform/Developer/SDKs/WatchOS9.4.sdk/Developer/Library/Frameworks -no-color-diagnostics -enable-testing -g -module-cache-path /Users/builder/builds/o86TiJKT/0/finestructure/swiftpackageindex-builder/spi-builder-workspace/.derivedData/ModuleCache.noindex -swift-version 5 -enforce-exclusivity\=checked -Onone -D SWIFT_PACKAGE -D DEBUG -D Xcode -serialize-debugging-options -empty-abi-descriptor -Xcc -working-directory -Xcc /Users/builder/builds/o86TiJKT/0/finestructure/swiftpackageindex-builder/spi-builder-workspace -resource-dir /Applications/Xcode-14.3.0.app/Contents/Developer/Toolchains/XcodeDefault.xctoolchain/usr/lib/swift -enable-anonymous-context-mangled-names -Xcc -ivfsstatcache -Xcc /Users/builder/builds/o86TiJKT/0/finestructure/swiftpackageindex-builder/spi-builder-workspace/.derivedData/SDKStatCaches.noindex/watchos9.4-20T248-.sdkstatcache -Xcc -I/Users/builder/builds/o86TiJKT/0/finestructure/swiftpackageindex-builder/spi-builder-workspace/.derivedData/Build/Intermediates.noindex/SwiftDI.build/Debug-watchos/SwiftDI.build/swift-overrides.hmap -Xcc -I/Users/builder/builds/o86TiJKT/0/finestructure/swiftpackageindex-builder/spi-builder-workspace/.derivedData/Build/Products/Debug-watchos/include -Xcc -I/Users/builder/builds/o86TiJKT/0/finestructure/swiftpackageindex-builder/spi-builder-workspace/.derivedData/Build/Intermediates.noindex/SwiftDI.build/Debug-watchos/SwiftDI.build/DerivedSources-normal/arm64_32 -Xcc -I/Users/builder/builds/o86TiJKT/0/finestructure/swiftpackageindex-builder/spi-builder-workspace/.derivedData/Build/Intermediates.noindex/SwiftDI.build/Debug-watchos/SwiftDI.build/DerivedSources/arm64_32 -Xcc -I/Users/builder/builds/o86TiJKT/0/finestructure/swiftpackageindex-builder/spi-builder-workspace/.derivedData/Build/Intermediates.noindex/SwiftDI.build/Debug-watchos/SwiftDI.build/DerivedSources -Xcc -DSWIFT_PACKAGE -Xcc -DDEBUG\=1 -module-name SwiftDI -frontend-parseable-output -disable-clang-spi -target-sdk-version 9.4 -target-sdk-name watchos9.4 -o /Users/builder/builds/o86TiJKT/0/finestructure/swiftpackageindex-builder/spi-builder-workspace/.derivedData/Build/Intermediates.noindex/SwiftDI.build/Debug-watchos/SwiftDI.build/Objects-normal/arm64_32/SwiftDI.o -index-unit-output-path /SwiftDI.build/Debug-watchos/SwiftDI.build/Objects-normal/arm64_32/SwiftDI.o -index-store-path /Users/builder/builds/o86TiJKT/0/finestructure/swiftpackageindex-builder/spi-builder-workspace/.derivedData/Index.noindex/DataStore -index-system-modules
Resolve Package Graph
** BUILD FAILED **
The following build commands failed:
SwiftEmitModule normal arm64 Emitting\ module\ for\ SwiftDI (in target 'SwiftDI' from project 'SwiftDI')
SwiftEmitModule normal arm64_32 Emitting\ module\ for\ SwiftDI (in target 'SwiftDI' from project 'SwiftDI')
(2 failures)
Retrying in 0 seconds ...
Building ... (attempt 2)
2023-04-04 13:08:15.848 xcodebuild[9408:354490] DVTCoreDeviceEnabledState: DVTCoreDeviceEnabledState_Disabled set via user default (DVTEnableCoreDevice=disabled)
Command line invocation:
/Applications/Xcode-14.3.0.app/Contents/Developer/usr/bin/xcodebuild -IDEClonedSourcePackagesDirPathOverride=/Users/builder/builds/o86TiJKT/0/finestructure/swiftpackageindex-builder/spi-builder-workspace/.dependencies -derivedDataPath /Users/builder/builds/o86TiJKT/0/finestructure/swiftpackageindex-builder/spi-builder-workspace/.derivedData build -scheme SwiftDI -destination generic/platform=watchos
User defaults from command line:
IDEClonedSourcePackagesDirPathOverride = /Users/builder/builds/o86TiJKT/0/finestructure/swiftpackageindex-builder/spi-builder-workspace/.dependencies
IDEDerivedDataPathOverride = /Users/builder/builds/o86TiJKT/0/finestructure/swiftpackageindex-builder/spi-builder-workspace/.derivedData
IDEPackageSupportUseBuiltinSCM = YES
Resolve Package Graph
Resolved source packages:
SwiftDI: /Users/builder/builds/o86TiJKT/0/finestructure/swiftpackageindex-builder/spi-builder-workspace
Prepare packages
Computing target dependency graph and provisioning inputs
Create build description
note: Building targets in dependency order
ClangStatCache /Applications/Xcode-14.3.0.app/Contents/Developer/Toolchains/XcodeDefault.xctoolchain/usr/bin/clang-stat-cache /Applications/Xcode-14.3.0.app/Contents/Developer/Platforms/WatchOS.platform/Developer/SDKs/WatchOS9.4.sdk /Users/builder/builds/o86TiJKT/0/finestructure/swiftpackageindex-builder/spi-builder-workspace/.derivedData/SDKStatCaches.noindex/watchos9.4-20T248-.sdkstatcache
cd /Users/builder/builds/o86TiJKT/0/finestructure/swiftpackageindex-builder/spi-builder-workspace/.swiftpm/xcode
/Applications/Xcode-14.3.0.app/Contents/Developer/Toolchains/XcodeDefault.xctoolchain/usr/bin/clang-stat-cache /Applications/Xcode-14.3.0.app/Contents/Developer/Platforms/WatchOS.platform/Developer/SDKs/WatchOS9.4.sdk -o /Users/builder/builds/o86TiJKT/0/finestructure/swiftpackageindex-builder/spi-builder-workspace/.derivedData/SDKStatCaches.noindex/watchos9.4-20T248-.sdkstatcache
SwiftDriver SwiftDI normal arm64_32 com.apple.xcode.tools.swift.compiler (in target 'SwiftDI' from project 'SwiftDI')
cd /Users/builder/builds/o86TiJKT/0/finestructure/swiftpackageindex-builder/spi-builder-workspace
builtin-SwiftDriver -- /Applications/Xcode-14.3.0.app/Contents/Developer/Toolchains/XcodeDefault.xctoolchain/usr/bin/swiftc -module-name SwiftDI -Onone -enforce-exclusivity\=checked @/Users/builder/builds/o86TiJKT/0/finestructure/swiftpackageindex-builder/spi-builder-workspace/.derivedData/Build/Intermediates.noindex/SwiftDI.build/Debug-watchos/SwiftDI.build/Objects-normal/arm64_32/SwiftDI.SwiftFileList -DSWIFT_PACKAGE -DDEBUG -DXcode -sdk /Applications/Xcode-14.3.0.app/Contents/Developer/Platforms/WatchOS.platform/Developer/SDKs/WatchOS9.4.sdk -target arm64_32-apple-watchos4.0 -g -module-cache-path /Users/builder/builds/o86TiJKT/0/finestructure/swiftpackageindex-builder/spi-builder-workspace/.derivedData/ModuleCache.noindex -Xfrontend -serialize-debugging-options -enable-testing -index-store-path /Users/builder/builds/o86TiJKT/0/finestructure/swiftpackageindex-builder/spi-builder-workspace/.derivedData/Index.noindex/DataStore -swift-version 5 -I /Users/builder/builds/o86TiJKT/0/finestructure/swiftpackageindex-builder/spi-builder-workspace/.derivedData/Build/Products/Debug-watchos -I /Applications/Xcode-14.3.0.app/Contents/Developer/Platforms/WatchOS.platform/Developer/usr/lib -F /Users/builder/builds/o86TiJKT/0/finestructure/swiftpackageindex-builder/spi-builder-workspace/.derivedData/Build/Products/Debug-watchos -F /Applications/Xcode-14.3.0.app/Contents/Developer/Platforms/WatchOS.platform/Developer/Library/Frameworks -F /Applications/Xcode-14.3.0.app/Contents/Developer/Platforms/WatchOS.platform/Developer/SDKs/WatchOS9.4.sdk/Developer/Library/Frameworks -c -j8 -enable-batch-mode -incremental -Xcc -ivfsstatcache -Xcc /Users/builder/builds/o86TiJKT/0/finestructure/swiftpackageindex-builder/spi-builder-workspace/.derivedData/SDKStatCaches.noindex/watchos9.4-20T248-.sdkstatcache -output-file-map /Users/builder/builds/o86TiJKT/0/finestructure/swiftpackageindex-builder/spi-builder-workspace/.derivedData/Build/Intermediates.noindex/SwiftDI.build/Debug-watchos/SwiftDI.build/Objects-normal/arm64_32/SwiftDI-OutputFileMap.json -use-frontend-parseable-output -save-temps -no-color-diagnostics -serialize-diagnostics -emit-dependencies -emit-module -emit-module-path /Users/builder/builds/o86TiJKT/0/finestructure/swiftpackageindex-builder/spi-builder-workspace/.derivedData/Build/Intermediates.noindex/SwiftDI.build/Debug-watchos/SwiftDI.build/Objects-normal/arm64_32/SwiftDI.swiftmodule -Xcc -I/Users/builder/builds/o86TiJKT/0/finestructure/swiftpackageindex-builder/spi-builder-workspace/.derivedData/Build/Intermediates.noindex/SwiftDI.build/Debug-watchos/SwiftDI.build/swift-overrides.hmap -Xcc -I/Users/builder/builds/o86TiJKT/0/finestructure/swiftpackageindex-builder/spi-builder-workspace/.derivedData/Build/Products/Debug-watchos/include -Xcc -I/Users/builder/builds/o86TiJKT/0/finestructure/swiftpackageindex-builder/spi-builder-workspace/.derivedData/Build/Intermediates.noindex/SwiftDI.build/Debug-watchos/SwiftDI.build/DerivedSources-normal/arm64_32 -Xcc -I/Users/builder/builds/o86TiJKT/0/finestructure/swiftpackageindex-builder/spi-builder-workspace/.derivedData/Build/Intermediates.noindex/SwiftDI.build/Debug-watchos/SwiftDI.build/DerivedSources/arm64_32 -Xcc -I/Users/builder/builds/o86TiJKT/0/finestructure/swiftpackageindex-builder/spi-builder-workspace/.derivedData/Build/Intermediates.noindex/SwiftDI.build/Debug-watchos/SwiftDI.build/DerivedSources -Xcc -DSWIFT_PACKAGE -Xcc -DDEBUG\=1 -emit-objc-header -emit-objc-header-path /Users/builder/builds/o86TiJKT/0/finestructure/swiftpackageindex-builder/spi-builder-workspace/.derivedData/Build/Intermediates.noindex/SwiftDI.build/Debug-watchos/SwiftDI.build/Objects-normal/arm64_32/SwiftDI-Swift.h -working-directory /Users/builder/builds/o86TiJKT/0/finestructure/swiftpackageindex-builder/spi-builder-workspace -experimental-emit-module-separately -disable-cmo
SwiftDriver SwiftDI normal arm64 com.apple.xcode.tools.swift.compiler (in target 'SwiftDI' from project 'SwiftDI')
cd /Users/builder/builds/o86TiJKT/0/finestructure/swiftpackageindex-builder/spi-builder-workspace
builtin-SwiftDriver -- /Applications/Xcode-14.3.0.app/Contents/Developer/Toolchains/XcodeDefault.xctoolchain/usr/bin/swiftc -module-name SwiftDI -Onone -enforce-exclusivity\=checked @/Users/builder/builds/o86TiJKT/0/finestructure/swiftpackageindex-builder/spi-builder-workspace/.derivedData/Build/Intermediates.noindex/SwiftDI.build/Debug-watchos/SwiftDI.build/Objects-normal/arm64/SwiftDI.SwiftFileList -DSWIFT_PACKAGE -DDEBUG -DXcode -sdk /Applications/Xcode-14.3.0.app/Contents/Developer/Platforms/WatchOS.platform/Developer/SDKs/WatchOS9.4.sdk -target arm64-apple-watchos4.0 -g -module-cache-path /Users/builder/builds/o86TiJKT/0/finestructure/swiftpackageindex-builder/spi-builder-workspace/.derivedData/ModuleCache.noindex -Xfrontend -serialize-debugging-options -enable-testing -index-store-path /Users/builder/builds/o86TiJKT/0/finestructure/swiftpackageindex-builder/spi-builder-workspace/.derivedData/Index.noindex/DataStore -swift-version 5 -I /Users/builder/builds/o86TiJKT/0/finestructure/swiftpackageindex-builder/spi-builder-workspace/.derivedData/Build/Products/Debug-watchos -I /Applications/Xcode-14.3.0.app/Contents/Developer/Platforms/WatchOS.platform/Developer/usr/lib -F /Users/builder/builds/o86TiJKT/0/finestructure/swiftpackageindex-builder/spi-builder-workspace/.derivedData/Build/Products/Debug-watchos -F /Applications/Xcode-14.3.0.app/Contents/Developer/Platforms/WatchOS.platform/Developer/Library/Frameworks -F /Applications/Xcode-14.3.0.app/Contents/Developer/Platforms/WatchOS.platform/Developer/SDKs/WatchOS9.4.sdk/Developer/Library/Frameworks -c -j8 -enable-batch-mode -incremental -Xcc -ivfsstatcache -Xcc /Users/builder/builds/o86TiJKT/0/finestructure/swiftpackageindex-builder/spi-builder-workspace/.derivedData/SDKStatCaches.noindex/watchos9.4-20T248-.sdkstatcache -output-file-map /Users/builder/builds/o86TiJKT/0/finestructure/swiftpackageindex-builder/spi-builder-workspace/.derivedData/Build/Intermediates.noindex/SwiftDI.build/Debug-watchos/SwiftDI.build/Objects-normal/arm64/SwiftDI-OutputFileMap.json -use-frontend-parseable-output -save-temps -no-color-diagnostics -serialize-diagnostics -emit-dependencies -emit-module -emit-module-path /Users/builder/builds/o86TiJKT/0/finestructure/swiftpackageindex-builder/spi-builder-workspace/.derivedData/Build/Intermediates.noindex/SwiftDI.build/Debug-watchos/SwiftDI.build/Objects-normal/arm64/SwiftDI.swiftmodule -Xcc -I/Users/builder/builds/o86TiJKT/0/finestructure/swiftpackageindex-builder/spi-builder-workspace/.derivedData/Build/Intermediates.noindex/SwiftDI.build/Debug-watchos/SwiftDI.build/swift-overrides.hmap -Xcc -I/Users/builder/builds/o86TiJKT/0/finestructure/swiftpackageindex-builder/spi-builder-workspace/.derivedData/Build/Products/Debug-watchos/include -Xcc -I/Users/builder/builds/o86TiJKT/0/finestructure/swiftpackageindex-builder/spi-builder-workspace/.derivedData/Build/Intermediates.noindex/SwiftDI.build/Debug-watchos/SwiftDI.build/DerivedSources-normal/arm64 -Xcc -I/Users/builder/builds/o86TiJKT/0/finestructure/swiftpackageindex-builder/spi-builder-workspace/.derivedData/Build/Intermediates.noindex/SwiftDI.build/Debug-watchos/SwiftDI.build/DerivedSources/arm64 -Xcc -I/Users/builder/builds/o86TiJKT/0/finestructure/swiftpackageindex-builder/spi-builder-workspace/.derivedData/Build/Intermediates.noindex/SwiftDI.build/Debug-watchos/SwiftDI.build/DerivedSources -Xcc -DSWIFT_PACKAGE -Xcc -DDEBUG\=1 -emit-objc-header -emit-objc-header-path /Users/builder/builds/o86TiJKT/0/finestructure/swiftpackageindex-builder/spi-builder-workspace/.derivedData/Build/Intermediates.noindex/SwiftDI.build/Debug-watchos/SwiftDI.build/Objects-normal/arm64/SwiftDI-Swift.h -working-directory /Users/builder/builds/o86TiJKT/0/finestructure/swiftpackageindex-builder/spi-builder-workspace -experimental-emit-module-separately -disable-cmo
SwiftDriver SwiftDI normal armv7k com.apple.xcode.tools.swift.compiler (in target 'SwiftDI' from project 'SwiftDI')
cd /Users/builder/builds/o86TiJKT/0/finestructure/swiftpackageindex-builder/spi-builder-workspace
builtin-SwiftDriver -- /Applications/Xcode-14.3.0.app/Contents/Developer/Toolchains/XcodeDefault.xctoolchain/usr/bin/swiftc -module-name SwiftDI -Onone -enforce-exclusivity\=checked @/Users/builder/builds/o86TiJKT/0/finestructure/swiftpackageindex-builder/spi-builder-workspace/.derivedData/Build/Intermediates.noindex/SwiftDI.build/Debug-watchos/SwiftDI.build/Objects-normal/armv7k/SwiftDI.SwiftFileList -DSWIFT_PACKAGE -DDEBUG -DXcode -sdk /Applications/Xcode-14.3.0.app/Contents/Developer/Platforms/WatchOS.platform/Developer/SDKs/WatchOS9.4.sdk -target armv7k-apple-watchos4.0 -g -module-cache-path /Users/builder/builds/o86TiJKT/0/finestructure/swiftpackageindex-builder/spi-builder-workspace/.derivedData/ModuleCache.noindex -Xfrontend -serialize-debugging-options -enable-testing -index-store-path /Users/builder/builds/o86TiJKT/0/finestructure/swiftpackageindex-builder/spi-builder-workspace/.derivedData/Index.noindex/DataStore -swift-version 5 -I /Users/builder/builds/o86TiJKT/0/finestructure/swiftpackageindex-builder/spi-builder-workspace/.derivedData/Build/Products/Debug-watchos -I /Applications/Xcode-14.3.0.app/Contents/Developer/Platforms/WatchOS.platform/Developer/usr/lib -F /Users/builder/builds/o86TiJKT/0/finestructure/swiftpackageindex-builder/spi-builder-workspace/.derivedData/Build/Products/Debug-watchos -F /Applications/Xcode-14.3.0.app/Contents/Developer/Platforms/WatchOS.platform/Developer/Library/Frameworks -F /Applications/Xcode-14.3.0.app/Contents/Developer/Platforms/WatchOS.platform/Developer/SDKs/WatchOS9.4.sdk/Developer/Library/Frameworks -c -j8 -enable-batch-mode -incremental -Xcc -ivfsstatcache -Xcc /Users/builder/builds/o86TiJKT/0/finestructure/swiftpackageindex-builder/spi-builder-workspace/.derivedData/SDKStatCaches.noindex/watchos9.4-20T248-.sdkstatcache -output-file-map /Users/builder/builds/o86TiJKT/0/finestructure/swiftpackageindex-builder/spi-builder-workspace/.derivedData/Build/Intermediates.noindex/SwiftDI.build/Debug-watchos/SwiftDI.build/Objects-normal/armv7k/SwiftDI-OutputFileMap.json -use-frontend-parseable-output -save-temps -no-color-diagnostics -serialize-diagnostics -emit-dependencies -emit-module -emit-module-path /Users/builder/builds/o86TiJKT/0/finestructure/swiftpackageindex-builder/spi-builder-workspace/.derivedData/Build/Intermediates.noindex/SwiftDI.build/Debug-watchos/SwiftDI.build/Objects-normal/armv7k/SwiftDI.swiftmodule -Xcc -I/Users/builder/builds/o86TiJKT/0/finestructure/swiftpackageindex-builder/spi-builder-workspace/.derivedData/Build/Intermediates.noindex/SwiftDI.build/Debug-watchos/SwiftDI.build/swift-overrides.hmap -Xcc -I/Users/builder/builds/o86TiJKT/0/finestructure/swiftpackageindex-builder/spi-builder-workspace/.derivedData/Build/Products/Debug-watchos/include -Xcc -I/Users/builder/builds/o86TiJKT/0/finestructure/swiftpackageindex-builder/spi-builder-workspace/.derivedData/Build/Intermediates.noindex/SwiftDI.build/Debug-watchos/SwiftDI.build/DerivedSources-normal/armv7k -Xcc -I/Users/builder/builds/o86TiJKT/0/finestructure/swiftpackageindex-builder/spi-builder-workspace/.derivedData/Build/Intermediates.noindex/SwiftDI.build/Debug-watchos/SwiftDI.build/DerivedSources/armv7k -Xcc -I/Users/builder/builds/o86TiJKT/0/finestructure/swiftpackageindex-builder/spi-builder-workspace/.derivedData/Build/Intermediates.noindex/SwiftDI.build/Debug-watchos/SwiftDI.build/DerivedSources -Xcc -DSWIFT_PACKAGE -Xcc -DDEBUG\=1 -emit-objc-header -emit-objc-header-path /Users/builder/builds/o86TiJKT/0/finestructure/swiftpackageindex-builder/spi-builder-workspace/.derivedData/Build/Intermediates.noindex/SwiftDI.build/Debug-watchos/SwiftDI.build/Objects-normal/armv7k/SwiftDI-Swift.h -working-directory /Users/builder/builds/o86TiJKT/0/finestructure/swiftpackageindex-builder/spi-builder-workspace -experimental-emit-module-separately -disable-cmo
SwiftCompile normal arm64 Compiling\ InjectableObjectBinding.swift,\ InjectableProperty.swift /Users/builder/builds/o86TiJKT/0/finestructure/swiftpackageindex-builder/spi-builder-workspace/Sources/SwiftDI/InjectableObjectBinding.swift /Users/builder/builds/o86TiJKT/0/finestructure/swiftpackageindex-builder/spi-builder-workspace/Sources/SwiftDI/InjectableProperty.swift (in target 'SwiftDI' from project 'SwiftDI')
cd /Users/builder/builds/o86TiJKT/0/finestructure/swiftpackageindex-builder/spi-builder-workspace
builtin-swiftTaskExecution -- /Applications/Xcode-14.3.0.app/Contents/Developer/Toolchains/XcodeDefault.xctoolchain/usr/bin/swift-frontend -frontend -c /Users/builder/builds/o86TiJKT/0/finestructure/swiftpackageindex-builder/spi-builder-workspace/Sources/SwiftDI/DIComponentContext.swift /Users/builder/builds/o86TiJKT/0/finestructure/swiftpackageindex-builder/spi-builder-workspace/Sources/SwiftDI/DIComponentManager.swift /Users/builder/builds/o86TiJKT/0/finestructure/swiftpackageindex-builder/spi-builder-workspace/Sources/SwiftDI/DIContainer.swift /Users/builder/builds/o86TiJKT/0/finestructure/swiftpackageindex-builder/spi-builder-workspace/Sources/SwiftDI/DIContainerConvertible.swift /Users/builder/builds/o86TiJKT/0/finestructure/swiftpackageindex-builder/spi-builder-workspace/Sources/SwiftDI/DIObject.swift /Users/builder/builds/o86TiJKT/0/finestructure/swiftpackageindex-builder/spi-builder-workspace/Sources/SwiftDI/DIPart.swift /Users/builder/builds/o86TiJKT/0/finestructure/swiftpackageindex-builder/spi-builder-workspace/Sources/SwiftDI/Extensions.swift /Users/builder/builds/o86TiJKT/0/finestructure/swiftpackageindex-builder/spi-builder-workspace/Sources/SwiftDI/Injectable.swift -primary-file /Users/builder/builds/o86TiJKT/0/finestructure/swiftpackageindex-builder/spi-builder-workspace/Sources/SwiftDI/InjectableObjectBinding.swift -primary-file /Users/builder/builds/o86TiJKT/0/finestructure/swiftpackageindex-builder/spi-builder-workspace/Sources/SwiftDI/InjectableProperty.swift /Users/builder/builds/o86TiJKT/0/finestructure/swiftpackageindex-builder/spi-builder-workspace/Sources/SwiftDI/Resolver.swift /Users/builder/builds/o86TiJKT/0/finestructure/swiftpackageindex-builder/spi-builder-workspace/Sources/SwiftDI/SwiftDI.swift /Users/builder/builds/o86TiJKT/0/finestructure/swiftpackageindex-builder/spi-builder-workspace/Sources/SwiftDI/Utils.swift -emit-dependencies-path /Users/builder/builds/o86TiJKT/0/finestructure/swiftpackageindex-builder/spi-builder-workspace/.derivedData/Build/Intermediates.noindex/SwiftDI.build/Debug-watchos/SwiftDI.build/Objects-normal/arm64/InjectableObjectBinding.d -emit-reference-dependencies-path /Users/builder/builds/o86TiJKT/0/finestructure/swiftpackageindex-builder/spi-builder-workspace/.derivedData/Build/Intermediates.noindex/SwiftDI.build/Debug-watchos/SwiftDI.build/Objects-normal/arm64/InjectableObjectBinding.swiftdeps -serialize-diagnostics-path /Users/builder/builds/o86TiJKT/0/finestructure/swiftpackageindex-builder/spi-builder-workspace/.derivedData/Build/Intermediates.noindex/SwiftDI.build/Debug-watchos/SwiftDI.build/Objects-normal/arm64/InjectableObjectBinding.dia -emit-dependencies-path /Users/builder/builds/o86TiJKT/0/finestructure/swiftpackageindex-builder/spi-builder-workspace/.derivedData/Build/Intermediates.noindex/SwiftDI.build/Debug-watchos/SwiftDI.build/Objects-normal/arm64/InjectableProperty.d -emit-reference-dependencies-path /Users/builder/builds/o86TiJKT/0/finestructure/swiftpackageindex-builder/spi-builder-workspace/.derivedData/Build/Intermediates.noindex/SwiftDI.build/Debug-watchos/SwiftDI.build/Objects-normal/arm64/InjectableProperty.swiftdeps -serialize-diagnostics-path /Users/builder/builds/o86TiJKT/0/finestructure/swiftpackageindex-builder/spi-builder-workspace/.derivedData/Build/Intermediates.noindex/SwiftDI.build/Debug-watchos/SwiftDI.build/Objects-normal/arm64/InjectableProperty.dia -target arm64-apple-watchos4.0 -Xllvm -aarch64-use-tbi -enable-objc-interop -sdk /Applications/Xcode-14.3.0.app/Contents/Developer/Platforms/WatchOS.platform/Developer/SDKs/WatchOS9.4.sdk -I /Users/builder/builds/o86TiJKT/0/finestructure/swiftpackageindex-builder/spi-builder-workspace/.derivedData/Build/Products/Debug-watchos -I /Applications/Xcode-14.3.0.app/Contents/Developer/Platforms/WatchOS.platform/Developer/usr/lib -F /Users/builder/builds/o86TiJKT/0/finestructure/swiftpackageindex-builder/spi-builder-workspace/.derivedData/Build/Products/Debug-watchos -F /Applications/Xcode-14.3.0.app/Contents/Developer/Platforms/WatchOS.platform/Developer/Library/Frameworks -F /Applications/Xcode-14.3.0.app/Contents/Developer/Platforms/WatchOS.platform/Developer/SDKs/WatchOS9.4.sdk/Developer/Library/Frameworks -no-color-diagnostics -enable-testing -g -module-cache-path /Users/builder/builds/o86TiJKT/0/finestructure/swiftpackageindex-builder/spi-builder-workspace/.derivedData/ModuleCache.noindex -swift-version 5 -enforce-exclusivity\=checked -Onone -D SWIFT_PACKAGE -D DEBUG -D Xcode -serialize-debugging-options -empty-abi-descriptor -Xcc -working-directory -Xcc /Users/builder/builds/o86TiJKT/0/finestructure/swiftpackageindex-builder/spi-builder-workspace -resource-dir /Applications/Xcode-14.3.0.app/Contents/Developer/Toolchains/XcodeDefault.xctoolchain/usr/lib/swift -enable-anonymous-context-mangled-names -Xcc -ivfsstatcache -Xcc /Users/builder/builds/o86TiJKT/0/finestructure/swiftpackageindex-builder/spi-builder-workspace/.derivedData/SDKStatCaches.noindex/watchos9.4-20T248-.sdkstatcache -Xcc -I/Users/builder/builds/o86TiJKT/0/finestructure/swiftpackageindex-builder/spi-builder-workspace/.derivedData/Build/Intermediates.noindex/SwiftDI.build/Debug-watchos/SwiftDI.build/swift-overrides.hmap -Xcc -I/Users/builder/builds/o86TiJKT/0/finestructure/swiftpackageindex-builder/spi-builder-workspace/.derivedData/Build/Products/Debug-watchos/include -Xcc -I/Users/builder/builds/o86TiJKT/0/finestructure/swiftpackageindex-builder/spi-builder-workspace/.derivedData/Build/Intermediates.noindex/SwiftDI.build/Debug-watchos/SwiftDI.build/DerivedSources-normal/arm64 -Xcc -I/Users/builder/builds/o86TiJKT/0/finestructure/swiftpackageindex-builder/spi-builder-workspace/.derivedData/Build/Intermediates.noindex/SwiftDI.build/Debug-watchos/SwiftDI.build/DerivedSources/arm64 -Xcc -I/Users/builder/builds/o86TiJKT/0/finestructure/swiftpackageindex-builder/spi-builder-workspace/.derivedData/Build/Intermediates.noindex/SwiftDI.build/Debug-watchos/SwiftDI.build/DerivedSources -Xcc -DSWIFT_PACKAGE -Xcc -DDEBUG\=1 -module-name SwiftDI -frontend-parseable-output -disable-clang-spi -target-sdk-version 9.4 -target-sdk-name watchos9.4 -o /Users/builder/builds/o86TiJKT/0/finestructure/swiftpackageindex-builder/spi-builder-workspace/.derivedData/Build/Intermediates.noindex/SwiftDI.build/Debug-watchos/SwiftDI.build/Objects-normal/arm64/InjectableObjectBinding.o -o /Users/builder/builds/o86TiJKT/0/finestructure/swiftpackageindex-builder/spi-builder-workspace/.derivedData/Build/Intermediates.noindex/SwiftDI.build/Debug-watchos/SwiftDI.build/Objects-normal/arm64/InjectableProperty.o -index-unit-output-path /SwiftDI.build/Debug-watchos/SwiftDI.build/Objects-normal/arm64/InjectableObjectBinding.o -index-unit-output-path /SwiftDI.build/Debug-watchos/SwiftDI.build/Objects-normal/arm64/InjectableProperty.o -index-store-path /Users/builder/builds/o86TiJKT/0/finestructure/swiftpackageindex-builder/spi-builder-workspace/.derivedData/Index.noindex/DataStore -index-system-modules
SwiftCompile normal arm64 /Users/builder/builds/o86TiJKT/0/finestructure/swiftpackageindex-builder/spi-builder-workspace/Sources/SwiftDI/InjectableObjectBinding.swift (in target 'SwiftDI' from project 'SwiftDI')
cd /Users/builder/builds/o86TiJKT/0/finestructure/swiftpackageindex-builder/spi-builder-workspace
/Applications/Xcode-14.3.0.app/Contents/Developer/Toolchains/XcodeDefault.xctoolchain/usr/bin/swift-frontend -c /Users/builder/builds/o86TiJKT/0/finestructure/swiftpackageindex-builder/spi-builder-workspace/Sources/SwiftDI/DIComponentContext.swift /Users/builder/builds/o86TiJKT/0/finestructure/swiftpackageindex-builder/spi-builder-workspace/Sources/SwiftDI/DIComponentManager.swift /Users/builder/builds/o86TiJKT/0/finestructure/swiftpackageindex-builder/spi-builder-workspace/Sources/SwiftDI/DIContainer.swift /Users/builder/builds/o86TiJKT/0/finestructure/swiftpackageindex-builder/spi-builder-workspace/Sources/SwiftDI/DIContainerConvertible.swift /Users/builder/builds/o86TiJKT/0/finestructure/swiftpackageindex-builder/spi-builder-workspace/Sources/SwiftDI/DIObject.swift /Users/builder/builds/o86TiJKT/0/finestructure/swiftpackageindex-builder/spi-builder-workspace/Sources/SwiftDI/DIPart.swift /Users/builder/builds/o86TiJKT/0/finestructure/swiftpackageindex-builder/spi-builder-workspace/Sources/SwiftDI/Extensions.swift /Users/builder/builds/o86TiJKT/0/finestructure/swiftpackageindex-builder/spi-builder-workspace/Sources/SwiftDI/Injectable.swift -primary-file /Users/builder/builds/o86TiJKT/0/finestructure/swiftpackageindex-builder/spi-builder-workspace/Sources/SwiftDI/InjectableObjectBinding.swift -primary-file /Users/builder/builds/o86TiJKT/0/finestructure/swiftpackageindex-builder/spi-builder-workspace/Sources/SwiftDI/InjectableProperty.swift /Users/builder/builds/o86TiJKT/0/finestructure/swiftpackageindex-builder/spi-builder-workspace/Sources/SwiftDI/Resolver.swift /Users/builder/builds/o86TiJKT/0/finestructure/swiftpackageindex-builder/spi-builder-workspace/Sources/SwiftDI/SwiftDI.swift /Users/builder/builds/o86TiJKT/0/finestructure/swiftpackageindex-builder/spi-builder-workspace/Sources/SwiftDI/Utils.swift -emit-dependencies-path /Users/builder/builds/o86TiJKT/0/finestructure/swiftpackageindex-builder/spi-builder-workspace/.derivedData/Build/Intermediates.noindex/SwiftDI.build/Debug-watchos/SwiftDI.build/Objects-normal/arm64/InjectableObjectBinding.d -emit-reference-dependencies-path /Users/builder/builds/o86TiJKT/0/finestructure/swiftpackageindex-builder/spi-builder-workspace/.derivedData/Build/Intermediates.noindex/SwiftDI.build/Debug-watchos/SwiftDI.build/Objects-normal/arm64/InjectableObjectBinding.swiftdeps -serialize-diagnostics-path /Users/builder/builds/o86TiJKT/0/finestructure/swiftpackageindex-builder/spi-builder-workspace/.derivedData/Build/Intermediates.noindex/SwiftDI.build/Debug-watchos/SwiftDI.build/Objects-normal/arm64/InjectableObjectBinding.dia -emit-dependencies-path /Users/builder/builds/o86TiJKT/0/finestructure/swiftpackageindex-builder/spi-builder-workspace/.derivedData/Build/Intermediates.noindex/SwiftDI.build/Debug-watchos/SwiftDI.build/Objects-normal/arm64/InjectableProperty.d -emit-reference-dependencies-path /Users/builder/builds/o86TiJKT/0/finestructure/swiftpackageindex-builder/spi-builder-workspace/.derivedData/Build/Intermediates.noindex/SwiftDI.build/Debug-watchos/SwiftDI.build/Objects-normal/arm64/InjectableProperty.swiftdeps -serialize-diagnostics-path /Users/builder/builds/o86TiJKT/0/finestructure/swiftpackageindex-builder/spi-builder-workspace/.derivedData/Build/Intermediates.noindex/SwiftDI.build/Debug-watchos/SwiftDI.build/Objects-normal/arm64/InjectableProperty.dia -target arm64-apple-watchos4.0 -Xllvm -aarch64-use-tbi -enable-objc-interop -sdk /Applications/Xcode-14.3.0.app/Contents/Developer/Platforms/WatchOS.platform/Developer/SDKs/WatchOS9.4.sdk -I /Users/builder/builds/o86TiJKT/0/finestructure/swiftpackageindex-builder/spi-builder-workspace/.derivedData/Build/Products/Debug-watchos -I /Applications/Xcode-14.3.0.app/Contents/Developer/Platforms/WatchOS.platform/Developer/usr/lib -F /Users/builder/builds/o86TiJKT/0/finestructure/swiftpackageindex-builder/spi-builder-workspace/.derivedData/Build/Products/Debug-watchos -F /Applications/Xcode-14.3.0.app/Contents/Developer/Platforms/WatchOS.platform/Developer/Library/Frameworks -F /Applications/Xcode-14.3.0.app/Contents/Developer/Platforms/WatchOS.platform/Developer/SDKs/WatchOS9.4.sdk/Developer/Library/Frameworks -no-color-diagnostics -enable-testing -g -module-cache-path /Users/builder/builds/o86TiJKT/0/finestructure/swiftpackageindex-builder/spi-builder-workspace/.derivedData/ModuleCache.noindex -swift-version 5 -enforce-exclusivity\=checked -Onone -D SWIFT_PACKAGE -D DEBUG -D Xcode -serialize-debugging-options -empty-abi-descriptor -Xcc -working-directory -Xcc /Users/builder/builds/o86TiJKT/0/finestructure/swiftpackageindex-builder/spi-builder-workspace -resource-dir /Applications/Xcode-14.3.0.app/Contents/Developer/Toolchains/XcodeDefault.xctoolchain/usr/lib/swift -enable-anonymous-context-mangled-names -Xcc -ivfsstatcache -Xcc /Users/builder/builds/o86TiJKT/0/finestructure/swiftpackageindex-builder/spi-builder-workspace/.derivedData/SDKStatCaches.noindex/watchos9.4-20T248-.sdkstatcache -Xcc -I/Users/builder/builds/o86TiJKT/0/finestructure/swiftpackageindex-builder/spi-builder-workspace/.derivedData/Build/Intermediates.noindex/SwiftDI.build/Debug-watchos/SwiftDI.build/swift-overrides.hmap -Xcc -I/Users/builder/builds/o86TiJKT/0/finestructure/swiftpackageindex-builder/spi-builder-workspace/.derivedData/Build/Products/Debug-watchos/include -Xcc -I/Users/builder/builds/o86TiJKT/0/finestructure/swiftpackageindex-builder/spi-builder-workspace/.derivedData/Build/Intermediates.noindex/SwiftDI.build/Debug-watchos/SwiftDI.build/DerivedSources-normal/arm64 -Xcc -I/Users/builder/builds/o86TiJKT/0/finestructure/swiftpackageindex-builder/spi-builder-workspace/.derivedData/Build/Intermediates.noindex/SwiftDI.build/Debug-watchos/SwiftDI.build/DerivedSources/arm64 -Xcc -I/Users/builder/builds/o86TiJKT/0/finestructure/swiftpackageindex-builder/spi-builder-workspace/.derivedData/Build/Intermediates.noindex/SwiftDI.build/Debug-watchos/SwiftDI.build/DerivedSources -Xcc -DSWIFT_PACKAGE -Xcc -DDEBUG\=1 -module-name SwiftDI -frontend-parseable-output -disable-clang-spi -target-sdk-version 9.4 -target-sdk-name watchos9.4 -o /Users/builder/builds/o86TiJKT/0/finestructure/swiftpackageindex-builder/spi-builder-workspace/.derivedData/Build/Intermediates.noindex/SwiftDI.build/Debug-watchos/SwiftDI.build/Objects-normal/arm64/InjectableObjectBinding.o -o /Users/builder/builds/o86TiJKT/0/finestructure/swiftpackageindex-builder/spi-builder-workspace/.derivedData/Build/Intermediates.noindex/SwiftDI.build/Debug-watchos/SwiftDI.build/Objects-normal/arm64/InjectableProperty.o -index-unit-output-path /SwiftDI.build/Debug-watchos/SwiftDI.build/Objects-normal/arm64/InjectableObjectBinding.o -index-unit-output-path /SwiftDI.build/Debug-watchos/SwiftDI.build/Objects-normal/arm64/InjectableProperty.o -index-store-path /Users/builder/builds/o86TiJKT/0/finestructure/swiftpackageindex-builder/spi-builder-workspace/.derivedData/Index.noindex/DataStore -index-system-modules
SwiftCompile normal arm64 /Users/builder/builds/o86TiJKT/0/finestructure/swiftpackageindex-builder/spi-builder-workspace/Sources/SwiftDI/InjectableProperty.swift (in target 'SwiftDI' from project 'SwiftDI')
cd /Users/builder/builds/o86TiJKT/0/finestructure/swiftpackageindex-builder/spi-builder-workspace
/Applications/Xcode-14.3.0.app/Contents/Developer/Toolchains/XcodeDefault.xctoolchain/usr/bin/swift-frontend -c /Users/builder/builds/o86TiJKT/0/finestructure/swiftpackageindex-builder/spi-builder-workspace/Sources/SwiftDI/DIComponentContext.swift /Users/builder/builds/o86TiJKT/0/finestructure/swiftpackageindex-builder/spi-builder-workspace/Sources/SwiftDI/DIComponentManager.swift /Users/builder/builds/o86TiJKT/0/finestructure/swiftpackageindex-builder/spi-builder-workspace/Sources/SwiftDI/DIContainer.swift /Users/builder/builds/o86TiJKT/0/finestructure/swiftpackageindex-builder/spi-builder-workspace/Sources/SwiftDI/DIContainerConvertible.swift /Users/builder/builds/o86TiJKT/0/finestructure/swiftpackageindex-builder/spi-builder-workspace/Sources/SwiftDI/DIObject.swift /Users/builder/builds/o86TiJKT/0/finestructure/swiftpackageindex-builder/spi-builder-workspace/Sources/SwiftDI/DIPart.swift /Users/builder/builds/o86TiJKT/0/finestructure/swiftpackageindex-builder/spi-builder-workspace/Sources/SwiftDI/Extensions.swift /Users/builder/builds/o86TiJKT/0/finestructure/swiftpackageindex-builder/spi-builder-workspace/Sources/SwiftDI/Injectable.swift -primary-file /Users/builder/builds/o86TiJKT/0/finestructure/swiftpackageindex-builder/spi-builder-workspace/Sources/SwiftDI/InjectableObjectBinding.swift -primary-file /Users/builder/builds/o86TiJKT/0/finestructure/swiftpackageindex-builder/spi-builder-workspace/Sources/SwiftDI/InjectableProperty.swift /Users/builder/builds/o86TiJKT/0/finestructure/swiftpackageindex-builder/spi-builder-workspace/Sources/SwiftDI/Resolver.swift /Users/builder/builds/o86TiJKT/0/finestructure/swiftpackageindex-builder/spi-builder-workspace/Sources/SwiftDI/SwiftDI.swift /Users/builder/builds/o86TiJKT/0/finestructure/swiftpackageindex-builder/spi-builder-workspace/Sources/SwiftDI/Utils.swift -emit-dependencies-path /Users/builder/builds/o86TiJKT/0/finestructure/swiftpackageindex-builder/spi-builder-workspace/.derivedData/Build/Intermediates.noindex/SwiftDI.build/Debug-watchos/SwiftDI.build/Objects-normal/arm64/InjectableObjectBinding.d -emit-reference-dependencies-path /Users/builder/builds/o86TiJKT/0/finestructure/swiftpackageindex-builder/spi-builder-workspace/.derivedData/Build/Intermediates.noindex/SwiftDI.build/Debug-watchos/SwiftDI.build/Objects-normal/arm64/InjectableObjectBinding.swiftdeps -serialize-diagnostics-path /Users/builder/builds/o86TiJKT/0/finestructure/swiftpackageindex-builder/spi-builder-workspace/.derivedData/Build/Intermediates.noindex/SwiftDI.build/Debug-watchos/SwiftDI.build/Objects-normal/arm64/InjectableObjectBinding.dia -emit-dependencies-path /Users/builder/builds/o86TiJKT/0/finestructure/swiftpackageindex-builder/spi-builder-workspace/.derivedData/Build/Intermediates.noindex/SwiftDI.build/Debug-watchos/SwiftDI.build/Objects-normal/arm64/InjectableProperty.d -emit-reference-dependencies-path /Users/builder/builds/o86TiJKT/0/finestructure/swiftpackageindex-builder/spi-builder-workspace/.derivedData/Build/Intermediates.noindex/SwiftDI.build/Debug-watchos/SwiftDI.build/Objects-normal/arm64/InjectableProperty.swiftdeps -serialize-diagnostics-path /Users/builder/builds/o86TiJKT/0/finestructure/swiftpackageindex-builder/spi-builder-workspace/.derivedData/Build/Intermediates.noindex/SwiftDI.build/Debug-watchos/SwiftDI.build/Objects-normal/arm64/InjectableProperty.dia -target arm64-apple-watchos4.0 -Xllvm -aarch64-use-tbi -enable-objc-interop -sdk /Applications/Xcode-14.3.0.app/Contents/Developer/Platforms/WatchOS.platform/Developer/SDKs/WatchOS9.4.sdk -I /Users/builder/builds/o86TiJKT/0/finestructure/swiftpackageindex-builder/spi-builder-workspace/.derivedData/Build/Products/Debug-watchos -I /Applications/Xcode-14.3.0.app/Contents/Developer/Platforms/WatchOS.platform/Developer/usr/lib -F /Users/builder/builds/o86TiJKT/0/finestructure/swiftpackageindex-builder/spi-builder-workspace/.derivedData/Build/Products/Debug-watchos -F /Applications/Xcode-14.3.0.app/Contents/Developer/Platforms/WatchOS.platform/Developer/Library/Frameworks -F /Applications/Xcode-14.3.0.app/Contents/Developer/Platforms/WatchOS.platform/Developer/SDKs/WatchOS9.4.sdk/Developer/Library/Frameworks -no-color-diagnostics -enable-testing -g -module-cache-path /Users/builder/builds/o86TiJKT/0/finestructure/swiftpackageindex-builder/spi-builder-workspace/.derivedData/ModuleCache.noindex -swift-version 5 -enforce-exclusivity\=checked -Onone -D SWIFT_PACKAGE -D DEBUG -D Xcode -serialize-debugging-options -empty-abi-descriptor -Xcc -working-directory -Xcc /Users/builder/builds/o86TiJKT/0/finestructure/swiftpackageindex-builder/spi-builder-workspace -resource-dir /Applications/Xcode-14.3.0.app/Contents/Developer/Toolchains/XcodeDefault.xctoolchain/usr/lib/swift -enable-anonymous-context-mangled-names -Xcc -ivfsstatcache -Xcc /Users/builder/builds/o86TiJKT/0/finestructure/swiftpackageindex-builder/spi-builder-workspace/.derivedData/SDKStatCaches.noindex/watchos9.4-20T248-.sdkstatcache -Xcc -I/Users/builder/builds/o86TiJKT/0/finestructure/swiftpackageindex-builder/spi-builder-workspace/.derivedData/Build/Intermediates.noindex/SwiftDI.build/Debug-watchos/SwiftDI.build/swift-overrides.hmap -Xcc -I/Users/builder/builds/o86TiJKT/0/finestructure/swiftpackageindex-builder/spi-builder-workspace/.derivedData/Build/Products/Debug-watchos/include -Xcc -I/Users/builder/builds/o86TiJKT/0/finestructure/swiftpackageindex-builder/spi-builder-workspace/.derivedData/Build/Intermediates.noindex/SwiftDI.build/Debug-watchos/SwiftDI.build/DerivedSources-normal/arm64 -Xcc -I/Users/builder/builds/o86TiJKT/0/finestructure/swiftpackageindex-builder/spi-builder-workspace/.derivedData/Build/Intermediates.noindex/SwiftDI.build/Debug-watchos/SwiftDI.build/DerivedSources/arm64 -Xcc -I/Users/builder/builds/o86TiJKT/0/finestructure/swiftpackageindex-builder/spi-builder-workspace/.derivedData/Build/Intermediates.noindex/SwiftDI.build/Debug-watchos/SwiftDI.build/DerivedSources -Xcc -DSWIFT_PACKAGE -Xcc -DDEBUG\=1 -module-name SwiftDI -frontend-parseable-output -disable-clang-spi -target-sdk-version 9.4 -target-sdk-name watchos9.4 -o /Users/builder/builds/o86TiJKT/0/finestructure/swiftpackageindex-builder/spi-builder-workspace/.derivedData/Build/Intermediates.noindex/SwiftDI.build/Debug-watchos/SwiftDI.build/Objects-normal/arm64/InjectableObjectBinding.o -o /Users/builder/builds/o86TiJKT/0/finestructure/swiftpackageindex-builder/spi-builder-workspace/.derivedData/Build/Intermediates.noindex/SwiftDI.build/Debug-watchos/SwiftDI.build/Objects-normal/arm64/InjectableProperty.o -index-unit-output-path /SwiftDI.build/Debug-watchos/SwiftDI.build/Objects-normal/arm64/InjectableObjectBinding.o -index-unit-output-path /SwiftDI.build/Debug-watchos/SwiftDI.build/Objects-normal/arm64/InjectableProperty.o -index-store-path /Users/builder/builds/o86TiJKT/0/finestructure/swiftpackageindex-builder/spi-builder-workspace/.derivedData/Index.noindex/DataStore -index-system-modules
SwiftEmitModule normal arm64 Emitting\ module\ for\ SwiftDI (in target 'SwiftDI' from project 'SwiftDI')
cd /Users/builder/builds/o86TiJKT/0/finestructure/swiftpackageindex-builder/spi-builder-workspace
builtin-swiftTaskExecution -- /Applications/Xcode-14.3.0.app/Contents/Developer/Toolchains/XcodeDefault.xctoolchain/usr/bin/swift-frontend -frontend -emit-module -experimental-skip-non-inlinable-function-bodies-without-types /Users/builder/builds/o86TiJKT/0/finestructure/swiftpackageindex-builder/spi-builder-workspace/Sources/SwiftDI/DIComponentContext.swift /Users/builder/builds/o86TiJKT/0/finestructure/swiftpackageindex-builder/spi-builder-workspace/Sources/SwiftDI/DIComponentManager.swift /Users/builder/builds/o86TiJKT/0/finestructure/swiftpackageindex-builder/spi-builder-workspace/Sources/SwiftDI/DIContainer.swift /Users/builder/builds/o86TiJKT/0/finestructure/swiftpackageindex-builder/spi-builder-workspace/Sources/SwiftDI/DIContainerConvertible.swift /Users/builder/builds/o86TiJKT/0/finestructure/swiftpackageindex-builder/spi-builder-workspace/Sources/SwiftDI/DIObject.swift /Users/builder/builds/o86TiJKT/0/finestructure/swiftpackageindex-builder/spi-builder-workspace/Sources/SwiftDI/DIPart.swift /Users/builder/builds/o86TiJKT/0/finestructure/swiftpackageindex-builder/spi-builder-workspace/Sources/SwiftDI/Extensions.swift /Users/builder/builds/o86TiJKT/0/finestructure/swiftpackageindex-builder/spi-builder-workspace/Sources/SwiftDI/Injectable.swift /Users/builder/builds/o86TiJKT/0/finestructure/swiftpackageindex-builder/spi-builder-workspace/Sources/SwiftDI/InjectableObjectBinding.swift /Users/builder/builds/o86TiJKT/0/finestructure/swiftpackageindex-builder/spi-builder-workspace/Sources/SwiftDI/InjectableProperty.swift /Users/builder/builds/o86TiJKT/0/finestructure/swiftpackageindex-builder/spi-builder-workspace/Sources/SwiftDI/Resolver.swift /Users/builder/builds/o86TiJKT/0/finestructure/swiftpackageindex-builder/spi-builder-workspace/Sources/SwiftDI/SwiftDI.swift /Users/builder/builds/o86TiJKT/0/finestructure/swiftpackageindex-builder/spi-builder-workspace/Sources/SwiftDI/Utils.swift -target arm64-apple-watchos4.0 -Xllvm -aarch64-use-tbi -enable-objc-interop -sdk /Applications/Xcode-14.3.0.app/Contents/Developer/Platforms/WatchOS.platform/Developer/SDKs/WatchOS9.4.sdk -I /Users/builder/builds/o86TiJKT/0/finestructure/swiftpackageindex-builder/spi-builder-workspace/.derivedData/Build/Products/Debug-watchos -I /Applications/Xcode-14.3.0.app/Contents/Developer/Platforms/WatchOS.platform/Developer/usr/lib -F /Users/builder/builds/o86TiJKT/0/finestructure/swiftpackageindex-builder/spi-builder-workspace/.derivedData/Build/Products/Debug-watchos -F /Applications/Xcode-14.3.0.app/Contents/Developer/Platforms/WatchOS.platform/Developer/Library/Frameworks -F /Applications/Xcode-14.3.0.app/Contents/Developer/Platforms/WatchOS.platform/Developer/SDKs/WatchOS9.4.sdk/Developer/Library/Frameworks -no-color-diagnostics -enable-testing -g -module-cache-path /Users/builder/builds/o86TiJKT/0/finestructure/swiftpackageindex-builder/spi-builder-workspace/.derivedData/ModuleCache.noindex -swift-version 5 -enforce-exclusivity\=checked -Onone -D SWIFT_PACKAGE -D DEBUG -D Xcode -serialize-debugging-options -empty-abi-descriptor -Xcc -working-directory -Xcc /Users/builder/builds/o86TiJKT/0/finestructure/swiftpackageindex-builder/spi-builder-workspace -resource-dir /Applications/Xcode-14.3.0.app/Contents/Developer/Toolchains/XcodeDefault.xctoolchain/usr/lib/swift -enable-anonymous-context-mangled-names -Xcc -ivfsstatcache -Xcc /Users/builder/builds/o86TiJKT/0/finestructure/swiftpackageindex-builder/spi-builder-workspace/.derivedData/SDKStatCaches.noindex/watchos9.4-20T248-.sdkstatcache -Xcc -I/Users/builder/builds/o86TiJKT/0/finestructure/swiftpackageindex-builder/spi-builder-workspace/.derivedData/Build/Intermediates.noindex/SwiftDI.build/Debug-watchos/SwiftDI.build/swift-overrides.hmap -Xcc -I/Users/builder/builds/o86TiJKT/0/finestructure/swiftpackageindex-builder/spi-builder-workspace/.derivedData/Build/Products/Debug-watchos/include -Xcc -I/Users/builder/builds/o86TiJKT/0/finestructure/swiftpackageindex-builder/spi-builder-workspace/.derivedData/Build/Intermediates.noindex/SwiftDI.build/Debug-watchos/SwiftDI.build/DerivedSources-normal/arm64 -Xcc -I/Users/builder/builds/o86TiJKT/0/finestructure/swiftpackageindex-builder/spi-builder-workspace/.derivedData/Build/Intermediates.noindex/SwiftDI.build/Debug-watchos/SwiftDI.build/DerivedSources/arm64 -Xcc -I/Users/builder/builds/o86TiJKT/0/finestructure/swiftpackageindex-builder/spi-builder-workspace/.derivedData/Build/Intermediates.noindex/SwiftDI.build/Debug-watchos/SwiftDI.build/DerivedSources -Xcc -DSWIFT_PACKAGE -Xcc -DDEBUG\=1 -module-name SwiftDI -disable-clang-spi -target-sdk-version 9.4 -target-sdk-name watchos9.4 -emit-module-doc-path /Users/builder/builds/o86TiJKT/0/finestructure/swiftpackageindex-builder/spi-builder-workspace/.derivedData/Build/Intermediates.noindex/SwiftDI.build/Debug-watchos/SwiftDI.build/Objects-normal/arm64/SwiftDI.swiftdoc -emit-module-source-info-path /Users/builder/builds/o86TiJKT/0/finestructure/swiftpackageindex-builder/spi-builder-workspace/.derivedData/Build/Intermediates.noindex/SwiftDI.build/Debug-watchos/SwiftDI.build/Objects-normal/arm64/SwiftDI.swiftsourceinfo -emit-objc-header-path /Users/builder/builds/o86TiJKT/0/finestructure/swiftpackageindex-builder/spi-builder-workspace/.derivedData/Build/Intermediates.noindex/SwiftDI.build/Debug-watchos/SwiftDI.build/Objects-normal/arm64/SwiftDI-Swift.h -serialize-diagnostics-path /Users/builder/builds/o86TiJKT/0/finestructure/swiftpackageindex-builder/spi-builder-workspace/.derivedData/Build/Intermediates.noindex/SwiftDI.build/Debug-watchos/SwiftDI.build/Objects-normal/arm64/SwiftDI-master-emit-module.dia -emit-dependencies-path /Users/builder/builds/o86TiJKT/0/finestructure/swiftpackageindex-builder/spi-builder-workspace/.derivedData/Build/Intermediates.noindex/SwiftDI.build/Debug-watchos/SwiftDI.build/Objects-normal/arm64/SwiftDI-master-emit-module.d -o /Users/builder/builds/o86TiJKT/0/finestructure/swiftpackageindex-builder/spi-builder-workspace/.derivedData/Build/Intermediates.noindex/SwiftDI.build/Debug-watchos/SwiftDI.build/Objects-normal/arm64/SwiftDI.swiftmodule -emit-abi-descriptor-path /Users/builder/builds/o86TiJKT/0/finestructure/swiftpackageindex-builder/spi-builder-workspace/.derivedData/Build/Intermediates.noindex/SwiftDI.build/Debug-watchos/SwiftDI.build/Objects-normal/arm64/SwiftDI.abi.json
/Users/builder/builds/o86TiJKT/0/finestructure/swiftpackageindex-builder/spi-builder-workspace/Sources/SwiftDI/InjectableObjectBinding.swift:15:107: error: cannot find type 'BindableObject' in scope
public struct InjectableObjectBinding<BindableObjectType>: DynamicViewProperty where BindableObjectType : BindableObject {
^~~~~~~~~~~~~~
/Users/builder/builds/o86TiJKT/0/finestructure/swiftpackageindex-builder/spi-builder-workspace/Sources/SwiftDI/InjectableObjectBinding.swift:15:60: error: cannot find type 'DynamicViewProperty' in scope
public struct InjectableObjectBinding<BindableObjectType>: DynamicViewProperty where BindableObjectType : BindableObject {
^~~~~~~~~~~~~~~~~~~
/Users/builder/builds/o86TiJKT/0/finestructure/swiftpackageindex-builder/spi-builder-workspace/Sources/SwiftDI/InjectableObjectBinding.swift:30:29: warning: property wrapper's 'wrapperValue' property should be renamed to 'projectedValue'; use of 'wrapperValue' is deprecated
public private(set) var wrapperValue: ObjectBinding<BindableObjectType>.Wrapper
^~~~~~~~~~~~
projectedValue
/Users/builder/builds/o86TiJKT/0/finestructure/swiftpackageindex-builder/spi-builder-workspace/Sources/SwiftDI/InjectableObjectBinding.swift:30:43: error: cannot find type 'ObjectBinding' in scope
public private(set) var wrapperValue: ObjectBinding<BindableObjectType>.Wrapper
^~~~~~~~~~~~~
/Users/builder/builds/o86TiJKT/0/finestructure/swiftpackageindex-builder/spi-builder-workspace/Sources/SwiftDI/InjectableObjectBinding.swift:17:24: error: cannot find type 'ObjectBinding' in scope
var _bindingValue: ObjectBinding<BindableObjectType>
^~~~~~~~~~~~~
/Users/builder/builds/o86TiJKT/0/finestructure/swiftpackageindex-builder/spi-builder-workspace/Sources/SwiftDI/InjectableProperty.swift:28:11: error: 'InjectableObjectBinding' is only available in watchOS 6.0 or newer
extension InjectableObjectBinding: InjectableProperty {
^
/Users/builder/builds/o86TiJKT/0/finestructure/swiftpackageindex-builder/spi-builder-workspace/Sources/SwiftDI/InjectableProperty.swift:28:1: note: add @available attribute to enclosing extension
extension InjectableObjectBinding: InjectableProperty {
^
SwiftEmitModule normal armv7k Emitting\ module\ for\ SwiftDI (in target 'SwiftDI' from project 'SwiftDI')
cd /Users/builder/builds/o86TiJKT/0/finestructure/swiftpackageindex-builder/spi-builder-workspace
builtin-swiftTaskExecution -- /Applications/Xcode-14.3.0.app/Contents/Developer/Toolchains/XcodeDefault.xctoolchain/usr/bin/swift-frontend -frontend -emit-module -experimental-skip-non-inlinable-function-bodies-without-types /Users/builder/builds/o86TiJKT/0/finestructure/swiftpackageindex-builder/spi-builder-workspace/Sources/SwiftDI/DIComponentContext.swift /Users/builder/builds/o86TiJKT/0/finestructure/swiftpackageindex-builder/spi-builder-workspace/Sources/SwiftDI/DIComponentManager.swift /Users/builder/builds/o86TiJKT/0/finestructure/swiftpackageindex-builder/spi-builder-workspace/Sources/SwiftDI/DIContainer.swift /Users/builder/builds/o86TiJKT/0/finestructure/swiftpackageindex-builder/spi-builder-workspace/Sources/SwiftDI/DIContainerConvertible.swift /Users/builder/builds/o86TiJKT/0/finestructure/swiftpackageindex-builder/spi-builder-workspace/Sources/SwiftDI/DIObject.swift /Users/builder/builds/o86TiJKT/0/finestructure/swiftpackageindex-builder/spi-builder-workspace/Sources/SwiftDI/DIPart.swift /Users/builder/builds/o86TiJKT/0/finestructure/swiftpackageindex-builder/spi-builder-workspace/Sources/SwiftDI/Extensions.swift /Users/builder/builds/o86TiJKT/0/finestructure/swiftpackageindex-builder/spi-builder-workspace/Sources/SwiftDI/Injectable.swift /Users/builder/builds/o86TiJKT/0/finestructure/swiftpackageindex-builder/spi-builder-workspace/Sources/SwiftDI/InjectableObjectBinding.swift /Users/builder/builds/o86TiJKT/0/finestructure/swiftpackageindex-builder/spi-builder-workspace/Sources/SwiftDI/InjectableProperty.swift /Users/builder/builds/o86TiJKT/0/finestructure/swiftpackageindex-builder/spi-builder-workspace/Sources/SwiftDI/Resolver.swift /Users/builder/builds/o86TiJKT/0/finestructure/swiftpackageindex-builder/spi-builder-workspace/Sources/SwiftDI/SwiftDI.swift /Users/builder/builds/o86TiJKT/0/finestructure/swiftpackageindex-builder/spi-builder-workspace/Sources/SwiftDI/Utils.swift -target armv7k-apple-watchos4.0 -enable-objc-interop -sdk /Applications/Xcode-14.3.0.app/Contents/Developer/Platforms/WatchOS.platform/Developer/SDKs/WatchOS9.4.sdk -I /Users/builder/builds/o86TiJKT/0/finestructure/swiftpackageindex-builder/spi-builder-workspace/.derivedData/Build/Products/Debug-watchos -I /Applications/Xcode-14.3.0.app/Contents/Developer/Platforms/WatchOS.platform/Developer/usr/lib -F /Users/builder/builds/o86TiJKT/0/finestructure/swiftpackageindex-builder/spi-builder-workspace/.derivedData/Build/Products/Debug-watchos -F /Applications/Xcode-14.3.0.app/Contents/Developer/Platforms/WatchOS.platform/Developer/Library/Frameworks -F /Applications/Xcode-14.3.0.app/Contents/Developer/Platforms/WatchOS.platform/Developer/SDKs/WatchOS9.4.sdk/Developer/Library/Frameworks -no-color-diagnostics -enable-testing -g -module-cache-path /Users/builder/builds/o86TiJKT/0/finestructure/swiftpackageindex-builder/spi-builder-workspace/.derivedData/ModuleCache.noindex -swift-version 5 -enforce-exclusivity\=checked -Onone -D SWIFT_PACKAGE -D DEBUG -D Xcode -serialize-debugging-options -empty-abi-descriptor -Xcc -working-directory -Xcc /Users/builder/builds/o86TiJKT/0/finestructure/swiftpackageindex-builder/spi-builder-workspace -resource-dir /Applications/Xcode-14.3.0.app/Contents/Developer/Toolchains/XcodeDefault.xctoolchain/usr/lib/swift -enable-anonymous-context-mangled-names -Xcc -ivfsstatcache -Xcc /Users/builder/builds/o86TiJKT/0/finestructure/swiftpackageindex-builder/spi-builder-workspace/.derivedData/SDKStatCaches.noindex/watchos9.4-20T248-.sdkstatcache -Xcc -I/Users/builder/builds/o86TiJKT/0/finestructure/swiftpackageindex-builder/spi-builder-workspace/.derivedData/Build/Intermediates.noindex/SwiftDI.build/Debug-watchos/SwiftDI.build/swift-overrides.hmap -Xcc -I/Users/builder/builds/o86TiJKT/0/finestructure/swiftpackageindex-builder/spi-builder-workspace/.derivedData/Build/Products/Debug-watchos/include -Xcc -I/Users/builder/builds/o86TiJKT/0/finestructure/swiftpackageindex-builder/spi-builder-workspace/.derivedData/Build/Intermediates.noindex/SwiftDI.build/Debug-watchos/SwiftDI.build/DerivedSources-normal/armv7k -Xcc -I/Users/builder/builds/o86TiJKT/0/finestructure/swiftpackageindex-builder/spi-builder-workspace/.derivedData/Build/Intermediates.noindex/SwiftDI.build/Debug-watchos/SwiftDI.build/DerivedSources/armv7k -Xcc -I/Users/builder/builds/o86TiJKT/0/finestructure/swiftpackageindex-builder/spi-builder-workspace/.derivedData/Build/Intermediates.noindex/SwiftDI.build/Debug-watchos/SwiftDI.build/DerivedSources -Xcc -DSWIFT_PACKAGE -Xcc -DDEBUG\=1 -module-name SwiftDI -disable-clang-spi -target-sdk-version 9.4 -target-sdk-name watchos9.4 -emit-module-doc-path /Users/builder/builds/o86TiJKT/0/finestructure/swiftpackageindex-builder/spi-builder-workspace/.derivedData/Build/Intermediates.noindex/SwiftDI.build/Debug-watchos/SwiftDI.build/Objects-normal/armv7k/SwiftDI.swiftdoc -emit-module-source-info-path /Users/builder/builds/o86TiJKT/0/finestructure/swiftpackageindex-builder/spi-builder-workspace/.derivedData/Build/Intermediates.noindex/SwiftDI.build/Debug-watchos/SwiftDI.build/Objects-normal/armv7k/SwiftDI.swiftsourceinfo -emit-objc-header-path /Users/builder/builds/o86TiJKT/0/finestructure/swiftpackageindex-builder/spi-builder-workspace/.derivedData/Build/Intermediates.noindex/SwiftDI.build/Debug-watchos/SwiftDI.build/Objects-normal/armv7k/SwiftDI-Swift.h -serialize-diagnostics-path /Users/builder/builds/o86TiJKT/0/finestructure/swiftpackageindex-builder/spi-builder-workspace/.derivedData/Build/Intermediates.noindex/SwiftDI.build/Debug-watchos/SwiftDI.build/Objects-normal/armv7k/SwiftDI-master-emit-module.dia -emit-dependencies-path /Users/builder/builds/o86TiJKT/0/finestructure/swiftpackageindex-builder/spi-builder-workspace/.derivedData/Build/Intermediates.noindex/SwiftDI.build/Debug-watchos/SwiftDI.build/Objects-normal/armv7k/SwiftDI-master-emit-module.d -o /Users/builder/builds/o86TiJKT/0/finestructure/swiftpackageindex-builder/spi-builder-workspace/.derivedData/Build/Intermediates.noindex/SwiftDI.build/Debug-watchos/SwiftDI.build/Objects-normal/armv7k/SwiftDI.swiftmodule -emit-abi-descriptor-path /Users/builder/builds/o86TiJKT/0/finestructure/swiftpackageindex-builder/spi-builder-workspace/.derivedData/Build/Intermediates.noindex/SwiftDI.build/Debug-watchos/SwiftDI.build/Objects-normal/armv7k/SwiftDI.abi.json
/Users/builder/builds/o86TiJKT/0/finestructure/swiftpackageindex-builder/spi-builder-workspace/Sources/SwiftDI/InjectableObjectBinding.swift:15:107: error: cannot find type 'BindableObject' in scope
public struct InjectableObjectBinding<BindableObjectType>: DynamicViewProperty where BindableObjectType : BindableObject {
^~~~~~~~~~~~~~
/Users/builder/builds/o86TiJKT/0/finestructure/swiftpackageindex-builder/spi-builder-workspace/Sources/SwiftDI/InjectableObjectBinding.swift:15:60: error: cannot find type 'DynamicViewProperty' in scope
public struct InjectableObjectBinding<BindableObjectType>: DynamicViewProperty where BindableObjectType : BindableObject {
^~~~~~~~~~~~~~~~~~~
/Users/builder/builds/o86TiJKT/0/finestructure/swiftpackageindex-builder/spi-builder-workspace/Sources/SwiftDI/InjectableObjectBinding.swift:30:29: warning: property wrapper's 'wrapperValue' property should be renamed to 'projectedValue'; use of 'wrapperValue' is deprecated
public private(set) var wrapperValue: ObjectBinding<BindableObjectType>.Wrapper
^~~~~~~~~~~~
projectedValue
/Users/builder/builds/o86TiJKT/0/finestructure/swiftpackageindex-builder/spi-builder-workspace/Sources/SwiftDI/InjectableObjectBinding.swift:30:43: error: cannot find type 'ObjectBinding' in scope
public private(set) var wrapperValue: ObjectBinding<BindableObjectType>.Wrapper
^~~~~~~~~~~~~
/Users/builder/builds/o86TiJKT/0/finestructure/swiftpackageindex-builder/spi-builder-workspace/Sources/SwiftDI/InjectableObjectBinding.swift:17:24: error: cannot find type 'ObjectBinding' in scope
var _bindingValue: ObjectBinding<BindableObjectType>
^~~~~~~~~~~~~
/Users/builder/builds/o86TiJKT/0/finestructure/swiftpackageindex-builder/spi-builder-workspace/Sources/SwiftDI/InjectableProperty.swift:28:11: error: 'InjectableObjectBinding' is only available in watchOS 6.0 or newer
extension InjectableObjectBinding: InjectableProperty {
^
/Users/builder/builds/o86TiJKT/0/finestructure/swiftpackageindex-builder/spi-builder-workspace/Sources/SwiftDI/InjectableProperty.swift:28:1: note: add @available attribute to enclosing extension
extension InjectableObjectBinding: InjectableProperty {
^
SwiftEmitModule normal arm64_32 Emitting\ module\ for\ SwiftDI (in target 'SwiftDI' from project 'SwiftDI')
cd /Users/builder/builds/o86TiJKT/0/finestructure/swiftpackageindex-builder/spi-builder-workspace
builtin-swiftTaskExecution -- /Applications/Xcode-14.3.0.app/Contents/Developer/Toolchains/XcodeDefault.xctoolchain/usr/bin/swift-frontend -frontend -emit-module -experimental-skip-non-inlinable-function-bodies-without-types /Users/builder/builds/o86TiJKT/0/finestructure/swiftpackageindex-builder/spi-builder-workspace/Sources/SwiftDI/DIComponentContext.swift /Users/builder/builds/o86TiJKT/0/finestructure/swiftpackageindex-builder/spi-builder-workspace/Sources/SwiftDI/DIComponentManager.swift /Users/builder/builds/o86TiJKT/0/finestructure/swiftpackageindex-builder/spi-builder-workspace/Sources/SwiftDI/DIContainer.swift /Users/builder/builds/o86TiJKT/0/finestructure/swiftpackageindex-builder/spi-builder-workspace/Sources/SwiftDI/DIContainerConvertible.swift /Users/builder/builds/o86TiJKT/0/finestructure/swiftpackageindex-builder/spi-builder-workspace/Sources/SwiftDI/DIObject.swift /Users/builder/builds/o86TiJKT/0/finestructure/swiftpackageindex-builder/spi-builder-workspace/Sources/SwiftDI/DIPart.swift /Users/builder/builds/o86TiJKT/0/finestructure/swiftpackageindex-builder/spi-builder-workspace/Sources/SwiftDI/Extensions.swift /Users/builder/builds/o86TiJKT/0/finestructure/swiftpackageindex-builder/spi-builder-workspace/Sources/SwiftDI/Injectable.swift /Users/builder/builds/o86TiJKT/0/finestructure/swiftpackageindex-builder/spi-builder-workspace/Sources/SwiftDI/InjectableObjectBinding.swift /Users/builder/builds/o86TiJKT/0/finestructure/swiftpackageindex-builder/spi-builder-workspace/Sources/SwiftDI/InjectableProperty.swift /Users/builder/builds/o86TiJKT/0/finestructure/swiftpackageindex-builder/spi-builder-workspace/Sources/SwiftDI/Resolver.swift /Users/builder/builds/o86TiJKT/0/finestructure/swiftpackageindex-builder/spi-builder-workspace/Sources/SwiftDI/SwiftDI.swift /Users/builder/builds/o86TiJKT/0/finestructure/swiftpackageindex-builder/spi-builder-workspace/Sources/SwiftDI/Utils.swift -target arm64_32-apple-watchos4.0 -enable-objc-interop -sdk /Applications/Xcode-14.3.0.app/Contents/Developer/Platforms/WatchOS.platform/Developer/SDKs/WatchOS9.4.sdk -I /Users/builder/builds/o86TiJKT/0/finestructure/swiftpackageindex-builder/spi-builder-workspace/.derivedData/Build/Products/Debug-watchos -I /Applications/Xcode-14.3.0.app/Contents/Developer/Platforms/WatchOS.platform/Developer/usr/lib -F /Users/builder/builds/o86TiJKT/0/finestructure/swiftpackageindex-builder/spi-builder-workspace/.derivedData/Build/Products/Debug-watchos -F /Applications/Xcode-14.3.0.app/Contents/Developer/Platforms/WatchOS.platform/Developer/Library/Frameworks -F /Applications/Xcode-14.3.0.app/Contents/Developer/Platforms/WatchOS.platform/Developer/SDKs/WatchOS9.4.sdk/Developer/Library/Frameworks -no-color-diagnostics -enable-testing -g -module-cache-path /Users/builder/builds/o86TiJKT/0/finestructure/swiftpackageindex-builder/spi-builder-workspace/.derivedData/ModuleCache.noindex -swift-version 5 -enforce-exclusivity\=checked -Onone -D SWIFT_PACKAGE -D DEBUG -D Xcode -serialize-debugging-options -empty-abi-descriptor -Xcc -working-directory -Xcc /Users/builder/builds/o86TiJKT/0/finestructure/swiftpackageindex-builder/spi-builder-workspace -resource-dir /Applications/Xcode-14.3.0.app/Contents/Developer/Toolchains/XcodeDefault.xctoolchain/usr/lib/swift -enable-anonymous-context-mangled-names -Xcc -ivfsstatcache -Xcc /Users/builder/builds/o86TiJKT/0/finestructure/swiftpackageindex-builder/spi-builder-workspace/.derivedData/SDKStatCaches.noindex/watchos9.4-20T248-.sdkstatcache -Xcc -I/Users/builder/builds/o86TiJKT/0/finestructure/swiftpackageindex-builder/spi-builder-workspace/.derivedData/Build/Intermediates.noindex/SwiftDI.build/Debug-watchos/SwiftDI.build/swift-overrides.hmap -Xcc -I/Users/builder/builds/o86TiJKT/0/finestructure/swiftpackageindex-builder/spi-builder-workspace/.derivedData/Build/Products/Debug-watchos/include -Xcc -I/Users/builder/builds/o86TiJKT/0/finestructure/swiftpackageindex-builder/spi-builder-workspace/.derivedData/Build/Intermediates.noindex/SwiftDI.build/Debug-watchos/SwiftDI.build/DerivedSources-normal/arm64_32 -Xcc -I/Users/builder/builds/o86TiJKT/0/finestructure/swiftpackageindex-builder/spi-builder-workspace/.derivedData/Build/Intermediates.noindex/SwiftDI.build/Debug-watchos/SwiftDI.build/DerivedSources/arm64_32 -Xcc -I/Users/builder/builds/o86TiJKT/0/finestructure/swiftpackageindex-builder/spi-builder-workspace/.derivedData/Build/Intermediates.noindex/SwiftDI.build/Debug-watchos/SwiftDI.build/DerivedSources -Xcc -DSWIFT_PACKAGE -Xcc -DDEBUG\=1 -module-name SwiftDI -disable-clang-spi -target-sdk-version 9.4 -target-sdk-name watchos9.4 -emit-module-doc-path /Users/builder/builds/o86TiJKT/0/finestructure/swiftpackageindex-builder/spi-builder-workspace/.derivedData/Build/Intermediates.noindex/SwiftDI.build/Debug-watchos/SwiftDI.build/Objects-normal/arm64_32/SwiftDI.swiftdoc -emit-module-source-info-path /Users/builder/builds/o86TiJKT/0/finestructure/swiftpackageindex-builder/spi-builder-workspace/.derivedData/Build/Intermediates.noindex/SwiftDI.build/Debug-watchos/SwiftDI.build/Objects-normal/arm64_32/SwiftDI.swiftsourceinfo -emit-objc-header-path /Users/builder/builds/o86TiJKT/0/finestructure/swiftpackageindex-builder/spi-builder-workspace/.derivedData/Build/Intermediates.noindex/SwiftDI.build/Debug-watchos/SwiftDI.build/Objects-normal/arm64_32/SwiftDI-Swift.h -serialize-diagnostics-path /Users/builder/builds/o86TiJKT/0/finestructure/swiftpackageindex-builder/spi-builder-workspace/.derivedData/Build/Intermediates.noindex/SwiftDI.build/Debug-watchos/SwiftDI.build/Objects-normal/arm64_32/SwiftDI-master-emit-module.dia -emit-dependencies-path /Users/builder/builds/o86TiJKT/0/finestructure/swiftpackageindex-builder/spi-builder-workspace/.derivedData/Build/Intermediates.noindex/SwiftDI.build/Debug-watchos/SwiftDI.build/Objects-normal/arm64_32/SwiftDI-master-emit-module.d -o /Users/builder/builds/o86TiJKT/0/finestructure/swiftpackageindex-builder/spi-builder-workspace/.derivedData/Build/Intermediates.noindex/SwiftDI.build/Debug-watchos/SwiftDI.build/Objects-normal/arm64_32/SwiftDI.swiftmodule -emit-abi-descriptor-path /Users/builder/builds/o86TiJKT/0/finestructure/swiftpackageindex-builder/spi-builder-workspace/.derivedData/Build/Intermediates.noindex/SwiftDI.build/Debug-watchos/SwiftDI.build/Objects-normal/arm64_32/SwiftDI.abi.json
SwiftCompile normal arm64_32 Compiling\ DIContainer.swift,\ DIContainerConvertible.swift /Users/builder/builds/o86TiJKT/0/finestructure/swiftpackageindex-builder/spi-builder-workspace/Sources/SwiftDI/DIContainer.swift /Users/builder/builds/o86TiJKT/0/finestructure/swiftpackageindex-builder/spi-builder-workspace/Sources/SwiftDI/DIContainerConvertible.swift (in target 'SwiftDI' from project 'SwiftDI')
cd /Users/builder/builds/o86TiJKT/0/finestructure/swiftpackageindex-builder/spi-builder-workspace
builtin-swiftTaskExecution -- /Applications/Xcode-14.3.0.app/Contents/Developer/Toolchains/XcodeDefault.xctoolchain/usr/bin/swift-frontend -frontend -c /Users/builder/builds/o86TiJKT/0/finestructure/swiftpackageindex-builder/spi-builder-workspace/Sources/SwiftDI/DIComponentContext.swift /Users/builder/builds/o86TiJKT/0/finestructure/swiftpackageindex-builder/spi-builder-workspace/Sources/SwiftDI/DIComponentManager.swift -primary-file /Users/builder/builds/o86TiJKT/0/finestructure/swiftpackageindex-builder/spi-builder-workspace/Sources/SwiftDI/DIContainer.swift -primary-file /Users/builder/builds/o86TiJKT/0/finestructure/swiftpackageindex-builder/spi-builder-workspace/Sources/SwiftDI/DIContainerConvertible.swift /Users/builder/builds/o86TiJKT/0/finestructure/swiftpackageindex-builder/spi-builder-workspace/Sources/SwiftDI/DIObject.swift /Users/builder/builds/o86TiJKT/0/finestructure/swiftpackageindex-builder/spi-builder-workspace/Sources/SwiftDI/DIPart.swift /Users/builder/builds/o86TiJKT/0/finestructure/swiftpackageindex-builder/spi-builder-workspace/Sources/SwiftDI/Extensions.swift /Users/builder/builds/o86TiJKT/0/finestructure/swiftpackageindex-builder/spi-builder-workspace/Sources/SwiftDI/Injectable.swift /Users/builder/builds/o86TiJKT/0/finestructure/swiftpackageindex-builder/spi-builder-workspace/Sources/SwiftDI/InjectableObjectBinding.swift /Users/builder/builds/o86TiJKT/0/finestructure/swiftpackageindex-builder/spi-builder-workspace/Sources/SwiftDI/InjectableProperty.swift /Users/builder/builds/o86TiJKT/0/finestructure/swiftpackageindex-builder/spi-builder-workspace/Sources/SwiftDI/Resolver.swift /Users/builder/builds/o86TiJKT/0/finestructure/swiftpackageindex-builder/spi-builder-workspace/Sources/SwiftDI/SwiftDI.swift /Users/builder/builds/o86TiJKT/0/finestructure/swiftpackageindex-builder/spi-builder-workspace/Sources/SwiftDI/Utils.swift -emit-dependencies-path /Users/builder/builds/o86TiJKT/0/finestructure/swiftpackageindex-builder/spi-builder-workspace/.derivedData/Build/Intermediates.noindex/SwiftDI.build/Debug-watchos/SwiftDI.build/Objects-normal/arm64_32/DIContainer.d -emit-reference-dependencies-path /Users/builder/builds/o86TiJKT/0/finestructure/swiftpackageindex-builder/spi-builder-workspace/.derivedData/Build/Intermediates.noindex/SwiftDI.build/Debug-watchos/SwiftDI.build/Objects-normal/arm64_32/DIContainer.swiftdeps -serialize-diagnostics-path /Users/builder/builds/o86TiJKT/0/finestructure/swiftpackageindex-builder/spi-builder-workspace/.derivedData/Build/Intermediates.noindex/SwiftDI.build/Debug-watchos/SwiftDI.build/Objects-normal/arm64_32/DIContainer.dia -emit-dependencies-path /Users/builder/builds/o86TiJKT/0/finestructure/swiftpackageindex-builder/spi-builder-workspace/.derivedData/Build/Intermediates.noindex/SwiftDI.build/Debug-watchos/SwiftDI.build/Objects-normal/arm64_32/DIContainerConvertible.d -emit-reference-dependencies-path /Users/builder/builds/o86TiJKT/0/finestructure/swiftpackageindex-builder/spi-builder-workspace/.derivedData/Build/Intermediates.noindex/SwiftDI.build/Debug-watchos/SwiftDI.build/Objects-normal/arm64_32/DIContainerConvertible.swiftdeps -serialize-diagnostics-path /Users/builder/builds/o86TiJKT/0/finestructure/swiftpackageindex-builder/spi-builder-workspace/.derivedData/Build/Intermediates.noindex/SwiftDI.build/Debug-watchos/SwiftDI.build/Objects-normal/arm64_32/DIContainerConvertible.dia -target arm64_32-apple-watchos4.0 -enable-objc-interop -sdk /Applications/Xcode-14.3.0.app/Contents/Developer/Platforms/WatchOS.platform/Developer/SDKs/WatchOS9.4.sdk -I /Users/builder/builds/o86TiJKT/0/finestructure/swiftpackageindex-builder/spi-builder-workspace/.derivedData/Build/Products/Debug-watchos -I /Applications/Xcode-14.3.0.app/Contents/Developer/Platforms/WatchOS.platform/Developer/usr/lib -F /Users/builder/builds/o86TiJKT/0/finestructure/swiftpackageindex-builder/spi-builder-workspace/.derivedData/Build/Products/Debug-watchos -F /Applications/Xcode-14.3.0.app/Contents/Developer/Platforms/WatchOS.platform/Developer/Library/Frameworks -F /Applications/Xcode-14.3.0.app/Contents/Developer/Platforms/WatchOS.platform/Developer/SDKs/WatchOS9.4.sdk/Developer/Library/Frameworks -no-color-diagnostics -enable-testing -g -module-cache-path /Users/builder/builds/o86TiJKT/0/finestructure/swiftpackageindex-builder/spi-builder-workspace/.derivedData/ModuleCache.noindex -swift-version 5 -enforce-exclusivity\=checked -Onone -D SWIFT_PACKAGE -D DEBUG -D Xcode -serialize-debugging-options -empty-abi-descriptor -Xcc -working-directory -Xcc /Users/builder/builds/o86TiJKT/0/finestructure/swiftpackageindex-builder/spi-builder-workspace -resource-dir /Applications/Xcode-14.3.0.app/Contents/Developer/Toolchains/XcodeDefault.xctoolchain/usr/lib/swift -enable-anonymous-context-mangled-names -Xcc -ivfsstatcache -Xcc /Users/builder/builds/o86TiJKT/0/finestructure/swiftpackageindex-builder/spi-builder-workspace/.derivedData/SDKStatCaches.noindex/watchos9.4-20T248-.sdkstatcache -Xcc -I/Users/builder/builds/o86TiJKT/0/finestructure/swiftpackageindex-builder/spi-builder-workspace/.derivedData/Build/Intermediates.noindex/SwiftDI.build/Debug-watchos/SwiftDI.build/swift-overrides.hmap -Xcc -I/Users/builder/builds/o86TiJKT/0/finestructure/swiftpackageindex-builder/spi-builder-workspace/.derivedData/Build/Products/Debug-watchos/include -Xcc -I/Users/builder/builds/o86TiJKT/0/finestructure/swiftpackageindex-builder/spi-builder-workspace/.derivedData/Build/Intermediates.noindex/SwiftDI.build/Debug-watchos/SwiftDI.build/DerivedSources-normal/arm64_32 -Xcc -I/Users/builder/builds/o86TiJKT/0/finestructure/swiftpackageindex-builder/spi-builder-workspace/.derivedData/Build/Intermediates.noindex/SwiftDI.build/Debug-watchos/SwiftDI.build/DerivedSources/arm64_32 -Xcc -I/Users/builder/builds/o86TiJKT/0/finestructure/swiftpackageindex-builder/spi-builder-workspace/.derivedData/Build/Intermediates.noindex/SwiftDI.build/Debug-watchos/SwiftDI.build/DerivedSources -Xcc -DSWIFT_PACKAGE -Xcc -DDEBUG\=1 -module-name SwiftDI -frontend-parseable-output -disable-clang-spi -target-sdk-version 9.4 -target-sdk-name watchos9.4 -o /Users/builder/builds/o86TiJKT/0/finestructure/swiftpackageindex-builder/spi-builder-workspace/.derivedData/Build/Intermediates.noindex/SwiftDI.build/Debug-watchos/SwiftDI.build/Objects-normal/arm64_32/DIContainer.o -o /Users/builder/builds/o86TiJKT/0/finestructure/swiftpackageindex-builder/spi-builder-workspace/.derivedData/Build/Intermediates.noindex/SwiftDI.build/Debug-watchos/SwiftDI.build/Objects-normal/arm64_32/DIContainerConvertible.o -index-unit-output-path /SwiftDI.build/Debug-watchos/SwiftDI.build/Objects-normal/arm64_32/DIContainer.o -index-unit-output-path /SwiftDI.build/Debug-watchos/SwiftDI.build/Objects-normal/arm64_32/DIContainerConvertible.o -index-store-path /Users/builder/builds/o86TiJKT/0/finestructure/swiftpackageindex-builder/spi-builder-workspace/.derivedData/Index.noindex/DataStore -index-system-modules
SwiftCompile normal arm64_32 /Users/builder/builds/o86TiJKT/0/finestructure/swiftpackageindex-builder/spi-builder-workspace/Sources/SwiftDI/DIContainer.swift (in target 'SwiftDI' from project 'SwiftDI')
cd /Users/builder/builds/o86TiJKT/0/finestructure/swiftpackageindex-builder/spi-builder-workspace
/Applications/Xcode-14.3.0.app/Contents/Developer/Toolchains/XcodeDefault.xctoolchain/usr/bin/swift-frontend -c /Users/builder/builds/o86TiJKT/0/finestructure/swiftpackageindex-builder/spi-builder-workspace/Sources/SwiftDI/DIComponentContext.swift /Users/builder/builds/o86TiJKT/0/finestructure/swiftpackageindex-builder/spi-builder-workspace/Sources/SwiftDI/DIComponentManager.swift -primary-file /Users/builder/builds/o86TiJKT/0/finestructure/swiftpackageindex-builder/spi-builder-workspace/Sources/SwiftDI/DIContainer.swift -primary-file /Users/builder/builds/o86TiJKT/0/finestructure/swiftpackageindex-builder/spi-builder-workspace/Sources/SwiftDI/DIContainerConvertible.swift /Users/builder/builds/o86TiJKT/0/finestructure/swiftpackageindex-builder/spi-builder-workspace/Sources/SwiftDI/DIObject.swift /Users/builder/builds/o86TiJKT/0/finestructure/swiftpackageindex-builder/spi-builder-workspace/Sources/SwiftDI/DIPart.swift /Users/builder/builds/o86TiJKT/0/finestructure/swiftpackageindex-builder/spi-builder-workspace/Sources/SwiftDI/Extensions.swift /Users/builder/builds/o86TiJKT/0/finestructure/swiftpackageindex-builder/spi-builder-workspace/Sources/SwiftDI/Injectable.swift /Users/builder/builds/o86TiJKT/0/finestructure/swiftpackageindex-builder/spi-builder-workspace/Sources/SwiftDI/InjectableObjectBinding.swift /Users/builder/builds/o86TiJKT/0/finestructure/swiftpackageindex-builder/spi-builder-workspace/Sources/SwiftDI/InjectableProperty.swift /Users/builder/builds/o86TiJKT/0/finestructure/swiftpackageindex-builder/spi-builder-workspace/Sources/SwiftDI/Resolver.swift /Users/builder/builds/o86TiJKT/0/finestructure/swiftpackageindex-builder/spi-builder-workspace/Sources/SwiftDI/SwiftDI.swift /Users/builder/builds/o86TiJKT/0/finestructure/swiftpackageindex-builder/spi-builder-workspace/Sources/SwiftDI/Utils.swift -emit-dependencies-path /Users/builder/builds/o86TiJKT/0/finestructure/swiftpackageindex-builder/spi-builder-workspace/.derivedData/Build/Intermediates.noindex/SwiftDI.build/Debug-watchos/SwiftDI.build
/Objects-normal/arm64_32/DIContainer.d -emit-reference-dependencies-path /Users/builder/builds/o86TiJKT/0/finestructure/swiftpackageindex-builder/spi-builder-workspace/.derivedData/Build/Intermediates.noindex/SwiftDI.build/Debug-watchos/SwiftDI.build/Objects-normal/arm64_32/DIContainer.swiftdeps -serialize-diagnostics-path /Users/builder/builds/o86TiJKT/0/finestructure/swiftpackageindex-builder/spi-builder-workspace/.derivedData/Build/Intermediates.noindex/SwiftDI.build/Debug-watchos/SwiftDI.build/Objects-normal/arm64_32/DIContainer.dia -emit-dependencies-path /Users/builder/builds/o86TiJKT/0/finestructure/swiftpackageindex-builder/spi-builder-workspace/.derivedData/Build/Intermediates.noindex/SwiftDI.build/Debug-watchos/SwiftDI.build/Objects-normal/arm64_32/DIContainerConvertible.d -emit-reference-dependencies-path /Users/builder/builds/o86TiJKT/0/finestructure/swiftpackageindex-builder/spi-builder-workspace/.derivedData/Build/Intermediates.noindex/SwiftDI.build/Debug-watchos/SwiftDI.build/Objects-normal/arm64_32/DIContainerConvertible.swiftdeps -serialize-diagnostics-path /Users/builder/builds/o86TiJKT/0/finestructure/swiftpackageindex-builder/spi-builder-workspace/.derivedData/Build/Intermediates.noindex/SwiftDI.build/Debug-watchos/SwiftDI.build/Objects-normal/arm64_32/DIContainerConvertible.dia -target arm64_32-apple-watchos4.0 -enable-objc-interop -sdk /Applications/Xcode-14.3.0.app/Contents/Developer/Platforms/WatchOS.platform/Developer/SDKs/WatchOS9.4.sdk -I /Users/builder/builds/o86TiJKT/0/finestructure/swiftpackageindex-builder/spi-builder-workspace/.derivedData/Build/Products/Debug-watchos -I /Applications/Xcode-14.3.0.app/Contents/Developer/Platforms/WatchOS.platform/Developer/usr/lib -F /Users/builder/builds/o86TiJKT/0/finestructure/swiftpackageindex-builder/spi-builder-workspace/.derivedData/Build/Products/Debug-watchos -F /Applications/Xcode-14.3.0.app/Contents/Developer/Platforms/WatchOS.platform/Developer/Library/Frameworks -F /Applications/Xcode-14.3.0.app/Contents/Developer/Platforms/WatchOS.platform/Developer/SDKs/WatchOS9.4.sdk/Developer/Library/Frameworks -no-color-diagnostics -enable-testing -g -module-cache-path /Users/builder/builds/o86TiJKT/0/finestructure/swiftpackageindex-builder/spi-builder-workspace/.derivedData/ModuleCache.noindex -swift-version 5 -enforce-exclusivity\=checked -Onone -D SWIFT_PACKAGE -D DEBUG -D Xcode -serialize-debugging-options -empty-abi-descriptor -Xcc -working-directory -Xcc /Users/builder/builds/o86TiJKT/0/finestructure/swiftpackageindex-builder/spi-builder-workspace -resource-dir /Applications/Xcode-14.3.0.app/Contents/Developer/Toolchains/XcodeDefault.xctoolchain/usr/lib/swift -enable-anonymous-context-mangled-names -Xcc -ivfsstatcache -Xcc /Users/builder/builds/o86TiJKT/0/finestructure/swiftpackageindex-builder/spi-builder-workspace/.derivedData/SDKStatCaches.noindex/watchos9.4-20T248-.sdkstatcache -Xcc -I/Users/builder/builds/o86TiJKT/0/finestructure/swiftpackageindex-builder/spi-builder-workspace/.derivedData/Build/Intermediates.noindex/SwiftDI.build/Debug-watchos/SwiftDI.build/swift-overrides.hmap -Xcc -I/Users/builder/builds/o86TiJKT/0/finestructure/swiftpackageindex-builder/spi-builder-workspace/.derivedData/Build/Products/Debug-watchos/include -Xcc -I/Users/builder/builds/o86TiJKT/0/finestructure/swiftpackageindex-builder/spi-builder-workspace/.derivedData/Build/Intermediates.noindex/SwiftDI.build/Debug-watchos/SwiftDI.build/DerivedSources-normal/arm64_32 -Xcc -I/Users/builder/builds/o86TiJKT/0/finestructure/swiftpackageindex-builder/spi-builder-workspace/.derivedData/Build/Intermediates.noindex/SwiftDI.build/Debug-watchos/SwiftDI.build/DerivedSources/arm64_32 -Xcc -I/Users/builder/builds/o86TiJKT/0/finestructure/swiftpackageindex-builder/spi-builder-workspace/.derivedData/Build/Intermediates.noindex/SwiftDI.build/Debug-watchos/SwiftDI.build/DerivedSources -Xcc -DSWIFT_PACKAGE -Xcc -DDEBUG\=1 -module-name SwiftDI -frontend-parseable-output -disable-clang-spi -target-sdk-version 9.4 -target-sdk-name watchos9.4 -o /Users/builder/builds/o86TiJKT/0/finestructure/swiftpackageindex-builder/spi-builder-workspace/.derivedData/Build/Intermediates.noindex/SwiftDI.build/Debug-watchos/SwiftDI.build/Objects-normal/arm64_32/DIContainer.o -o /Users/builder/builds/o86TiJKT/0/finestructure/swiftpackageindex-builder/spi-builder-workspace/.derivedData/Build/Intermediates.noindex/SwiftDI.build/Debug-watchos/SwiftDI.build/Objects-normal/arm64_32/DIContainerConvertible.o -index-unit-output-path /SwiftDI.build/Debug-watchos/SwiftDI.build/Objects-normal/arm64_32/DIContainer.o -index-unit-output-path /SwiftDI.build/Debug-watchos/SwiftDI.build/Objects-normal/arm64_32/DIContainerConvertible.o -index-store-path /Users/builder/builds/o86TiJKT/0/finestructure/swiftpackageindex-builder/spi-builder-workspace/.derivedData/Index.noindex/DataStore -index-system-modules
SwiftCompile normal arm64_32 /Users/builder/builds/o86TiJKT/0/finestructure/swiftpackageindex-builder/spi-builder-workspace/Sources/SwiftDI/DIContainerConvertible.swift (in target 'SwiftDI' from project 'SwiftDI')
cd /Users/builder/builds/o86TiJKT/0/finestructure/swiftpackageindex-builder/spi-builder-workspace
/Applications/Xcode-14.3.0.app/Contents/Developer/Toolchains/XcodeDefault.xctoolchain/usr/bin/swift-frontend -c /Users/builder/builds/o86TiJKT/0/finestructure/swiftpackageindex-builder/spi-builder-workspace/Sources/SwiftDI/DIComponentContext.swift /Users/builder/builds/o86TiJKT/0/finestructure/swiftpackageindex-builder/spi-builder-workspace/Sources/SwiftDI/DIComponentManager.swift -primary-file /Users/builder/builds/o86TiJKT/0/finestructure/swiftpackageindex-builder/spi-builder-workspace/Sources/SwiftDI/DIContainer.swift -primary-file /Users/builder/builds/o86TiJKT/0/finestructure/swiftpackageindex-builder/spi-builder-workspace/Sources/SwiftDI/DIContainerConvertible.swift /Users/builder/builds/o86TiJKT/0/finestructure/swiftpackageindex-builder/spi-builder-workspace/Sources/SwiftDI/DIObject.swift /Users/builder/builds/o86TiJKT/0/finestructure/swiftpackageindex-builder/spi-builder-workspace/Sources/SwiftDI/DIPart.swift /Users/builder/builds/o86TiJKT/0/finestructure/swiftpackageindex-builder/spi-builder-workspace/Sources/SwiftDI/Extensions.swift /Users/builder/builds/o86TiJKT/0/finestructure/swiftpackageindex-builder/spi-builder-workspace/Sources/SwiftDI/Injectable.swift /Users/builder/builds/o86TiJKT/0/finestructure/swiftpackageindex-builder/spi-builder-workspace/Sources/SwiftDI/InjectableObjectBinding.swift /Users/builder/builds/o86TiJKT/0/finestructure/swiftpackageindex-builder/spi-builder-workspace/Sources/SwiftDI/InjectableProperty.swift /Users/builder/builds/o86TiJKT/0/finestructure/swiftpackageindex-builder/spi-builder-workspace/Sources/SwiftDI/Resolver.swift /Users/builder/builds/o86TiJKT/0/finestructure/swiftpackageindex-builder/spi-builder-workspace/Sources/SwiftDI/SwiftDI.swift /Users/builder/builds/o86TiJKT/0/finestructure/swiftpackageindex-builder/spi-builder-workspace/Sources/SwiftDI/Utils.swift -emit-dependencies-path /Users/builder/builds/o86TiJKT/0/finestructure/swiftpackageindex-builder/spi-builder-workspace/.derivedData/Build/Intermediates.noindex/SwiftDI.build/Debug-watchos/SwiftDI.build/Objects-normal/arm64_32/DIContainer.d -emit-reference-dependencies-path /Users/builder/builds/o86TiJKT/0/finestructure/swiftpackageindex-builder/spi-builder-workspace/.derivedData/Build/Intermediates.noindex/SwiftDI.build/Debug-watchos/SwiftDI.build/Objects-normal/arm64_32/DIContainer.swiftdeps -serialize-diagnostics-path /Users/builder/builds/o86TiJKT/0/finestructure/swiftpackageindex-builder/spi-builder-workspace/.derivedData/Build/Intermediates.noindex/SwiftDI.build/Debug-watchos/SwiftDI.build/Objects-normal/arm64_32/DIContainer.dia -emit-dependencies-path /Users/builder/builds/o86TiJKT/0/finestructure/swiftpackageindex-builder/spi-builder-workspace/.derivedData/Build/Intermediates.noindex/SwiftDI.build/Debug-watchos/SwiftDI.build/Objects-normal/arm64_32/DIContainerConvertible.d -emit-reference-dependencies-path /Users/builder/builds/o86TiJKT/0/finestructure/swiftpackageindex-builder/spi-builder-workspace/.derivedData/Build/Intermediates.noindex/SwiftDI.build/Debug-watchos/SwiftDI.build/Objects-normal/arm64_32/DIContainerConvertible.swiftdeps -serialize-diagnostics-path /Users/builder/builds/o86TiJKT/0/finestructure/swiftpackageindex-builder/spi-builder-workspace/.derivedData/Build/Intermediates.noindex/SwiftDI.build/Debug-watchos/SwiftDI.build/Objects-normal/arm64_32/DIContainerConvertible.dia -target arm64_32-apple-watchos4.0 -enable-objc-interop -sdk /Applications/Xcode-14.3.0.app/Contents/Developer/Platforms/WatchOS.platform/Developer/SDKs/WatchOS9.4.sdk -I /Users/builder/builds/o86TiJKT/0/finestructure/swiftpackageindex-builder/spi-builder-workspace/.derivedData/Build/Products/Debug-watchos -I /Applications/Xcode-14.3.0.app/Contents/Developer/Platforms/WatchOS.platform/Developer/usr/lib -F /Users/builder/builds/o86TiJKT/0/finestructure/swiftpackageindex-builder/spi-builder-workspace/.derivedData/Build/Products/Debug-watchos -F /Applications/Xcode-14.3.0.app/Contents/Developer/Platforms/WatchOS.platform/Developer/Library/Frameworks -F /Applications/Xcode-14.3.0.app/Contents/Developer/Platforms/WatchOS.platform/Developer/SDKs/WatchOS9.4.sdk/Developer/Library/Frameworks -no-color-diagnostics -enable-testing -g -module-cache-path /Users/builder/builds/o86TiJKT/0/finestructure/swiftpackageindex-builder/spi-builder-workspace/.derivedData/ModuleCache.noindex -swift-version 5 -enforce-exclusivity\=checked -Onone -D SWIFT_PACKAGE -D DEBUG -D Xcode -serialize-debugging-options -empty-abi-descriptor -Xcc -working-directory -Xcc /Users/builder/builds/o86TiJKT/0/finestructure/swiftpackageindex-builder/spi-builder-workspace -resource-dir /Applications/Xcode-14.3.0.app/Contents/Developer/Toolchains/XcodeDefault.xctoolchain/usr/lib/swift -enable-anonymous-context-mangled-names -Xcc -ivfsstatcache -Xcc /Users/builder/builds/o86TiJKT/0/finestructure/swiftpackageindex-builder/spi-builder-workspace/.derivedData/SDKStatCaches.noindex/watchos9.4-20T248-.sdkstatcache -Xcc -I/Users/builder/builds/o86TiJKT/0/finestructure/swiftpackageindex-builder/spi-builder-workspace/.derivedData/Build/Intermediates.noindex/SwiftDI.build/Debug-watchos/SwiftDI.build/swift-overrides.hmap -Xcc -I/Users/builder/builds/o86TiJKT/0/finestructure/swiftpackageindex-builder/spi-builder-workspace/.derivedData/Build/Products/Debug-watchos/include -Xcc -I/Users/builder/builds/o86TiJKT/0/finestructure/swiftpackageindex-builder/spi-builder-workspace/.derivedData/Build/Intermediates.noindex/SwiftDI.build/Debug-watchos/SwiftDI.build/DerivedSources-normal/arm64_32 -Xcc -I/Users/builder/builds/o86TiJKT/0/finestructure/swiftpackageindex-builder/spi-builder-workspace/.derivedData/Build/Intermediates.noindex/SwiftDI.build/Debug-watchos/SwiftDI.build/DerivedSources/arm64_32 -Xcc -I/Users/builder/builds/o86TiJKT/0/finestructure/swiftpackageindex-builder/spi-builder-workspace/.derivedData/Build/Intermediates.noindex/SwiftDI.build/Debug-watchos/SwiftDI.build/DerivedSources -Xcc -DSWIFT_PACKAGE -Xcc -DDEBUG\=1 -module-name SwiftDI -frontend-parseable-output -disable-clang-spi -target-sdk-version 9.4 -target-sdk-name watchos9.4 -o /Users/builder/builds/o86TiJKT/0/finestructure/swiftpackageindex-builder/spi-builder-workspace/.derivedData/Build/Intermediates.noindex/SwiftDI.build/Debug-watchos/SwiftDI.build/Objects-normal/arm64_32/DIContainer.o -o /Users/builder/builds/o86TiJKT/0/finestructure/swiftpackageindex-builder/spi-builder-workspace/.derivedData/Build/Intermediates.noindex/SwiftDI.build/Debug-watchos/SwiftDI.build/Objects-normal/arm64_32/DIContainerConvertible.o -index-unit-output-path /SwiftDI.build/Debug-watchos/SwiftDI.build/Objects-normal/arm64_32/DIContainer.o -index-unit-output-path /SwiftDI.build/Debug-watchos/SwiftDI.build/Objects-normal/arm64_32/DIContainerConvertible.o -index-store-path /Users/builder/builds/o86TiJKT/0/finestructure/swiftpackageindex-builder/spi-builder-workspace/.derivedData/Index.noindex/DataStore -index-system-modules
SwiftCompile normal armv7k Compiling\ InjectableObjectBinding.swift,\ InjectableProperty.swift /Users/builder/builds/o86TiJKT/0/finestructure/swiftpackageindex-builder/spi-builder-workspace/Sources/SwiftDI/InjectableObjectBinding.swift /Users/builder/builds/o86TiJKT/0/finestructure/swiftpackageindex-builder/spi-builder-workspace/Sources/SwiftDI/InjectableProperty.swift (in target 'SwiftDI' from project 'SwiftDI')
cd /Users/builder/builds/o86TiJKT/0/finestructure/swiftpackageindex-builder/spi-builder-workspace
builtin-swiftTaskExecution -- /Applications/Xcode-14.3.0.app/Contents/Developer/Toolchains/XcodeDefault.xctoolchain/usr/bin/swift-frontend -frontend -c /Users/builder/builds/o86TiJKT/0/finestructure/swiftpackageindex-builder/spi-builder-workspace/Sources/SwiftDI/DIComponentContext.swift /Users/builder/builds/o86TiJKT/0/finestructure/swiftpackageindex-builder/spi-builder-workspace/Sources/SwiftDI/DIComponentManager.swift /Users/builder/builds/o86TiJKT/0/finestructure/swiftpackageindex-builder/spi-builder-workspace/Sources/SwiftDI/DIContainer.swift /Users/builder/builds/o86TiJKT/0/finestructure/swiftpackageindex-builder/spi-builder-workspace/Sources/SwiftDI/DIContainerConvertible.swift /Users/builder/builds/o86TiJKT/0/finestructure/swiftpackageindex-builder/spi-builder-workspace/Sources/SwiftDI/DIObject.swift /Users/builder/builds/o86TiJKT/0/finestructure/swiftpackageindex-builder/spi-builder-workspace/Sources/SwiftDI/DIPart.swift /Users/builder/builds/o86TiJKT/0/finestructure/swiftpackageindex-builder/spi-builder-workspace/Sources/SwiftDI/Extensions.swift /Users/builder/builds/o86TiJKT/0/finestructure/swiftpackageindex-builder/spi-builder-workspace/Sources/SwiftDI/Injectable.swift -primary-file /Users/builder/builds/o86TiJKT/0/finestructure/swiftpackageindex-builder/spi-builder-workspace/Sources/SwiftDI/InjectableObjectBinding.swift -primary-file /Users/builder/builds/o86TiJKT/0/finestructure/swiftpackageindex-builder/spi-builder-workspace/Sources/SwiftDI/InjectableProperty.swift /Users/builder/builds/o86TiJKT/0/finestructure/swiftpackageindex-builder/spi-builder-workspace/Sources/SwiftDI/Resolver.swift /Users/builder/builds/o86TiJKT/0/finestructure/swiftpackageindex-builder/spi-builder-workspace/Sources/SwiftDI/SwiftDI.swift /Users/builder/builds/o86TiJKT/0/finestructure/swiftpackageindex-builder/spi-builder-workspace/Sources/SwiftDI/Utils.swift -emit-dependencies-path /Users/builder/builds/o86TiJKT/0/finestructure/swiftpackageindex-builder/spi-builder-workspace/.derivedData/Build/Intermediates.noindex/SwiftDI.build/Debug-watchos/SwiftDI.build/Objects-normal/armv7k/InjectableObjectBinding.d -emit-reference-dependencies-path /Users/builder/builds/o86TiJKT/0/finestructure/swiftpackageindex-builder/spi-builder-workspace/.derivedData/Build/Intermediates.noindex/SwiftDI.build/Debug-watchos/SwiftDI.build/Objects-normal/armv7k/InjectableObjectBinding.swiftdeps -serialize-diagnostics-path /Users/builder/builds/o86TiJKT/0/finestructure/swiftpackageindex-builder/spi-builder-workspace/.derivedData/Build/Intermediates.noindex/SwiftDI.build/Debug-watchos/SwiftDI.build/Objects-normal/armv7k/InjectableObjectBinding.dia -emit-dependencies-path /Users/builder/builds/o86TiJKT/0/finestructure/swiftpackageindex-builder/spi-builder-workspace/.derivedData/Build/Intermediates.noindex/SwiftDI.build/Debug-watchos/SwiftDI.build/Objects-normal/armv7k/InjectableProperty.d -emit-reference-dependencies-path /Users/builder/builds/o86TiJKT/0/finestructure/swiftpackageindex-builder/spi-builder-workspace/.derivedData/Build/Intermediates.noindex/SwiftDI.build/Debug-watchos/SwiftDI.build/Objects-normal/armv7k/InjectableProperty.swiftdeps -serialize-diagnostics-path /Users/builder/builds/o86TiJKT/0/finestructure/swiftpackageindex-builder/spi-builder-workspace/.derivedData/Build/Intermediates.noindex/SwiftDI.build/Debug-watchos/SwiftDI.build/Objects-normal/armv7k/InjectableProperty.dia -target armv7k-apple-watchos4.0 -enable-objc-interop -sdk /Applications/Xcode-14.3.0.app/Contents/Developer/Platforms/WatchOS.platform/Developer/SDKs/WatchOS9.4.sdk -I /Users/builder/builds/o86TiJKT/0/finestructure/swiftpackageindex-builder/spi-builder-workspace/.derivedData/Build/Products/Debug-watchos -I /Applic
ations/Xcode-14.3.0.app/Contents/Developer/Platforms/WatchOS.platform/Developer/usr/lib -F /Users/builder/builds/o86TiJKT/0/finestructure/swiftpackageindex-builder/spi-builder-workspace/.derivedData/Build/Products/Debug-watchos -F /Applications/Xcode-14.3.0.app/Contents/Developer/Platforms/WatchOS.platform/Developer/Library/Frameworks -F /Applications/Xcode-14.3.0.app/Contents/Developer/Platforms/WatchOS.platform/Developer/SDKs/WatchOS9.4.sdk/Developer/Library/Frameworks -no-color-diagnostics -enable-testing -g -module-cache-path /Users/builder/builds/o86TiJKT/0/finestructure/swiftpackageindex-builder/spi-builder-workspace/.derivedData/ModuleCache.noindex -swift-version 5 -enforce-exclusivity\=checked -Onone -D SWIFT_PACKAGE -D DEBUG -D Xcode -serialize-debugging-options -empty-abi-descriptor -Xcc -working-directory -Xcc /Users/builder/builds/o86TiJKT/0/finestructure/swiftpackageindex-builder/spi-builder-workspace -resource-dir /Applications/Xcode-14.3.0.app/Contents/Developer/Toolchains/XcodeDefault.xctoolchain/usr/lib/swift -enable-anonymous-context-mangled-names -Xcc -ivfsstatcache -Xcc /Users/builder/builds/o86TiJKT/0/finestructure/swiftpackageindex-builder/spi-builder-workspace/.derivedData/SDKStatCaches.noindex/watchos9.4-20T248-.sdkstatcache -Xcc -I/Users/builder/builds/o86TiJKT/0/finestructure/swiftpackageindex-builder/spi-builder-workspace/.derivedData/Build/Intermediates.noindex/SwiftDI.build/Debug-watchos/SwiftDI.build/swift-overrides.hmap -Xcc -I/Users/builder/builds/o86TiJKT/0/finestructure/swiftpackageindex-builder/spi-builder-workspace/.derivedData/Build/Products/Debug-watchos/include -Xcc -I/Users/builder/builds/o86TiJKT/0/finestructure/swiftpackageindex-builder/spi-builder-workspace/.derivedData/Build/Intermediates.noindex/SwiftDI.build/Debug-watchos/SwiftDI.build/DerivedSources-normal/armv7k -Xcc -I/Users/builder/builds/o86TiJKT/0/finestructure/swiftpackageindex-builder/spi-builder-workspace/.derivedData/Build/Intermediates.noindex/SwiftDI.build/Debug-watchos/SwiftDI.build/DerivedSources/armv7k -Xcc -I/Users/builder/builds/o86TiJKT/0/finestructure/swiftpackageindex-builder/spi-builder-workspace/.derivedData/Build/Intermediates.noindex/SwiftDI.build/Debug-watchos/SwiftDI.build/DerivedSources -Xcc -DSWIFT_PACKAGE -Xcc -DDEBUG\=1 -module-name SwiftDI -frontend-parseable-output -disable-clang-spi -target-sdk-version 9.4 -target-sdk-name watchos9.4 -o /Users/builder/builds/o86TiJKT/0/finestructure/swiftpackageindex-builder/spi-builder-workspace/.derivedData/Build/Intermediates.noindex/SwiftDI.build/Debug-watchos/SwiftDI.build/Objects-normal/armv7k/InjectableObjectBinding.o -o /Users/builder/builds/o86TiJKT/0/finestructure/swiftpackageindex-builder/spi-builder-workspace/.derivedData/Build/Intermediates.noindex/SwiftDI.build/Debug-watchos/SwiftDI.build/Objects-normal/armv7k/InjectableProperty.o -index-unit-output-path /SwiftDI.build/Debug-watchos/SwiftDI.build/Objects-normal/armv7k/InjectableObjectBinding.o -index-unit-output-path /SwiftDI.build/Debug-watchos/SwiftDI.build/Objects-normal/armv7k/InjectableProperty.o -index-store-path /Users/builder/builds/o86TiJKT/0/finestructure/swiftpackageindex-builder/spi-builder-workspace/.derivedData/Index.noindex/DataStore -index-system-modules
SwiftCompile normal armv7k /Users/builder/builds/o86TiJKT/0/finestructure/swiftpackageindex-builder/spi-builder-workspace/Sources/SwiftDI/InjectableObjectBinding.swift (in target 'SwiftDI' from project 'SwiftDI')
cd /Users/builder/builds/o86TiJKT/0/finestructure/swiftpackageindex-builder/spi-builder-workspace
/Applications/Xcode-14.3.0.app/Contents/Developer/Toolchains/XcodeDefault.xctoolchain/usr/bin/swift-frontend -c /Users/builder/builds/o86TiJKT/0/finestructure/swiftpackageindex-builder/spi-builder-workspace/Sources/SwiftDI/DIComponentContext.swift /Users/builder/builds/o86TiJKT/0/finestructure/swiftpackageindex-builder/spi-builder-workspace/Sources/SwiftDI/DIComponentManager.swift /Users/builder/builds/o86TiJKT/0/finestructure/swiftpackageindex-builder/spi-builder-workspace/Sources/SwiftDI/DIContainer.swift /Users/builder/builds/o86TiJKT/0/finestructure/swiftpackageindex-builder/spi-builder-workspace/Sources/SwiftDI/DIContainerConvertible.swift /Users/builder/builds/o86TiJKT/0/finestructure/swiftpackageindex-builder/spi-builder-workspace/Sources/SwiftDI/DIObject.swift /Users/builder/builds/o86TiJKT/0/finestructure/swiftpackageindex-builder/spi-builder-workspace/Sources/SwiftDI/DIPart.swift /Users/builder/builds/o86TiJKT/0/finestructure/swiftpackageindex-builder/spi-builder-workspace/Sources/SwiftDI/Extensions.swift /Users/builder/builds/o86TiJKT/0/finestructure/swiftpackageindex-builder/spi-builder-workspace/Sources/SwiftDI/Injectable.swift -primary-file /Users/builder/builds/o86TiJKT/0/finestructure/swiftpackageindex-builder/spi-builder-workspace/Sources/SwiftDI/InjectableObjectBinding.swift -primary-file /Users/builder/builds/o86TiJKT/0/finestructure/swiftpackageindex-builder/spi-builder-workspace/Sources/SwiftDI/InjectableProperty.swift /Users/builder/builds/o86TiJKT/0/finestructure/swiftpackageindex-builder/spi-builder-workspace/Sources/SwiftDI/Resolver.swift /Users/builder/builds/o86TiJKT/0/finestructure/swiftpackageindex-builder/spi-builder-workspace/Sources/SwiftDI/SwiftDI.swift /Users/builder/builds/o86TiJKT/0/finestructure/swiftpackageindex-builder/spi-builder-workspace/Sources/SwiftDI/Utils.swift -emit-dependencies-path /Users/builder/builds/o86TiJKT/0/finestructure/swiftpackageindex-builder/spi-builder-workspace/.derivedData/Build/Intermediates.noindex/SwiftDI.build/Debug-watchos/SwiftDI.build/Objects-normal/armv7k/InjectableObjectBinding.d -emit-reference-dependencies-path /Users/builder/builds/o86TiJKT/0/finestructure/swiftpackageindex-builder/spi-builder-workspace/.derivedData/Build/Intermediates.noindex/SwiftDI.build/Debug-watchos/SwiftDI.build/Objects-normal/armv7k/InjectableObjectBinding.swiftdeps -serialize-diagnostics-path /Users/builder/builds/o86TiJKT/0/finestructure/swiftpackageindex-builder/spi-builder-workspace/.derivedData/Build/Intermediates.noindex/SwiftDI.build/Debug-watchos/SwiftDI.build/Objects-normal/armv7k/InjectableObjectBinding.dia -emit-dependencies-path /Users/builder/builds/o86TiJKT/0/finestructure/swiftpackageindex-builder/spi-builder-workspace/.derivedData/Build/Intermediates.noindex/SwiftDI.build/Debug-watchos/SwiftDI.build/Objects-normal/armv7k/InjectableProperty.d -emit-reference-dependencies-path /Users/builder/builds/o86TiJKT/0/finestructure/swiftpackageindex-builder/spi-builder-workspace/.derivedData/Build/Intermediates.noindex/SwiftDI.build/Debug-watchos/SwiftDI.build/Objects-normal/armv7k/InjectableProperty.swiftdeps -serialize-diagnostics-path /Users/builder/builds/o86TiJKT/0/finestructure/swiftpackageindex-builder/spi-builder-workspace/.derivedData/Build/Intermediates.noindex/SwiftDI.build/Debug-watchos/SwiftDI.build/Objects-normal/armv7k/InjectableProperty.dia -target armv7k-apple-watchos4.0 -enable-objc-interop -sdk /Applications/Xcode-14.3.0.app/Contents/Developer/Platforms/WatchOS.platform/Developer/SDKs/WatchOS9.4.sdk -I /Users/builder/builds/o86TiJKT/0/finestructure/swiftpackageindex-builder/spi-builder-workspace/.derivedData/Build/Products/Debug-watchos -I /Applications/Xcode-14.3.0.app/Contents/Developer/Platforms/WatchOS.platform/Developer/usr/lib -F /Users/builder/builds/o86TiJKT/0/finestructure/swiftpackageindex-builder/spi-builder-workspace/.derivedData/Build/Products/Debug-watchos -F /Applications/Xcode-14.3.0.app/Contents/Developer/Platforms/WatchOS.platform/Developer/Library/Frameworks -F /Applications/Xcode-14.3.0.app/Contents/Developer/Platforms/WatchOS.platform/Developer/SDKs/WatchOS9.4.sdk/Developer/Library/Frameworks -no-color-diagnostics -enable-testing -g -module-cache-path /Users/builder/builds/o86TiJKT/0/finestructure/swiftpackageindex-builder/spi-builder-workspace/.derivedData/ModuleCache.noindex -swift-version 5 -enforce-exclusivity\=checked -Onone -D SWIFT_PACKAGE -D DEBUG -D Xcode -serialize-debugging-options -empty-abi-descriptor -Xcc -working-directory -Xcc /Users/builder/builds/o86TiJKT/0/finestructure/swiftpackageindex-builder/spi-builder-workspace -resource-dir /Applications/Xcode-14.3.0.app/Contents/Developer/Toolchains/XcodeDefault.xctoolchain/usr/lib/swift -enable-anonymous-context-mangled-names -Xcc -ivfsstatcache -Xcc /Users/builder/builds/o86TiJKT/0/finestructure/swiftpackageindex-builder/spi-builder-workspace/.derivedData/SDKStatCaches.noindex/watchos9.4-20T248-.sdkstatcache -Xcc -I/Users/builder/builds/o86TiJKT/0/finestructure/swiftpackageindex-builder/spi-builder-workspace/.derivedData/Build/Intermediates.noindex/SwiftDI.build/Debug-watchos/SwiftDI.build/swift-overrides.hmap -Xcc -I/Users/builder/builds/o86TiJKT/0/finestructure/swiftpackageindex-builder/spi-builder-workspace/.derivedData/Build/Products/Debug-watchos/include -Xcc -I/Users/builder/builds/o86TiJKT/0/finestructure/swiftpackageindex-builder/spi-builder-workspace/.derivedData/Build/Intermediates.noindex/SwiftDI.build/Debug-watchos/SwiftDI.build/DerivedSources-normal/armv7k -Xcc -I/Users/builder/builds/o86TiJKT/0/finestructure/swiftpackageindex-builder/spi-builder-workspace/.derivedData/Build/Intermediates.noindex/SwiftDI.build/Debug-watchos/SwiftDI.build/DerivedSources/armv7k -Xcc -I/Users/builder/builds/o86TiJKT/0/finestructure/swiftpackageindex-builder/spi-builder-workspace/.derivedData/Build/Intermediates.noindex/SwiftDI.build/Debug-watchos/SwiftDI.build/DerivedSources -Xcc -DSWIFT_PACKAGE -Xcc -DDEBUG\=1 -module-name SwiftDI -frontend-parseable-output -disable-clang-spi -target-sdk-version 9.4 -target-sdk-name watchos9.4 -o /Users/builder/builds/o86TiJKT/0/finestructure/swiftpackageindex-builder/spi-builder-workspace/.derivedData/Build/Intermediates.noindex/SwiftDI.build/Debug-watchos/SwiftDI.build/Objects-normal/armv7k/InjectableObjectBinding.o -o /Users/builder/builds/o86TiJKT/0/finestructure/swiftpackageindex-builder/spi-builder-workspace/.derivedData/Build/Intermediates.noindex/SwiftDI.build/Debug-watchos/SwiftDI.build/Objects-normal/armv7k/InjectableProperty.o -index-unit-output-path /SwiftDI.build/Debug-watchos/SwiftDI.build/Objects-normal/armv7k/InjectableObjectBinding.o -index-unit-output-path /SwiftDI.build/Debug-watchos/SwiftDI.build/Objects-normal/armv7k/InjectableProperty.o -index-store-path /Users/builder/builds/o86TiJKT/0/finestructure/swiftpackageindex-builder/spi-builder-workspace/.derivedData/Index.noindex/DataStore -index-system-modules
SwiftCompile normal armv7k /Users/builder/builds/o86TiJKT/0/finestructure/swiftpackageindex-builder/spi-builder-workspace/Sources/SwiftDI/InjectableProperty.swift (in target 'SwiftDI' from project 'SwiftDI')
cd /Users/builder/builds/o86TiJKT/0/finestructure/swiftpackageindex-builder/spi-builder-workspace
/Applications/Xcode-14.3.0.app/Contents/Developer/Toolchains/XcodeDefault.xctoolchain/usr/bin/swift-frontend -c /Users/builder/builds/o86TiJKT/0/finestructure/swiftpackageindex-builder/spi-builder-workspace/Sources/SwiftDI/DIComponentContext.swift /Users/builder/builds/o86TiJKT/0/finestructure/swiftpackageindex-builder/spi-builder-workspace/Sources/SwiftDI/DIComponentManager.swift /Users/builder/builds/o86TiJKT/0/finestructure/swiftpackageindex-builder/spi-builder-workspace/Sources/SwiftDI/DIContainer.swift /Users/builder/builds/o86TiJKT/0/finestructure/swiftpackageindex-builder/spi-builder-workspace/Sources/SwiftDI/DIContainerConvertible.swift /Users/builder/builds/o86TiJKT/0/finestructure/swiftpackageindex-builder/spi-builder-workspace/Sources/SwiftDI/DIObject.swift /Users/builder/builds/o86TiJKT/0/finestructure/swiftpackageindex-builder/spi-builder-workspace/Sources/SwiftDI/DIPart.swift /Users/builder/builds/o86TiJKT/0/finestructure/swiftpackageindex-builder/spi-builder-workspace/Sources/SwiftDI/Extensions.swift /Users/builder/builds/o86TiJKT/0/finestructure/swiftpackageindex-builder/spi-builder-workspace/Sources/SwiftDI/Injectable.swift -primary-file /Users/builder/builds/o86TiJKT/0/finestructure/swiftpackageindex-builder/spi-builder-workspace/Sources/SwiftDI/InjectableObjectBinding.swift -primary-file /Users/builder/builds/o86TiJKT/0/finestructure/swiftpackageindex-builder/spi-builder-workspace/Sources/SwiftDI/InjectableProperty.swift /Users/builder/builds/o86TiJKT/0/finestructure/swiftpackageindex-builder/spi-builder-workspace/Sources/SwiftDI/Resolver.swift /Users/builder/builds/o86TiJKT/0/finestructure/swiftpackageindex-builder/spi-builder-workspace/Sources/SwiftDI/SwiftDI.swift /Users/builder/builds/o86TiJKT/0/finestructure/swiftpackageindex-builder/spi-builder-workspace/Sources/SwiftDI/Utils.swift -emit-dependencies-path /Users/builder/builds/o86TiJKT/0/finestructure/swiftpackageindex-builder/spi-builder-workspace/.derivedData/Build/Intermediates.noindex/SwiftDI.build/Debug-watchos/SwiftDI.build/Objects-normal/armv7k/InjectableObjectBinding.d -emit-reference-dependencies-path /Users/builder/builds/o86TiJKT/0/finestructure/swiftpackageindex-builder/spi-builder-workspace/.derivedData/Build/Intermediates.noindex/SwiftDI.build/Debug-watchos/SwiftDI.build/Objects-normal/armv7k/InjectableObjectBinding.swiftdeps -serialize-diagnostics-path /Users/builder/builds/o86TiJKT/0/finestructure/swiftpackageindex-builder/spi-builder-workspace/.derivedData/Build/Intermediates.noindex/SwiftDI.build/Debug-watchos/SwiftDI.build/Objects-normal/armv7k/InjectableObjectBinding.dia -emit-dependencies-path /Users/builder/builds/o86TiJKT/0/finestructure/swiftpackageindex-builder/spi-builder-workspace/.derivedData/Build/Intermediates.noindex/SwiftDI.build/Debug-watchos/SwiftDI.build/Objects-normal/armv7k/InjectableProperty.d -emit-reference-dependencies-path /Users/builder/builds/o86TiJKT/0/finestructure/swiftpackageindex-builder/spi-builder-workspace/.derivedData/Build/Intermediates.noindex/SwiftDI.build/Debug-watchos/SwiftDI.build/Objects-normal/armv7k/InjectableProperty.swiftdeps -serialize-diagnostics-path /Users/builder/builds/o86TiJKT/0/finestructure/swiftpackageindex-builder/spi-builder-workspace/.derivedData/Build/Intermediates.noindex/SwiftDI.build/Debug-watchos/SwiftDI.build/Objects-normal/armv7k/InjectableProperty.dia -target armv7k-apple-watchos4.0 -enable-objc-interop -sdk /Applications/Xcode-14.3.0.app/Contents/Developer/Platforms/WatchOS.platform/Developer/SDKs/WatchOS9.4.sdk -I /Users/builder/builds/o86TiJKT/0/finestructure/swiftpackageindex-builder/spi-builder-workspace/.derivedData/Build/Products/Debug-watchos -I /Applications/Xcode-14.3.0.app/Contents/Developer/Platforms/WatchOS.platform/Developer/usr/lib -F /Users/builder/builds/o86TiJKT/0/finestructure/swiftpackageindex-builder/spi-builder-workspace/.derivedData/Build/Products/Debug-watchos -F /Applications/Xcode-14.3.0.app/Contents/Developer/Platforms/WatchOS.platform/Developer/Library/Frameworks -F /Applications/Xcode-14.3.0.app/Contents/Developer/Platforms/WatchOS.platform/Developer/SDKs/WatchOS9.4.sdk/Developer/Library/Frameworks -no-color-diagnostics -enable-testing -g -module-cache-path /Users/builder/builds/o86TiJKT/0/finestructure/swiftpackageindex-builder/spi-builder-workspace/.derivedData/ModuleCache.noindex -swift-version 5 -enforce-exclusivity\=checked -Onone -D SWIFT_PACKAGE -D DEBUG -D Xcode -serialize-debugging-options -empty-abi-descriptor -Xcc -working-directory -Xcc /Users/builder/builds/o86TiJKT/0/finestructure/swiftpackageindex-builder/spi-builder-workspace -resource-dir /Applications/Xcode-14.3.0.app/Contents/Developer/Toolchains/XcodeDefault.xctoolchain/usr/lib/swift -enable-anonymous-context-mangled-names -Xcc -ivfsstatcache -Xcc /Users/builder/builds/o86TiJKT/0/finestructure/swiftpackageindex-builder/spi-builder-workspace/.derivedData/SDKStatCaches.noindex/watchos9.4-20T248-.sdkstatcache -Xcc -I/Users/builder/builds/o86TiJKT/0/finestructure/swiftpackageindex-builder/spi-builder-workspace/.derivedData/Build/Intermediates.noindex/SwiftDI.build/Debug-watchos/SwiftDI.build/swift-overrides.hmap -Xcc -I/Users/builder/builds/o86TiJKT/0/finestructure/swiftpackageindex-builder/spi-builder-workspace/.derivedData/Build/Products/Debug-watchos/include -Xcc -I/Users/builder/builds/o86TiJKT/0/finestructure/swiftpackageindex-builder/spi-builder-workspace/.derivedData/Build/Intermediates.noindex/SwiftDI.build/Debug-watchos/SwiftDI.build/DerivedSources-normal/armv7k -Xcc -I/Users/builder/builds
/o86TiJKT/0/finestructure/swiftpackageindex-builder/spi-builder-workspace/.derivedData/Build/Intermediates.noindex/SwiftDI.build/Debug-watchos/SwiftDI.build/DerivedSources/armv7k -Xcc -I/Users/builder/builds/o86TiJKT/0/finestructure/swiftpackageindex-builder/spi-builder-workspace/.derivedData/Build/Intermediates.noindex/SwiftDI.build/Debug-watchos/SwiftDI.build/DerivedSources -Xcc -DSWIFT_PACKAGE -Xcc -DDEBUG\=1 -module-name SwiftDI -frontend-parseable-output -disable-clang-spi -target-sdk-version 9.4 -target-sdk-name watchos9.4 -o /Users/builder/builds/o86TiJKT/0/finestructure/swiftpackageindex-builder/spi-builder-workspace/.derivedData/Build/Intermediates.noindex/SwiftDI.build/Debug-watchos/SwiftDI.build/Objects-normal/armv7k/InjectableObjectBinding.o -o /Users/builder/builds/o86TiJKT/0/finestructure/swiftpackageindex-builder/spi-builder-workspace/.derivedData/Build/Intermediates.noindex/SwiftDI.build/Debug-watchos/SwiftDI.build/Objects-normal/armv7k/InjectableProperty.o -index-unit-output-path /SwiftDI.build/Debug-watchos/SwiftDI.build/Objects-normal/armv7k/InjectableObjectBinding.o -index-unit-output-path /SwiftDI.build/Debug-watchos/SwiftDI.build/Objects-normal/armv7k/InjectableProperty.o -index-store-path /Users/builder/builds/o86TiJKT/0/finestructure/swiftpackageindex-builder/spi-builder-workspace/.derivedData/Index.noindex/DataStore -index-system-modules
SwiftCompile normal armv7k Compiling\ DIObject.swift,\ DIPart.swift /Users/builder/builds/o86TiJKT/0/finestructure/swiftpackageindex-builder/spi-builder-workspace/Sources/SwiftDI/DIObject.swift /Users/builder/builds/o86TiJKT/0/finestructure/swiftpackageindex-builder/spi-builder-workspace/Sources/SwiftDI/DIPart.swift (in target 'SwiftDI' from project 'SwiftDI')
cd /Users/builder/builds/o86TiJKT/0/finestructure/swiftpackageindex-builder/spi-builder-workspace
builtin-swiftTaskExecution -- /Applications/Xcode-14.3.0.app/Contents/Developer/Toolchains/XcodeDefault.xctoolchain/usr/bin/swift-frontend -frontend -c /Users/builder/builds/o86TiJKT/0/finestructure/swiftpackageindex-builder/spi-builder-workspace/Sources/SwiftDI/DIComponentContext.swift /Users/builder/builds/o86TiJKT/0/finestructure/swiftpackageindex-builder/spi-builder-workspace/Sources/SwiftDI/DIComponentManager.swift /Users/builder/builds/o86TiJKT/0/finestructure/swiftpackageindex-builder/spi-builder-workspace/Sources/SwiftDI/DIContainer.swift /Users/builder/builds/o86TiJKT/0/finestructure/swiftpackageindex-builder/spi-builder-workspace/Sources/SwiftDI/DIContainerConvertible.swift -primary-file /Users/builder/builds/o86TiJKT/0/finestructure/swiftpackageindex-builder/spi-builder-workspace/Sources/SwiftDI/DIObject.swift -primary-file /Users/builder/builds/o86TiJKT/0/finestructure/swiftpackageindex-builder/spi-builder-workspace/Sources/SwiftDI/DIPart.swift /Users/builder/builds/o86TiJKT/0/finestructure/swiftpackageindex-builder/spi-builder-workspace/Sources/SwiftDI/Extensions.swift /Users/builder/builds/o86TiJKT/0/finestructure/swiftpackageindex-builder/spi-builder-workspace/Sources/SwiftDI/Injectable.swift /Users/builder/builds/o86TiJKT/0/finestructure/swiftpackageindex-builder/spi-builder-workspace/Sources/SwiftDI/InjectableObjectBinding.swift /Users/builder/builds/o86TiJKT/0/finestructure/swiftpackageindex-builder/spi-builder-workspace/Sources/SwiftDI/InjectableProperty.swift /Users/builder/builds/o86TiJKT/0/finestructure/swiftpackageindex-builder/spi-builder-workspace/Sources/SwiftDI/Resolver.swift /Users/builder/builds/o86TiJKT/0/finestructure/swiftpackageindex-builder/spi-builder-workspace/Sources/SwiftDI/SwiftDI.swift /Users/builder/builds/o86TiJKT/0/finestructure/swiftpackageindex-builder/spi-builder-workspace/Sources/SwiftDI/Utils.swift -emit-dependencies-path /Users/builder/builds/o86TiJKT/0/finestructure/swiftpackageindex-builder/spi-builder-workspace/.derivedData/Build/Intermediates.noindex/SwiftDI.build/Debug-watchos/SwiftDI.build/Objects-normal/armv7k/DIObject.d -emit-reference-dependencies-path /Users/builder/builds/o86TiJKT/0/finestructure/swiftpackageindex-builder/spi-builder-workspace/.derivedData/Build/Intermediates.noindex/SwiftDI.build/Debug-watchos/SwiftDI.build/Objects-normal/armv7k/DIObject.swiftdeps -serialize-diagnostics-path /Users/builder/builds/o86TiJKT/0/finestructure/swiftpackageindex-builder/spi-builder-workspace/.derivedData/Build/Intermediates.noindex/SwiftDI.build/Debug-watchos/SwiftDI.build/Objects-normal/armv7k/DIObject.dia -emit-dependencies-path /Users/builder/builds/o86TiJKT/0/finestructure/swiftpackageindex-builder/spi-builder-workspace/.derivedData/Build/Intermediates.noindex/SwiftDI.build/Debug-watchos/SwiftDI.build/Objects-normal/armv7k/DIPart.d -emit-reference-dependencies-path /Users/builder/builds/o86TiJKT/0/finestructure/swiftpackageindex-builder/spi-builder-workspace/.derivedData/Build/Intermediates.noindex/SwiftDI.build/Debug-watchos/SwiftDI.build/Objects-normal/armv7k/DIPart.swiftdeps -serialize-diagnostics-path /Users/builder/builds/o86TiJKT/0/finestructure/swiftpackageindex-builder/spi-builder-workspace/.derivedData/Build/Intermediates.noindex/SwiftDI.build/Debug-watchos/SwiftDI.build/Objects-normal/armv7k/DIPart.dia -target armv7k-apple-watchos4.0 -enable-objc-interop -sdk /Applications/Xcode-14.3.0.app/Contents/Developer/Platforms/WatchOS.platform/Developer/SDKs/WatchOS9.4.sdk -I /Users/builder/builds/o86TiJKT/0/finestructure/swiftpackageindex-builder/spi-builder-workspace/.derivedData/Build/Products/Debug-watchos -I /Applications/Xcode-14.3.0.app/Contents/Developer/Platforms/WatchOS.platform/Developer/usr/lib -F /Users/builder/builds/o86TiJKT/0/finestructure/swiftpackageindex-builder/spi-builder-workspace/.derivedData/Build/Products/Debug-watchos -F /Applications/Xcode-14.3.0.app/Contents/Developer/Platforms/WatchOS.platform/Developer/Library/Frameworks -F /Applications/Xcode-14.3.0.app/Contents/Developer/Platforms/WatchOS.platform/Developer/SDKs/WatchOS9.4.sdk/Developer/Library/Frameworks -no-color-diagnostics -enable-testing -g -module-cache-path /Users/builder/builds/o86TiJKT/0/finestructure/swiftpackageindex-builder/spi-builder-workspace/.derivedData/ModuleCache.noindex -swift-version 5 -enforce-exclusivity\=checked -Onone -D SWIFT_PACKAGE -D DEBUG -D Xcode -serialize-debugging-options -empty-abi-descriptor -Xcc -working-directory -Xcc /Users/builder/builds/o86TiJKT/0/finestructure/swiftpackageindex-builder/spi-builder-workspace -resource-dir /Applications/Xcode-14.3.0.app/Contents/Developer/Toolchains/XcodeDefault.xctoolchain/usr/lib/swift -enable-anonymous-context-mangled-names -Xcc -ivfsstatcache -Xcc /Users/builder/builds/o86TiJKT/0/finestructure/swiftpackageindex-builder/spi-builder-workspace/.derivedData/SDKStatCaches.noindex/watchos9.4-20T248-.sdkstatcache -Xcc -I/Users/builder/builds/o86TiJKT/0/finestructure/swiftpackageindex-builder/spi-builder-workspace/.derivedData/Build/Intermediates.noindex/SwiftDI.build/Debug-watchos/SwiftDI.build/swift-overrides.hmap -Xcc -I/Users/builder/builds/o86TiJKT/0/finestructure/swiftpackageindex-builder/spi-builder-workspace/.derivedData/Build/Products/Debug-watchos/include -Xcc -I/Users/builder/builds/o86TiJKT/0/finestructure/swiftpackageindex-builder/spi-builder-workspace/.derivedData/Build/Intermediates.noindex/SwiftDI.build/Debug-watchos/SwiftDI.build/DerivedSources-normal/armv7k -Xcc -I/Users/builder/builds/o86TiJKT/0/finestructure/swiftpackageindex-builder/spi-builder-workspace/.derivedData/Build/Intermediates.noindex/SwiftDI.build/Debug-watchos/SwiftDI.build/DerivedSources/armv7k -Xcc -I/Users/builder/builds/o86TiJKT/0/finestructure/swiftpackageindex-builder/spi-builder-workspace/.derivedData/Build/Intermediates.noindex/SwiftDI.build/Debug-watchos/SwiftDI.build/DerivedSources -Xcc -DSWIFT_PACKAGE -Xcc -DDEBUG\=1 -module-name SwiftDI -frontend-parseable-output -disable-clang-spi -target-sdk-version 9.4 -target-sdk-name watchos9.4 -o /Users/builder/builds/o86TiJKT/0/finestructure/swiftpackageindex-builder/spi-builder-workspace/.derivedData/Build/Intermediates.noindex/SwiftDI.build/Debug-watchos/SwiftDI.build/Objects-normal/armv7k/DIObject.o -o /Users/builder/builds/o86TiJKT/0/finestructure/swiftpackageindex-builder/spi-builder-workspace/.derivedData/Build/Intermediates.noindex/SwiftDI.build/Debug-watchos/SwiftDI.build/Objects-normal/armv7k/DIPart.o -index-unit-output-path /SwiftDI.build/Debug-watchos/SwiftDI.build/Objects-normal/armv7k/DIObject.o -index-unit-output-path /SwiftDI.build/Debug-watchos/SwiftDI.build/Objects-normal/armv7k/DIPart.o -index-store-path /Users/builder/builds/o86TiJKT/0/finestructure/swiftpackageindex-builder/spi-builder-workspace/.derivedData/Index.noindex/DataStore -index-system-modules
SwiftCompile normal armv7k /Users/builder/builds/o86TiJKT/0/finestructure/swiftpackageindex-builder/spi-builder-workspace/Sources/SwiftDI/DIObject.swift (in target 'SwiftDI' from project 'SwiftDI')
cd /Users/builder/builds/o86TiJKT/0/finestructure/swiftpackageindex-builder/spi-builder-workspace
/Applications/Xcode-14.3.0.app/Contents/Developer/Toolchains/XcodeDefault.xctoolchain/usr/bin/swift-frontend -c /Users/builder/builds/o86TiJKT/0/finestructure/swiftpackageindex-builder/spi-builder-workspace/Sources/SwiftDI/DIComponentContext.swift /Users/builder/builds/o86TiJKT/0/finestructure/swiftpackageindex-builder/spi-builder-workspace/Sources/SwiftDI/DIComponentManager.swift /Users/builder/builds/o86TiJKT/0/finestructure/swiftpackageindex-builder/spi-builder-workspace/Sources/SwiftDI/DIContainer.swift /Users/builder/builds/o86TiJKT/0/finestructure/swiftpackageindex-builder/spi-builder-workspace/Sources/SwiftDI/DIContainerConvertible.swift -primary-file /Users/builder/builds/o86TiJKT/0/finestructure/swiftpackageindex-builder/spi-builder-workspace/Sources/SwiftDI/DIObject.swift -primary-file /Users/builder/builds/o86TiJKT/0/finestructure/swiftpackageindex-builder/spi-builder-workspace/Sources/SwiftDI/DIPart.swift /Users/builder/builds/o86TiJKT/0/finestructure/swiftpackageindex-builder/spi-builder-workspace/Sources/SwiftDI/Extensions.swift /Users/builder/builds/o86TiJKT/0/finestructure/swiftpackageindex-builder/spi-builder-workspace/Sources/SwiftDI/Injectable.swift /Users/builder/builds/o86TiJKT/0/finestructure/swiftpackageindex-builder/spi-builder-workspace/Sources/SwiftDI/InjectableObjectBinding.swift /Users/builder/builds/o86TiJKT/0/finestructure/swiftpackageindex-builder/spi-builder-workspace/Sources/SwiftDI/InjectableProperty.swift /Users/builder/builds/o86TiJKT/0/finestructure/swiftpackageindex-builder/spi-builder-workspace/Sources/SwiftDI/Resolver.swift /Users/builder/builds/o86TiJKT/0/finestructure/swiftpackageindex-builder/spi-builder-workspace/Sources/SwiftDI/SwiftDI.swift /Users/builder/builds/o86TiJKT/0/finestructure/swiftpackageindex-builder/spi-builder-workspace/Sources/SwiftDI/Utils.swift -emit-dependencies-path /Users/builder/builds/o86TiJKT/0/finestructure/swiftpackageindex-builder/spi-builder-workspace/.derivedData/Build/Intermediates.noindex/SwiftDI.build/Debug-watchos/SwiftDI.build/Objects-normal/armv7k/DIObject.d -emit-reference-dependencies-path /Users/builder/builds/o86TiJKT/0/finestructure/swiftpackageindex-builder/spi-builder-workspace/.derivedData/Build/Intermediates.noindex/SwiftDI.build/Debug-watchos/SwiftDI.build/Objects-normal/armv7k/DIObject.swiftdeps -serialize-diagnostics-path /Users/builder/builds/o86TiJKT/0/finestructure/swiftpackageindex-builder/spi-builder-workspace/.derivedData/Build/Intermediates.noindex/SwiftDI.build/Debug-watchos/SwiftDI.build/Objects-normal/armv7k/DIObject.dia -emit-dependencies-path /Users/builder/builds/o86TiJKT/0/finestructure/swiftpackageindex-builder/spi-builder-workspace/.derivedData/Build/Intermediates.noindex/SwiftDI.build/Debug-watchos/SwiftDI.build/Objects-normal/armv7k/DIPart.d -emit-reference-dependencies-path /Users/builder/builds/o86TiJKT/0/finestructure/swiftpackageindex-builder/spi-builder-workspace/.derivedData/Build/Intermediates.noindex/SwiftDI.build/Debug-watchos/SwiftDI.build/Objects-normal/armv7k/DIPart.swiftdeps -serialize-diagnostics-path /Users/builder/builds/o86TiJKT/0/finestructure/swiftpackageindex-builder/spi-builder-workspace/.derivedData/Build/Intermediates.noindex/SwiftDI.build/Debug-watchos/SwiftDI.build/Objects-normal/armv7k/DIPart.dia -target armv7k-apple-watchos4.0 -enable-objc-interop -sdk /Applications/Xcode-14.3.0.app/Contents/Developer/Platforms/WatchOS.platform/Developer/SDKs/WatchOS9.4.sdk -I /Users/builder/builds/o86TiJKT/0/finestructure/swiftpackageindex-builder/spi-builder-workspace/.derivedData/Build/Products/Debug-watchos -I /Applications/Xcode-14.3.0.app/Contents/Developer/Platforms/WatchOS.platform/Developer/usr/lib -F /Users/builder/builds/o86TiJKT/0/finestructure/swiftpackageindex-builder/spi-builder-workspace/.derivedData/Build/Products/Debug-watchos -F /Applications/Xcode-14.3.0.app/Contents/Developer/Platforms/WatchOS.platform/Developer/Library/Frameworks -F /Applications/Xcode-14.3.0.app/Contents/Developer/Platforms/WatchOS.platform/Developer/SDKs/WatchOS9.4.sdk/Developer/Library/Frameworks -no-color-diagnostics -enable-testing -g -module-cache-path /Users/builder/builds/o86TiJKT/0/finestructure/swiftpackageindex-builder/spi-builder-workspace/.derivedData/ModuleCache.noindex -swift-version 5 -enforce-exclusivity\=checked -Onone -D SWIFT_PACKAGE -D DEBUG -D Xcode -serialize-debugging-options -empty-abi-descriptor -Xcc -working-directory -Xcc /Users/builder/builds/o86TiJKT/0/finestructure/swiftpackageindex-builder/spi-builder-workspace -resource-dir /Applications/Xcode-14.3.0.app/Contents/Developer/Toolchains/XcodeDefault.xctoolchain/usr/lib/swift -enable-anonymous-context-mangled-names -Xcc -ivfsstatcache -Xcc /Users/builder/builds/o86TiJKT/0/finestructure/swiftpackageindex-builder/spi-builder-workspace/.derivedData/SDKStatCaches.noindex/watchos9.4-20T248-.sdkstatcache -Xcc -I/Users/builder/builds/o86TiJKT/0/finestructure/swiftpackageindex-builder/spi-builder-workspace/.derivedData/Build/Intermediates.noindex/SwiftDI.build/Debug-watchos/SwiftDI.build/swift-overrides.hmap -Xcc -I/Users/builder/builds/o86TiJKT/0/finestructure/swiftpackageindex-builder/spi-builder-workspace/.derivedData/Build/Products/Debug-watchos/include -Xcc -I/Users/builder/builds/o86TiJKT/0/finestructure/swiftpackageindex-builder/spi-builder-workspace/.derivedData/Build/Intermediates.noindex/SwiftDI.build/Debug-watchos/SwiftDI.build/DerivedSources-normal/armv7k -Xcc -I/Users/builder/builds/o86TiJKT/0/finestructure/swiftpackageindex-builder/spi-builder-workspace/.derivedData/Build/Intermediates.noindex/SwiftDI.build/Debug-watchos/SwiftDI.build/DerivedSources/armv7k -Xcc -I/Users/builder/builds/o86TiJKT/0/finestructure/swiftpackageindex-builder/spi-builder-workspace/.derivedData/Build/Intermediates.noindex/SwiftDI.build/Debug-watchos/SwiftDI.build/DerivedSources -Xcc -DSWIFT_PACKAGE -Xcc -DDEBUG\=1 -module-name SwiftDI -frontend-parseable-output -disable-clang-spi -target-sdk-version 9.4 -target-sdk-name watchos9.4 -o /Users/builder/builds/o86TiJKT/0/finestructure/swiftpackageindex-builder/spi-builder-workspace/.derivedData/Build/Intermediates.noindex/SwiftDI.build/Debug-watchos/SwiftDI.build/Objects-normal/armv7k/DIObject.o -o /Users/builder/builds/o86TiJKT/0/finestructure/swiftpackageindex-builder/spi-builder-workspace/.derivedData/Build/Intermediates.noindex/SwiftDI.build/Debug-watchos/SwiftDI.build/Objects-normal/armv7k/DIPart.o -index-unit-output-path /SwiftDI.build/Debug-watchos/SwiftDI.build/Objects-normal/armv7k/DIObject.o -index-unit-output-path /SwiftDI.build/Debug-watchos/SwiftDI.build/Objects-normal/armv7k/DIPart.o -index-store-path /Users/builder/builds/o86TiJKT/0/finestructure/swiftpackageindex-builder/spi-builder-workspace/.derivedData/Index.noindex/DataStore -index-system-modules
SwiftCompile normal armv7k /Users/builder/builds/o86TiJKT/0/finestructure/swiftpackageindex-builder/spi-builder-workspace/Sources/SwiftDI/DIPart.swift (in target 'SwiftDI' from project 'SwiftDI')
cd /Users/builder/builds/o86TiJKT/0/finestructure/swiftpackageindex-builder/spi-builder-workspace
/Applications/Xcode-14.3.0.app/Contents/Developer/Toolchains/XcodeDefault.xctoolchain/usr/bin/swift-frontend -c /Users/builder/builds/o86TiJKT/0/finestructure/swiftpackageindex-builder/spi-builder-workspace/Sources/SwiftDI/DIComponentContext.swift /Users/builder/builds/o86TiJKT/0/finestructure/swiftpackageindex-builder/spi-builder-workspace/Sources/SwiftDI/DIComponentManager.swift /Users/builder/builds/o86TiJKT/0/finestructure/swiftpackageindex-builder/spi-builder-workspace/Sources/SwiftDI/DIContainer.swift /Users/builder/builds/o86TiJKT/0/finestructure/swiftpackageindex-builder/spi-builder-workspace/Sources/SwiftDI/DIContainerConvertible.swift -primary-file /Users/builder/builds/o86TiJKT/0/finestructure/swiftpackageindex-builder/spi-builder-workspace/Sources/SwiftDI/DIObject.swift -primary-file /Users/builder/builds/o86TiJKT/0/finestructure/swiftpackageindex-builder/spi-builder-workspace/Sources/SwiftDI/DIPart.swift /Users/builder/builds/o86TiJKT/0/finestructure/swiftpackageindex-builder/spi-builder-workspace/Sources/SwiftDI/Extensions.swift /Users/builder/builds/o86TiJKT/0/finestructure/swiftpackageindex-builder/spi-builder-workspace/Sources/SwiftDI/Injectable.swift /Users/builder/builds/o86TiJKT/0/finestructure/swiftpackageindex-builder/spi-builder-workspace/Sources/SwiftDI/InjectableObjectBinding.swift /Users/builder/builds/o86TiJKT/0/finestructure/swiftpackageindex-builder/spi-builder-workspace/Sources/SwiftDI/InjectableProperty.swift /Users/builder/builds/o86TiJKT/0/finestructure/swiftpackageindex-builder/spi-builder-workspace/Sources/SwiftDI/Resolver.swift /Users/builder/builds/o86TiJKT/0/finestructure/swiftpackageindex-builder/spi-builder-workspace/Sources/SwiftDI/SwiftDI.swift /Users/builder/builds/o86TiJKT/0/finestructure/swiftpackageindex-builder/spi-builder-workspace/Sources/SwiftDI/Utils.swift -emit-dependencies-path /Users/builder/builds/o86TiJKT/0/finestructure/swiftpackageindex-builder/spi-builder-workspace/.derivedData/Build/Intermediates.noindex/SwiftDI.build/Debug-watchos/SwiftDI.build/Objects-normal/armv7k/DIObject.d -emit-reference-dependencies-path /Users/builder/builds/o86TiJKT/0/finestructure/swiftpackageindex-builder/spi-builder-workspace/.derivedData/Build/Intermediates.noindex/SwiftDI.build/Debug-watchos/SwiftDI.build/Objects-normal/armv7k/DIObject.swiftdeps -serialize-diagnostics-path /Users/builder/builds/o86TiJKT/0/finestructure/swiftpackageindex-builder/spi-builder-workspace/.derivedData/Build/Intermediates.noindex/SwiftDI.build/Debug-watchos/SwiftDI.build/Objects-normal/armv7k/DIObject.dia -emit-dependencies-path /Users/builder/builds/o86TiJKT/0/finestructure/swiftpackageindex-builder/spi-builder-workspace/.derivedData/Build/Intermediates.noindex/SwiftDI.build/Debug-watchos/SwiftDI.build/Objects-normal/armv7k/DIPart.d -emit-reference-dependencies-path /Users/builder/builds/o86TiJKT/0/finestructure/swiftpackageindex-builder/spi-builder-workspace/.derivedData/Build/Intermediates.noindex/SwiftDI.build/Debug-watchos/SwiftDI.build/Objects-normal/armv7k/DIPart.swiftdeps -serialize-diagnostics-path /Users/builder/builds/o86TiJKT/0/finestructure/swiftpackageindex-builder/spi-builder-workspace/.derivedData/Build/Intermediates.noindex/SwiftDI.build/Debug-watchos/SwiftDI.build/Objects-normal/armv7k/DIPart.dia -target armv7k-apple-watchos4.0 -enable-objc-interop -sdk /Applications/Xcode-14.3.0.app/Contents/Developer/Platforms/WatchOS.platform/Developer/SDKs/WatchOS9.4.sdk -I /Users/builder/builds/o86TiJKT/0/finestructure/swiftpackageindex-builder/spi-builder-workspace/.derivedData/Build/Products/Debug-watchos -I /Applications/Xcode-14.3.0.app/Contents/Developer/Platforms/WatchOS.platform/Developer/usr/lib -F /Users/builder/builds/o86TiJKT/0/finestructure/swiftpackageindex-builder/spi-builder-workspace/.derivedData/Build/Products/Debug-watchos -F /Applications/Xcode-14.3.0.app/Contents/Developer/Platforms/WatchOS.platform/Developer/Library/Frameworks -F /Applications/Xcode-14.3.0.app/Contents/Developer/Platforms/WatchOS.platform/Developer/SDKs/WatchOS9.4.sdk/Developer/Library/Frameworks -no-color-diagnostics -enable-testing -g -module-cache-path /Users/builder/builds/o86TiJKT/0/finestructure/swiftpackageindex-builder/spi-builder-workspace/.derivedData/ModuleCache.noindex -swift-version 5 -enforce-exclusivity\=checked -Onone -D SWIFT_PACKAGE -D DEBUG -D Xcode -serialize-debugging-options -empty-abi-descriptor -Xcc -working-directory -Xcc /Users/builder/builds/o86TiJKT/0/finestructure/swiftpackageindex-builder/spi-builder-workspace -resource-dir /Applications/Xcode-14.3.0.app/Contents/Developer/Toolchains/XcodeDefault.xctoolchain/usr/lib/swift -enable-anonymous-context-mangled-names -Xcc -ivfsstatcache -Xcc /Users/builder/builds/o86TiJKT/0/finestructure/swiftpackageindex-builder/spi-builder-workspace/.derivedData/SDKStatCaches.noindex/watchos9.4-20T248-.sdkstatcache -Xcc -I/Users/builder/builds/o86TiJKT/0/finestructure/swiftpackageindex-builder/spi-builder-workspace/.derivedData/Build/Intermediates.noindex/SwiftDI.build/Debug-watchos/SwiftDI.build/swift-overrides.hmap -Xcc -I/Users/builder/builds/o86TiJKT/0/finestructure/swiftpackageindex-builder/spi-builder-workspace/.derivedData/Build/Products/Debug-watchos/include -Xcc -I/Users/builder/builds/o86TiJKT/0/finestructure/swiftpackageindex-builder/spi-builder-workspace/.derivedData/Build/Intermediates.noindex/SwiftDI.build/Debug-watchos/SwiftDI.build/DerivedSources-normal/armv7k -Xcc -I/Users/builder/builds/o86TiJKT/0/finestructure/swiftpackageindex-builder/spi-builder-workspace/.derivedData/Build/Intermediates.noindex/SwiftDI.build/Debug-watchos/SwiftDI.build/DerivedSources/armv7k -Xcc -I/Users/builder/builds/o86TiJKT/0/finestructure/swiftpackageindex-builder/spi-builder-workspace/.derivedData/Build/Intermediates.noindex/SwiftDI.build/Debug-watchos/SwiftDI.build/DerivedSources -Xcc -DSWIFT_PACKAGE -Xcc -DDEBUG\=1 -module-name SwiftDI -frontend-parseable-output -disable-clang-spi -target-sdk-version 9.4 -target-sdk-name watchos9.4 -o /Users/builder/builds/o86TiJKT/0/finestructure/swiftpackageindex-builder/spi-builder-workspace/.derivedData/Build/Intermediates.noindex/SwiftDI.build/Debug-watchos/SwiftDI.build/Objects-normal/armv7k/DIObject.o -o /Users/builder/builds/o86TiJKT/0/finestructure/swiftpackageindex-builder/spi-builder-workspace/.derivedData/Build/Intermediates.noindex/SwiftDI.build/Debug-watchos/SwiftDI.build/Objects-normal/armv7k/DIPart.o -index-unit-output-path /SwiftDI.build/Debug-watchos/SwiftDI.build/Objects-normal/armv7k/DIObject.o -index-unit-output-path /SwiftDI.build/Debug-watchos/SwiftDI.build/Objects-normal/armv7k/DIPart.o -index-store-path /Users/builder/builds/o86TiJKT/0/finestructure/swiftpackageindex-builder/spi-builder-workspace/.derivedData/Index.noindex/DataStore -index-system-modules
SwiftCompile normal arm64_32 Compiling\ Utils.swift /Users/builder/builds/o86TiJKT/0/finestructure/swiftpackageindex-builder/spi-builder-workspace/Sources/SwiftDI/Utils.swift (in target 'SwiftDI' from project 'SwiftDI')
cd /Users/builder/builds/o86TiJKT/0/finestructure/swiftpackageindex-builder/spi-builder-workspace
builtin-swiftTaskExecution -- /Applications/Xcode-14.3.0.app/Contents/Developer/Toolchains/XcodeDefault.xctoolchain/usr/bin/swift-frontend -frontend -c /Users/builder/builds/o86TiJKT/0/finestructure/swiftpackageindex-builder/spi-builder-workspace/Sources/SwiftDI/DIComponentContext.swift /Users/builder/builds/o86TiJKT/0/finestructure/swiftpackageindex-builder/spi-builder-workspace/Sources/SwiftDI/DIComponentManager.swift /Users/builder/builds/o86TiJKT/0/finestructure/swiftpackageindex-builder/spi-builder-workspace/Sources/SwiftDI/DIContainer.swift /Users/builder/builds/o86TiJKT/0/finestructure/swiftpackageindex-builder/spi-builder-workspace/Sources/SwiftDI/DIContainerConvertible.swift /Users/builder/builds/o86TiJKT/0/finestructure/swiftpackageindex-builder/spi-builder-workspace/Sources/SwiftDI/DIObject.swift /Users/builder/builds/o86TiJKT/0/finestructure/swiftpackageindex-builder/spi-builder-workspace/Sources/SwiftDI/DIPart.swift /Users/builder/builds/o86TiJKT/0/finestructure/swiftpackageindex-builder/spi-builder-workspace/Sources/SwiftDI/Extensions.swift /Users/builder/builds/o86TiJKT/0/finestructure/swiftpackageindex-builder/spi-builder-workspace/Sources/SwiftDI/Injectable.swift /Users/builder/builds/o86TiJKT/0/finestructure/swiftpackageindex-builder/spi-builder-workspace/Sources/SwiftDI/InjectableObjectBinding.swift /Users/builder/builds/o86TiJKT/0/finestructure/swiftpackageindex-builder/spi-builder-workspace/Sources/SwiftDI/InjectableProperty.swift /Users/builder/builds/o86TiJKT/0/finestructure/swiftpackageindex-builder/spi-builder-workspace/Sources/SwiftDI/Resolver.swift /Users/builder/builds/o86TiJKT/0/finestructure/swiftpackageindex-builder/spi-builder-workspace/Sources/SwiftDI/SwiftDI.swift -primary-file /Users/builder/builds/o86TiJKT/0/finestructure/swiftpackageindex-builder/spi-builder-workspace/Sources/SwiftDI/Utils.swift -emit-dependencies-path /Users/builder/builds/o86TiJKT/0/finestructure/swiftpackageindex-builder/spi-builder-workspace/.derivedData/Build/Intermediates.noindex/SwiftDI.build/Debug-watchos/SwiftDI.build/Objects-normal/arm64_32/Utils.d -emit-reference-dependencies-path /Users/builder/builds/o86TiJKT/0/finestructure/swiftpackageindex-builder/spi-builder-workspace/.derivedData/Build/Intermediates.noindex/SwiftDI.build/Debug-watchos/SwiftDI.build/Objects-normal/arm64_32/Utils.swiftdeps -serialize-diagnostics-path /Users/builder/builds/o86TiJKT/0/finestructure/swiftpackageindex-builder/spi-builder-workspace/.derivedData/Build/Intermediates.noindex/SwiftDI.build/Debug-watchos/SwiftDI.build/Objects-normal/arm64_32/Utils.dia -target arm64_32-apple-watchos4.0 -enable-objc-interop -sdk /Applications/Xcode-14.3.0.app/Contents/Developer/Platforms/WatchOS.platform/Developer/SDKs/WatchOS9.4.sdk -I /Users/builder/builds/o86TiJKT/0/finestructure/swiftpackageindex-builder/spi-builder-workspace/.derivedData/Build/Products/Debug-watchos -I /Applications/Xcode-14.3.0.app/Contents/Developer/Platforms/WatchOS.platform/Developer/usr/lib -F /Users/builder/builds/o86TiJKT/0/finestructure/swiftpackageindex-builder/spi-builder-workspace/.derivedData/Build/Products/Debug-watchos -F /Applications/Xcode-14.3.0.app/Contents/Developer/Platforms/WatchOS.platform/Developer/Library/Frameworks -F /Applications/Xcode-14.3.0.app/Contents/Developer/Platforms/WatchOS.platform/Developer/SDKs/WatchOS9.4.sdk/Developer/Library/Frameworks -no-color-diagnostics -enable-testing -g -module-cache-path /Users/builder/builds/o86TiJKT/0/finestructure/swiftpackageindex-builder/spi-builder-workspace/.derivedData/ModuleCache.noindex -swift-version 5 -enforce-exclusivity\=checked -Onone -D SWIFT_PACKAGE -D DEBUG -D Xcode -serialize-debugging-options -empty-abi-descriptor -Xcc -working-directory -Xcc /Users/builder/builds/o86TiJKT/0/finestructure/swiftpackageindex-builder/spi-builder-workspace -resource-dir /Applications/Xcode-14.3.0.app/Contents/Developer/Toolchains/XcodeDefault.xctoolchain/usr/lib/swift -enable-anonymous-context-mangled-names -Xcc -ivfsstatcache -Xcc /Users/builder/builds/o86TiJKT/0/finestructure/swiftpackageindex-builder/spi-builder-workspace/.derivedData/SDKStatCaches.noindex/watchos9.4-20T248-.sdkstatcache -Xcc -I/Users/builder/builds/o86TiJKT/0/finestructure/swiftpackageindex-builder/spi-builder-workspace/.derivedData/Build/Intermediates.noindex/SwiftDI.build/Debug-watchos/SwiftDI.build/swift-overrides.hmap -Xcc -I/Users/builder/builds/o86TiJKT/0/finestructure/swiftpackageindex-builder/spi-builder-workspace/.derivedData/Build/Products/Debug-watchos/include -Xcc -I/Users/builder/builds/o86TiJKT/0/finestructure/swiftpackageindex-builder/spi-builder-workspace/.derivedData/Build/Intermediates.noindex/SwiftDI.build/Debug-watchos/SwiftDI.build/DerivedSources-normal/arm64_32 -Xcc -I/Users/builder/builds/o86TiJKT/0/finestructure/swiftpackageindex-builder/spi-builder-workspace/.derivedData/Build/Intermediates.noindex/SwiftDI.build/Debug-watchos/SwiftDI.build/DerivedSources/arm64_32 -Xcc -I/Users/builder/builds/o86TiJKT/0/finestructure/swiftpackageindex-builder/spi-builder-workspace/.derivedData/Build/Intermediates.noindex/SwiftDI.build/Debug-watchos/SwiftDI.build/DerivedSources -Xcc -DSWIFT_PACKAGE -Xcc -DDEBUG\=1 -module-name SwiftDI -frontend-parseable-output -disable-clang-spi -target-sdk-version 9.4 -target-sdk-name watchos9.4 -o /Users/builder/builds/o86TiJKT/0/finestructure/swiftpackageindex-builder/spi-builder-workspace/.derivedData/Build/Intermediates.noindex/SwiftDI.build/Debug-watchos/SwiftDI.build/Objects-normal/arm64_32/Utils.o -index-unit-output-path /SwiftDI.build/Debug-watchos/SwiftDI.build/Objects-normal/arm64_32/Utils.o -index-store-path /Users/builder/builds/o86TiJKT/0/finestructure/swiftpackageindex-builder/spi-builder-workspace/.derivedData/Index.noindex/DataStore -index-system-modules
SwiftCompile normal arm64_32 /Users/builder/builds/o86TiJKT/0/finestructure/swiftpackageindex-builder/spi-builder-workspace/Sources/SwiftDI/Utils.swift (in target 'SwiftDI' from project 'SwiftDI')
cd /Users/builder/builds/o86TiJKT/0/finestructure/swiftpackageindex-builder/spi-builder-workspace
/Applications/Xcode-14.3.0.app/Contents/Developer/Toolchains/XcodeDefault.xctoolchain/usr/bin/swift-frontend -c /Users/builder/builds/o86TiJKT/0/finestructure/swiftpackageindex-builder/spi-builder-workspace/Sources/SwiftDI/DIComponentContext.swift /Users/builder/builds/o86TiJKT/0/finestructure/swiftpackageindex-builder/spi-builder-workspace/Sources/SwiftDI/DIComponentManager.swift /Users/builder/builds/o86TiJKT/0/finestructure/swiftpackageindex-builder/spi-builder-workspace/Sources/SwiftDI/DIContainer.swift /Users/builder/builds/o86TiJKT/0/finestructure/swiftpackageindex-builder/spi-builder-workspace/Sources/SwiftDI/DIContainerConvertible.swift /Users/builder/builds/o86TiJKT/0/finestructure/swiftpackageindex-builder/spi-builder-workspace/Sources/SwiftDI/DIObject.swift /Users/builder/builds/o86TiJKT/0/finestructure/swiftpackageindex-builder/spi-builder-workspace/Sources/SwiftDI/DIPart.swift /Users/builder/builds/o86TiJKT/0/finestructure/swiftpackageindex-builder/spi-builder-workspace/Sources/SwiftDI/Extensions.swift /Users/builder/builds/o86TiJKT/0/finestructure/swiftpackageindex-builder/spi-builder-workspace/Sources/SwiftDI/Injectable.swift /Users/builder/builds/o86TiJKT/0/finestructure/swiftpackageindex-builder/spi-builder-workspace/Sources/SwiftDI/InjectableObjectBinding.swift /Users/builder/builds/o86TiJKT/0/finestructure/swiftpackageindex-builder/spi-builder-workspace/Sources/SwiftDI/InjectableProperty.swift /Users/builder/builds/o86TiJKT/0/finestructure/swiftpackageindex-builder/spi-builder-workspace/Sources/SwiftDI/Resolver.swift /Users/builder/builds/o86TiJKT/0/finestructure/swiftpackageindex-builder/spi-builder-workspace/Sources/SwiftDI/SwiftDI.swift -primary-file /Users/builder/builds/o86TiJKT/0/finestructure/swiftpackageindex-builder/spi-builder-workspace/Sources/SwiftDI/Utils.swift -emit-dependencies-path /Users/builder/builds/o86TiJKT/0/finestructure/swiftpackageindex-builder/spi-builder-workspace/.derivedData/Build/Intermediates.noindex/SwiftDI.build/Debug-watchos/SwiftDI.build/Objects-normal/arm64_32/Utils.d -emit-reference-dependencies-path /Users/builder/builds/o86TiJKT/0/finestructure/swiftpackageindex-builder/spi-builder-workspace/.derivedData/Build/Intermediates.noindex/SwiftDI.build/Debug-watchos/SwiftDI.build/Objects-normal/arm64_32/Utils.swiftdeps -serialize-diagnostics-path /Users/builder/builds/o86TiJKT/0/finestructure/swiftpackageindex-builder/spi-builder-workspace/.derivedData/Build/Intermediates.noindex/SwiftDI.build/Debug-watchos/SwiftDI.build/Objects-normal/arm64_32/Utils.dia -target arm64_32-apple-watchos4.0 -enable-objc-interop -sdk /Applications/Xcode-14.3.0.app/Contents/Developer/Platforms/WatchOS.platform/Developer/SDKs/WatchOS9.4.sdk -I /Users/builder/builds/o86TiJKT/0/finestructure/swiftpackageindex-builder/spi-builder-workspace/.derivedData/Build/Products/Debug-watchos -I /Applications/Xcode-14.3.0.app/Contents/Developer/Platforms/WatchOS.platform/Developer/usr/lib -F /Users/builder/builds/o86TiJKT/0/finestructure/swiftpackageindex-builder/spi-builder-workspace/.derivedData/Build/Products/Debug-watchos -F /Applications/Xcode-14.3.0.app/Contents/Developer/Platforms/WatchOS.platform/Developer/Library/Frameworks -F /Applications/Xcode-14.3.0.app/Contents/Developer/Platforms/WatchOS.platform/Developer/SDKs/WatchOS9.4.sdk/Developer/Library/Frameworks -no-color-diagnostics -enable-testing -g -module-cache-path /Users/builder/builds/o86TiJKT/0/finestructure/swiftpackageindex-builder/spi-builder-workspace/.derivedData/ModuleCache.noindex -swift-version 5 -enforce-exclusivity\=checked -Onone -D SWIFT_PACKAGE -D DEBUG -D Xcode -serialize-debugging-options -empty-abi-descriptor -Xcc -working-directory -Xcc /Users/builder/builds/o86TiJKT/0/finestructure/swiftpackageindex-builder/spi-builder-workspace -resource-dir /Applications/Xcode-14.3.0.app/Contents/Developer/Toolchains/XcodeDefault.xctoolchain/usr/lib/swift -enable-anonymous-context-mangled-names -Xcc -ivfsstatcache -Xcc /Users/builder/builds/o86TiJKT/0/finestructure/swiftpackageindex-builder/spi-builder-workspace/.derivedData/SDKStatCaches.noindex/watchos9.4-20T248-.sdkstatcache -Xcc -I/Users/builder/builds/o86TiJKT/0/finestructure/swiftpackageindex-builder/spi-builder-workspace/.derivedData/Build/Intermediates.noindex/SwiftDI.build/Debug-watchos/SwiftDI.build/swift-overrides.hmap -Xcc -I/Users/builder/builds/o86TiJKT/0/finestructure/swiftpackageindex-builder/spi-builder-workspace/.derivedData/Build/Products/Debug-watchos/include -Xcc -I/Users/builder/builds/o86TiJKT/0/finestructure/swiftpackageindex-builder/spi-builder-workspace/.derivedData/Build/Intermediates.noindex/SwiftDI.build/Debug-watchos/SwiftDI.build/DerivedSources-normal/arm64_32 -Xcc -I/Users/builder/builds/o86TiJKT/0/finestructure/swiftpackageindex-builder/spi-builder-workspace/.derivedData/Build/Intermediates.noindex/SwiftDI.build/Debug-watchos/SwiftDI.build/DerivedSources/arm64_32 -Xcc -I/Users/builder/builds/o86TiJKT/0/finestructure/swiftpackageindex-builder/spi-builder-workspace/.derivedData/Build/Intermediates.noindex/SwiftDI.build/Debug-watchos/SwiftDI.build/DerivedSources -Xcc -DSWIFT_PACKAGE -Xcc -DDEBUG\=1 -module-name SwiftDI -frontend-parseable-output -disable-clang-spi -target-sdk-version 9.4 -target-sdk-name watchos9.4 -o /Users/builder/builds/o86TiJKT/0/finestructure/swiftpackageindex-builder/spi-builder-workspace/.derivedData/Build/Intermediates.noindex/SwiftDI.build/Debug-watchos/SwiftDI.build/Objects-normal/arm64_32/Utils.o -index-unit-output-path /SwiftDI.build/Debug-watchos/SwiftDI.build/Objects-normal/arm64_32/Utils.o -index-store-path /Users/builder/builds/o86TiJKT/0/finestructure/swiftpackageindex-builder/spi-builder-workspace/.derivedData/Index.noindex/DataStore -index-system-modules
** BUILD FAILED **
The following build commands failed:
SwiftEmitModule normal arm64 Emitting\ module\ for\ SwiftDI (in target 'SwiftDI' from project 'SwiftDI')
(1 failure)
Retrying in 0 seconds ...
BUILD FAILURE 5.8 watchos
Build Machine: Mac 5